000
CDUS42 KTAE 300630
CLICTY


CLIMATE REPORT
NATIONAL WEATHER SERVICE TALLAHASSEE FL
230 AM EDT SUN APR 30 2017


...................................

...THE CROSS CITY  CLIMATE SUMMARY FOR APRIL 29 2017...

CLIMATE NORMAL PERIOD 1981 TO 2010
CLIMATE RECORD PERIOD 1948 TO 2017


WEATHER ITEM   OBSERVED TIME   NORMAL DEPARTURE LAST
                VALUE   (LST)  VALUE  FROM      YEAR
                                      NORMAL
......................................................
TEMPERATURE (F)
 YESTERDAY
  MAXIMUM         91    400 PM  83      8       90
  MINIMUM         70    100 AM  56     14       67
  AVERAGE         81            70     11

PRECIPITATION (IN)
  YESTERDAY        0.00          0.05  -0.05     0.00
  MONTH TO DATE    2.11          2.91  -0.80     4.50
  SINCE MAR 1      2.97          7.12  -4.15     7.97
  SINCE JAN 1      5.52         14.43  -8.91    14.73

DEGREE DAYS
 HEATING
  YESTERDAY        0             1     -1
  MONTH TO DATE   24            50    -26
  SINCE MAR 1    159           185    -26
  SINCE JUL 1    758          1305   -547

 COOLING
  YESTERDAY       16             5     11
  MONTH TO DATE  152           102     50
  SINCE MAR 1    219           149     70
  SINCE JAN 1    281           176    105
......................................................


WIND (MPH)
  RESULTANT WIND SPEED   4   RESULTANT WIND DIRECTION   S (170)
  HIGHEST WIND SPEED    13   HIGHEST WIND DIRECTION     S (160)
  HIGHEST GUST SPEED    20   HIGHEST GUST DIRECTION     S (170)
  AVERAGE WIND SPEED     5.6



WEATHER CONDITIONS
 THE FOLLOWING WEATHER WAS RECORDED YESTERDAY.
  NO SIGNIFICANT WEATHER WAS OBSERVED.


RELATIVE HUMIDITY (PERCENT)
 HIGHEST    97
 LOWEST     44

..........................................................




SUNRISE AND SUNSET
APRIL 30 2017.........SUNRISE   651 AM EDT   SUNSET   809 PM EDT
MAY  1 2017...........SUNRISE   650 AM EDT   SUNSET   809 PM EDT


-  INDICATES NEGATIVE NUMBERS.
R  INDICATES RECORD WAS SET OR TIED.
MM INDICATES DATA IS MISSING.
T  INDICATES TRACE AMOUNT.




$$
