000
CDUS42 KTAE 010756
CLICTY


CLIMATE REPORT
NATIONAL WEATHER SERVICE TALLAHASSEE FL
356 AM EDT SUN MAY 1 2016


...................................

...THE CROSS CITY  CLIMATE SUMMARY FOR APRIL 30 2016...

CLIMATE NORMAL PERIOD 1981 TO 2010
CLIMATE RECORD PERIOD 1948 TO 2016


WEATHER ITEM   OBSERVED TIME   NORMAL DEPARTURE LAST
                VALUE   (LST)  VALUE  FROM      YEAR
                                      NORMAL
......................................................
TEMPERATURE (F)
 YESTERDAY
  MAXIMUM         89    235 PM  83      6       80
  MINIMUM         68    613 AM  57     11       57
  AVERAGE         79            70      9

PRECIPITATION (IN)
  YESTERDAY        0.00          0.05  -0.05     0.00
  MONTH TO DATE    4.50          2.96   1.54     1.93
  SINCE MAR 1      7.97          7.17   0.80     3.30
  SINCE JAN 1     14.73         14.48   0.25     9.27

DEGREE DAYS
 HEATING
  YESTERDAY        0             0      0
  MONTH TO DATE    5            50    -45
  SINCE MAR 1     76           183   -107
  SINCE JUL 1    807          1303   -496

 COOLING
  YESTERDAY       14             5      9
  MONTH TO DATE  172           108     64
  SINCE MAR 1    306           155    151
  SINCE JAN 1    335           182    153
......................................................


WIND (MPH)
  RESULTANT WIND SPEED   3   RESULTANT WIND DIRECTION   S (190)
  HIGHEST WIND SPEED    14   HIGHEST WIND DIRECTION    SW (240)
  HIGHEST GUST SPEED    18   HIGHEST GUST DIRECTION     S (180)
  AVERAGE WIND SPEED     4.0



WEATHER CONDITIONS
 THE FOLLOWING WEATHER WAS RECORDED YESTERDAY.
  NO SIGNIFICANT WEATHER WAS OBSERVED.


RELATIVE HUMIDITY (PERCENT)
 HIGHEST    93
 LOWEST     51

..........................................................




SUNRISE AND SUNSET
MAY  1 2016...........SUNRISE   650 AM EDT   SUNSET   810 PM EDT
MAY  2 2016...........SUNRISE   649 AM EDT   SUNSET   810 PM EDT


-  INDICATES NEGATIVE NUMBERS.
R  INDICATES RECORD WAS SET OR TIED.
MM INDICATES DATA IS MISSING.
T  INDICATES TRACE AMOUNT.




$$
