000
CDUS42 KTAE 220635
CLICTY


CLIMATE REPORT
NATIONAL WEATHER SERVICE TALLAHASSEE FL
234 AM EDT TUE AUG 22 2017


...................................

...THE CROSS CITY  CLIMATE SUMMARY FOR AUGUST 21 2017...

CLIMATE NORMAL PERIOD 1981 TO 2010
CLIMATE RECORD PERIOD 1948 TO 2017


WEATHER ITEM   OBSERVED TIME   NORMAL DEPARTURE LAST
                VALUE   (LST)  VALUE  FROM      YEAR
                                      NORMAL
......................................................
TEMPERATURE (F)
 YESTERDAY
  MAXIMUM         92        MM  91      1       93
  MINIMUM         72        MM  72      0       73
  AVERAGE         82            81      1

PRECIPITATION (IN)
  YESTERDAY        1.34          0.26   1.08     0.00
  MONTH TO DATE   11.69          4.86   6.83    13.36
  SINCE JUN 1     35.82         15.61  20.21    25.01
  SINCE JAN 1     45.98         32.78  13.20    41.76

DEGREE DAYS
 HEATING
  YESTERDAY        0             0      0
  MONTH TO DATE    0             0      0
  SINCE JUN 1      0             0      0
  SINCE JUL 1      0             0      0

 COOLING
  YESTERDAY       17            16      1
  MONTH TO DATE  364           346     18
  SINCE JUN 1   1341          1301     40
  SINCE JAN 1   1942          1780    162
......................................................


WIND (MPH)
  RESULTANT WIND SPEED   1   RESULTANT WIND DIRECTION   E (80)
  HIGHEST WIND SPEED    17   HIGHEST WIND DIRECTION     S (180)
  HIGHEST GUST SPEED    22   HIGHEST GUST DIRECTION     S (180)
  AVERAGE WIND SPEED     2.7



WEATHER CONDITIONS
 THE FOLLOWING WEATHER WAS RECORDED YESTERDAY.
  THUNDERSTORM
  RAIN
  FOG


RELATIVE HUMIDITY (PERCENT)
 HIGHEST   100
 LOWEST     60

..........................................................




SUNRISE AND SUNSET
AUGUST 22 2017........SUNRISE   704 AM EDT   SUNSET   805 PM EDT
AUGUST 23 2017........SUNRISE   705 AM EDT   SUNSET   804 PM EDT


-  INDICATES NEGATIVE NUMBERS.
R  INDICATES RECORD WAS SET OR TIED.
MM INDICATES DATA IS MISSING.
T  INDICATES TRACE AMOUNT.




$$
