009
CDUS42 KTAE 290633
CLICTY


CLIMATE REPORT
NATIONAL WEATHER SERVICE TALLAHASSEE FL
232 AM EDT THU JUN 29 2017


...................................

...THE CROSS CITY  CLIMATE SUMMARY FOR JUNE 28 2017...

CLIMATE NORMAL PERIOD 1981 TO 2010
CLIMATE RECORD PERIOD 1948 TO 2017


WEATHER ITEM   OBSERVED TIME   NORMAL DEPARTURE LAST
                VALUE   (LST)  VALUE  FROM      YEAR
                                      NORMAL
......................................................
TEMPERATURE (F)
 YESTERDAY
  MAXIMUM         90    335 PM  91     -1       95
  MINIMUM         72   1235 AM  71      1       74
  AVERAGE         81            81      0

PRECIPITATION (IN)
  YESTERDAY        0.05          0.18  -0.13     0.06
  MONTH TO DATE   13.82          4.72   9.10     4.27
  SINCE JUN 1     13.82          4.72   9.10     4.27
  SINCE JAN 1     23.98         21.89   2.09    21.02

DEGREE DAYS
 HEATING
  YESTERDAY        0             0      0
  MONTH TO DATE    0             0      0
  SINCE JUN 1      0             0      0
  SINCE JUL 1    758          1306   -548

 COOLING
  YESTERDAY       16            16      0
  MONTH TO DATE  408           416     -8
  SINCE JUN 1    408           416     -8
  SINCE JAN 1   1009           895    114
......................................................


WIND (MPH)
  RESULTANT WIND SPEED   5   RESULTANT WIND DIRECTION   E (70)
  HIGHEST WIND SPEED    13   HIGHEST WIND DIRECTION     S (160)
  HIGHEST GUST SPEED    MM   HIGHEST GUST DIRECTION    MM
  AVERAGE WIND SPEED     5.5



WEATHER CONDITIONS
 THE FOLLOWING WEATHER WAS RECORDED YESTERDAY.
  THUNDERSTORM
  LIGHT RAIN


RELATIVE HUMIDITY (PERCENT)
 HIGHEST   100
 LOWEST     59

..........................................................




SUNRISE AND SUNSET
JUNE 29 2017..........SUNRISE   635 AM EDT   SUNSET   837 PM EDT
JUNE 30 2017..........SUNRISE   636 AM EDT   SUNSET   837 PM EDT


-  INDICATES NEGATIVE NUMBERS.
R  INDICATES RECORD WAS SET OR TIED.
MM INDICATES DATA IS MISSING.
T  INDICATES TRACE AMOUNT.




$$
