000
CDUS42 KTAE 220633
CLICTY


CLIMATE REPORT
NATIONAL WEATHER SERVICE TALLAHASSEE FL
133 AM EST SUN JAN 22 2017


...................................

...THE CROSS CITY  CLIMATE SUMMARY FOR JANUARY 21 2017...

CLIMATE NORMAL PERIOD 1981 TO 2010
CLIMATE RECORD PERIOD 1948 TO 2017


WEATHER ITEM   OBSERVED TIME   NORMAL DEPARTURE LAST
                VALUE   (LST)  VALUE  FROM      YEAR
                                      NORMAL
......................................................
TEMPERATURE (F)
 YESTERDAY
  MAXIMUM         81    230 PM  67     14       71
  MINIMUM         66   1250 AM  41     25       34
  AVERAGE         74            54     20

PRECIPITATION (IN)
  YESTERDAY        0.00          0.14  -0.14     0.00
  MONTH TO DATE    1.29          2.76  -1.47     2.53
  SINCE DEC 1      5.16          5.28  -0.12     4.79
  SINCE JAN 1      1.29          2.76  -1.47     2.53

DEGREE DAYS
 HEATING
  YESTERDAY        0            12    -12
  MONTH TO DATE  110           263   -153
  SINCE DEC 1    271           600   -329
  SINCE JUL 1    396           768   -372

 COOLING
  YESTERDAY        9             0      9
  MONTH TO DATE   28             0     28
  SINCE DEC 1     81            18     63
  SINCE JAN 1     28             0     28
......................................................


WIND (MPH)
  RESULTANT WIND SPEED  11   RESULTANT WIND DIRECTION   S (190)
  HIGHEST WIND SPEED    20   HIGHEST WIND DIRECTION     S (190)
  HIGHEST GUST SPEED    29   HIGHEST GUST DIRECTION     S (190)
  AVERAGE WIND SPEED    11.2



WEATHER CONDITIONS
 THE FOLLOWING WEATHER WAS RECORDED YESTERDAY.
  FOG


RELATIVE HUMIDITY (PERCENT)
 HIGHEST   100
 LOWEST     50

..........................................................




SUNRISE AND SUNSET
JANUARY 22 2017.......SUNRISE   726 AM EST   SUNSET   602 PM EST
JANUARY 23 2017.......SUNRISE   726 AM EST   SUNSET   603 PM EST


-  INDICATES NEGATIVE NUMBERS.
R  INDICATES RECORD WAS SET OR TIED.
MM INDICATES DATA IS MISSING.
T  INDICATES TRACE AMOUNT.




$$
