000
CDUS42 KTAE 300632
CLICTY


CLIMATE REPORT
NATIONAL WEATHER SERVICE TALLAHASSEE FL
231 AM EDT MON MAY 30 2016


...................................

...THE CROSS CITY  CLIMATE SUMMARY FOR MAY 29 2016...

CLIMATE NORMAL PERIOD 1981 TO 2010
CLIMATE RECORD PERIOD 1948 TO 2016


WEATHER ITEM   OBSERVED TIME   NORMAL DEPARTURE LAST
                VALUE   (LST)  VALUE  FROM      YEAR
                                      NORMAL
......................................................
TEMPERATURE (F)
 YESTERDAY
  MAXIMUM         91   1241 PM  90      1       91
  MINIMUM         67    521 AM  66      1       61
  AVERAGE         79            78      1

PRECIPITATION (IN)
  YESTERDAY        0.24          0.16   0.08     0.07
  MONTH TO DATE    1.94          2.35  -0.41     3.41
  SINCE MAR 1      9.91          9.52   0.39     6.71
  SINCE JAN 1     16.67         16.83  -0.16    12.68

DEGREE DAYS
 HEATING
  YESTERDAY        0             0      0
  MONTH TO DATE    4             0      4
  SINCE MAR 1     80           183   -103
  SINCE JUL 1    811          1303   -492

 COOLING
  YESTERDAY       14            13      1
  MONTH TO DATE  305           272     33
  SINCE MAR 1    611           427    184
  SINCE JAN 1    640           454    186
......................................................


WIND (MPH)
  RESULTANT WIND SPEED   1   RESULTANT WIND DIRECTION   W (250)
  HIGHEST WIND SPEED    21   HIGHEST WIND DIRECTION    SW (240)
  HIGHEST GUST SPEED    27   HIGHEST GUST DIRECTION     W (250)
  AVERAGE WIND SPEED     2.7



WEATHER CONDITIONS
 THE FOLLOWING WEATHER WAS RECORDED YESTERDAY.
  NO SIGNIFICANT WEATHER WAS OBSERVED.


RELATIVE HUMIDITY (PERCENT)
 HIGHEST    93
 LOWEST     47

..........................................................




SUNRISE AND SUNSET
MAY 30 2016...........SUNRISE   633 AM EDT   SUNSET   827 PM EDT
MAY 31 2016...........SUNRISE   633 AM EDT   SUNSET   828 PM EDT


-  INDICATES NEGATIVE NUMBERS.
R  INDICATES RECORD WAS SET OR TIED.
MM INDICATES DATA IS MISSING.
T  INDICATES TRACE AMOUNT.




$$
