896
CDUS42 KTAE 220633
CLICTY


CLIMATE REPORT
NATIONAL WEATHER SERVICE TALLAHASSEE FL
231 AM EDT SUN OCT 22 2017

...................................

...THE CROSS CITY  CLIMATE SUMMARY FOR OCTOBER 21 2017...

CLIMATE NORMAL PERIOD 1981 TO 2010
CLIMATE RECORD PERIOD 1948 TO 2017


WEATHER ITEM   OBSERVED TIME   NORMAL DEPARTURE LAST
                VALUE   (LST)  VALUE  FROM      YEAR
                                      NORMAL
......................................................
TEMPERATURE (F)
 YESTERDAY
  MAXIMUM         86    110 PM  82      4       86
  MINIMUM         64    515 AM  56      8       57
  AVERAGE         75            69      6

PRECIPITATION (IN)
  YESTERDAY        0.00          0.09  -0.09     0.00
  MONTH TO DATE    0.48          2.52  -2.04     0.18
  SINCE SEP 1      6.24          6.98  -0.74    15.25
  SINCE JAN 1     52.69         42.35  10.34    59.60

DEGREE DAYS
 HEATING
  YESTERDAY        0             1     -1
  MONTH TO DATE    0            11    -11
  SINCE SEP 1      0            11    -11
  SINCE JUL 1      0            11    -11

 COOLING
  YESTERDAY       10             5      5
  MONTH TO DATE  281           157    124
  SINCE SEP 1    701           561    140
  SINCE JAN 1   2819          2499    320
......................................................


WIND (MPH)
  RESULTANT WIND SPEED   6   RESULTANT WIND DIRECTION   E (70)
  HIGHEST WIND SPEED    12   HIGHEST WIND DIRECTION     E (100)
  HIGHEST GUST SPEED    20   HIGHEST GUST DIRECTION     E (90)
  AVERAGE WIND SPEED     6.2



WEATHER CONDITIONS
 THE FOLLOWING WEATHER WAS RECORDED YESTERDAY.
  NO SIGNIFICANT WEATHER WAS OBSERVED.


RELATIVE HUMIDITY (PERCENT)
 HIGHEST   100
 LOWEST     45

..........................................................



SUNRISE AND SUNSET
OCTOBER 22 2017.......SUNRISE   739 AM EDT   SUNSET   654 PM EDT
OCTOBER 23 2017.......SUNRISE   739 AM EDT   SUNSET   653 PM EDT


-  INDICATES NEGATIVE NUMBERS.
R  INDICATES RECORD WAS SET OR TIED.
MM INDICATES DATA IS MISSING.
T  INDICATES TRACE AMOUNT.




$$
