000
CDUS42 KTAE 310632
CLICTY


CLIMATE REPORT
NATIONAL WEATHER SERVICE TALLAHASSEE FL
231 AM EDT FRI JUL 31 2015


...................................

...THE CROSS CITY  CLIMATE SUMMARY FOR JULY 30 2015...

CLIMATE NORMAL PERIOD 1981 TO 2010
CLIMATE RECORD PERIOD 1948 TO 2015


WEATHER ITEM   OBSERVED TIME   NORMAL DEPARTURE LAST
                VALUE   (LST)  VALUE  FROM      YEAR
                                      NORMAL
......................................................
TEMPERATURE (F)
 YESTERDAY
  MAXIMUM         91    211 PM  91      0       93
  MINIMUM         75    624 AM  72      3       66
  AVERAGE         83            82      1

PRECIPITATION (IN)
  YESTERDAY        0.10          0.21  -0.11     0.00
  MONTH TO DATE   18.28          5.46  12.82     7.29
  SINCE JUN 1     25.56         10.55  15.01    11.06
  SINCE JAN 1     38.70         27.72  10.98    36.56

DEGREE DAYS
 HEATING
  YESTERDAY        0             0      0
  MONTH TO DATE    0             0      0
  SINCE JUN 1      0             0      0
  SINCE JUL 1      0             0      0

 COOLING
  YESTERDAY       18            17      1
  MONTH TO DATE  552           494     58
  SINCE JUN 1   1053           941    112
  SINCE JAN 1   1892          1420    472
......................................................


WIND (MPH)
  RESULTANT WIND SPEED   3   RESULTANT WIND DIRECTION  SW (230)
  HIGHEST WIND SPEED    16   HIGHEST WIND DIRECTION    SW (220)
  HIGHEST GUST SPEED    24   HIGHEST GUST DIRECTION    SW (220)
  AVERAGE WIND SPEED     3.3



WEATHER CONDITIONS
 THE FOLLOWING WEATHER WAS RECORDED YESTERDAY.
  NO SIGNIFICANT WEATHER WAS OBSERVED.


RELATIVE HUMIDITY (PERCENT)
 HIGHEST    94
 LOWEST     64

..........................................................




SUNRISE AND SUNSET
JULY 31 2015..........SUNRISE   651 AM EDT   SUNSET   826 PM EDT
AUGUST  1 2015........SUNRISE   652 AM EDT   SUNSET   825 PM EDT


-  INDICATES NEGATIVE NUMBERS.
R  INDICATES RECORD WAS SET OR TIED.
MM INDICATES DATA IS MISSING.
T  INDICATES TRACE AMOUNT.




$$
