000
CDUS42 KTAE 230702
CLICTY


CLIMATE REPORT
NATIONAL WEATHER SERVICE TALLAHASSEE FL
252 AM EDT SAT AUG 23 2014


...................................

...THE CROSS CITY (AWOS) CLIMATE SUMMARY FOR AUGUST 22 2014...

CLIMATE NORMAL PERIOD 1981 TO 2010
CLIMATE RECORD PERIOD 1948 TO 2014


WEATHER ITEM   OBSERVED TIME   NORMAL DEPARTURE LAST
                VALUE   (LST)  VALUE  FROM      YEAR
                                      NORMAL
......................................................
TEMPERATURE (F)
 YESTERDAY
  MAXIMUM         98    251 PM  91      7
  MINIMUM         74    646 AM  72      2
  AVERAGE         86            81      5

PRECIPITATION (IN)
  YESTERDAY        0.00          0.27  -0.27     2.65
  MONTH TO DATE    3.35          5.13  -1.78     8.49
  SINCE JUN 1     14.41         15.88  -1.47    38.85
  SINCE JAN 1     39.91         33.05   6.86    51.39

DEGREE DAYS
 HEATING
  YESTERDAY        0             0      0
  MONTH TO DATE    0             0      0
  SINCE JUN 1      0             0      0
  SINCE JUL 1      0             0      0

 COOLING
  YESTERDAY       21            16      5
  MONTH TO DATE  401           362     39
  SINCE JUN 1   1401          1317     84
  SINCE JAN 1   1893          1796     97
......................................................


WIND (MPH)
  RESULTANT WIND SPEED   0   RESULTANT WIND DIRECTION   S (190)
  HIGHEST WIND SPEED    10   HIGHEST WIND DIRECTION    SW (240)
  HIGHEST GUST SPEED    15   HIGHEST GUST DIRECTION     N (20)
  AVERAGE WIND SPEED     2.1



WEATHER CONDITIONS
 THE FOLLOWING WEATHER WAS RECORDED YESTERDAY.
  NO SIGNIFICANT WEATHER WAS OBSERVED.


RELATIVE HUMIDITY (PERCENT)
 HIGHEST    94
 LOWEST     48

..........................................................




SUNRISE AND SUNSET
AUGUST 23 2014........SUNRISE   705 AM EDT   SUNSET   805 PM EDT
AUGUST 24 2014........SUNRISE   705 AM EDT   SUNSET   804 PM EDT


-  INDICATES NEGATIVE NUMBERS.
R  INDICATES RECORD WAS SET OR TIED.
MM INDICATES DATA IS MISSING.
T  INDICATES TRACE AMOUNT.




$$
