195
CDUS42 KTAE 140632
CLICTY


CLIMATE REPORT
NATIONAL WEATHER SERVICE TALLAHASSEE FL
131 AM EST SUN FEB 14 2016


...................................

...THE CROSS CITY  CLIMATE SUMMARY FOR FEBRUARY 13 2016...

CLIMATE NORMAL PERIOD 1981 TO 2010
CLIMATE RECORD PERIOD 1948 TO 2016


WEATHER ITEM   OBSERVED TIME   NORMAL DEPARTURE LAST
                VALUE   (LST)  VALUE  FROM      YEAR
                                      NORMAL
......................................................
TEMPERATURE (F)
 YESTERDAY
  MAXIMUM         66    419 PM  70     -4       56
  MINIMUM         41   1157 PM  43     -2       29
  AVERAGE         54            57     -3

PRECIPITATION (IN)
  YESTERDAY        0.00          0.11  -0.11     0.00
  MONTH TO DATE    2.95          1.17   1.78     1.27
  SINCE DEC 1      8.29          7.73   0.56     7.45
  SINCE JAN 1      6.03          5.21   0.82     4.21

DEGREE DAYS
 HEATING
  YESTERDAY       11             9      2
  MONTH TO DATE  142           125     17
  SINCE DEC 1    572           835   -263
  SINCE JUL 1    610          1003   -393

 COOLING
  YESTERDAY        0             0      0
  MONTH TO DATE   17            12      5
  SINCE DEC 1    187            41    146
  SINCE JAN 1     21            23     -2
......................................................


WIND (MPH)
  RESULTANT WIND SPEED   5   RESULTANT WIND DIRECTION   N (360)
  HIGHEST WIND SPEED    16   HIGHEST WIND DIRECTION     N (10)
  HIGHEST GUST SPEED    22   HIGHEST GUST DIRECTION     N (20)
  AVERAGE WIND SPEED     6.8



WEATHER CONDITIONS
 THE FOLLOWING WEATHER WAS RECORDED YESTERDAY.
  NO SIGNIFICANT WEATHER WAS OBSERVED.


RELATIVE HUMIDITY (PERCENT)
 HIGHEST   100
 LOWEST     15

..........................................................




SUNRISE AND SUNSET
FEBRUARY 14 2016......SUNRISE   713 AM EST   SUNSET   620 PM EST
FEBRUARY 15 2016......SUNRISE   712 AM EST   SUNSET   621 PM EST


-  INDICATES NEGATIVE NUMBERS.
R  INDICATES RECORD WAS SET OR TIED.
MM INDICATES DATA IS MISSING.
T  INDICATES TRACE AMOUNT.




$$
