000
CDUS42 KCAE 310632
CLICUB


CLIMATE REPORT
NATIONAL WEATHER SERVICE COLUMBIA SC
231 AM EDT TUE MAY 31 2016


...................................

...THE HAMILTON - OWENS AIRPORT SC CLIMATE SUMMARY FOR MAY 30 2016...

CLIMATE NORMAL PERIOD 1981 TO 2010
CLIMATE RECORD PERIOD 9999 TO 9999


WEATHER ITEM   OBSERVED TIME   NORMAL DEPARTURE LAST
                VALUE   (LST)  VALUE  FROM      YEAR
                                      NORMAL
......................................................
TEMPERATURE (F)
 YESTERDAY
  MAXIMUM         85    203 PM  87     -2       89
  MINIMUM         67    558 AM  65      2       67
  AVERAGE         76            76      0       78

PRECIPITATION (IN)
  YESTERDAY        0.01          0.12  -0.11     0.00
  MONTH TO DATE    4.52          2.85   1.67     1.41
  SINCE MAR 1      9.07          9.42  -0.35     7.06
  SINCE JAN 1     13.99         16.70  -2.71    14.98

DEGREE DAYS
 HEATING
  YESTERDAY        0             0      0        0
  MONTH TO DATE    6            11     -5        6
  SINCE MAR 1    217           383   -166      255
  SINCE JUL 1   1717          2312   -595     2381

 COOLING
  YESTERDAY       11            11      0       13
  MONTH TO DATE  232           228      4      281
  SINCE MAR 1    417           324     93      415
  SINCE JAN 1    420           327     93      415
......................................................


WIND (MPH)
  HIGHEST WIND SPEED     9   HIGHEST WIND DIRECTION    NW (330)
  HIGHEST GUST SPEED    15   HIGHEST GUST DIRECTION    NE (40)
  AVERAGE WIND SPEED     3.4


SKY COVER
  AVERAGE SKY COVER 0.8


WEATHER CONDITIONS
 THE FOLLOWING WEATHER WAS RECORDED YESTERDAY.
  LIGHT RAIN
  FOG


RELATIVE HUMIDITY (PERCENT)
 HIGHEST    87           300 AM
 LOWEST     55           300 PM

..........................................................


THE HAMILTON - OWENS AIRPORT SC CLIMATE NORMALS FOR TODAY
                         NORMAL    RECORD    YEAR
 MAXIMUM TEMPERATURE (F)   87        MM        MM
 MINIMUM TEMPERATURE (F)   65        MM        MM


SUNRISE AND SUNSET
MAY 31 2016...........SUNRISE   614 AM EDT   SUNSET   830 PM EDT
JUNE  1 2016..........SUNRISE   614 AM EDT   SUNSET   830 PM EDT


-  INDICATES NEGATIVE NUMBERS.
R  INDICATES RECORD WAS SET OR TIED.
MM INDICATES DATA IS MISSING.
T  INDICATES TRACE AMOUNT.




$$
