000
CDUS42 KCAE 220612
CLICUB


CLIMATE REPORT
NATIONAL WEATHER SERVICE COLUMBIA SC
211 AM EDT TUE AUG 22 2017


...................................

...THE HAMILTON - OWENS AIRPORT SC CLIMATE SUMMARY FOR AUGUST 21 2017...

CLIMATE NORMAL PERIOD 1981 TO 2010
CLIMATE RECORD PERIOD 9999 TO 9999


WEATHER ITEM   OBSERVED TIME   NORMAL DEPARTURE LAST
                VALUE   (LST)  VALUE  FROM      YEAR
                                      NORMAL
......................................................
TEMPERATURE (F)
 YESTERDAY
  MAXIMUM         93    438 PM  90      3       96
  MINIMUM         77   1159 PM  71      6       75
  AVERAGE         85            81      4       86

PRECIPITATION (IN)
  YESTERDAY        0.18          0.16   0.02     0.00
  MONTH TO DATE    2.29          3.51  -1.22     5.67
  SINCE JUN 1     14.62         13.60   1.02    12.75
  SINCE JAN 1     36.03         30.42   5.61    26.74

DEGREE DAYS
 HEATING
  YESTERDAY        0             0      0        0
  MONTH TO DATE    0             0      0        0
  SINCE JUN 1      0             0      0        0
  SINCE JUL 1      0             0      0        0

 COOLING
  YESTERDAY       20            16      4       21
  MONTH TO DATE  385           351     34      421
  SINCE JUN 1   1413          1331     82     1609
  SINCE JAN 1   1940          1667    273     2046
......................................................


WIND (MPH)
  HIGHEST WIND SPEED    14   HIGHEST WIND DIRECTION     S (160)
  HIGHEST GUST SPEED    17   HIGHEST GUST DIRECTION     S (170)
  AVERAGE WIND SPEED     2.2


SKY COVER
  AVERAGE SKY COVER 0.2


WEATHER CONDITIONS
 THE FOLLOWING WEATHER WAS RECORDED YESTERDAY.
  HEAVY RAIN
  LIGHT RAIN


RELATIVE HUMIDITY (PERCENT)
 HIGHEST    91           100 AM
 LOWEST     46           400 PM

..........................................................


THE HAMILTON - OWENS AIRPORT SC CLIMATE NORMALS FOR TODAY
                         NORMAL    RECORD    YEAR
 MAXIMUM TEMPERATURE (F)   90        MM        MM
 MINIMUM TEMPERATURE (F)   71        MM        MM


SUNRISE AND SUNSET
AUGUST 22 2017........SUNRISE   651 AM EDT   SUNSET   802 PM EDT
AUGUST 23 2017........SUNRISE   651 AM EDT   SUNSET   801 PM EDT


-  INDICATES NEGATIVE NUMBERS.
R  INDICATES RECORD WAS SET OR TIED.
MM INDICATES DATA IS MISSING.
T  INDICATES TRACE AMOUNT.




$$
