000
CDUS42 KCAE 270631
CLICUB


CLIMATE REPORT
NATIONAL WEATHER SERVICE COLUMBIA SC
230 AM EDT WED JUL 27 2016


...................................

...THE HAMILTON - OWENS AIRPORT SC CLIMATE SUMMARY FOR JULY 26 2016...

CLIMATE NORMAL PERIOD 1981 TO 2010
CLIMATE RECORD PERIOD 9999 TO 9999


WEATHER ITEM   OBSERVED TIME   NORMAL DEPARTURE LAST
                VALUE   (LST)  VALUE  FROM      YEAR
                                      NORMAL
......................................................
TEMPERATURE (F)
 YESTERDAY
  MAXIMUM         97    234 PM  93      4       96
  MINIMUM         77    612 AM  73      4       70
  AVERAGE         87            83      4       83

PRECIPITATION (IN)
  YESTERDAY        0.00          0.14  -0.14     0.00
  MONTH TO DATE    2.66          4.45  -1.79     2.08
  SINCE JUN 1      7.08          9.36  -2.28     9.49
  SINCE JAN 1     21.07         26.18  -5.11    24.63

DEGREE DAYS
 HEATING
  YESTERDAY        0             0      0        0
  MONTH TO DATE    0             0      0        0
  SINCE JUN 1      0             0      0        0
  SINCE JUL 1      0             0      0        0

 COOLING
  YESTERDAY       22            18      4       18
  MONTH TO DATE  538           461     77      522
  SINCE JUN 1   1069           894    175     1068
  SINCE JAN 1   1506          1230    276     1497
......................................................


WIND (MPH)
  HIGHEST WIND SPEED    14   HIGHEST WIND DIRECTION    SW (210)
  HIGHEST GUST SPEED    18   HIGHEST GUST DIRECTION     S (200)
  AVERAGE WIND SPEED     4.8


SKY COVER
  AVERAGE SKY COVER 0.2


WEATHER CONDITIONS
 THE FOLLOWING WEATHER WAS RECORDED YESTERDAY.
  NO SIGNIFICANT WEATHER WAS OBSERVED.


RELATIVE HUMIDITY (PERCENT)
 HIGHEST    82           600 AM
 LOWEST     42           100 PM

..........................................................


THE HAMILTON - OWENS AIRPORT SC CLIMATE NORMALS FOR TODAY
                         NORMAL    RECORD    YEAR
 MAXIMUM TEMPERATURE (F)   93        MM        MM
 MINIMUM TEMPERATURE (F)   73        MM        MM


SUNRISE AND SUNSET
JULY 27 2016..........SUNRISE   632 AM EDT   SUNSET   828 PM EDT
JULY 28 2016..........SUNRISE   633 AM EDT   SUNSET   827 PM EDT


-  INDICATES NEGATIVE NUMBERS.
R  INDICATES RECORD WAS SET OR TIED.
MM INDICATES DATA IS MISSING.
T  INDICATES TRACE AMOUNT.




$$
