000
CDUS42 KCAE 222214
CLICUB


CLIMATE REPORT
NATIONAL WEATHER SERVICE COLUMBIA SC
512 PM EST MON DEC 22 2014


...................................

...THE HAMILTON - OWENS AIRPORT SC CLIMATE SUMMARY FOR DECEMBER 22 2014...
VALID TODAY AS OF 0500 PM LOCAL TIME.

CLIMATE NORMAL PERIOD 1981 TO 2010
CLIMATE RECORD PERIOD 9999 TO 9999


WEATHER ITEM   OBSERVED TIME   NORMAL DEPARTURE LAST
                VALUE   (LST)  VALUE  FROM      YEAR
                                      NORMAL
......................................................
TEMPERATURE (F)
 TODAY
  MAXIMUM         47   1208 AM  57    -10       80
  MINIMUM         44    659 AM  36      8       66
  AVERAGE         46            46      0       73

PRECIPITATION (IN)
  TODAY            0.23          0.10   0.13     0.23
  MONTH TO DATE    0.52          2.39  -1.87     3.16
  SINCE DEC 1      0.52          2.39  -1.87     3.16
  SINCE JAN 1     42.80         44.59  -1.79    50.03

DEGREE DAYS
 HEATING
  TODAY           19            18      1        0
  MONTH TO DATE  315           357    -42      269
  SINCE DEC 1    315           357    -42      269
  SINCE JUL 1    790           728     62      683

 COOLING
  TODAY            0             0      0        8
  MONTH TO DATE    0             0      0       14
  SINCE DEC 1      0             0      0       14
  SINCE JAN 1   2415          2256    159     2237
......................................................


WIND (MPH)
  HIGHEST WIND SPEED     8   HIGHEST WIND DIRECTION     E (70)
  HIGHEST GUST SPEED    14   HIGHEST GUST DIRECTION     E (70)
  AVERAGE WIND SPEED     3.8


SKY COVER
  AVERAGE SKY COVER 1.0


WEATHER CONDITIONS
 THE FOLLOWING WEATHER WAS RECORDED TODAY.
  HEAVY RAIN
  RAIN
  LIGHT RAIN
  FOG


RELATIVE HUMIDITY (PERCENT)
 HIGHEST    93          1200 AM
 LOWEST     86           100 AM
 AVERAGE    90

..........................................................


THE HAMILTON - OWENS AIRPORT SC CLIMATE NORMALS FOR TOMORROW
                         NORMAL
 MAXIMUM TEMPERATURE (F)   57
 MINIMUM TEMPERATURE (F)   36


SUNRISE AND SUNSET
DECEMBER 22 2014......SUNRISE   726 AM EST   SUNSET   519 PM EST
DECEMBER 23 2014......SUNRISE   726 AM EST   SUNSET   520 PM EST


-  INDICATES NEGATIVE NUMBERS.
R  INDICATES RECORD WAS SET OR TIED.
MM INDICATES DATA IS MISSING.
T  INDICATES TRACE AMOUNT.




$$
