000
CDUS42 KCAE 222137
CLICUB


CLIMATE REPORT
NATIONAL WEATHER SERVICE COLUMBIA SC
537 PM EDT THU JUN 22 2017


...................................

...THE HAMILTON - OWENS AIRPORT SC CLIMATE SUMMARY FOR JUNE 22 2017...
VALID TODAY AS OF 0500 PM LOCAL TIME.

CLIMATE NORMAL PERIOD 1981 TO 2010
CLIMATE RECORD PERIOD 9999 TO 9999


WEATHER ITEM   OBSERVED TIME   NORMAL DEPARTURE LAST
                VALUE   (LST)  VALUE  FROM      YEAR
                                      NORMAL
......................................................
TEMPERATURE (F)
 TODAY
  MAXIMUM         87    313 PM  91     -4       97
  MINIMUM         76    558 AM  70      6       73
  AVERAGE         82            81      1       85

PRECIPITATION (IN)
  TODAY            0.00          0.18  -0.18     0.00
  MONTH TO DATE    4.63          3.46   1.17     4.39
  SINCE JUN 1      4.63          3.46   1.17     4.39
  SINCE JAN 1     26.04         20.28   5.76    18.38

DEGREE DAYS
 HEATING
  TODAY            0             0      0        0
  MONTH TO DATE    0             0      0        0
  SINCE JUN 1      0             0      0        0
  SINCE JUL 1   1573          2315   -742     1717

 COOLING
  TODAY           17            16      1       20
  MONTH TO DATE  320           304     16      368
  SINCE JUN 1    320           304     16      368
  SINCE JAN 1    847           640    207      805
......................................................


WIND (MPH)
  HIGHEST WIND SPEED     8   HIGHEST WIND DIRECTION     E (70)
  HIGHEST GUST SPEED    11   HIGHEST GUST DIRECTION    SW (220)
  AVERAGE WIND SPEED     1.2


SKY COVER
  AVERAGE SKY COVER 0.7


WEATHER CONDITIONS
 THE FOLLOWING WEATHER WAS RECORDED TODAY.
  NO SIGNIFICANT WEATHER WAS OBSERVED.


RELATIVE HUMIDITY (PERCENT)
 HIGHEST    94          1200 AM
 LOWEST     59           200 PM
 AVERAGE    77

..........................................................


THE HAMILTON - OWENS AIRPORT SC CLIMATE NORMALS FOR TOMORROW
                         NORMAL
 MAXIMUM TEMPERATURE (F)   91
 MINIMUM TEMPERATURE (F)   71


SUNRISE AND SUNSET
JUNE 22 2017..........SUNRISE   614 AM EDT   SUNSET   839 PM EDT
JUNE 23 2017..........SUNRISE   614 AM EDT   SUNSET   839 PM EDT


-  INDICATES NEGATIVE NUMBERS.
R  INDICATES RECORD WAS SET OR TIED.
MM INDICATES DATA IS MISSING.
T  INDICATES TRACE AMOUNT.




$$
