000
CDUS43 KUNR 220833
CLICUT


CLIMATE REPORT
NATIONAL WEATHER SERVICE RAPID CITY SD
232 AM MDT THU JUN 22 2017


...................................

...THE CUSTER COUNTY AIRPORT SD CLIMATE SUMMARY FOR JUNE 21 2017...

CLIMATE NORMAL PERIOD 1981 TO 2010
CLIMATE RECORD PERIOD 9999 TO 9999


WEATHER ITEM   OBSERVED TIME   NORMAL DEPARTURE LAST
                VALUE   (LST)  VALUE  FROM      YEAR
                                      NORMAL
......................................................
TEMPERATURE (F)
 YESTERDAY
  MAXIMUM         88   1155 AM  73     15       94
  MINIMUM         57    307 AM  48      9       53
  AVERAGE         73            61     12       74

PRECIPITATION (IN)
  YESTERDAY        0.00          0.08  -0.08     0.00
  MONTH TO DATE    1.22          2.34  -1.12     1.47
  SINCE JUN 1      1.22          2.34  -1.12     1.47
  SINCE JAN 1      9.10          9.45  -0.35     6.05

DEGREE DAYS
 HEATING
  YESTERDAY        0             5     -5        0
  MONTH TO DATE   89           182    -93       49
  SINCE JUN 1     89           182    -93       49
  SINCE JUL 1   7533          8351   -818     7164

 COOLING
  YESTERDAY        8             1      7        9
  MONTH TO DATE   15             9      6       59
  SINCE JUN 1     15             9      6       59
  SINCE JAN 1     15            10      5       59
......................................................


WIND (MPH)
  HIGHEST WIND SPEED    21   HIGHEST WIND DIRECTION     E (80)
  HIGHEST GUST SPEED    31   HIGHEST GUST DIRECTION     W (290)
  AVERAGE WIND SPEED     9.4


SKY COVER
  AVERAGE SKY COVER 0.1


WEATHER CONDITIONS
 THE FOLLOWING WEATHER WAS RECORDED YESTERDAY.
  HAZE


RELATIVE HUMIDITY (PERCENT)
 HIGHEST    60
 LOWEST     18
 AVERAGE    39

..........................................................




SUNRISE AND SUNSET
JUNE 22 2017..........SUNRISE   513 AM MDT   SUNSET   840 PM MDT
JUNE 23 2017..........SUNRISE   513 AM MDT   SUNSET   840 PM MDT


-  INDICATES NEGATIVE NUMBERS.
R  INDICATES RECORD WAS SET OR TIED.
MM INDICATES DATA IS MISSING.
T  INDICATES TRACE AMOUNT.




$$
