924
CDUS43 KUNR 270854
CLICUT


CLIMATE REPORT
NATIONAL WEATHER SERVICE RAPID CITY SD
247 AM MDT MON MAR 27 2017


...................................

...THE CUSTER COUNTY AIRPORT SD CLIMATE SUMMARY FOR MARCH 26 2017...

CLIMATE NORMAL PERIOD 1981 TO 2010
CLIMATE RECORD PERIOD 9999 TO 9999


WEATHER ITEM   OBSERVED TIME   NORMAL DEPARTURE LAST
                VALUE   (LST)  VALUE  FROM      YEAR
                                      NORMAL
......................................................
TEMPERATURE (F)
 YESTERDAY
  MAXIMUM         44    114 AM  44      0       33
  MINIMUM         29   1146 PM  23      6       14
  AVERAGE         37            34      3       24

PRECIPITATION (IN)
  YESTERDAY        0.15          0.04   0.11     0.01
  MONTH TO DATE    0.32          0.78  -0.46     1.05
  SINCE MAR 1      0.32          0.78  -0.46     1.05
  SINCE JAN 1      2.33          1.64   0.69     1.66

DEGREE DAYS
 HEATING
  YESTERDAY       28            31     -3       41
  MONTH TO DATE  710           886   -176      730
  SINCE MAR 1    710           886   -176      730
  SINCE JUL 1   6078          6721   -643     5785

 COOLING
  YESTERDAY        0             0      0        0
  MONTH TO DATE    0             0      0        0
  SINCE MAR 1      0             0      0        0
  SINCE JAN 1      0             0      0        0
......................................................


WIND (MPH)
  HIGHEST WIND SPEED     9   HIGHEST WIND DIRECTION    NE (30)
  HIGHEST GUST SPEED    12   HIGHEST GUST DIRECTION    NE (30)
  AVERAGE WIND SPEED     2.7


SKY COVER
  AVERAGE SKY COVER 0.8


WEATHER CONDITIONS
 THE FOLLOWING WEATHER WAS RECORDED YESTERDAY.
  RAIN
  LIGHT RAIN
  FOG


RELATIVE HUMIDITY (PERCENT)
 HIGHEST    92
 LOWEST     62
 AVERAGE    77

..........................................................




SUNRISE AND SUNSET
MARCH 27 2017.........SUNRISE   644 AM MDT   SUNSET   716 PM MDT
MARCH 28 2017.........SUNRISE   643 AM MDT   SUNSET   717 PM MDT


-  INDICATES NEGATIVE NUMBERS.
R  INDICATES RECORD WAS SET OR TIED.
MM INDICATES DATA IS MISSING.
T  INDICATES TRACE AMOUNT.




$$
