252
CDUS43 KUNR 230848
CLICUT


CLIMATE REPORT
NATIONAL WEATHER SERVICE RAPID CITY SD
245 AM MDT MON MAY 23 2016


...................................

...THE CUSTER COUNTY AIRPORT SD CLIMATE SUMMARY FOR MAY 22 2016...

CLIMATE NORMAL PERIOD 1981 TO 2010
CLIMATE RECORD PERIOD 9999 TO 9999


WEATHER ITEM   OBSERVED TIME   NORMAL DEPARTURE LAST
                VALUE   (LST)  VALUE  FROM      YEAR
                                      NORMAL
......................................................
TEMPERATURE (F)
 YESTERDAY
  MAXIMUM         68    319 PM  62      6       49
  MINIMUM         40   1036 PM  38      2       40
  AVERAGE         54            50      4       45

PRECIPITATION (IN)
  YESTERDAY        0.15          0.12   0.03      T
  MONTH TO DATE    0.87          2.13  -1.26     4.08
  SINCE MAR 1      3.17          5.26  -2.09     6.39
  SINCE JAN 1      3.78          6.12  -2.34     6.79

DEGREE DAYS
 HEATING
  YESTERDAY       11            15     -4       20
  MONTH TO DATE  393           396     -3      472
  SINCE MAR 1   1934          2211   -277     2012
  SINCE JUL 1   6989          8046  -1057     7461

 COOLING
  YESTERDAY        0             0      0        0
  MONTH TO DATE    0             0      0        0
  SINCE MAR 1      0             0      0        0
  SINCE JAN 1      0             0      0        0
......................................................


WIND (MPH)
  HIGHEST WIND SPEED    33   HIGHEST WIND DIRECTION     W (280)
  HIGHEST GUST SPEED    45   HIGHEST GUST DIRECTION     W (280)
  AVERAGE WIND SPEED     9.5


SKY COVER
  AVERAGE SKY COVER 0.3


WEATHER CONDITIONS
 THE FOLLOWING WEATHER WAS RECORDED YESTERDAY.
  RAIN
  LIGHT RAIN
  FOG
  FOG W/VISIBILITY <= 1/4 MILE


RELATIVE HUMIDITY (PERCENT)
 HIGHEST    96
 LOWEST     24
 AVERAGE    60

..........................................................




SUNRISE AND SUNSET
MAY 23 2016...........SUNRISE   521 AM MDT   SUNSET   822 PM MDT
MAY 24 2016...........SUNRISE   520 AM MDT   SUNSET   823 PM MDT


-  INDICATES NEGATIVE NUMBERS.
R  INDICATES RECORD WAS SET OR TIED.
MM INDICATES DATA IS MISSING.
T  INDICATES TRACE AMOUNT.




$$
