000
CDUS43 KUNR 240837
CLICUT


CLIMATE REPORT
NATIONAL WEATHER SERVICE RAPID CITY SD
236 AM MDT SUN MAY 24 2015


...................................

...THE CUSTER COUNTY AIRPORT SD CLIMATE SUMMARY FOR MAY 23 2015...

CLIMATE NORMAL PERIOD 1981 TO 2010
CLIMATE RECORD PERIOD 9999 TO 9999


WEATHER ITEM   OBSERVED TIME   NORMAL DEPARTURE LAST
                VALUE   (LST)  VALUE  FROM      YEAR
                                      NORMAL
......................................................
TEMPERATURE (F)
 YESTERDAY
  MAXIMUM         51   1158 AM  62    -11       69
  MINIMUM         40    600 AM  38      2       48
  AVERAGE         46            50     -4       59

PRECIPITATION (IN)
  YESTERDAY        0.35          0.11   0.24     0.00
  MONTH TO DATE    4.43          2.24   2.19     1.34
  SINCE MAR 1      6.74          5.37   1.37     4.61
  SINCE JAN 1      7.14          6.23   0.91     5.94

DEGREE DAYS
 HEATING
  YESTERDAY       19            15      4        6
  MONTH TO DATE  491           411     80      441
  SINCE MAR 1   2031          2226   -195     2264
  SINCE JUL 1   7480          8061   -581     8122

 COOLING
  YESTERDAY        0             0      0        0
  MONTH TO DATE    0             0      0        0
  SINCE MAR 1      0             0      0        0
  SINCE JAN 1      0             0      0        0
......................................................


WIND (MPH)
  HIGHEST WIND SPEED    16   HIGHEST WIND DIRECTION    NE (60)
  HIGHEST GUST SPEED    21   HIGHEST GUST DIRECTION    NE (60)
  AVERAGE WIND SPEED     7.6


SKY COVER
  AVERAGE SKY COVER 1.0


WEATHER CONDITIONS
 THE FOLLOWING WEATHER WAS RECORDED YESTERDAY.
  HEAVY RAIN
  RAIN
  LIGHT RAIN
  FOG
  FOG W/VISIBILITY <= 1/4 MILE


RELATIVE HUMIDITY (PERCENT)
 HIGHEST   100
 LOWEST     80
 AVERAGE    90

..........................................................




SUNRISE AND SUNSET
MAY 24 2015...........SUNRISE   521 AM MDT   SUNSET   822 PM MDT
MAY 25 2015...........SUNRISE   520 AM MDT   SUNSET   823 PM MDT


-  INDICATES NEGATIVE NUMBERS.
R  INDICATES RECORD WAS SET OR TIED.
MM INDICATES DATA IS MISSING.
T  INDICATES TRACE AMOUNT.




$$
