961
CDUS43 KUNR 160832
CLICUT


CLIMATE REPORT
NATIONAL WEATHER SERVICE RAPID CITY SD
131 AM MST MON JAN 16 2017


...................................

...THE CUSTER COUNTY AIRPORT SD CLIMATE SUMMARY FOR JANUARY 15 2017...

CLIMATE NORMAL PERIOD 1981 TO 2010
CLIMATE RECORD PERIOD 9999 TO 9999


WEATHER ITEM   OBSERVED TIME   NORMAL DEPARTURE LAST
                VALUE   (LST)  VALUE  FROM      YEAR
                                      NORMAL
......................................................
TEMPERATURE (F)
 YESTERDAY
  MAXIMUM         42    127 PM  35      7       30
  MINIMUM         11    128 AM  14     -3       17
  AVERAGE         27            24      3       24

PRECIPITATION (IN)
  YESTERDAY        0.00          0.01  -0.01      T
  MONTH TO DATE    0.24          0.14   0.10      T
  SINCE DEC 1      1.52          0.52   1.00     0.38
  SINCE JAN 1      0.24          0.14   0.10      T

DEGREE DAYS
 HEATING
  YESTERDAY       38            41     -3       41
  MONTH TO DATE  744           615    129      555
  SINCE DEC 1   2201          1904    297     1756
  SINCE JUL 1   3820          4085   -265     3544

 COOLING
  YESTERDAY        0             0      0        0
  MONTH TO DATE    0             0      0        0
  SINCE DEC 1      0             0      0        0
  SINCE JAN 1      0             0      0        0
......................................................


WIND (MPH)
  HIGHEST WIND SPEED    13   HIGHEST WIND DIRECTION     W (270)
  HIGHEST GUST SPEED    15   HIGHEST GUST DIRECTION     W (280)
  AVERAGE WIND SPEED     5.4


SKY COVER
  AVERAGE SKY COVER 0.1


WEATHER CONDITIONS
 THE FOLLOWING WEATHER WAS RECORDED YESTERDAY.
  NO SIGNIFICANT WEATHER WAS OBSERVED.


RELATIVE HUMIDITY (PERCENT)
 HIGHEST    68
 LOWEST     32
 AVERAGE    50

..........................................................




SUNRISE AND SUNSET
JANUARY 16 2017.......SUNRISE   724 AM MST   SUNSET   445 PM MST
JANUARY 17 2017.......SUNRISE   724 AM MST   SUNSET   446 PM MST


-  INDICATES NEGATIVE NUMBERS.
R  INDICATES RECORD WAS SET OR TIED.
MM INDICATES DATA IS MISSING.
T  INDICATES TRACE AMOUNT.




$$
