000
CDUS43 KUNR 310836
CLICUT


CLIMATE REPORT
NATIONAL WEATHER SERVICE RAPID CITY SD
235 AM MDT SUN AUG 31 2014


...................................

...THE CUSTER COUNTY AIRPORT SD CLIMATE SUMMARY FOR AUGUST 30 2014...

CLIMATE NORMAL PERIOD 1981 TO 2010
CLIMATE RECORD PERIOD 9999 TO 9999


WEATHER ITEM   OBSERVED TIME   NORMAL DEPARTURE LAST
                VALUE   (LST)  VALUE  FROM      YEAR
                                      NORMAL
......................................................
TEMPERATURE (F)
 YESTERDAY
  MAXIMUM         82    222 PM  75      7       88
  MINIMUM         46    537 AM  47     -1       57
  AVERAGE         64            61      3       73

PRECIPITATION (IN)
  YESTERDAY        0.01          0.08  -0.07      T
  MONTH TO DATE    1.89          2.07  -0.18     3.95
  SINCE JUN 1      6.78          7.73  -0.95     9.42
  SINCE JAN 1     14.50         14.84  -0.34    15.95

DEGREE DAYS
 HEATING
  YESTERDAY        1             5     -4        0
  MONTH TO DATE   44            87    -43       55
  SINCE JUN 1    396           368     28      290
  SINCE JUL 1    123           148    -25       97

 COOLING
  YESTERDAY        0             1     -1        8
  MONTH TO DATE   44            51     -7       73
  SINCE JUN 1    130           157    -27      145
  SINCE JAN 1    134           158    -24      147
......................................................


WIND (MPH)
  HIGHEST WIND SPEED    20   HIGHEST WIND DIRECTION     W (280)
  HIGHEST GUST SPEED    24   HIGHEST GUST DIRECTION     W (290)
  AVERAGE WIND SPEED     5.5


SKY COVER
  AVERAGE SKY COVER 0.2


WEATHER CONDITIONS
 THE FOLLOWING WEATHER WAS RECORDED YESTERDAY.
  THUNDERSTORM
  LIGHT RAIN


RELATIVE HUMIDITY (PERCENT)
 HIGHEST    93
 LOWEST     26
 AVERAGE    60

..........................................................




SUNRISE AND SUNSET
AUGUST 31 2014........SUNRISE   617 AM MDT   SUNSET   732 PM MDT
SEPTEMBER  1 2014.....SUNRISE   618 AM MDT   SUNSET   730 PM MDT


-  INDICATES NEGATIVE NUMBERS.
R  INDICATES RECORD WAS SET OR TIED.
MM INDICATES DATA IS MISSING.
T  INDICATES TRACE AMOUNT.




$$
