000
CDUS43 KUNR 110833
CLICUT


CLIMATE REPORT
NATIONAL WEATHER SERVICE RAPID CITY SD
232 AM MDT FRI JUL 11 2014


...................................

...THE CUSTER COUNTY AIRPORT SD CLIMATE SUMMARY FOR JULY 10 2014...

CLIMATE NORMAL PERIOD 1981 TO 2010
CLIMATE RECORD PERIOD 9999 TO 9999


WEATHER ITEM   OBSERVED TIME   NORMAL DEPARTURE LAST
                VALUE   (LST)  VALUE  FROM      YEAR
                                      NORMAL
......................................................
TEMPERATURE (F)
 YESTERDAY
  MAXIMUM         80    129 PM  79      1       85
  MINIMUM         57    334 AM  52      5       50
  AVERAGE         69            66      3       68

PRECIPITATION (IN)
  YESTERDAY        0.28          0.08   0.20     0.00
  MONTH TO DATE    0.65          0.76  -0.11     2.18
  SINCE JUN 1      4.04          3.98   0.06     3.83
  SINCE JAN 1     11.76         11.09   0.67    10.36

DEGREE DAYS
 HEATING
  YESTERDAY        0             2     -2        0
  MONTH TO DATE   35            24     11       10
  SINCE JUN 1    308           244     64      203
  SINCE JUL 1     35            24     11       10

 COOLING
  YESTERDAY        4             2      2        3
  MONTH TO DATE   27            20      7       12
  SINCE JUN 1     28            45    -17       21
  SINCE JAN 1     32            46    -14       23
......................................................


WIND (MPH)
  HIGHEST WIND SPEED    22   HIGHEST WIND DIRECTION    NE (40)
  HIGHEST GUST SPEED    28   HIGHEST GUST DIRECTION    NE (60)
  AVERAGE WIND SPEED     5.9


SKY COVER
  AVERAGE SKY COVER 0.3


WEATHER CONDITIONS
 THE FOLLOWING WEATHER WAS RECORDED YESTERDAY.
  THUNDERSTORM
  RAIN
  LIGHT RAIN
  FOG


RELATIVE HUMIDITY (PERCENT)
 HIGHEST    93
 LOWEST     45
 AVERAGE    69

..........................................................




SUNRISE AND SUNSET
JULY 11 2014..........SUNRISE   523 AM MDT   SUNSET   836 PM MDT
JULY 12 2014..........SUNRISE   524 AM MDT   SUNSET   836 PM MDT


-  INDICATES NEGATIVE NUMBERS.
R  INDICATES RECORD WAS SET OR TIED.
MM INDICATES DATA IS MISSING.
T  INDICATES TRACE AMOUNT.




$$
