000
CDUS43 KUNR 170831
CLICUT


CLIMATE REPORT
NATIONAL WEATHER SERVICE RAPID CITY SD
231 AM MDT THU AUG 17 2017


...................................

...THE CUSTER COUNTY AIRPORT SD CLIMATE SUMMARY FOR AUGUST 16 2017...

CLIMATE NORMAL PERIOD 1981 TO 2010
CLIMATE RECORD PERIOD 9999 TO 9999


WEATHER ITEM   OBSERVED TIME   NORMAL DEPARTURE LAST
                VALUE   (LST)  VALUE  FROM      YEAR
                                      NORMAL
......................................................
TEMPERATURE (F)
 YESTERDAY
  MAXIMUM         73    230 PM  78     -5       77
  MINIMUM         49   1154 PM  51     -2       53
  AVERAGE         61            64     -3       65

PRECIPITATION (IN)
  YESTERDAY        0.00          0.07  -0.07     0.00
  MONTH TO DATE    2.05          1.10   0.95     0.78
  SINCE JUN 1      9.63          6.76   2.87     7.31
  SINCE JAN 1     17.51         13.87   3.64    11.89

DEGREE DAYS
 HEATING
  YESTERDAY        4             3      1        0
  MONTH TO DATE   81            36     45       20
  SINCE JUN 1    244           317    -73      119
  SINCE JUL 1     89            97     -8       63

 COOLING
  YESTERDAY        0             2     -2        0
  MONTH TO DATE    2            32    -30       39
  SINCE JUN 1    190           138     52      234
  SINCE JAN 1    190           139     51      234
......................................................


WIND (MPH)
  HIGHEST WIND SPEED    22   HIGHEST WIND DIRECTION    NE (50)
  HIGHEST GUST SPEED    28   HIGHEST GUST DIRECTION    NE (60)
  AVERAGE WIND SPEED     6.2


SKY COVER
  AVERAGE SKY COVER 0.2


WEATHER CONDITIONS
 THE FOLLOWING WEATHER WAS RECORDED YESTERDAY.
  NO SIGNIFICANT WEATHER WAS OBSERVED.


RELATIVE HUMIDITY (PERCENT)
 HIGHEST    80
 LOWEST     31
 AVERAGE    56

..........................................................




SUNRISE AND SUNSET
AUGUST 17 2017........SUNRISE   601 AM MDT   SUNSET   755 PM MDT
AUGUST 18 2017........SUNRISE   603 AM MDT   SUNSET   753 PM MDT


-  INDICATES NEGATIVE NUMBERS.
R  INDICATES RECORD WAS SET OR TIED.
MM INDICATES DATA IS MISSING.
T  INDICATES TRACE AMOUNT.




$$
