000
CDUS41 KILN 270543
CLICVG


CLIMATE REPORT
NATIONAL WEATHER SERVICE WILMINGTON OH
143 AM EDT WED MAY 27 2015


...................................

...THE CINCINNATI OH CLIMATE SUMMARY FOR MAY 26 2015...

CLIMATE NORMAL PERIOD 1981 TO 2010
CLIMATE RECORD PERIOD 1869 TO 2015


WEATHER ITEM   OBSERVED TIME   RECORD YEAR NORMAL DEPARTURE LAST
                VALUE   (LST)  VALUE       VALUE  FROM      YEAR
                                                  NORMAL
..................................................................
TEMPERATURE (F)
 YESTERDAY
  MAXIMUM         85    134 PM  95    1911  76      9       85
  MINIMUM         64    301 AM  37    1983  56      8       56
  AVERAGE         75                        66      9       71

PRECIPITATION (IN)
  YESTERDAY        0.39          2.78 1879   0.16   0.23     0.00
  MONTH TO DATE    1.34                      4.13  -2.79     2.86
  SINCE MAR 1     12.79                     11.98   0.81    11.93
  SINCE JAN 1     16.94                     17.79  -0.85    17.47

SNOWFALL (IN)
  YESTERDAY        0.0           0.0    MM   0.0    0.0      0.0
  MONTH TO DATE    0.0                       0.0    0.0      0.0
  SINCE MAR 1      4.9                       3.5    1.4      3.9
  SINCE JUL 1     29.9                      22.1    7.8     47.5
  SNOW DEPTH      MM

DEGREE DAYS
 HEATING
  YESTERDAY        0                         2     -2        0
  MONTH TO DATE   67                       116    -49      109
  SINCE MAR 1   1049                      1123    -74     1162
  SINCE JUL 1   5276                      4950    326     5406

 COOLING
  YESTERDAY       10                         4      6        6
  MONTH TO DATE  108                        56     52       74
  SINCE MAR 1    113                        74     39       81
  SINCE JAN 1    113                        74     39       81
..................................................................


WIND (MPH)
  RESULTANT WIND SPEED  10   RESULTANT WIND DIRECTION   S (190)
  HIGHEST WIND SPEED    29   HIGHEST WIND DIRECTION     W (260)
  HIGHEST GUST SPEED    37   HIGHEST GUST DIRECTION     W (260)
  AVERAGE WIND SPEED    10.5


SKY COVER
  POSSIBLE SUNSHINE  MM
  AVERAGE SKY COVER 0.7


WEATHER CONDITIONS
 THE FOLLOWING WEATHER WAS RECORDED YESTERDAY.
  THUNDERSTORM
  HEAVY RAIN
  RAIN
  LIGHT RAIN
  FOG


RELATIVE HUMIDITY (PERCENT)
 HIGHEST    93           300 AM
 LOWEST     58           100 PM
 AVERAGE    76

..........................................................


THE CINCINNATI OH CLIMATE NORMALS FOR TODAY
                         NORMAL    RECORD    YEAR
 MAXIMUM TEMPERATURE (F)   77        95      1911
 MINIMUM TEMPERATURE (F)   57        34      1961


SUNRISE AND SUNSET
MAY 27 2015...........SUNRISE   617 AM EDT   SUNSET   855 PM EDT
MAY 28 2015...........SUNRISE   617 AM EDT   SUNSET   856 PM EDT


-  INDICATES NEGATIVE NUMBERS.
R  INDICATES RECORD WAS SET OR TIED.
MM INDICATES DATA IS MISSING.
T  INDICATES TRACE AMOUNT.




$$
