000
CDUS41 KILN 230529
CLICVG


CLIMATE REPORT
NATIONAL WEATHER SERVICE WILMINGTON OH
128 AM EDT SAT JUL 23 2016


...................................

...THE CINCINNATI OH CLIMATE SUMMARY FOR JULY 22 2016...

CLIMATE NORMAL PERIOD 1981 TO 2010
CLIMATE RECORD PERIOD 1869 TO 2016


WEATHER ITEM   OBSERVED TIME   RECORD YEAR NORMAL DEPARTURE LAST
                VALUE   (LST)  VALUE       VALUE  FROM      YEAR
                                                  NORMAL
..................................................................
TEMPERATURE (F)
 YESTERDAY
  MAXIMUM         87    506 PM 108    1934  86      1       81
  MINIMUM         72    210 AM  51    1947  66      6       61
  AVERAGE         80                        76      4       71

PRECIPITATION (IN)
  YESTERDAY        T             2.16 1906   0.12  -0.12     0.00
  MONTH TO DATE    2.57                      2.64  -0.07     4.01
  SINCE JUN 1      5.06                      6.67  -1.61    11.34
  SINCE JAN 1     24.67                     25.26  -0.59    28.57

SNOWFALL (IN)
  YESTERDAY        0.0           0.0         0.0    0.0      0.0
  MONTH TO DATE    0.0                       0.0    0.0      0.0
  SINCE JUN 1      0.0                       0.0    0.0      0.0
  SINCE JUL 1      0.0                       0.0    0.0      0.0
  SNOW DEPTH       0

DEGREE DAYS
 HEATING
  YESTERDAY        0                         0      0        0
  MONTH TO DATE    0                         0      0        0
  SINCE JUN 1      2                        15    -13       19
  SINCE JUL 1      0                         0      0        0

 COOLING
  YESTERDAY       15                        11      4        6
  MONTH TO DATE  239                       240     -1      209
  SINCE JUN 1    522                       466     56      468
  SINCE JAN 1    615                       560     55      617
..................................................................


WIND (MPH)
  RESULTANT WIND SPEED   5   RESULTANT WIND DIRECTION   S (200)
  HIGHEST WIND SPEED    15   HIGHEST WIND DIRECTION     S (170)
  HIGHEST GUST SPEED    17   HIGHEST GUST DIRECTION     S (180)
  AVERAGE WIND SPEED     5.7


SKY COVER
  POSSIBLE SUNSHINE  MM
  AVERAGE SKY COVER 0.8


WEATHER CONDITIONS
 THE FOLLOWING WEATHER WAS RECORDED YESTERDAY.
  FOG
  HAZE


RELATIVE HUMIDITY (PERCENT)
 HIGHEST    94           100 AM
 LOWEST     63           300 PM
 AVERAGE    79

..........................................................


THE CINCINNATI OH CLIMATE NORMALS FOR TODAY
                         NORMAL    RECORD    YEAR
 MAXIMUM TEMPERATURE (F)   86       104      1934
 MINIMUM TEMPERATURE (F)   66        49      1947


SUNRISE AND SUNSET
JULY 23 2016..........SUNRISE   632 AM EDT   SUNSET   858 PM EDT
JULY 24 2016..........SUNRISE   633 AM EDT   SUNSET   857 PM EDT


-  INDICATES NEGATIVE NUMBERS.
R  INDICATES RECORD WAS SET OR TIED.
MM INDICATES DATA IS MISSING.
T  INDICATES TRACE AMOUNT.




$$
