000
CDUS41 KILN 200617
CLICVG


CLIMATE REPORT
NATIONAL WEATHER SERVICE WILMINGTON OH
214 AM EDT MON OCT 20 2014


...................................

...THE CINCINNATI OH CLIMATE SUMMARY FOR OCTOBER 19 2014...

CLIMATE NORMAL PERIOD 1981 TO 2010
CLIMATE RECORD PERIOD 1869 TO 2014


WEATHER ITEM   OBSERVED TIME   RECORD YEAR NORMAL DEPARTURE LAST
                VALUE   (LST)  VALUE       VALUE  FROM      YEAR
                                                  NORMAL
..................................................................
TEMPERATURE (F)
 YESTERDAY
  MAXIMUM         58    346 PM  84    1920  65     -7       52
  MINIMUM         41   1045 PM  22    1992  44     -3       37
  AVERAGE         50                        55     -5       45

PRECIPITATION (IN)
  YESTERDAY        0.00          2.11 1905   0.11  -0.11     0.19
  MONTH TO DATE    3.02                      2.03   0.99     4.32
  SINCE SEP 1      6.22                      4.66   1.56     7.97
  SINCE JAN 1     36.68                     34.45   2.23    41.02

SNOWFALL (IN)
  YESTERDAY        0.0           5.0  1989   0.1   -0.1      0.0
  MONTH TO DATE    0.0                       0.2   -0.2      0.0
  SINCE SEP 1      0.0                       0.2   -0.2      0.0
  SINCE JUL 1      0.0                       0.2   -0.2      0.0
  SNOW DEPTH       0

DEGREE DAYS
 HEATING
  YESTERDAY       15                        11      4       20
  MONTH TO DATE  160                       154      6       95
  SINCE SEP 1    211                       212     -1      121
  SINCE JUL 1    216                       212      4      125

 COOLING
  YESTERDAY        0                         0      0        0
  MONTH TO DATE   13                        16     -3       30
  SINCE SEP 1    131                       153    -22      174
  SINCE JAN 1   1077                      1121    -44     1150
..................................................................


WIND (MPH)
  RESULTANT WIND SPEED   1   RESULTANT WIND DIRECTION   W (280)
  HIGHEST WIND SPEED    10   HIGHEST WIND DIRECTION     W (280)
  HIGHEST GUST SPEED    14   HIGHEST GUST DIRECTION     W (280)
  AVERAGE WIND SPEED     3.4


SKY COVER
  POSSIBLE SUNSHINE  MM
  AVERAGE SKY COVER 0.8


WEATHER CONDITIONS
 THE FOLLOWING WEATHER WAS RECORDED YESTERDAY.
  HAZE


RELATIVE HUMIDITY (PERCENT)
 HIGHEST    93          1200 AM
 LOWEST     47           300 PM
 AVERAGE    70

..........................................................


THE CINCINNATI OH CLIMATE NORMALS FOR TODAY
                         NORMAL    RECORD    YEAR
 MAXIMUM TEMPERATURE (F)   65        86      1953
 MINIMUM TEMPERATURE (F)   44        25      1972


SUNRISE AND SUNSET
OCTOBER 20 2014.......SUNRISE   753 AM EDT   SUNSET   653 PM EDT
OCTOBER 21 2014.......SUNRISE   754 AM EDT   SUNSET   652 PM EDT


-  INDICATES NEGATIVE NUMBERS.
R  INDICATES RECORD WAS SET OR TIED.
MM INDICATES DATA IS MISSING.
T  INDICATES TRACE AMOUNT.




$$
