000
CDUS41 KILN 280550
CLICVG


CLIMATE REPORT
NATIONAL WEATHER SERVICE WILMINGTON OH
149 AM EDT SUN MAY 28 2017


...................................

...THE CINCINNATI OH CLIMATE SUMMARY FOR MAY 27 2017...

CLIMATE NORMAL PERIOD 1981 TO 2010
CLIMATE RECORD PERIOD 1869 TO 2017


WEATHER ITEM   OBSERVED TIME   RECORD YEAR NORMAL DEPARTURE LAST
                VALUE   (LST)  VALUE       VALUE  FROM      YEAR
                                                  NORMAL
..................................................................
TEMPERATURE (F)
 YESTERDAY
  MAXIMUM         84    537 PM  95    1911  77      7       85
  MINIMUM         68   1159 PM  34    1961  57     11       61
  AVERAGE         76                        67      9       73

PRECIPITATION (IN)
  YESTERDAY        0.00          2.36 1956   0.16  -0.16     0.00
  MONTH TO DATE    5.95                      4.29   1.66     2.80
  SINCE MAR 1     15.92                     12.14   3.78    12.98
  SINCE JAN 1     23.14                     17.95   5.19    19.61

SNOWFALL (IN)
  YESTERDAY        0.0           0.0    MM   0.0    0.0      0.0
  MONTH TO DATE    0.0                       0.0    0.0      0.0
  SINCE MAR 1      2.0                       3.5   -1.5      2.3
  SINCE JUL 1     10.0                      22.1  -12.1     19.2
  SNOW DEPTH       0

DEGREE DAYS
 HEATING
  YESTERDAY        0                         2     -2        0
  MONTH TO DATE  138                       118     20      161
  SINCE MAR 1    930                      1125   -195      926
  SINCE JUL 1   4010                      4952   -942     4134

 COOLING
  YESTERDAY       11                         4      7        8
  MONTH TO DATE   68                        60      8       35
  SINCE MAR 1    120                        78     42       53
  SINCE JAN 1    120                        78     42       53
..................................................................


WIND (MPH)
  RESULTANT WIND SPEED   6   RESULTANT WIND DIRECTION  SW (240)
  HIGHEST WIND SPEED    15   HIGHEST WIND DIRECTION    SW (210)
  HIGHEST GUST SPEED    20   HIGHEST GUST DIRECTION    SW (210)
  AVERAGE WIND SPEED     7.6


SKY COVER
  POSSIBLE SUNSHINE  MM
  AVERAGE SKY COVER 0.8


WEATHER CONDITIONS
 THE FOLLOWING WEATHER WAS RECORDED YESTERDAY.
  THUNDERSTORM


RELATIVE HUMIDITY (PERCENT)
 HIGHEST    84           500 AM
 LOWEST     55           500 PM
 AVERAGE    70

..........................................................


THE CINCINNATI OH CLIMATE NORMALS FOR TODAY
                         NORMAL    RECORD    YEAR
 MAXIMUM TEMPERATURE (F)   77        95      1911
 MINIMUM TEMPERATURE (F)   57        40      1994


SUNRISE AND SUNSET
MAY 28 2017...........SUNRISE   616 AM EDT   SUNSET   856 PM EDT
MAY 29 2017...........SUNRISE   616 AM EDT   SUNSET   857 PM EDT


-  INDICATES NEGATIVE NUMBERS.
R  INDICATES RECORD WAS SET OR TIED.
MM INDICATES DATA IS MISSING.
T  INDICATES TRACE AMOUNT.




$$
