000
CDUS41 KILN 140535
CLICVG


CLIMATE REPORT
NATIONAL WEATHER SERVICE WILMINGTON OH
1234 AM EST SUN FEB 14 2016


...................................

...THE CINCINNATI OH CLIMATE SUMMARY FOR FEBRUARY 13 2016...

CLIMATE NORMAL PERIOD 1981 TO 2010
CLIMATE RECORD PERIOD 1869 TO 2016


WEATHER ITEM   OBSERVED TIME   RECORD YEAR NORMAL DEPARTURE LAST
                VALUE   (LST)  VALUE       VALUE  FROM      YEAR
                                                  NORMAL
..................................................................
TEMPERATURE (F)
 YESTERDAY
  MAXIMUM         19    503 PM  71    1938  42    -23       31
  MINIMUM         10   1128 PM -11    1899  26    -16       11
  AVERAGE         15                        34    -19       21

PRECIPITATION (IN)
  YESTERDAY        T             2.22 2000   0.10  -0.10      T
  MONTH TO DATE    2.18                      1.34   0.84     0.38
  SINCE DEC 1      9.66                      7.71   1.95     6.33
  SINCE JAN 1      3.57                      4.34  -0.77     2.73

SNOWFALL (IN)
  YESTERDAY        T             5.0  1940   0.2   -0.2      0.4
                                      1914
  MONTH TO DATE    5.0                       3.4    1.6      1.8
  SINCE DEC 1     13.5                      14.7   -1.2      3.1
  SINCE JUL 1     13.5                      15.5   -2.0      8.2
  SNOW DEPTH       1

DEGREE DAYS
 HEATING
  YESTERDAY       50                        31     19       44
  MONTH TO DATE  438                       420     18      424
  SINCE DEC 1   2077                      2432   -355     2341
  SINCE JUL 1   2822                      3392   -570     3479

 COOLING
  YESTERDAY        0                         0      0        0
  MONTH TO DATE    0                         0      0        0
  SINCE DEC 1      0                         0      0        0
  SINCE JAN 1      0                         0      0        0
..................................................................


WIND (MPH)
  RESULTANT WIND SPEED   8   RESULTANT WIND DIRECTION  NW (320)
  HIGHEST WIND SPEED    23   HIGHEST WIND DIRECTION     N (340)
  HIGHEST GUST SPEED    30   HIGHEST GUST DIRECTION     N (340)
  AVERAGE WIND SPEED     7.3


SKY COVER
  POSSIBLE SUNSHINE  MM
  AVERAGE SKY COVER 0.5


WEATHER CONDITIONS
 THE FOLLOWING WEATHER WAS RECORDED YESTERDAY.
  LIGHT SNOW
  HAZE


RELATIVE HUMIDITY (PERCENT)
 HIGHEST    73           900 AM
 LOWEST     43           400 PM
 AVERAGE    58

..........................................................


THE CINCINNATI OH CLIMATE NORMALS FOR TODAY
                         NORMAL    RECORD    YEAR
 MAXIMUM TEMPERATURE (F)   43        71      1918
 MINIMUM TEMPERATURE (F)   26        -5      1905


SUNRISE AND SUNSET
FEBRUARY 14 2016......SUNRISE   732 AM EST   SUNSET   614 PM EST
FEBRUARY 15 2016......SUNRISE   731 AM EST   SUNSET   615 PM EST


-  INDICATES NEGATIVE NUMBERS.
R  INDICATES RECORD WAS SET OR TIED.
MM INDICATES DATA IS MISSING.
T  INDICATES TRACE AMOUNT.




$$
