000
CDUS41 KILN 230558
CLICVG


CLIMATE REPORT
NATIONAL WEATHER SERVICE WILMINGTON OH
1256 AM EST SUN NOV 23 2014


...................................

...THE CINCINNATI OH CLIMATE SUMMARY FOR NOVEMBER 22 2014...

CLIMATE NORMAL PERIOD 1981 TO 2010
CLIMATE RECORD PERIOD 1869 TO 2014


WEATHER ITEM   OBSERVED TIME   RECORD YEAR NORMAL DEPARTURE LAST
                VALUE   (LST)  VALUE       VALUE  FROM      YEAR
                                                  NORMAL
..................................................................
TEMPERATURE (F)
 YESTERDAY
  MAXIMUM         60    315 PM  76    1931  51      9       55
                                      1913
  MINIMUM         28   1225 AM   6    1880  34     -6       38
  AVERAGE         44                        42      2       47

PRECIPITATION (IN)
  YESTERDAY        0.03          1.82 1874   0.12  -0.09     0.14
  MONTH TO DATE    0.79                      2.47  -1.68     2.07
  SINCE SEP 1      7.25                      8.40  -1.15    11.40
  SINCE JAN 1     37.71                     38.19  -0.48    44.45

SNOWFALL (IN)
  YESTERDAY        0.0           0.3  1929   0.0    0.0      0.0
  MONTH TO DATE    5.1                       0.2    4.9      0.7
  SINCE SEP 1      5.1                       0.6    4.5      0.7
  SINCE JUL 1      5.1                       0.6    4.5      0.7
  SNOW DEPTH       0

DEGREE DAYS
 HEATING
  YESTERDAY       21                        23     -2       18
  MONTH TO DATE  607                       402    205      422
  SINCE SEP 1    958                       764    194      751
  SINCE JUL 1    963                       764    199      755

 COOLING
  YESTERDAY        0                         0      0        0
  MONTH TO DATE    0                         0      0        0
  SINCE SEP 1    131                       153    -22      174
  SINCE JAN 1   1077                      1121    -44     1150
..................................................................


WIND (MPH)
  RESULTANT WIND SPEED   9   RESULTANT WIND DIRECTION   S (190)
  HIGHEST WIND SPEED    21   HIGHEST WIND DIRECTION     S (200)
  HIGHEST GUST SPEED    26   HIGHEST GUST DIRECTION     S (200)
  AVERAGE WIND SPEED     9.9


SKY COVER
  POSSIBLE SUNSHINE  MM
  AVERAGE SKY COVER 0.8


WEATHER CONDITIONS
 THE FOLLOWING WEATHER WAS RECORDED YESTERDAY.
  LIGHT RAIN


RELATIVE HUMIDITY (PERCENT)
 HIGHEST    69           500 AM
 LOWEST     39           300 PM
 AVERAGE    54

..........................................................


THE CINCINNATI OH CLIMATE NORMALS FOR TODAY
                         NORMAL    RECORD    YEAR
 MAXIMUM TEMPERATURE (F)   50        75      1931
 MINIMUM TEMPERATURE (F)   34         6      1880


SUNRISE AND SUNSET
NOVEMBER 23 2014......SUNRISE   730 AM EST   SUNSET   519 PM EST
NOVEMBER 24 2014......SUNRISE   731 AM EST   SUNSET   519 PM EST


-  INDICATES NEGATIVE NUMBERS.
R  INDICATES RECORD WAS SET OR TIED.
MM INDICATES DATA IS MISSING.
T  INDICATES TRACE AMOUNT.




$$
