000
CDUS41 KILN 270618
CLICVG


CLIMATE REPORT
NATIONAL WEATHER SERVICE WILMINGTON OH
117 AM EST THU NOV 27 2014


...................................

...THE CINCINNATI OH CLIMATE SUMMARY FOR NOVEMBER 26 2014...

CLIMATE NORMAL PERIOD 1981 TO 2010
CLIMATE RECORD PERIOD 1869 TO 2014


WEATHER ITEM   OBSERVED TIME   RECORD YEAR NORMAL DEPARTURE LAST
                VALUE   (LST)  VALUE       VALUE  FROM      YEAR
                                                  NORMAL
..................................................................
TEMPERATURE (F)
 YESTERDAY
  MAXIMUM         40    403 PM  71    1896  49     -9       35
                                      1887
  MINIMUM         26    738 AM   9    1930  33     -7       31
  AVERAGE         33                        41     -8       33

PRECIPITATION (IN)
  YESTERDAY        0.00          1.49 1946   0.12  -0.12     0.09
  MONTH TO DATE    1.67                      2.96  -1.29     2.17
  SINCE SEP 1      8.13                      8.89  -0.76    11.50
  SINCE JAN 1     38.59                     38.68  -0.09    44.55

SNOWFALL (IN)
  YESTERDAY        0.0           3.3  1950   0.0    0.0      1.1
  MONTH TO DATE    5.1                       0.3    4.8      2.0
  SINCE SEP 1      5.1                       0.7    4.4      2.0
  SINCE JUL 1      5.1                       0.7    4.4      2.0
  SNOW DEPTH       0

DEGREE DAYS
 HEATING
  YESTERDAY       32                        24      8       32
  MONTH TO DATE  692                       496    196      565
  SINCE SEP 1   1043                       858    185      894
  SINCE JUL 1   1048                       858    190      898

 COOLING
  YESTERDAY        0                         0      0        0
  MONTH TO DATE    0                         0      0        0
  SINCE SEP 1    131                       153    -22      174
  SINCE JAN 1   1077                      1121    -44     1150
..................................................................


WIND (MPH)
  RESULTANT WIND SPEED   5   RESULTANT WIND DIRECTION   N (20)
  HIGHEST WIND SPEED    10   HIGHEST WIND DIRECTION    NE (30)
  HIGHEST GUST SPEED    15   HIGHEST GUST DIRECTION     N (10)
  AVERAGE WIND SPEED     5.0


SKY COVER
  POSSIBLE SUNSHINE  MM
  AVERAGE SKY COVER 0.7


WEATHER CONDITIONS
 THE FOLLOWING WEATHER WAS RECORDED YESTERDAY.
  FOG
  HAZE


RELATIVE HUMIDITY (PERCENT)
 HIGHEST    81           500 AM
 LOWEST     59           200 PM
 AVERAGE    70

..........................................................


THE CINCINNATI OH CLIMATE NORMALS FOR TODAY
                         NORMAL    RECORD    YEAR
 MAXIMUM TEMPERATURE (F)   48        74      1990
 MINIMUM TEMPERATURE (F)   32         3      1930


SUNRISE AND SUNSET
NOVEMBER 27 2014......SUNRISE   735 AM EST   SUNSET   518 PM EST
NOVEMBER 28 2014......SUNRISE   736 AM EST   SUNSET   517 PM EST


-  INDICATES NEGATIVE NUMBERS.
R  INDICATES RECORD WAS SET OR TIED.
MM INDICATES DATA IS MISSING.
T  INDICATES TRACE AMOUNT.




$$
