459
CDUS41 KILN 190613
CLICVG


CLIMATE REPORT
NATIONAL WEATHER SERVICE WILMINGTON OH
111 AM EST FRI JAN 19 2018


...................................

...THE CINCINNATI OH CLIMATE SUMMARY FOR JANUARY 18 2018...

CLIMATE NORMAL PERIOD 1981 TO 2010
CLIMATE RECORD PERIOD 1869 TO 2018


WEATHER ITEM   OBSERVED TIME   RECORD YEAR NORMAL DEPARTURE LAST
                VALUE   (LST)  VALUE       VALUE  FROM      YEAR
                                                  NORMAL
..................................................................
TEMPERATURE (F)
 YESTERDAY
  MAXIMUM         31    443 PM  70    1929  39     -8       44
  MINIMUM         10    844 AM -25    1977  23    -13       37
  AVERAGE         21                        31    -10       41

PRECIPITATION (IN)
  YESTERDAY        0.00          2.97 1876   0.09  -0.09     0.03
  MONTH TO DATE    1.55                      1.76  -0.21     2.73
  SINCE DEC 1      3.94                      5.13  -1.19     7.16
  SINCE JAN 1      1.55                      1.76  -0.21     2.73

SNOWFALL (IN)
  YESTERDAY        0.0           1.7  1915   0.2   -0.2      0.0
  MONTH TO DATE    5.6                       3.5    2.1      2.5
  SINCE DEC 1      9.4                       8.3    1.1      4.7
  SINCE JUL 1      9.4                       9.1    0.3      4.7
  SNOW DEPTH       3

DEGREE DAYS
 HEATING
  YESTERDAY       44                        34     10       24
  MONTH TO DATE  781                       612    169      539
  SINCE DEC 1   1788                      1571    217     1508
  SINCE JUL 1   2679                      2531    148     2190

 COOLING
  YESTERDAY        0                         0      0        0
  MONTH TO DATE    0                         0      0        0
  SINCE DEC 1      0                         0      0        0
  SINCE JAN 1      0                         0      0        0
..................................................................


WIND (MPH)
  RESULTANT WIND SPEED  10   RESULTANT WIND DIRECTION  SW (220)
  HIGHEST WIND SPEED    16   HIGHEST WIND DIRECTION     S (200)
  HIGHEST GUST SPEED    25   HIGHEST GUST DIRECTION    SW (210)
  AVERAGE WIND SPEED    10.5


SKY COVER
  POSSIBLE SUNSHINE  MM
  AVERAGE SKY COVER 0.0


WEATHER CONDITIONS
 THE FOLLOWING WEATHER WAS RECORDED YESTERDAY.
  FOG


RELATIVE HUMIDITY (PERCENT)
 HIGHEST    92           200 AM
 LOWEST     53           300 PM
 AVERAGE    73

..........................................................


THE CINCINNATI OH CLIMATE NORMALS FOR TODAY
                         NORMAL    RECORD    YEAR
 MAXIMUM TEMPERATURE (F)   39        72      1907
 MINIMUM TEMPERATURE (F)   23       -24      1994


SUNRISE AND SUNSET
JANUARY 19 2018.......SUNRISE   754 AM EST   SUNSET   545 PM EST
JANUARY 20 2018.......SUNRISE   754 AM EST   SUNSET   546 PM EST


-  INDICATES NEGATIVE NUMBERS.
R  INDICATES RECORD WAS SET OR TIED.
MM INDICATES DATA IS MISSING.
T  INDICATES TRACE AMOUNT.




$$
