000
CDUS41 KILN 180609
CLICVG


CLIMATE REPORT
NATIONAL WEATHER SERVICE WILMINGTON OH
107 AM EST THU DEC 18 2014


...................................

...THE CINCINNATI OH CLIMATE SUMMARY FOR DECEMBER 17 2014...

CLIMATE NORMAL PERIOD 1981 TO 2010
CLIMATE RECORD PERIOD 1869 TO 2014


WEATHER ITEM   OBSERVED TIME   RECORD YEAR NORMAL DEPARTURE LAST
                VALUE   (LST)  VALUE       VALUE  FROM      YEAR
                                                  NORMAL
..................................................................
TEMPERATURE (F)
 YESTERDAY
  MAXIMUM         36   1209 AM  67    1984  41     -5       36
  MINIMUM         27   1159 PM  -9    1989  26      1       28
  AVERAGE         32                        33     -1       32

PRECIPITATION (IN)
  YESTERDAY        T             1.20 1933   0.10  -0.10     0.00
  MONTH TO DATE    2.61                      1.85   0.76     2.33
  SINCE DEC 1      2.61                      1.85   0.76     2.33
  SINCE JAN 1     41.30                     41.00   0.30    46.90

SNOWFALL (IN)
  YESTERDAY        T             6.2  1981   0.2   -0.2      0.0
  MONTH TO DATE    T                         2.2   -2.2     10.1
  SINCE DEC 1      T                         2.2   -2.2     10.1
  SINCE JUL 1      5.1                       3.0    2.1     12.5
  SNOW DEPTH       0

DEGREE DAYS
 HEATING
  YESTERDAY       33                        32      1       33
  MONTH TO DATE  436                       497    -61      539
  SINCE DEC 1    436                       497    -61      539
  SINCE JUL 1   1574                      1457    117     1575

 COOLING
  YESTERDAY        0                         0      0        0
  MONTH TO DATE    0                         0      0        0
  SINCE DEC 1      0                         0      0        0
  SINCE JAN 1   1077                      1121    -44     1150
..................................................................


WIND (MPH)
  RESULTANT WIND SPEED   9   RESULTANT WIND DIRECTION   W (280)
  HIGHEST WIND SPEED    20   HIGHEST WIND DIRECTION     W (280)
  HIGHEST GUST SPEED    28   HIGHEST GUST DIRECTION     W (280)
  AVERAGE WIND SPEED    10.6


SKY COVER
  POSSIBLE SUNSHINE  MM
  AVERAGE SKY COVER 0.7


WEATHER CONDITIONS
 THE FOLLOWING WEATHER WAS RECORDED YESTERDAY.
  LIGHT SNOW
  HAZE


RELATIVE HUMIDITY (PERCENT)
 HIGHEST    78           800 AM
 LOWEST     63           300 PM
 AVERAGE    71

..........................................................


THE CINCINNATI OH CLIMATE NORMALS FOR TODAY
                         NORMAL    RECORD    YEAR
 MAXIMUM TEMPERATURE (F)   41        67      1877
 MINIMUM TEMPERATURE (F)   26        -3      1989


SUNRISE AND SUNSET
DECEMBER 18 2014......SUNRISE   752 AM EST   SUNSET   518 PM EST
DECEMBER 19 2014......SUNRISE   753 AM EST   SUNSET   519 PM EST


-  INDICATES NEGATIVE NUMBERS.
R  INDICATES RECORD WAS SET OR TIED.
MM INDICATES DATA IS MISSING.
T  INDICATES TRACE AMOUNT.




$$
