000
CDUS41 KILN 220540
CLICVG


CLIMATE REPORT
NATIONAL WEATHER SERVICE WILMINGTON OH
140 AM EDT MON SEP 22 2014


...................................

...THE CINCINNATI OH CLIMATE SUMMARY FOR SEPTEMBER 21 2014...

CLIMATE NORMAL PERIOD 1981 TO 2010
CLIMATE RECORD PERIOD 1869 TO 2014


WEATHER ITEM   OBSERVED TIME   RECORD YEAR NORMAL DEPARTURE LAST
                VALUE   (LST)  VALUE       VALUE  FROM      YEAR
                                                  NORMAL
..................................................................
TEMPERATURE (F)
 YESTERDAY
  MAXIMUM         78    224 PM  97    1940  76      2       73
  MINIMUM         55   1159 PM  35    1962  55      0       56
  AVERAGE         67                        65      2       65

PRECIPITATION (IN)
  YESTERDAY        0.00          1.98 1950   0.08  -0.08     0.63
  MONTH TO DATE    3.18                      1.81   1.37     3.56
  SINCE SEP 1      3.18                      1.81   1.37     3.56
  SINCE JAN 1     33.64                     31.60   2.04    36.61

SNOWFALL (IN)
  YESTERDAY        0.0          MM      MM   0.0    0.0      0.0
  MONTH TO DATE    0.0                       0.0    0.0      0.0
  SINCE SEP 1      0.0                       0.0    0.0      0.0
  SINCE JUL 1      0.0                       0.0    0.0      0.0
  SNOW DEPTH       0

DEGREE DAYS
 HEATING
  YESTERDAY        0                         3     -3        0
  MONTH TO DATE   37                        22     15       10
  SINCE SEP 1     37                        22     15       10
  SINCE JUL 1     42                        22     20       14

 COOLING
  YESTERDAY        2                         3     -1        0
  MONTH TO DATE   94                       116    -22      136
  SINCE SEP 1     94                       116    -22      136
  SINCE JAN 1   1040                      1084    -44     1112
..................................................................


WIND (MPH)
  RESULTANT WIND SPEED  11   RESULTANT WIND DIRECTION   W (290)
  HIGHEST WIND SPEED    26   HIGHEST WIND DIRECTION    NW (300)
  HIGHEST GUST SPEED    33   HIGHEST GUST DIRECTION     W (290)
  AVERAGE WIND SPEED    13.9


SKY COVER
  POSSIBLE SUNSHINE  MM
  AVERAGE SKY COVER 0.5


WEATHER CONDITIONS
 THE FOLLOWING WEATHER WAS RECORDED YESTERDAY.
  NO SIGNIFICANT WEATHER WAS OBSERVED.


RELATIVE HUMIDITY (PERCENT)
 HIGHEST    84           100 AM
 LOWEST     31           200 PM
 AVERAGE    58

..........................................................


THE CINCINNATI OH CLIMATE NORMALS FOR TODAY
                         NORMAL    RECORD    YEAR
 MAXIMUM TEMPERATURE (F)   76        95      1895
 MINIMUM TEMPERATURE (F)   54        34      1918


SUNRISE AND SUNSET
SEPTEMBER 22 2014.....SUNRISE   726 AM EDT   SUNSET   736 PM EDT
SEPTEMBER 23 2014.....SUNRISE   727 AM EDT   SUNSET   734 PM EDT


-  INDICATES NEGATIVE NUMBERS.
R  INDICATES RECORD WAS SET OR TIED.
MM INDICATES DATA IS MISSING.
T  INDICATES TRACE AMOUNT.




$$
