925
CDUS41 KILN 300546
CLICVG


CLIMATE REPORT
NATIONAL WEATHER SERVICE WILMINGTON OH
146 AM EDT MON MAY 30 2016


...................................

...THE CINCINNATI OH CLIMATE SUMMARY FOR MAY 29 2016...

CLIMATE NORMAL PERIOD 1981 TO 2010
CLIMATE RECORD PERIOD 1869 TO 2016


WEATHER ITEM   OBSERVED TIME   RECORD YEAR NORMAL DEPARTURE LAST
                VALUE   (LST)  VALUE       VALUE  FROM      YEAR
                                                  NORMAL
..................................................................
TEMPERATURE (F)
 YESTERDAY
  MAXIMUM         86    404 PM  93    1914  77      9       83
  MINIMUM         64   1252 AM  34    1965  57      7       66
  AVERAGE         75                        67      8       75

PRECIPITATION (IN)
  YESTERDAY        T             2.29 1916   0.16  -0.16     0.24
  MONTH TO DATE    2.80                      4.62  -1.82     1.58
  SINCE MAR 1     12.98                     12.47   0.51    13.03
  SINCE JAN 1     19.61                     18.28   1.33    17.18

SNOWFALL (IN)
  YESTERDAY        0.0           0.0    MM   0.0    0.0      0.0
  MONTH TO DATE    0.0                       0.0    0.0      0.0
  SINCE MAR 1      2.3                       3.5   -1.2      4.9
  SINCE JUL 1     19.2                      22.1   -2.9     29.9
  SNOW DEPTH       0

DEGREE DAYS
 HEATING
  YESTERDAY        0                         2     -2        0
  MONTH TO DATE  161                       122     39       67
  SINCE MAR 1    926                      1129   -203     1049
  SINCE JUL 1   4134                      4956   -822     5276

 COOLING
  YESTERDAY       10                         4      6       10
  MONTH TO DATE   55                        68    -13      133
  SINCE MAR 1     73                        86    -13      138
  SINCE JAN 1     73                        86    -13      138
..................................................................


WIND (MPH)
  RESULTANT WIND SPEED   5   RESULTANT WIND DIRECTION  SW (210)
  HIGHEST WIND SPEED    14   HIGHEST WIND DIRECTION    SW (210)
  HIGHEST GUST SPEED    22   HIGHEST GUST DIRECTION    SW (210)
  AVERAGE WIND SPEED     5.3


SKY COVER
  POSSIBLE SUNSHINE  MM
  AVERAGE SKY COVER 0.6


WEATHER CONDITIONS
 THE FOLLOWING WEATHER WAS RECORDED YESTERDAY.
  THUNDERSTORM
  LIGHT RAIN


RELATIVE HUMIDITY (PERCENT)
 HIGHEST    93           100 AM
 LOWEST     51           300 PM
 AVERAGE    72

..........................................................


THE CINCINNATI OH CLIMATE NORMALS FOR TODAY
                         NORMAL    RECORD    YEAR
 MAXIMUM TEMPERATURE (F)   78        94      1874
 MINIMUM TEMPERATURE (F)   57        38      1984
                                             1947


SUNRISE AND SUNSET
MAY 30 2016...........SUNRISE   615 AM EDT   SUNSET   858 PM EDT
MAY 31 2016...........SUNRISE   615 AM EDT   SUNSET   858 PM EDT


-  INDICATES NEGATIVE NUMBERS.
R  INDICATES RECORD WAS SET OR TIED.
MM INDICATES DATA IS MISSING.
T  INDICATES TRACE AMOUNT.




$$
