000
CDUS41 KILN 290623
CLICVG


CLIMATE REPORT
NATIONAL WEATHER SERVICE WILMINGTON OH
223 AM EDT SAT AUG 29 2015


...................................

...THE CINCINNATI OH CLIMATE SUMMARY FOR AUGUST 28 2015...

CLIMATE NORMAL PERIOD 1981 TO 2010
CLIMATE RECORD PERIOD 1869 TO 2015


WEATHER ITEM   OBSERVED TIME   RECORD YEAR NORMAL DEPARTURE LAST
                VALUE   (LST)  VALUE       VALUE  FROM      YEAR
                                                  NORMAL
..................................................................
TEMPERATURE (F)
 YESTERDAY
  MAXIMUM         81    328 PM  98    2007  84     -3       86
                                      1953
  MINIMUM         56    738 AM  47    1986  63     -7       71
  AVERAGE         69                        74     -5       79

PRECIPITATION (IN)
  YESTERDAY        0.00          2.54 1974   0.10  -0.10     0.00
  MONTH TO DATE    2.60                      3.11  -0.51     3.78
  SINCE JUN 1     14.97                     10.90   4.07    12.83
  SINCE JAN 1     32.20                     29.49   2.71    30.30

SNOWFALL (IN)
  YESTERDAY        0.0                       0.0    0.0      0.0
  MONTH TO DATE    0.0                       0.0    0.0      0.0
  SINCE JUN 1      0.0                       0.0    0.0      0.0
  SINCE JUL 1      0.0                       0.0    0.0      0.0
  SNOW DEPTH       0

DEGREE DAYS
 HEATING
  YESTERDAY        0                         0      0        0
  MONTH TO DATE    2                         0      2        0
  SINCE JUN 1     21                        15      6        8
  SINCE JUL 1      2                         0      2        5

 COOLING
  YESTERDAY        4                         9     -5       14
  MONTH TO DATE  196                       284    -88      284
  SINCE JUN 1    774                       849    -75      775
  SINCE JAN 1    923                       943    -20      909
..................................................................


WIND (MPH)
  RESULTANT WIND SPEED   4   RESULTANT WIND DIRECTION   E (110)
  HIGHEST WIND SPEED    10   HIGHEST WIND DIRECTION    SE (140)
  HIGHEST GUST SPEED    15   HIGHEST GUST DIRECTION     E (100)
  AVERAGE WIND SPEED     4.6


SKY COVER
  POSSIBLE SUNSHINE  MM
  AVERAGE SKY COVER 0.4


WEATHER CONDITIONS
 THE FOLLOWING WEATHER WAS RECORDED YESTERDAY.
  FOG


RELATIVE HUMIDITY (PERCENT)
 HIGHEST   100           600 AM
 LOWEST     42           200 PM
 AVERAGE    71

..........................................................


THE CINCINNATI OH CLIMATE NORMALS FOR TODAY
                         NORMAL    RECORD    YEAR
 MAXIMUM TEMPERATURE (F)   84        99      1953
 MINIMUM TEMPERATURE (F)   63        43      1986
                                             1965


SUNRISE AND SUNSET
AUGUST 29 2015........SUNRISE   704 AM EDT   SUNSET   814 PM EDT
AUGUST 30 2015........SUNRISE   705 AM EDT   SUNSET   813 PM EDT


-  INDICATES NEGATIVE NUMBERS.
R  INDICATES RECORD WAS SET OR TIED.
MM INDICATES DATA IS MISSING.
T  INDICATES TRACE AMOUNT.




$$
