000
CDUS41 KILN 280555
CLICVG


CLIMATE REPORT
NATIONAL WEATHER SERVICE WILMINGTON OH
154 AM EDT SAT MAR 28 2015


...................................

...THE CINCINNATI OH CLIMATE SUMMARY FOR MARCH 27 2015...

CLIMATE NORMAL PERIOD 1981 TO 2010
CLIMATE RECORD PERIOD 1869 TO 2015


WEATHER ITEM   OBSERVED TIME   RECORD YEAR NORMAL DEPARTURE LAST
                VALUE   (LST)  VALUE       VALUE  FROM      YEAR
                                                  NORMAL
..................................................................
TEMPERATURE (F)
 YESTERDAY
  MAXIMUM         38   1000 AM  85    1910  58    -20       60
  MINIMUM         27   1159 PM  14    1955  37    -10       29
  AVERAGE         33                        48    -15       45

PRECIPITATION (IN)
  YESTERDAY        T             1.70 1939   0.14  -0.14     0.03
  MONTH TO DATE    6.23                      3.40   2.83     1.33
  SINCE MAR 1      6.23                      3.40   2.83     1.33
  SINCE JAN 1     10.38                      9.21   1.17     6.87

SNOWFALL (IN)
  YESTERDAY        T             0.7  1992   0.1   -0.1      0.0
  MONTH TO DATE    4.9                       2.8    2.1      3.3
  SINCE MAR 1      4.9                       2.8    2.1      3.3
  SINCE JUL 1     29.9                      21.4    8.5     46.9
  SNOW DEPTH       0

DEGREE DAYS
 HEATING
  YESTERDAY       32                        18     14       20
  MONTH TO DATE  616                       599     17      707
  SINCE MAR 1    616                       599     17      707
  SINCE JUL 1   4843                      4426    417     4951

 COOLING
  YESTERDAY        0                         0      0        0
  MONTH TO DATE    0                         0      0        0
  SINCE MAR 1      0                         0      0        0
  SINCE JAN 1      0                         0      0        0
..................................................................


WIND (MPH)
  RESULTANT WIND SPEED  10   RESULTANT WIND DIRECTION   N (350)
  HIGHEST WIND SPEED    22   HIGHEST WIND DIRECTION     N (340)
  HIGHEST GUST SPEED    25   HIGHEST GUST DIRECTION    NW (330)
  AVERAGE WIND SPEED    12.0


SKY COVER
  POSSIBLE SUNSHINE  MM
  AVERAGE SKY COVER 0.7


WEATHER CONDITIONS
 THE FOLLOWING WEATHER WAS RECORDED YESTERDAY.
  LIGHT SNOW


RELATIVE HUMIDITY (PERCENT)
 HIGHEST    82          1200 AM
 LOWEST     46          1100 PM
 AVERAGE    64

..........................................................


THE CINCINNATI OH CLIMATE NORMALS FOR TODAY
                         NORMAL    RECORD    YEAR
 MAXIMUM TEMPERATURE (F)   58        85      1910
 MINIMUM TEMPERATURE (F)   38        18      1934


SUNRISE AND SUNSET
MARCH 28 2015.........SUNRISE   730 AM EDT   SUNSET   758 PM EDT
MARCH 29 2015.........SUNRISE   728 AM EDT   SUNSET   759 PM EDT


-  INDICATES NEGATIVE NUMBERS.
R  INDICATES RECORD WAS SET OR TIED.
MM INDICATES DATA IS MISSING.
T  INDICATES TRACE AMOUNT.




$$
