207
CDUS45 KCYS 040731
CLICYS


CLIMATE REPORT
NATIONAL WEATHER SERVICE CHEYENNE WY
1230 AM MST SUN DEC 4 2016


...................................

...THE CHEYENNE WYOMING AIRPORT CLIMATE SUMMARY FOR DECEMBER 3 2016...

CLIMATE NORMAL PERIOD 1981 TO 2010
CLIMATE RECORD PERIOD 1871 TO 2016


WEATHER ITEM   OBSERVED TIME   RECORD YEAR NORMAL DEPARTURE LAST
                VALUE   (LST)  VALUE       VALUE  FROM      YEAR
                                                  NORMAL
..................................................................
TEMPERATURE (F)
 YESTERDAY
  MAXIMUM         36   1243 PM  66    1941  39     -3       49
  MINIMUM         16    500 AM  -9    1873  18     -2       23
  AVERAGE         26                        29     -3       36

PRECIPITATION (IN)
  YESTERDAY        0.00          0.58 1901   0.02  -0.02     0.00
  MONTH TO DATE    0.01                      0.05  -0.04     0.00
  SINCE JAN 1     14.29                     15.50  -1.21    16.69

SNOWFALL (IN)
  YESTERDAY        0.0           5.8  1901   0.3   -0.3      0.0
  MONTH TO DATE    0.5                       0.9   -0.4      0.0
  SINCE JUL 1      4.3                      15.2  -10.9     10.7
  SNOW DEPTH       T

DEGREE DAYS
 HEATING
  YESTERDAY       39                        36      3       29
  MONTH TO DATE  119                       108     11      101
  SINCE DEC 1    119                       108     11      101
  SINCE JUL 1   1383                      1856   -473     1528

 COOLING
  YESTERDAY        0                         0      0        0
  MONTH TO DATE    0                         0      0        0
  SINCE DEC 1      0                         0      0        0
  SINCE JAN 1    452                       348    104      362
..................................................................


WIND (MPH)
  HIGHEST WIND SPEED    32   HIGHEST WIND DIRECTION     W (290)
  HIGHEST GUST SPEED    40   HIGHEST GUST DIRECTION     W (280)
  AVERAGE WIND SPEED    15.6


SKY COVER
  AVERAGE SKY COVER 0.3


WEATHER CONDITIONS
 THE FOLLOWING WEATHER WAS RECORDED YESTERDAY.
  FOG


RELATIVE HUMIDITY (PERCENT)
 HIGHEST    92          1200 AM
 LOWEST     28           900 AM
 AVERAGE    60

..........................................................


THE CHEYENNE WYOMING AIRPORT CLIMATE NORMALS FOR TODAY
                         NORMAL    RECORD    YEAR
 MAXIMUM TEMPERATURE (F)   39        64      1998
                                             1975
 MINIMUM TEMPERATURE (F)   18       -13      2013


SUNRISE AND SUNSET
DECEMBER  4 2016......SUNRISE   709 AM MST   SUNSET   431 PM MST
DECEMBER  5 2016......SUNRISE   710 AM MST   SUNSET   430 PM MST


-  INDICATES NEGATIVE NUMBERS.
R  INDICATES RECORD WAS SET OR TIED.
MM INDICATES DATA IS MISSING.
T  INDICATES TRACE AMOUNT.




$$
