000
CDUS45 KCYS 270732
CLICYS


CLIMATE REPORT
NATIONAL WEATHER SERVICE CHEYENNE WY
1230 AM MST FRI FEB 27 2015


...................................

...THE CHEYENNE WYOMING CLIMATE SUMMARY FOR FEBRUARY 26 2015...

CLIMATE NORMAL PERIOD 1981 TO 2010
CLIMATE RECORD PERIOD 1871 TO 2015


WEATHER ITEM   OBSERVED TIME   RECORD YEAR NORMAL DEPARTURE LAST
                VALUE   (LST)  VALUE       VALUE  FROM      YEAR
                                                  NORMAL
..................................................................
TEMPERATURE (F)
 YESTERDAY
  MAXIMUM         14   1225 PM  70    1950  43    -29       41
  MINIMUM          6   1159 PM -13    1890  20    -14      -11
  AVERAGE         10                        32    -22       15

PRECIPITATION (IN)
  YESTERDAY        0.11          0.56 1987   0.02   0.09      T
  MONTH TO DATE    0.71                      0.43   0.28     1.15
  SINCE JAN 1      0.77                      0.76   0.01     2.16

SNOWFALL (IN)
  YESTERDAY        1.5           6.4  1987   0.3    1.2       T
  MONTH TO DATE    9.3                       7.3    2.0     19.4
  SINCE JUL 1     32.7                      35.9   -3.2     60.1
  SNOW DEPTH       1

DEGREE DAYS
 HEATING
  YESTERDAY       55                        33     22       50
  MONTH TO DATE  813                       928   -115     1119
  SINCE DEC 1   2936                      3207   -271     3439
  SINCE JUL 1   4534                      4955   -421     5143

 COOLING
  YESTERDAY        0                         0      0        0
  MONTH TO DATE    0                         0      0        0
  SINCE DEC 1      0                         0      0        0
  SINCE JAN 1      0                         0      0        0
..................................................................


WIND (MPH)
  HIGHEST WIND SPEED    18   HIGHEST WIND DIRECTION     S (160)
  HIGHEST GUST SPEED    23   HIGHEST GUST DIRECTION    SE (150)
  AVERAGE WIND SPEED     8.7


SKY COVER
  AVERAGE SKY COVER 1.0


WEATHER CONDITIONS
 THE FOLLOWING WEATHER WAS RECORDED YESTERDAY.
  SNOW
  LIGHT SNOW
  FOG
  HAZE


RELATIVE HUMIDITY (PERCENT)
 HIGHEST    88           900 PM
 LOWEST     67           200 PM
 AVERAGE    78

..........................................................


THE CHEYENNE WYOMING CLIMATE NORMALS FOR TODAY
                         NORMAL    RECORD    YEAR
 MAXIMUM TEMPERATURE (F)   43        65      1932
 MINIMUM TEMPERATURE (F)   21       -24      1962


SUNRISE AND SUNSET
FEBRUARY 27 2015......SUNRISE   637 AM MST   SUNSET   548 PM MST
FEBRUARY 28 2015......SUNRISE   635 AM MST   SUNSET   549 PM MST


-  INDICATES NEGATIVE NUMBERS.
R  INDICATES RECORD WAS SET OR TIED.
MM INDICATES DATA IS MISSING.
T  INDICATES TRACE AMOUNT.




$$
