000
CDUS45 KCYS 272127
CLICYS


CLIMATE REPORT
NATIONAL WEATHER SERVICE CHEYENNE WY
327 PM MDT TUE SEP 27 2016


...................................

...THE CHEYENNE WYOMING AIRPORT CLIMATE SUMMARY FOR SEPTEMBER 27 2016...
VALID AS OF 0300 PM LOCAL TIME.

CLIMATE NORMAL PERIOD 1981 TO 2010
CLIMATE RECORD PERIOD 1871 TO 2016


WEATHER ITEM   OBSERVED TIME   RECORD YEAR NORMAL DEPARTURE LAST
                VALUE   (LST)  VALUE       VALUE  FROM      YEAR
                                                  NORMAL
..................................................................
TEMPERATURE (F)
 TODAY
  MAXIMUM         80    159 PM  86    2015  66     14       86
  MINIMUM         40    544 AM  16    1908  40      0       54
  AVERAGE         60                        53      7       70

PRECIPITATION (IN)
  TODAY            0.00          1.54 1923   0.05  -0.05     0.00
  MONTH TO DATE    0.79                      1.36  -0.57     0.10
  SINCE SEP 1      0.79                      1.36  -0.57     0.10
  SINCE JAN 1     13.62                     13.81  -0.19    13.71

SNOWFALL (IN)
  TODAY            0.0           2.7  1935   0.1   -0.1      0.0
  MONTH TO DATE    T                         1.0   -1.0      0.0
  SINCE JUL 1      T                         1.0   -1.0      0.0
  SNOW DEPTH       0

DEGREE DAYS
 HEATING
  TODAY            5                        12     -7        0
  MONTH TO DATE  143                       187    -44       38
  SINCE SEP 1    143                       187    -44       38
  SINCE JUL 1    197                       243    -46      107

 COOLING
  TODAY            0                         0      0        5
  MONTH TO DATE   32                        21     11       50
  SINCE SEP 1     32                        21     11       50
  SINCE JAN 1    452                       347    105      360
..................................................................


WIND (MPH)
  HIGHEST WIND SPEED    16   HIGHEST WIND DIRECTION    NE (30)
  HIGHEST GUST SPEED    23   HIGHEST GUST DIRECTION    NE (40)
  AVERAGE WIND SPEED     7.6


SKY COVER
  AVERAGE SKY COVER 0.0


WEATHER CONDITIONS
 THE FOLLOWING WEATHER WAS RECORDED TODAY.
  NO SIGNIFICANT WEATHER WAS OBSERVED.


RELATIVE HUMIDITY (PERCENT)
 HIGHEST    76           100 AM
 LOWEST     11           200 PM
 AVERAGE    44

..........................................................


THE CHEYENNE WYOMING AIRPORT CLIMATE NORMALS FOR TOMORROW
                         NORMAL    RECORD    YEAR
 MAXIMUM TEMPERATURE (F)   66        89      2010
 MINIMUM TEMPERATURE (F)   40        19      1985


SUNRISE AND SUNSET
SEPTEMBER 27 2016.....SUNRISE   652 AM MDT   SUNSET   647 PM MDT
SEPTEMBER 28 2016.....SUNRISE   653 AM MDT   SUNSET   645 PM MDT


-  INDICATES NEGATIVE NUMBERS.
R  INDICATES RECORD WAS SET OR TIED.
MM INDICATES DATA IS MISSING.
T  INDICATES TRACE AMOUNT.




$$
