000
CDUS45 KCYS 262235
CLICYS


CLIMATE REPORT
NATIONAL WEATHER SERVICE CHEYENNE WY
334 PM MST FRI DEC 26 2014


...................................

...THE CHEYENNE WYOMING CLIMATE SUMMARY FOR DECEMBER 26 2014...
VALID AS OF 0300 PM LOCAL TIME.

CLIMATE NORMAL PERIOD 1981 TO 2010
CLIMATE RECORD PERIOD 1871 TO 2014


WEATHER ITEM   OBSERVED TIME   RECORD YEAR NORMAL DEPARTURE LAST
                VALUE   (LST)  VALUE       VALUE  FROM      YEAR
                                                  NORMAL
..................................................................
TEMPERATURE (F)
 TODAY
  MAXIMUM         17   1140 AM  59    1980  38    -21       47
  MINIMUM         11    553 AM -11    1916  17     -6       29
  AVERAGE         14                        28    -14       38

PRECIPITATION (IN)
  TODAY            0.03          0.15 1877   0.01   0.02     0.00
  MONTH TO DATE    0.48                      0.42   0.06     0.48
  SINCE DEC 1      0.48                      0.42   0.06     0.48
  SINCE JAN 1     17.58                     15.87   1.71    18.16

SNOWFALL (IN)
  TODAY            0.6           2.1  1877   0.3    0.3      0.0
  MONTH TO DATE    8.9                       7.2    1.7      9.8
  SINCE JUL 1     20.3                      21.5   -1.2     25.4
  SNOW DEPTH       7

DEGREE DAYS
 HEATING
  TODAY           51                        37     14       27
  MONTH TO DATE  810                       972   -162     1041
  SINCE DEC 1    810                       972   -162     1041
  SINCE JUL 1   2408                      2720   -312     2745

 COOLING
  TODAY            0                         0      0        0
  MONTH TO DATE    0                         0      0        0
  SINCE DEC 1      0                         0      0        0
  SINCE JAN 1    301                       348    -47      520
..................................................................


WIND (MPH)
  HIGHEST WIND SPEED     9   HIGHEST WIND DIRECTION     N (10)
  HIGHEST GUST SPEED    12   HIGHEST GUST DIRECTION     N (10)
  AVERAGE WIND SPEED     6.8


SKY COVER
  AVERAGE SKY COVER 1.0


WEATHER CONDITIONS
 THE FOLLOWING WEATHER WAS RECORDED TODAY.
  LIGHT SNOW
  FOG


RELATIVE HUMIDITY (PERCENT)
 HIGHEST    92           100 AM
 LOWEST     73           200 PM
 AVERAGE    83

..........................................................


THE CHEYENNE WYOMING CLIMATE NORMALS FOR TOMORROW
                         NORMAL    RECORD    YEAR
 MAXIMUM TEMPERATURE (F)   39        66      1980
 MINIMUM TEMPERATURE (F)   17       -13      1894


SUNRISE AND SUNSET
DECEMBER 26 2014......SUNRISE   723 AM MST   SUNSET   437 PM MST
DECEMBER 27 2014......SUNRISE   724 AM MST   SUNSET   437 PM MST


-  INDICATES NEGATIVE NUMBERS.
R  INDICATES RECORD WAS SET OR TIED.
MM INDICATES DATA IS MISSING.
T  INDICATES TRACE AMOUNT.




$$
