000
CDUS45 KCYS 302139
CLICYS


CLIMATE REPORT
NATIONAL WEATHER SERVICE CHEYENNE WY
339 PM MDT MON MAR 30 2015


...................................

...THE CHEYENNE WYOMING AIRPORT CLIMATE SUMMARY FOR MARCH 30 2015...
VALID AS OF 0300 PM LOCAL TIME.

CLIMATE NORMAL PERIOD 1981 TO 2010
CLIMATE RECORD PERIOD 1871 TO 2015


WEATHER ITEM   OBSERVED TIME   RECORD YEAR NORMAL DEPARTURE LAST
                VALUE   (LST)  VALUE       VALUE  FROM      YEAR
                                                  NORMAL
..................................................................
TEMPERATURE (F)
 TODAY
  MAXIMUM         67    159 PM  77    1879  51     16       64
  MINIMUM         35    359 AM   0    1936  27      8       33
  AVERAGE         51                        39     12       49

PRECIPITATION (IN)
  TODAY            0.00          1.01 1897   0.04  -0.04      T
  MONTH TO DATE    0.11                      1.01  -0.90     0.90
  SINCE MAR 1      0.11                      1.01  -0.90     0.90
  SINCE JAN 1      0.87                      1.81  -0.94     3.06

SNOWFALL (IN)
  TODAY            0.0           9.6  1897   0.4   -0.4      0.0
  MONTH TO DATE    1.7                      10.9   -9.2     11.4
  SINCE JUL 1     34.7                      47.4  -12.7     71.5
  SNOW DEPTH       0

DEGREE DAYS
 HEATING
  TODAY           14                        26    -12       16
  MONTH TO DATE  699                       875   -176      844
  SINCE MAR 1    699                       875   -176      844
  SINCE JUL 1   5345                      5894   -549     6048

 COOLING
  TODAY            0                         0      0        0
  MONTH TO DATE    0                         0      0        0
  SINCE MAR 1      0                         0      0        0
  SINCE JAN 1      0                         0      0        0
..................................................................


WIND (MPH)
  HIGHEST WIND SPEED    25   HIGHEST WIND DIRECTION    NW (330)
  HIGHEST GUST SPEED    32   HIGHEST GUST DIRECTION    NW (320)
  AVERAGE WIND SPEED    13.7


SKY COVER
  AVERAGE SKY COVER 0.0


WEATHER CONDITIONS
 THE FOLLOWING WEATHER WAS RECORDED TODAY.
  NO SIGNIFICANT WEATHER WAS OBSERVED.


RELATIVE HUMIDITY (PERCENT)
 HIGHEST    59           200 AM
 LOWEST     16           100 PM
 AVERAGE    38

..........................................................


THE CHEYENNE WYOMING AIRPORT CLIMATE NORMALS FOR TOMORROW
                         NORMAL    RECORD    YEAR
 MAXIMUM TEMPERATURE (F)   51        74      2012
                                             2004
 MINIMUM TEMPERATURE (F)   27       -12      1954


SUNRISE AND SUNSET
MARCH 30 2015.........SUNRISE   646 AM MDT   SUNSET   722 PM MDT
MARCH 31 2015.........SUNRISE   645 AM MDT   SUNSET   723 PM MDT


-  INDICATES NEGATIVE NUMBERS.
R  INDICATES RECORD WAS SET OR TIED.
MM INDICATES DATA IS MISSING.
T  INDICATES TRACE AMOUNT.




$$
