000
CDUS45 KCYS 300730
CLICYS


CLIMATE REPORT
NATIONAL WEATHER SERVICE CHEYENNE WY
130 AM MDT SAT AUG 30 2014


...................................

...THE CHEYENNE WYOMING CLIMATE SUMMARY FOR AUGUST 29 2014...

CLIMATE NORMAL PERIOD 1981 TO 2010
CLIMATE RECORD PERIOD 1871 TO 2014


WEATHER ITEM   OBSERVED TIME   RECORD YEAR NORMAL DEPARTURE LAST
                VALUE   (LST)  VALUE       VALUE  FROM      YEAR
                                                  NORMAL
..................................................................
TEMPERATURE (F)
 YESTERDAY
  MAXIMUM         76    150 PM  93    2012  79     -3       89
  MINIMUM         48    514 AM  30    1892  51     -3       61
  AVERAGE         62                        65     -3       75

PRECIPITATION (IN)
  YESTERDAY        0.00          1.30 1880   0.05  -0.05      T
  MONTH TO DATE    1.43                      1.85  -0.42     1.11
  SINCE JAN 1     13.61                     12.35   1.26     8.35

SNOWFALL (IN)
  YESTERDAY        0.0          MM      MM   0.0    0.0      0.0
  MONTH TO DATE    0.0                       0.0    0.0      0.0
  SINCE JUL 1      0.0                       0.0    0.0      0.0
  SNOW DEPTH       0

DEGREE DAYS
 HEATING
  YESTERDAY        3                         2      1        0
  MONTH TO DATE   23                        34    -11        8
  SINCE JUN 1    178                       190    -12       77
  SINCE JUL 1     52                        56     -4       15

 COOLING
  YESTERDAY        0                         2     -2       10
  MONTH TO DATE   92                       112    -20      152
  SINCE JUN 1    264                       319    -55      429
  SINCE JAN 1    265                       322    -57      435
..................................................................


WIND (MPH)
  HIGHEST WIND SPEED    25   HIGHEST WIND DIRECTION    NW (330)
  HIGHEST GUST SPEED    32   HIGHEST GUST DIRECTION    NW (330)
  AVERAGE WIND SPEED     9.5


SKY COVER
  AVERAGE SKY COVER 0.2


WEATHER CONDITIONS
 THE FOLLOWING WEATHER WAS RECORDED YESTERDAY.
  NO SIGNIFICANT WEATHER WAS OBSERVED.


RELATIVE HUMIDITY (PERCENT)
 HIGHEST    83           900 PM
 LOWEST     33           200 PM
 AVERAGE    58

..........................................................


THE CHEYENNE WYOMING CLIMATE NORMALS FOR TODAY
                         NORMAL    RECORD    YEAR
 MAXIMUM TEMPERATURE (F)   79        94      1990
 MINIMUM TEMPERATURE (F)   51        37      1910


SUNRISE AND SUNSET
AUGUST 30 2014........SUNRISE   624 AM MDT   SUNSET   735 PM MDT
AUGUST 31 2014........SUNRISE   625 AM MDT   SUNSET   733 PM MDT


-  INDICATES NEGATIVE NUMBERS.
R  INDICATES RECORD WAS SET OR TIED.
MM INDICATES DATA IS MISSING.
T  INDICATES TRACE AMOUNT.




$$
