000
CDUS45 KCYS 270731
CLICYS


CLIMATE REPORT
NATIONAL WEATHER SERVICE CHEYENNE WY
1229 AM MST THU NOV 27 2014


...................................

...THE CHEYENNE WYOMING CLIMATE SUMMARY FOR NOVEMBER 26 2014...

CLIMATE NORMAL PERIOD 1981 TO 2010
CLIMATE RECORD PERIOD 1871 TO 2014


WEATHER ITEM   OBSERVED TIME   RECORD YEAR NORMAL DEPARTURE LAST
                VALUE   (LST)  VALUE       VALUE  FROM      YEAR
                                                  NORMAL
..................................................................
TEMPERATURE (F)
 YESTERDAY
  MAXIMUM         41   1159 PM  67    1998  42     -1       45
                                      1960
  MINIMUM         22    756 AM -11    1887  20      2       23
  AVERAGE         32                        31      1       34

PRECIPITATION (IN)
  YESTERDAY        0.01          0.92 1983   0.02  -0.01     0.00
  MONTH TO DATE    1.11                      0.52   0.59     0.16
  SINCE JAN 1     17.02                     15.38   1.64    17.68

SNOWFALL (IN)
  YESTERDAY        0.3          11.1  1983   0.3    0.0      0.0
  MONTH TO DATE    9.9                       6.8    3.1      3.1
  SINCE JUL 1     11.4                      13.1   -1.7     15.6
  SNOW DEPTH       1

DEGREE DAYS
 HEATING
  YESTERDAY       33                        34     -1       31
  MONTH TO DATE  876                       750    126      745
  SINCE SEP 1   1468                      1553    -85     1588
  SINCE JUL 1   1526                      1609    -83     1603

 COOLING
  YESTERDAY        0                         0      0        0
  MONTH TO DATE    0                         0      0        0
  SINCE SEP 1     35                        22     13       67
  SINCE JAN 1    301                       348    -47      520
..................................................................


WIND (MPH)
  HIGHEST WIND SPEED    22   HIGHEST WIND DIRECTION     N (350)
  HIGHEST GUST SPEED    31   HIGHEST GUST DIRECTION     N (360)
  AVERAGE WIND SPEED     7.5


SKY COVER
  AVERAGE SKY COVER 0.8


WEATHER CONDITIONS
 THE FOLLOWING WEATHER WAS RECORDED YESTERDAY.
  LIGHT SNOW
  FOG


RELATIVE HUMIDITY (PERCENT)
 HIGHEST    92           600 AM
 LOWEST     69           200 PM
 AVERAGE    81

..........................................................


THE CHEYENNE WYOMING CLIMATE NORMALS FOR TODAY
                         NORMAL    RECORD    YEAR
 MAXIMUM TEMPERATURE (F)   41        68      1950
 MINIMUM TEMPERATURE (F)   20       -13      1976


SUNRISE AND SUNSET
NOVEMBER 27 2014......SUNRISE   701 AM MST   SUNSET   433 PM MST
NOVEMBER 28 2014......SUNRISE   702 AM MST   SUNSET   432 PM MST


-  INDICATES NEGATIVE NUMBERS.
R  INDICATES RECORD WAS SET OR TIED.
MM INDICATES DATA IS MISSING.
T  INDICATES TRACE AMOUNT.




$$
