000
CDUS46 KSGX 211525
CLICZZ


CLIMATE REPORT
NATIONAL WEATHER SERVICE SAN DIEGO, CA
725 AM PST TUE FEB 21 2017


...................................

...THE CAMPO ASOS CA CLIMATE SUMMARY FOR FEBRUARY 20 2017...

CLIMATE NORMAL PERIOD 1981 TO 2010
CLIMATE RECORD PERIOD 1948 TO 2017


WEATHER ITEM   OBSERVED TIME   RECORD YEAR NORMAL DEPARTURE LAST
                VALUE   (LST)  VALUE       VALUE  FROM      YEAR
                                                  NORMAL
..................................................................
TEMPERATURE (F)
 YESTERDAY
  MAXIMUM         63    354 PM  83    1977  64     -1       72
  MINIMUM         39    306 AM  14    1953  35      4       31
  AVERAGE         51                        50      1       52

PRECIPITATION (IN)
  YESTERDAY        0.00          1.01 1980   0.13  -0.13     0.00
  MONTH TO DATE    1.25                      2.27  -1.02     0.20
  SINCE OCT 1     13.14                      9.47   3.67     6.75
  SINCE JAN 1      7.91                      5.25   2.66     3.80

DEGREE DAYS
 HEATING
  YESTERDAY       14                        15     -1       13
  MONTH TO DATE  312                       316     -4      227
  SINCE DEC 1   1330                      1362    -32     1387
  SINCE JUL 1   1748                      1932   -184     1803

 COOLING
  YESTERDAY        0                         0      0        0
  MONTH TO DATE    0                         0      0        0
  SINCE DEC 1      0                         0      0        0
  SINCE JAN 1      0                         0      0        0
..................................................................


WIND (MPH)
  RESULTANT WIND SPEED   0   RESULTANT WIND DIRECTION   N (350)
  HIGHEST WIND SPEED    13   HIGHEST WIND DIRECTION    SW (220)
  HIGHEST GUST SPEED    16   HIGHEST GUST DIRECTION    SW (230)
  AVERAGE WIND SPEED     4.2


SKY COVER
  POSSIBLE SUNSHINE  MM
  AVERAGE SKY COVER 0.0



RELATIVE HUMIDITY (PERCENT)
 HIGHEST   100          1200 AM
 LOWEST     67           200 PM
 AVERAGE    84

..........................................................


THE CAMPO ASOS CA CLIMATE NORMALS FOR TODAY
                         NORMAL    RECORD    YEAR
 MAXIMUM TEMPERATURE (F)   65        80      1982
 MINIMUM TEMPERATURE (F)   35        18      1953


SUNRISE AND SUNSET
FEBRUARY 21 2017......SUNRISE   622 AM PST   SUNSET   537 PM PST
FEBRUARY 22 2017......SUNRISE   621 AM PST   SUNSET   538 PM PST


-  INDICATES NEGATIVE NUMBERS.
R  INDICATES RECORD WAS SET OR TIED.
MM INDICATES DATA IS MISSING.
T  INDICATES TRACE AMOUNT.




$$
