910
CDUS46 KSGX 291416
CLICZZ


CLIMATE REPORT
NATIONAL WEATHER SERVICE SAN DIEGO, CA
715 AM PDT FRI JUL 29 2016


...................................

...THE CAMPO ASOS CA CLIMATE SUMMARY FOR JULY 28 2016...

CLIMATE NORMAL PERIOD 1981 TO 2010
CLIMATE RECORD PERIOD 1948 TO 2016


WEATHER ITEM   OBSERVED TIME   RECORD YEAR NORMAL DEPARTURE LAST
                VALUE   (LST)  VALUE       VALUE  FROM      YEAR
                                                  NORMAL
..................................................................
TEMPERATURE (F)
 YESTERDAY
  MAXIMUM        100   1245 PM 109    1995  95      5       93
  MINIMUM         60    254 AM  43    1986  54      6       46
  AVERAGE         80                        74      6       70

PRECIPITATION (IN)
  YESTERDAY        0.00          0.33 1984   0.02  -0.02     0.00
  MONTH TO DATE    0.00                      0.27  -0.27     0.49
  SINCE OCT 1      9.32                     14.64  -5.32    10.09
  SINCE JAN 1      6.37                     10.42  -4.05     6.22

DEGREE DAYS
 HEATING
  YESTERDAY        0                         0      0        0
  MONTH TO DATE    0                         4     -4       10
  SINCE JUN 1     27                        60    -33       60
  SINCE JUL 1      0                         4     -4       10

 COOLING
  YESTERDAY       15                         9      6        5
  MONTH TO DATE  255                       223     32      142
  SINCE JUN 1    476                       315    161      330
  SINCE JAN 1    479                       345    134      347
..................................................................


WIND (MPH)
  RESULTANT WIND SPEED   4   RESULTANT WIND DIRECTION   W (290)
  HIGHEST WIND SPEED    20   HIGHEST WIND DIRECTION    NW (300)
  HIGHEST GUST SPEED    25   HIGHEST GUST DIRECTION    NW (300)
  AVERAGE WIND SPEED     8.1


SKY COVER
  POSSIBLE SUNSHINE  MM
  AVERAGE SKY COVER 0.0



RELATIVE HUMIDITY (PERCENT)
 HIGHEST    64           300 AM
 LOWEST     17          1100 AM
 AVERAGE    41

..........................................................


THE CAMPO ASOS CA CLIMATE NORMALS FOR TODAY
                         NORMAL    RECORD    YEAR
 MAXIMUM TEMPERATURE (F)   95       106      1995
 MINIMUM TEMPERATURE (F)   54        44      2002
                                             1950


SUNRISE AND SUNSET
JULY 29 2016..........SUNRISE   558 AM PDT   SUNSET   746 PM PDT
JULY 30 2016..........SUNRISE   559 AM PDT   SUNSET   745 PM PDT


-  INDICATES NEGATIVE NUMBERS.
R  INDICATES RECORD WAS SET OR TIED.
MM INDICATES DATA IS MISSING.
T  INDICATES TRACE AMOUNT.




$$
