720
CDUS46 KSGX 310020
CLICZZ


CLIMATE REPORT
NATIONAL WEATHER SERVICE SAN DIEGO, CA
520 PM PDT TUE AUG 30 2016


...................................

...THE CAMPO ASOS CA CLIMATE SUMMARY FOR AUGUST 30 2016...
VALID TODAY AS OF 0500 PM LOCAL TIME.

CLIMATE NORMAL PERIOD 1981 TO 2010
CLIMATE RECORD PERIOD 1948 TO 2016


WEATHER ITEM   OBSERVED TIME   RECORD YEAR NORMAL DEPARTURE LAST
                VALUE   (LST)  VALUE       VALUE  FROM      YEAR
                                                  NORMAL
..................................................................
TEMPERATURE (F)
 TODAY
  MAXIMUM        101   1227 PM 104    1998  94      7       92
  MINIMUM         59    520 AM  38    1962  52      7       58
  AVERAGE         80                        73      7       75

PRECIPITATION (IN)
  TODAY            0.00          0.13 2012   0.02  -0.02     0.00
  MONTH TO DATE    0.00                      0.68  -0.68     0.01
  SINCE OCT 1      9.32                     15.37  -6.05    10.12
  SINCE JAN 1      6.37                     11.15  -4.78     6.25

DEGREE DAYS
 HEATING
  TODAY            0                         0      0        0
  MONTH TO DATE    0                         0      0        0
  SINCE JUN 1     27                        63    -36       60
  SINCE JUL 1      0                         7     -7       10

 COOLING
  TODAY           15                         8      7       10
  MONTH TO DATE  282                       266     16      298
  SINCE JUN 1    803                       608    195      666
  SINCE JAN 1    806                       638    168      683
..................................................................


WIND (MPH)
  RESULTANT WIND SPEED   4   RESULTANT WIND DIRECTION  NW (310)
  HIGHEST WIND SPEED    22   HIGHEST WIND DIRECTION    NW (300)
  HIGHEST GUST SPEED    29   HIGHEST GUST DIRECTION     W (250)
  AVERAGE WIND SPEED     8.7


SKY COVER
  POSSIBLE SUNSHINE  MM
  AVERAGE SKY COVER 0.0



RELATIVE HUMIDITY (PERCENT)
 HIGHEST    46           500 AM
 LOWEST     13          1000 AM
 AVERAGE    30

..........................................................


THE CAMPO ASOS CA CLIMATE NORMALS FOR TOMORROW
                         NORMAL    RECORD    YEAR
 MAXIMUM TEMPERATURE (F)   94       105      1998
 MINIMUM TEMPERATURE (F)   52        37      1979


SUNRISE AND SUNSET
AUGUST 30 2016........SUNRISE   620 AM PDT   SUNSET   712 PM PDT
AUGUST 31 2016........SUNRISE   620 AM PDT   SUNSET   711 PM PDT


-  INDICATES NEGATIVE NUMBERS.
R  INDICATES RECORD WAS SET OR TIED.
MM INDICATES DATA IS MISSING.
T  INDICATES TRACE AMOUNT.




$$
