000
CDUS46 KSGX 191235
CLICZZ


CLIMATE REPORT
NATIONAL WEATHER SERVICE SAN DIEGO, CA
434 AM PST MON FEB 19 2018


...................................

...THE CAMPO ASOS CA CLIMATE SUMMARY FOR FEBRUARY 18 2018...

CLIMATE NORMAL PERIOD 1981 TO 2010
CLIMATE RECORD PERIOD 1948 TO 2018


WEATHER ITEM   OBSERVED TIME   RECORD YEAR NORMAL DEPARTURE LAST
                VALUE   (LST)  VALUE       VALUE  FROM      YEAR
                                                  NORMAL
..................................................................
TEMPERATURE (F)
 YESTERDAY
  MAXIMUM         62    205 PM  82    1977  64     -2       50
  MINIMUM         34   1228 AM  21    1953  35     -1       41
  AVERAGE         48                        50     -2       46

PRECIPITATION (IN)
  YESTERDAY        0.00          2.72 1980   0.13  -0.13     0.23
  MONTH TO DATE    0.08                      2.01  -1.93     1.20
  SINCE OCT 1      2.59                      9.21  -6.62    13.09
  SINCE JAN 1      2.24                      4.99  -2.75     7.86

DEGREE DAYS
 HEATING
  YESTERDAY       17                        15      2       19
  MONTH TO DATE  210                       286    -76      279
  SINCE DEC 1    950                      1332   -382     1297
  SINCE JUL 1   1346                      1902   -556     1715

 COOLING
  YESTERDAY        0                         0      0        0
  MONTH TO DATE    0                         0      0        0
  SINCE DEC 1      0                         0      0        0
  SINCE JAN 1      0                         0      0        0
..................................................................


WIND (MPH)
  RESULTANT WIND SPEED   8   RESULTANT WIND DIRECTION  SW (230)
  HIGHEST WIND SPEED    24   HIGHEST WIND DIRECTION    SW (230)
  HIGHEST GUST SPEED    32   HIGHEST GUST DIRECTION    SW (220)
  AVERAGE WIND SPEED    10.2


SKY COVER
  POSSIBLE SUNSHINE  MM
  AVERAGE SKY COVER 0.0



RELATIVE HUMIDITY (PERCENT)
 HIGHEST    93           900 PM
 LOWEST     39          1200 PM
 AVERAGE    66

..........................................................


THE CAMPO ASOS CA CLIMATE NORMALS FOR TODAY
                         NORMAL    RECORD    YEAR
 MAXIMUM TEMPERATURE (F)   64        85      1995
 MINIMUM TEMPERATURE (F)   35        16      1953


SUNRISE AND SUNSET
FEBRUARY 19 2018......SUNRISE   625 AM PST   SUNSET   535 PM PST
FEBRUARY 20 2018......SUNRISE   624 AM PST   SUNSET   536 PM PST


-  INDICATES NEGATIVE NUMBERS.
R  INDICATES RECORD WAS SET OR TIED.
MM INDICATES DATA IS MISSING.
T  INDICATES TRACE AMOUNT.




$$
