000
CDUS46 KSGX 010016
CLICZZ


CLIMATE REPORT
NATIONAL WEATHER SERVICE SAN DIEGO, CA
516 PM PDT SUN AUG 31 2014


...................................

...THE CAMPO ASOS CA CLIMATE SUMMARY FOR AUGUST 31 2014...
VALID TODAY AS OF 0500 PM LOCAL TIME.

CLIMATE NORMAL PERIOD 1981 TO 2010
CLIMATE RECORD PERIOD 1948 TO 2014


WEATHER ITEM   OBSERVED TIME   RECORD YEAR NORMAL DEPARTURE LAST
                VALUE   (LST)  VALUE       VALUE  FROM      YEAR
                                                  NORMAL
..................................................................
TEMPERATURE (F)
 TODAY
  MAXIMUM         94    203 PM 105    1998  94      0       91
  MINIMUM         52    400 AM  37    1979  52      0       68
  AVERAGE         73                        73      0       80

PRECIPITATION (IN)
  TODAY            0.00          0.11 2007   0.02  -0.02     0.03
  MONTH TO DATE    0.48                      0.70  -0.22     0.19
  SINCE JUL 1      0.62                      1.02  -0.40     0.43
  SINCE JAN 1      3.38                     11.17  -7.79     5.21

SNOWFALL (IN)
  TODAY            0.0
  MONTH TO DATE    0.0
  SINCE JAN 1      0.0
  SINCE JUL 1      0.0
  SNOW DEPTH       0

DEGREE DAYS
 HEATING
  TODAY            0                         0      0        0
  MONTH TO DATE    2                         0      2        2
  SINCE JUN 1     30                        70    -40       30
  SINCE JUL 1      2                        14    -12        2

 COOLING
  TODAY            8                         8      0       15
  MONTH TO DATE  234                       278    -44      270
  SINCE JUN 1    580                       620    -40      690
  SINCE JAN 1    632                       650    -18      717
..................................................................


WIND (MPH)
  RESULTANT WIND SPEED   4   RESULTANT WIND DIRECTION  SW (230)
  HIGHEST WIND SPEED    22   HIGHEST WIND DIRECTION    SW (210)
  HIGHEST GUST SPEED    26   HIGHEST GUST DIRECTION    SW (210)
  AVERAGE WIND SPEED     9.3


SKY COVER
  POSSIBLE SUNSHINE  MM
  AVERAGE SKY COVER 0.0



RELATIVE HUMIDITY (PERCENT)
 HIGHEST    51           200 AM
 LOWEST     12           900 AM
 AVERAGE    32

..........................................................


THE CAMPO ASOS CA CLIMATE NORMALS FOR TOMORROW
                         NORMAL    RECORD    YEAR
 MAXIMUM TEMPERATURE (F)   94       107      1950
 MINIMUM TEMPERATURE (F)   52        36      1964


SUNRISE AND SUNSET
AUGUST 31 2014........SUNRISE   620 AM PDT   SUNSET   712 PM PDT
SEPTEMBER  1 2014.....SUNRISE   621 AM PDT   SUNSET   710 PM PDT


-  INDICATES NEGATIVE NUMBERS.
R  INDICATES RECORD WAS SET OR TIED.
MM INDICATES DATA IS MISSING.
T  INDICATES TRACE AMOUNT.




$$
