000
CDUS46 KSGX 290019
CLICZZ


CLIMATE REPORT
NATIONAL WEATHER SERVICE SAN DIEGO, CA
519 PM PDT WED SEP 28 2016


...................................

...THE CAMPO ASOS CA CLIMATE SUMMARY FOR SEPTEMBER 28 2016...
VALID TODAY AS OF 0500 PM LOCAL TIME.

CLIMATE NORMAL PERIOD 1981 TO 2010
CLIMATE RECORD PERIOD 1948 TO 2016


WEATHER ITEM   OBSERVED TIME   RECORD YEAR NORMAL DEPARTURE LAST
                VALUE   (LST)  VALUE       VALUE  FROM      YEAR
                                                  NORMAL
..................................................................
TEMPERATURE (F)
 TODAY
  MAXIMUM         87   1230 PM  99    1994  85      2       92
  MINIMUM         53    527 AM  29    1971  46      7       54
  AVERAGE         70                        66      4       73

PRECIPITATION (IN)
  TODAY            0.00          0.05 1966   0.01  -0.01     0.00
  MONTH TO DATE    1.00                      0.31   0.69     0.59
  SINCE OCT 1     10.32                     15.70  -5.38    10.71
  SINCE JAN 1      7.37                     11.48  -4.11     6.84

DEGREE DAYS
 HEATING
  TODAY            0                         2     -2        0
  MONTH TO DATE   37                        33      4        4
  SINCE SEP 1     37                        33      4        4
  SINCE JUL 1     37                        47    -10       14

 COOLING
  TODAY            5                         3      2        8
  MONTH TO DATE   90                       156    -66      208
  SINCE SEP 1     90                       156    -66      208
  SINCE JAN 1    910                       806    104      898
..................................................................


WIND (MPH)
  RESULTANT WIND SPEED   5   RESULTANT WIND DIRECTION  NE (60)
  HIGHEST WIND SPEED    17   HIGHEST WIND DIRECTION    NE (60)
  HIGHEST GUST SPEED    21   HIGHEST GUST DIRECTION    NE (60)
  AVERAGE WIND SPEED     6.3


SKY COVER
  POSSIBLE SUNSHINE  MM
  AVERAGE SKY COVER 0.0



RELATIVE HUMIDITY (PERCENT)
 HIGHEST    77           200 AM
 LOWEST     25           200 PM
 AVERAGE    51

..........................................................


THE CAMPO ASOS CA CLIMATE NORMALS FOR TOMORROW
                         NORMAL    RECORD    YEAR
 MAXIMUM TEMPERATURE (F)   85       101      1999
 MINIMUM TEMPERATURE (F)   46        34      1982


SUNRISE AND SUNSET
SEPTEMBER 28 2016.....SUNRISE   638 AM PDT   SUNSET   634 PM PDT
SEPTEMBER 29 2016.....SUNRISE   639 AM PDT   SUNSET   632 PM PDT


-  INDICATES NEGATIVE NUMBERS.
R  INDICATES RECORD WAS SET OR TIED.
MM INDICATES DATA IS MISSING.
T  INDICATES TRACE AMOUNT.




$$
