000
CDUS46 KSGX 300016
CLICZZ


CLIMATE REPORT
NATIONAL WEATHER SERVICE SAN DIEGO, CA
516 PM PDT SUN MAY 29 2016


...................................

...THE CAMPO ASOS CA CLIMATE SUMMARY FOR MAY 29 2016...
VALID TODAY AS OF 0500 PM LOCAL TIME.

CLIMATE NORMAL PERIOD 1981 TO 2010
CLIMATE RECORD PERIOD 1948 TO 2016


WEATHER ITEM   OBSERVED TIME   RECORD YEAR NORMAL DEPARTURE LAST
                VALUE   (LST)  VALUE       VALUE  FROM      YEAR
                                                  NORMAL
..................................................................
TEMPERATURE (F)
 TODAY
  MAXIMUM         70    200 PM 102    1984  82    -12       89
  MINIMUM         54    508 AM  32    2010  43     11       47
                                      1989
  AVERAGE         62                        63     -1       68

PRECIPITATION (IN)
  TODAY            0.01          0.13 1988   0.01   0.00     0.00
  MONTH TO DATE    0.15                      0.18  -0.03     2.31
  SINCE OCT 1      9.33                     14.26  -4.93     8.93
  SINCE JAN 1      6.38                     10.04  -3.66     5.06

DEGREE DAYS
 HEATING
  TODAY            3                         4     -1        0
  MONTH TO DATE  208                       151     57      255
  SINCE MAR 1    881                       868     13      838
  SINCE JUL 1   2765                      2919   -154     2474

 COOLING
  TODAY            0                         1     -1        3
  MONTH TO DATE    2                        24    -22        5
  SINCE MAR 1      2                        27    -25       10
  SINCE JAN 1      2                        27    -25       10
..................................................................


WIND (MPH)
  RESULTANT WIND SPEED   8   RESULTANT WIND DIRECTION  SW (220)
  HIGHEST WIND SPEED    22   HIGHEST WIND DIRECTION    SW (220)
  HIGHEST GUST SPEED    26   HIGHEST GUST DIRECTION    SW (210)
  AVERAGE WIND SPEED     8.7


SKY COVER
  POSSIBLE SUNSHINE  MM
  AVERAGE SKY COVER 0.0



RELATIVE HUMIDITY (PERCENT)
 HIGHEST   100           300 AM
 LOWEST     59          1200 PM
 AVERAGE    80

..........................................................


THE CAMPO ASOS CA CLIMATE NORMALS FOR TOMORROW
                         NORMAL    RECORD    YEAR
 MAXIMUM TEMPERATURE (F)   83        99      1984
 MINIMUM TEMPERATURE (F)   43        28      1959


SUNRISE AND SUNSET
MAY 29 2016...........SUNRISE   540 AM PDT   SUNSET   747 PM PDT
MAY 30 2016...........SUNRISE   540 AM PDT   SUNSET   748 PM PDT


-  INDICATES NEGATIVE NUMBERS.
R  INDICATES RECORD WAS SET OR TIED.
MM INDICATES DATA IS MISSING.
T  INDICATES TRACE AMOUNT.




$$
