000
CDUS46 KSGX 110035
CLICZZ


CLIMATE REPORT
NATIONAL WEATHER SERVICE SAN DIEGO, CA
435 PM PST SUN DEC 10 2017


...................................

...THE CAMPO ASOS CA CLIMATE SUMMARY FOR DECEMBER 10 2017...
VALID TODAY AS OF 0400 PM LOCAL TIME.

CLIMATE NORMAL PERIOD 1981 TO 2010
CLIMATE RECORD PERIOD 1948 TO 2017


WEATHER ITEM   OBSERVED TIME   RECORD YEAR NORMAL DEPARTURE LAST
                VALUE   (LST)  VALUE       VALUE  FROM      YEAR
                                                  NORMAL
..................................................................
TEMPERATURE (F)
 TODAY
  MAXIMUM         66    900 AM  83    1995  63      3       67
  MINIMUM         57   1200 AM  19    1960  32     25       35
  AVERAGE         62                        48     14       51

PRECIPITATION (IN)
  TODAY            0.00          1.05 1991   0.07  -0.07     0.00
  MONTH TO DATE    0.00                      0.65  -0.65     0.00
  SINCE OCT 1      0.34                      2.60  -2.26     0.94
  SINCE JAN 1     12.06                     14.11  -2.05     8.32

DEGREE DAYS
 HEATING
  TODAY            3                        17    -14       14
  MONTH TO DATE  101                       167    -66      168
  SINCE DEC 1    101                       167    -66      168
  SINCE JUL 1    497                       737   -240      586

 COOLING
  TODAY            0                         0      0        0
  MONTH TO DATE    0                         0      0        0
  SINCE DEC 1      0                         0      0        0
  SINCE JAN 1   1087                       841    246      955
..................................................................


WIND (MPH)
  RESULTANT WIND SPEED  19   RESULTANT WIND DIRECTION  NE (40)
  HIGHEST WIND SPEED    30   HIGHEST WIND DIRECTION    NE (50)
  HIGHEST GUST SPEED    43   HIGHEST GUST DIRECTION    NE (50)
  AVERAGE WIND SPEED    19.2


SKY COVER
  POSSIBLE SUNSHINE  MM
  AVERAGE SKY COVER 0.0



RELATIVE HUMIDITY (PERCENT)
 HIGHEST    13          1200 AM
 LOWEST      8           900 AM
 AVERAGE    11

..........................................................


THE CAMPO ASOS CA CLIMATE NORMALS FOR TOMORROW
                         NORMAL    RECORD    YEAR
 MAXIMUM TEMPERATURE (F)   63        86      1950
 MINIMUM TEMPERATURE (F)   32        22      1999


SUNRISE AND SUNSET
DECEMBER 10 2017......SUNRISE   637 AM PST   SUNSET   440 PM PST
DECEMBER 11 2017......SUNRISE   638 AM PST   SUNSET   441 PM PST


-  INDICATES NEGATIVE NUMBERS.
R  INDICATES RECORD WAS SET OR TIED.
MM INDICATES DATA IS MISSING.
T  INDICATES TRACE AMOUNT.




$$
