000
CDUS46 KSGX 241435
CLICZZ


CLIMATE REPORT
NATIONAL WEATHER SERVICE SAN DIEGO, CA
735 AM PDT SUN MAY 24 2015


...................................

...THE CAMPO ASOS CA CLIMATE SUMMARY FOR MAY 23 2015...

CLIMATE NORMAL PERIOD 1981 TO 2010
CLIMATE RECORD PERIOD 1948 TO 2015


WEATHER ITEM   OBSERVED TIME   RECORD YEAR NORMAL DEPARTURE LAST
                VALUE   (LST)  VALUE       VALUE  FROM      YEAR
                                                  NORMAL
..................................................................
TEMPERATURE (F)
 YESTERDAY
  MAXIMUM         59    250 PM  94    1984  81    -22       73
  MINIMUM         48    850 PM  30    1973  43      5       51
  AVERAGE         54                        62     -8       62

PRECIPITATION (IN)
  YESTERDAY        0.02          0.45 1967   0.00   0.02     0.00
  MONTH TO DATE    2.31                      0.16   2.15     0.01
  SINCE OCT 1      8.93                     14.24  -5.31     5.01
  SINCE JAN 1      5.06                     10.02  -4.96     2.76

SNOWFALL (IN)
  YESTERDAY       MM
  MONTH TO DATE    0.0
  SINCE MAR 1      0.0
  SINCE JUL 1      0.0
  SNOW DEPTH       0

DEGREE DAYS
 HEATING
  YESTERDAY       11                         4      7        3
  MONTH TO DATE  220                       127     93      132
  SINCE MAR 1    803                       844    -41      756
  SINCE JUL 1   2439                      2895   -456     2626

 COOLING
  YESTERDAY        0                         1     -1        0
  MONTH TO DATE    2                        18    -16       21
  SINCE MAR 1      7                        21    -14       31
  SINCE JAN 1      7                        21    -14       31
..................................................................


WIND (MPH)
  RESULTANT WIND SPEED   8   RESULTANT WIND DIRECTION   W (250)
  HIGHEST WIND SPEED    16   HIGHEST WIND DIRECTION    SW (230)
  HIGHEST GUST SPEED    21   HIGHEST GUST DIRECTION    SW (230)
  AVERAGE WIND SPEED     9.0


SKY COVER
  POSSIBLE SUNSHINE  MM
  AVERAGE SKY COVER 0.0



RELATIVE HUMIDITY (PERCENT)
 HIGHEST   100           600 AM
 LOWEST     72           300 PM
 AVERAGE    86

..........................................................


THE CAMPO ASOS CA CLIMATE NORMALS FOR TODAY
                         NORMAL    RECORD    YEAR
 MAXIMUM TEMPERATURE (F)   81        92      1984
 MINIMUM TEMPERATURE (F)   43        26      2010


SUNRISE AND SUNSET
MAY 24 2015...........SUNRISE   542 AM PDT   SUNSET   744 PM PDT
MAY 25 2015...........SUNRISE   542 AM PDT   SUNSET   744 PM PDT


-  INDICATES NEGATIVE NUMBERS.
R  INDICATES RECORD WAS SET OR TIED.
MM INDICATES DATA IS MISSING.
T  INDICATES TRACE AMOUNT.




$$
