000
CDUS46 KSGX 301421
CLICZZ


CLIMATE REPORT
NATIONAL WEATHER SERVICE SAN DIEGO, CA
721 AM PDT THU JUL 30 2015


...................................

...THE CAMPO ASOS CA CLIMATE SUMMARY FOR JULY 29 2015...

CLIMATE NORMAL PERIOD 1981 TO 2010
CLIMATE RECORD PERIOD 1948 TO 2015


WEATHER ITEM   OBSERVED TIME   RECORD YEAR NORMAL DEPARTURE LAST
                VALUE   (LST)  VALUE       VALUE  FROM      YEAR
                                                  NORMAL
..................................................................
TEMPERATURE (F)
 YESTERDAY
  MAXIMUM         94    305 PM 106    1995  95     -1       94
  MINIMUM         60    458 AM  44    2002  54      6       59
                                      1950
  AVERAGE         77                        74      3       77

PRECIPITATION (IN)
  YESTERDAY        0.02          1.23 1968   0.02   0.00     0.00
  MONTH TO DATE    0.51                      0.29   0.22     0.14
  SINCE OCT 1     10.11                     14.66  -4.55     5.15
  SINCE JAN 1      6.24                     10.44  -4.20     2.90

DEGREE DAYS
 HEATING
  YESTERDAY        0                         0      0        0
  MONTH TO DATE   10                         4      6        0
  SINCE JUN 1     60                        60      0       28
  SINCE JUL 1     10                         4      6        0

 COOLING
  YESTERDAY       12                         9      3       12
  MONTH TO DATE  154                       232    -78      257
  SINCE JUN 1    342                       324     18      317
  SINCE JAN 1    359                       354      5      369
..................................................................


WIND (MPH)
  RESULTANT WIND SPEED   7   RESULTANT WIND DIRECTION  NE (60)
  HIGHEST WIND SPEED    28   HIGHEST WIND DIRECTION    NE (50)
  HIGHEST GUST SPEED    38   HIGHEST GUST DIRECTION    NE (50)
  AVERAGE WIND SPEED     8.8


SKY COVER
  POSSIBLE SUNSHINE  MM
  AVERAGE SKY COVER 0.0



RELATIVE HUMIDITY (PERCENT)
 HIGHEST    90          1000 PM
 LOWEST     30          1000 AM
 AVERAGE    60

..........................................................


THE CAMPO ASOS CA CLIMATE NORMALS FOR TODAY
                         NORMAL    RECORD    YEAR
 MAXIMUM TEMPERATURE (F)   95       103      1972
 MINIMUM TEMPERATURE (F)   54        41      1950


SUNRISE AND SUNSET
JULY 30 2015..........SUNRISE   559 AM PDT   SUNSET   746 PM PDT
JULY 31 2015..........SUNRISE   559 AM PDT   SUNSET   745 PM PDT


-  INDICATES NEGATIVE NUMBERS.
R  INDICATES RECORD WAS SET OR TIED.
MM INDICATES DATA IS MISSING.
T  INDICATES TRACE AMOUNT.




$$
