000
CDUS46 KSGX 270119
CLICZZ


CLIMATE REPORT
NATIONAL WEATHER SERVICE SAN DIEGO, CA
519 PM PST WED NOV 26 2014


...................................

...THE CAMPO ASOS CA CLIMATE SUMMARY FOR NOVEMBER 26 2014...
VALID TODAY AS OF 0500 PM LOCAL TIME.

CLIMATE NORMAL PERIOD 1981 TO 2010
CLIMATE RECORD PERIOD 1948 TO 2014


WEATHER ITEM   OBSERVED TIME   RECORD YEAR NORMAL DEPARTURE LAST
                VALUE   (LST)  VALUE       VALUE  FROM      YEAR
                                                  NORMAL
..................................................................
TEMPERATURE (F)
 TODAY
  MAXIMUM         77    121 PM  90    1977  66     11       63
  MINIMUM         42   1200 AM  22    1966  34      8       44
  AVERAGE         60                        50     10       54

PRECIPITATION (IN)
  TODAY            0.00          0.91 2008   0.06  -0.06     0.00
  MONTH TO DATE    0.26                      0.92  -0.66     0.80
  SINCE JUL 1      2.29                      3.10  -0.81     3.64
  SINCE JAN 1      5.05                     13.25  -8.20     8.42

SNOWFALL (IN)
  TODAY            0.0
  MONTH TO DATE    0.0
  SINCE JAN 1      0.0
  SINCE JUL 1      0.0
  SNOW DEPTH       0

DEGREE DAYS
 HEATING
  TODAY            5                        15    -10       11
  MONTH TO DATE  259                       299    -40      292
  SINCE SEP 1    345                       495   -150      573
  SINCE JUL 1    347                       509   -162      575

 COOLING
  TODAY            0                         0      0        0
  MONTH TO DATE    0                         0      0        0
  SINCE SEP 1    268                       189     79      192
  SINCE JAN 1    900                       839     61      909
..................................................................


WIND (MPH)
  RESULTANT WIND SPEED  11   RESULTANT WIND DIRECTION  NE (60)
  HIGHEST WIND SPEED    26   HIGHEST WIND DIRECTION    NE (50)
  HIGHEST GUST SPEED    31   HIGHEST GUST DIRECTION    NE (50)
  AVERAGE WIND SPEED    12.3


SKY COVER
  POSSIBLE SUNSHINE  MM
  AVERAGE SKY COVER 0.0



RELATIVE HUMIDITY (PERCENT)
 HIGHEST    20          1200 AM
 LOWEST      9           900 AM
 AVERAGE    15

..........................................................


THE CAMPO ASOS CA CLIMATE NORMALS FOR TOMORROW
                         NORMAL    RECORD    YEAR
 MAXIMUM TEMPERATURE (F)   66        88      1977
 MINIMUM TEMPERATURE (F)   34        21      2010


SUNRISE AND SUNSET
NOVEMBER 26 2014......SUNRISE   626 AM PST   SUNSET   441 PM PST
NOVEMBER 27 2014......SUNRISE   626 AM PST   SUNSET   440 PM PST


-  INDICATES NEGATIVE NUMBERS.
R  INDICATES RECORD WAS SET OR TIED.
MM INDICATES DATA IS MISSING.
T  INDICATES TRACE AMOUNT.




$$
