000
CDUS43 KUNR 270831
CLID07


CLIMATE REPORT
NATIONAL WEATHER SERVICE RAPID CITY SD
131 AM MST SAT DEC 27 2014


...................................

...THE FAITH SD CLIMATE SUMMARY FOR DECEMBER 26 2014...

CLIMATE NORMAL PERIOD 1981 TO 2010
CLIMATE RECORD PERIOD 9999 TO 9999


WEATHER ITEM   OBSERVED TIME   NORMAL DEPARTURE LAST
                VALUE   (LST)  VALUE  FROM      YEAR
                                      NORMAL
......................................................
TEMPERATURE (F)
 YESTERDAY
  MAXIMUM         22    135 PM  30     -8       38
  MINIMUM          9   1149 PM  11     -2       27
  AVERAGE         16            20     -4       33

PRECIPITATION (IN)
  YESTERDAY        0.00          0.01  -0.01     0.00
  MONTH TO DATE    0.25          0.32  -0.07     0.72
  SINCE DEC 1      0.25          0.32  -0.07     0.72
  SINCE JAN 1     18.79         17.58   1.21    17.05

DEGREE DAYS
 HEATING
  YESTERDAY       49            45      4       32
  MONTH TO DATE  930          1138   -208     1338
  SINCE DEC 1    930          1138   -208     1338
  SINCE JUL 1   2806          2921   -115     3088

 COOLING
  YESTERDAY        0             0      0        0
  MONTH TO DATE    0             0      0        0
  SINCE DEC 1      0             0      0        0
  SINCE JAN 1    445           635   -190      720
......................................................


WIND (MPH)
  HIGHEST WIND SPEED    20   HIGHEST WIND DIRECTION     N (350)
  HIGHEST GUST SPEED    23   HIGHEST GUST DIRECTION     N (350)
  AVERAGE WIND SPEED     9.9




RELATIVE HUMIDITY (PERCENT)
 HIGHEST    83           800 PM
 LOWEST     62          1200 PM
 AVERAGE    73

..........................................................




SUNRISE AND SUNSET
DECEMBER 27 2014......SUNRISE   726 AM MST   SUNSET   413 PM MST
DECEMBER 28 2014......SUNRISE   726 AM MST   SUNSET   414 PM MST


-  INDICATES NEGATIVE NUMBERS.
R  INDICATES RECORD WAS SET OR TIED.
MM INDICATES DATA IS MISSING.
T  INDICATES TRACE AMOUNT.




$$
