000
CDUS43 KUNR 250831
CLID07


CLIMATE REPORT
NATIONAL WEATHER SERVICE RAPID CITY SD
230 AM MDT FRI APR 25 2014


...................................

...THE FAITH SD CLIMATE SUMMARY FOR APRIL 24 2014...

CLIMATE NORMAL PERIOD 1981 TO 2010
CLIMATE RECORD PERIOD 9999 TO 9999


WEATHER ITEM   OBSERVED TIME   NORMAL DEPARTURE LAST
                VALUE   (LST)  VALUE  FROM      YEAR
                                      NORMAL
......................................................
TEMPERATURE (F)
 YESTERDAY
  MAXIMUM         63    351 PM  61      2       46
  MINIMUM         37    510 AM  36      1       25
  AVERAGE         50            48      2       36

PRECIPITATION (IN)
  YESTERDAY        0.00          0.07  -0.07     0.00
  MONTH TO DATE    0.17          1.12  -0.95     1.18
  SINCE MAR 1      1.36          2.10  -0.74     1.61
  SINCE JAN 1      2.26          2.72  -0.46     2.18

DEGREE DAYS
 HEATING
  YESTERDAY       15            17     -2       29
  MONTH TO DATE  515           517     -2      758
  SINCE MAR 1   1633          1520    113     1824
  SINCE JUL 1   7719          7208    511     7167

 COOLING
  YESTERDAY        0             0      0        0
  MONTH TO DATE    0             0      0        0
  SINCE MAR 1      0             0      0        0
  SINCE JAN 1      0             0      0        0
......................................................


WIND (MPH)
  HIGHEST WIND SPEED    37   HIGHEST WIND DIRECTION     W (270)
  HIGHEST GUST SPEED    46   HIGHEST GUST DIRECTION     W (270)
  AVERAGE WIND SPEED    17.1




RELATIVE HUMIDITY (PERCENT)
 HIGHEST    64           300 AM
 LOWEST     22           200 PM
 AVERAGE    43

..........................................................




SUNRISE AND SUNSET
APRIL 25 2014.........SUNRISE   547 AM MDT   SUNSET   746 PM MDT
APRIL 26 2014.........SUNRISE   545 AM MDT   SUNSET   748 PM MDT


-  INDICATES NEGATIVE NUMBERS.
R  INDICATES RECORD WAS SET OR TIED.
MM INDICATES DATA IS MISSING.
T  INDICATES TRACE AMOUNT.




$$
