000
CDUS43 KUNR 220831
CLID07


CLIMATE REPORT
NATIONAL WEATHER SERVICE RAPID CITY SD
131 AM MST WED NOV 22 2017


...................................

...THE FAITH SD CLIMATE SUMMARY FOR NOVEMBER 21 2017...

CLIMATE NORMAL PERIOD 1981 TO 2010
CLIMATE RECORD PERIOD 9999 TO 9999


WEATHER ITEM   OBSERVED TIME   NORMAL DEPARTURE LAST
                VALUE   (LST)  VALUE  FROM      YEAR
                                      NORMAL
......................................................
TEMPERATURE (F)
 YESTERDAY
  MAXIMUM         31    123 AM  39     -8       45
  MINIMUM          8    710 AM  19    -11       25
  AVERAGE         20            29     -9       35

PRECIPITATION (IN)
  YESTERDAY        0.00          0.00   0.00     0.00
  MONTH TO DATE    0.17          0.49  -0.32     0.15
  SINCE SEP 1      1.32          3.40  -2.08     2.19
  SINCE JAN 1      9.79         17.22  -7.43    13.81

DEGREE DAYS
 HEATING
  YESTERDAY       45            36      9       30
  MONTH TO DATE  703           636     67      396
  SINCE SEP 1   1430          1402     28      928
  SINCE JUL 1   1442          1435      7      957

 COOLING
  YESTERDAY        0             0      0        0
  MONTH TO DATE    0             0      0        0
  SINCE SEP 1     92            60     32       48
  SINCE JAN 1    756           635    121      734
......................................................


WIND (MPH)
  HIGHEST WIND SPEED    28   HIGHEST WIND DIRECTION     N (340)
  HIGHEST GUST SPEED    34   HIGHEST GUST DIRECTION    NW (330)
  AVERAGE WIND SPEED    14.2




RELATIVE HUMIDITY (PERCENT)
 HIGHEST    73           300 AM
 LOWEST     33           300 PM
 AVERAGE    53

..........................................................




SUNRISE AND SUNSET
NOVEMBER 22 2017......SUNRISE   655 AM MST   SUNSET   413 PM MST
NOVEMBER 23 2017......SUNRISE   657 AM MST   SUNSET   412 PM MST


-  INDICATES NEGATIVE NUMBERS.
R  INDICATES RECORD WAS SET OR TIED.
MM INDICATES DATA IS MISSING.
T  INDICATES TRACE AMOUNT.




$$
