000
CDUS43 KUNR 290854
CLID07


CLIMATE REPORT
NATIONAL WEATHER SERVICE RAPID CITY SD
254 AM MDT MON JUN 29 2015


...................................

...THE FAITH SD CLIMATE SUMMARY FOR JUNE 28 2015...

CLIMATE NORMAL PERIOD 1981 TO 2010
CLIMATE RECORD PERIOD 9999 TO 9999


WEATHER ITEM   OBSERVED TIME   NORMAL DEPARTURE LAST
                VALUE   (LST)  VALUE  FROM      YEAR
                                      NORMAL
......................................................
TEMPERATURE (F)
 YESTERDAY
  MAXIMUM         85    342 PM  82      3       70
  MINIMUM         57    354 AM  56      1       54
  AVERAGE         71            69      2       62

PRECIPITATION (IN)
  YESTERDAY        0.00          0.13  -0.13     0.53
  MONTH TO DATE    2.59          2.84  -0.25     5.93
  SINCE JUN 1      2.59          2.84  -0.25     5.93
  SINCE JAN 1      9.83          9.14   0.69    10.51

DEGREE DAYS
 HEATING
  YESTERDAY        0             1     -1        3
  MONTH TO DATE   34            87    -53      102
  SINCE JUN 1     34            87    -53      102
  SINCE JUL 1   7179          7706   -527     8255

 COOLING
  YESTERDAY        6             5      1        0
  MONTH TO DATE   78            76      2       22
  SINCE JUN 1     78            76      2       22
  SINCE JAN 1     80            88     -8       52
......................................................


WIND (MPH)
  HIGHEST WIND SPEED    13   HIGHEST WIND DIRECTION     N (10)
  HIGHEST GUST SPEED    14   HIGHEST GUST DIRECTION     N (10)
  AVERAGE WIND SPEED     5.9




RELATIVE HUMIDITY (PERCENT)
 HIGHEST    80           200 AM
 LOWEST     37           200 PM
 AVERAGE    59

..........................................................




SUNRISE AND SUNSET
JUNE 29 2015..........SUNRISE   504 AM MDT   SUNSET   839 PM MDT
JUNE 30 2015..........SUNRISE   504 AM MDT   SUNSET   839 PM MDT


-  INDICATES NEGATIVE NUMBERS.
R  INDICATES RECORD WAS SET OR TIED.
MM INDICATES DATA IS MISSING.
T  INDICATES TRACE AMOUNT.




$$
