000
CDUS43 KUNR 050831
CLID07


CLIMATE REPORT
NATIONAL WEATHER SERVICE RAPID CITY SD
230 AM MDT THU MAY 5 2016


...................................

...THE FAITH SD CLIMATE SUMMARY FOR MAY 4 2016...

CLIMATE NORMAL PERIOD 1981 TO 2010
CLIMATE RECORD PERIOD 9999 TO 9999


WEATHER ITEM   OBSERVED TIME   NORMAL DEPARTURE LAST
                VALUE   (LST)  VALUE  FROM      YEAR
                                      NORMAL
......................................................
TEMPERATURE (F)
 YESTERDAY
  MAXIMUM         76    350 PM  64     12       56
  MINIMUM         42    459 AM  40      2       41
  AVERAGE         59            52      7       49

PRECIPITATION (IN)
  YESTERDAY        0.00          0.09  -0.09     0.14
  MONTH TO DATE    0.00          0.38  -0.38     0.14
  SINCE MAR 1      4.85          2.99   1.86     0.79
  SINCE JAN 1      6.36          3.61   2.75     1.22

DEGREE DAYS
 HEATING
  YESTERDAY        6            13     -7       16
  MONTH TO DATE   44            55    -11       33
  SINCE MAR 1   1381          1666   -285     1298
  SINCE JUL 1   6327          7354  -1027     6797

 COOLING
  YESTERDAY        0             0      0        0
  MONTH TO DATE    0             0      0        0
  SINCE MAR 1      0             1     -1        2
  SINCE JAN 1      0             1     -1        2
......................................................


WIND (MPH)
  HIGHEST WIND SPEED    16   HIGHEST WIND DIRECTION     S (160)
  HIGHEST GUST SPEED    18   HIGHEST GUST DIRECTION    SE (150)
  AVERAGE WIND SPEED     9.1




RELATIVE HUMIDITY (PERCENT)
 HIGHEST    77          1100 PM
 LOWEST     27           100 PM
 AVERAGE    52

..........................................................




SUNRISE AND SUNSET
MAY  5 2016...........SUNRISE   531 AM MDT   SUNSET   759 PM MDT
MAY  6 2016...........SUNRISE   529 AM MDT   SUNSET   801 PM MDT


-  INDICATES NEGATIVE NUMBERS.
R  INDICATES RECORD WAS SET OR TIED.
MM INDICATES DATA IS MISSING.
T  INDICATES TRACE AMOUNT.




$$
