000
CDUS43 KUNR 250858
CLID07


CLIMATE REPORT
NATIONAL WEATHER SERVICE RAPID CITY SD
251 AM MDT MON MAY 25 2015


...................................

...THE FAITH SD CLIMATE SUMMARY FOR MAY 24 2015...

CLIMATE NORMAL PERIOD 1981 TO 2010
CLIMATE RECORD PERIOD 9999 TO 9999


WEATHER ITEM   OBSERVED TIME   NORMAL DEPARTURE LAST
                VALUE   (LST)  VALUE  FROM      YEAR
                                      NORMAL
......................................................
TEMPERATURE (F)
 YESTERDAY
  MAXIMUM         62   1222 PM  69     -7       79
  MINIMUM         51    542 AM  46      5       54
  AVERAGE         57            57      0       67

PRECIPITATION (IN)
  YESTERDAY        1.61          0.10   1.51     0.00
  MONTH TO DATE    5.39          2.34   3.05     0.90
  SINCE MAR 1      6.04          4.95   1.09     2.97
  SINCE JAN 1      6.47          5.57   0.90     3.87

DEGREE DAYS
 HEATING
  YESTERDAY        8             8      0        0
  MONTH TO DATE  328           269     59      337
  SINCE MAR 1   1593          1880   -287     2063
  SINCE JUL 1   7092          7568   -476     8149

 COOLING
  YESTERDAY        0             0      0        2
  MONTH TO DATE    0             0      0        5
  SINCE MAR 1      2             1      1        5
  SINCE JAN 1      2             1      1        5
......................................................


WIND (MPH)
  HIGHEST WIND SPEED    18   HIGHEST WIND DIRECTION     E (80)
  HIGHEST GUST SPEED    21   HIGHEST GUST DIRECTION     E (80)
  AVERAGE WIND SPEED    10.1




RELATIVE HUMIDITY (PERCENT)
 HIGHEST   100           700 AM
 LOWEST     64           100 PM
 AVERAGE    82

..........................................................




SUNRISE AND SUNSET
MAY 25 2015...........SUNRISE   509 AM MDT   SUNSET   821 PM MDT
MAY 26 2015...........SUNRISE   509 AM MDT   SUNSET   822 PM MDT


-  INDICATES NEGATIVE NUMBERS.
R  INDICATES RECORD WAS SET OR TIED.
MM INDICATES DATA IS MISSING.
T  INDICATES TRACE AMOUNT.




$$
