000
CDUS43 KUNR 270838
CLID07


CLIMATE REPORT
NATIONAL WEATHER SERVICE RAPID CITY SD
236 AM MDT FRI MAR 27 2015


...................................

...THE FAITH SD CLIMATE SUMMARY FOR MARCH 26 2015...

CLIMATE NORMAL PERIOD 1981 TO 2010
CLIMATE RECORD PERIOD 9999 TO 9999


WEATHER ITEM   OBSERVED TIME   NORMAL DEPARTURE LAST
                VALUE   (LST)  VALUE  FROM      YEAR
                                      NORMAL
......................................................
TEMPERATURE (F)
 YESTERDAY
  MAXIMUM         39    421 PM  47     -8       54
  MINIMUM         21   1239 AM  25     -4       25
  AVERAGE         30            36     -6       40

PRECIPITATION (IN)
  YESTERDAY        0.04          0.04   0.00     0.00
  MONTH TO DATE    0.15          0.74  -0.59     0.93
  SINCE MAR 1      0.15          0.74  -0.59     0.93
  SINCE JAN 1      0.58          1.36  -0.78     1.83

DEGREE DAYS
 HEATING
  YESTERDAY       35            29      6       25
  MONTH TO DATE  672           867   -195      955
  SINCE MAR 1    672           867   -195      955
  SINCE JUL 1   6171          6555   -384     7041

 COOLING
  YESTERDAY        0             0      0        0
  MONTH TO DATE    2             0      2        0
  SINCE MAR 1      2             0      2        0
  SINCE JAN 1      2             0      2        0
......................................................


WIND (MPH)
  HIGHEST WIND SPEED    14   HIGHEST WIND DIRECTION     S (170)
  HIGHEST GUST SPEED    16   HIGHEST GUST DIRECTION     S (200)
  AVERAGE WIND SPEED     7.9




RELATIVE HUMIDITY (PERCENT)
 HIGHEST    92          1000 AM
 LOWEST     64           400 PM
 AVERAGE    78

..........................................................




SUNRISE AND SUNSET
MARCH 27 2015.........SUNRISE   638 AM MDT   SUNSET   709 PM MDT
MARCH 28 2015.........SUNRISE   637 AM MDT   SUNSET   711 PM MDT


-  INDICATES NEGATIVE NUMBERS.
R  INDICATES RECORD WAS SET OR TIED.
MM INDICATES DATA IS MISSING.
T  INDICATES TRACE AMOUNT.




$$
