000
CDUS43 KUNR 280832
CLID07


CLIMATE REPORT
NATIONAL WEATHER SERVICE RAPID CITY SD
232 AM MDT SAT MAY 28 2016


...................................

...THE FAITH SD CLIMATE SUMMARY FOR MAY 27 2016...

CLIMATE NORMAL PERIOD 1981 TO 2010
CLIMATE RECORD PERIOD 9999 TO 9999


WEATHER ITEM   OBSERVED TIME   NORMAL DEPARTURE LAST
                VALUE   (LST)  VALUE  FROM      YEAR
                                      NORMAL
......................................................
TEMPERATURE (F)
 YESTERDAY
  MAXIMUM         68   1113 AM  70     -2       75
  MINIMUM         45    436 AM  46     -1       50
  AVERAGE         57            58     -1       63

PRECIPITATION (IN)
  YESTERDAY        0.00          0.10  -0.10     0.10
  MONTH TO DATE    0.37          2.64  -2.27     5.75
  SINCE MAR 1      5.22          5.25  -0.03     6.40
  SINCE JAN 1      6.73          5.87   0.86     6.83

DEGREE DAYS
 HEATING
  YESTERDAY        8             7      1        2
  MONTH TO DATE  263           292    -29      342
  SINCE MAR 1   1600          1903   -303     1607
  SINCE JUL 1   6546          7591  -1045     7106

 COOLING
  YESTERDAY        0             1     -1        0
  MONTH TO DATE    2             1      1        0
  SINCE MAR 1      2             2      0        2
  SINCE JAN 1      2             2      0        2
......................................................


WIND (MPH)
  HIGHEST WIND SPEED    18   HIGHEST WIND DIRECTION     N (340)
  HIGHEST GUST SPEED    21   HIGHEST GUST DIRECTION     N (340)
  AVERAGE WIND SPEED     7.5




RELATIVE HUMIDITY (PERCENT)
 HIGHEST    82           400 AM
 LOWEST     45          1100 AM
 AVERAGE    64

..........................................................




SUNRISE AND SUNSET
MAY 28 2016...........SUNRISE   507 AM MDT   SUNSET   825 PM MDT
MAY 29 2016...........SUNRISE   506 AM MDT   SUNSET   826 PM MDT


-  INDICATES NEGATIVE NUMBERS.
R  INDICATES RECORD WAS SET OR TIED.
MM INDICATES DATA IS MISSING.
T  INDICATES TRACE AMOUNT.




$$
