000
CDUS43 KUNR 250837
CLID07


CLIMATE REPORT
NATIONAL WEATHER SERVICE RAPID CITY SD
234 AM MDT SAT MAR 25 2017


...................................

...THE FAITH SD CLIMATE SUMMARY FOR MARCH 24 2017...

CLIMATE NORMAL PERIOD 1981 TO 2010
CLIMATE RECORD PERIOD 9999 TO 9999


WEATHER ITEM   OBSERVED TIME   NORMAL DEPARTURE LAST
                VALUE   (LST)  VALUE  FROM      YEAR
                                      NORMAL
......................................................
TEMPERATURE (F)
 YESTERDAY
  MAXIMUM         60    400 PM  46     14       56
  MINIMUM         35   1159 PM  25     10       22
  AVERAGE         48            36     12       39

PRECIPITATION (IN)
  YESTERDAY        0.00          0.03  -0.03     0.00
  MONTH TO DATE    0.38          0.66  -0.28     0.51
  SINCE MAR 1      0.38          0.66  -0.28     0.51
  SINCE JAN 1      1.40          1.28   0.12     2.02

DEGREE DAYS
 HEATING
  YESTERDAY       17            30    -13       26
  MONTH TO DATE  765           809    -44      591
  SINCE MAR 1    765           809    -44      591
  SINCE JUL 1   6116          6497   -381     5537

 COOLING
  YESTERDAY        0             0      0        0
  MONTH TO DATE    0             0      0        0
  SINCE MAR 1      0             0      0        0
  SINCE JAN 1      0             0      0        0
......................................................


WIND (MPH)
  HIGHEST WIND SPEED    21   HIGHEST WIND DIRECTION    SE (140)
  HIGHEST GUST SPEED    27   HIGHEST GUST DIRECTION    SE (130)
  AVERAGE WIND SPEED    10.4




RELATIVE HUMIDITY (PERCENT)
 HIGHEST   100           100 AM
 LOWEST     39           300 PM
 AVERAGE    70

..........................................................




SUNRISE AND SUNSET
MARCH 25 2017.........SUNRISE   641 AM MDT   SUNSET   707 PM MDT
MARCH 26 2017.........SUNRISE   639 AM MDT   SUNSET   709 PM MDT


-  INDICATES NEGATIVE NUMBERS.
R  INDICATES RECORD WAS SET OR TIED.
MM INDICATES DATA IS MISSING.
T  INDICATES TRACE AMOUNT.




$$
