000
CDUS43 KUNR 240846
CLID07


CLIMATE REPORT
NATIONAL WEATHER SERVICE RAPID CITY SD
145 AM MST TUE JAN 24 2017


...................................

...THE FAITH SD CLIMATE SUMMARY FOR JANUARY 23 2017...

CLIMATE NORMAL PERIOD 1981 TO 2010
CLIMATE RECORD PERIOD 9999 TO 9999


WEATHER ITEM   OBSERVED TIME   NORMAL DEPARTURE LAST
                VALUE   (LST)  VALUE  FROM      YEAR
                                      NORMAL
......................................................
TEMPERATURE (F)
 YESTERDAY
  MAXIMUM         28    158 PM  30     -2       42
  MINIMUM         23    419 AM  11     12       15
  AVERAGE         26            20      6       29

PRECIPITATION (IN)
  YESTERDAY        0.00          0.01  -0.01     0.00
  MONTH TO DATE    0.45          0.14   0.31     0.17
  SINCE DEC 1      0.89          0.54   0.35     0.70
  SINCE JAN 1      0.45          0.14   0.31     0.17

DEGREE DAYS
 HEATING
  YESTERDAY       39            45     -6       36
  MONTH TO DATE 1260          1035    225     1097
  SINCE DEC 1   2742          2395    347     2366
  SINCE JUL 1   3993          4178   -185     3752

 COOLING
  YESTERDAY        0             0      0        0
  MONTH TO DATE    0             0      0        0
  SINCE DEC 1      0             0      0        0
  SINCE JAN 1      0             0      0        0
......................................................


WIND (MPH)
  HIGHEST WIND SPEED    17   HIGHEST WIND DIRECTION    NE (40)
  HIGHEST GUST SPEED    20   HIGHEST GUST DIRECTION    SE (120)
  AVERAGE WIND SPEED     9.7




RELATIVE HUMIDITY (PERCENT)
 HIGHEST   100          1100 PM
 LOWEST     81           100 AM
 AVERAGE    91

..........................................................




SUNRISE AND SUNSET
JANUARY 24 2017.......SUNRISE   716 AM MST   SUNSET   445 PM MST
JANUARY 25 2017.......SUNRISE   715 AM MST   SUNSET   446 PM MST


-  INDICATES NEGATIVE NUMBERS.
R  INDICATES RECORD WAS SET OR TIED.
MM INDICATES DATA IS MISSING.
T  INDICATES TRACE AMOUNT.




$$
