000
CDUS43 KUNR 290831
CLID07


CLIMATE REPORT
NATIONAL WEATHER SERVICE RAPID CITY SD
231 AM MDT MON AUG 29 2016


...................................

...THE FAITH SD CLIMATE SUMMARY FOR AUGUST 28 2016...

CLIMATE NORMAL PERIOD 1981 TO 2010
CLIMATE RECORD PERIOD 9999 TO 9999


WEATHER ITEM   OBSERVED TIME   NORMAL DEPARTURE LAST
                VALUE   (LST)  VALUE  FROM      YEAR
                                      NORMAL
......................................................
TEMPERATURE (F)
 YESTERDAY
  MAXIMUM         96    243 PM  83     13       87
  MINIMUM         58    544 AM  55      3       57
  AVERAGE         77            69      8       72

PRECIPITATION (IN)
  YESTERDAY        0.00          0.05  -0.05     0.00
  MONTH TO DATE    1.23          1.46  -0.23     2.51
  SINCE JUN 1      4.77          7.35  -2.58     5.73
  SINCE JAN 1     11.62         13.65  -2.03    12.97

DEGREE DAYS
 HEATING
  YESTERDAY        0             1     -1        0
  MONTH TO DATE   26            12     14       29
  SINCE JUN 1     44           114    -70       63
  SINCE JUL 1     29            24      5       29

 COOLING
  YESTERDAY       12             6      6        7
  MONTH TO DATE  204           216    -12      195
  SINCE JUN 1    661           549    112      547
  SINCE JAN 1    663           561    102      549
......................................................


WIND (MPH)
  HIGHEST WIND SPEED    20   HIGHEST WIND DIRECTION     S (180)
  HIGHEST GUST SPEED    20   HIGHEST GUST DIRECTION     S (180)
  AVERAGE WIND SPEED     8.8




RELATIVE HUMIDITY (PERCENT)
 HIGHEST    87           300 AM
 LOWEST     14           200 PM
 AVERAGE    51

..........................................................




SUNRISE AND SUNSET
AUGUST 29 2016........SUNRISE   607 AM MDT   SUNSET   730 PM MDT
AUGUST 30 2016........SUNRISE   608 AM MDT   SUNSET   728 PM MDT


-  INDICATES NEGATIVE NUMBERS.
R  INDICATES RECORD WAS SET OR TIED.
MM INDICATES DATA IS MISSING.
T  INDICATES TRACE AMOUNT.




$$
