000
CDUS42 KMLB 200651
CLIDAB


CLIMATE REPORT
NATIONAL WEATHER SERVICE MELBOURNE FL
240 AM EDT WED SEP 20 2017


...................................

...THE DAYTONA BEACH CLIMATE SUMMARY FOR SEPTEMBER 19 2017...

CLIMATE NORMAL PERIOD 1981 TO 2010
CLIMATE RECORD PERIOD 1923 TO 2017


WEATHER ITEM   OBSERVED TIME   RECORD YEAR NORMAL DEPARTURE LAST
                VALUE   (LST)  VALUE       VALUE  FROM      YEAR
                                                  NORMAL
..................................................................
TEMPERATURE (F)
 YESTERDAY
  MAXIMUM         87    202 PM  94    1936  87      0       91
  MINIMUM         71    606 AM  56    1981  72     -1       75
  AVERAGE         79                        79      0       83

PRECIPITATION (IN)
  YESTERDAY        0.00          4.31 2007   0.24  -0.24     0.19
  MONTH TO DATE    9.06                      4.60   4.46     5.60
  SINCE SEP 1      9.06                      4.60   4.46     5.60
  SINCE JAN 1     38.73                     37.73   1.00    33.23

SNOWFALL (IN)
  YESTERDAY        0.0
  MONTH TO DATE    0.0
  SINCE JUL 1      0.0

DEGREE DAYS
 HEATING
  YESTERDAY        0                         0      0        0
  MONTH TO DATE    0                         0      0        0
  SINCE SEP 1      0                         0      0        0
  SINCE JUL 1      0                         0      0        0

 COOLING
  YESTERDAY       14                        14      0       18
  MONTH TO DATE  307                       288     19      306
  SINCE SEP 1    307                       288     19      306
  SINCE JAN 1   2734                      2362    372     2771
..................................................................


WIND (MPH)
  HIGHEST WIND SPEED    15   HIGHEST WIND DIRECTION    NE (60)
  HIGHEST GUST SPEED    19   HIGHEST GUST DIRECTION    NE (60)
  AVERAGE WIND SPEED     4.9


SKY COVER
  AVERAGE SKY COVER 0.2


WEATHER CONDITIONS
 THE FOLLOWING WEATHER WAS RECORDED YESTERDAY.
  FOG


RELATIVE HUMIDITY (PERCENT)
 HIGHEST   100           200 AM
 LOWEST     53          1200 PM
 AVERAGE    77

..........................................................


THE DAYTONA BEACH CLIMATE NORMALS FOR TODAY
                         NORMAL    RECORD    YEAR
 MAXIMUM TEMPERATURE (F)   87        92      1991
                                             1987
                                             1954
 MINIMUM TEMPERATURE (F)   72        66      1956
                                             1936


SUNRISE AND SUNSET
SEPTEMBER 20 2017.....SUNRISE   712 AM EDT   SUNSET   723 PM EDT
SEPTEMBER 21 2017.....SUNRISE   712 AM EDT   SUNSET   722 PM EDT


-  INDICATES NEGATIVE NUMBERS.
R  INDICATES RECORD WAS SET OR TIED.
MM INDICATES DATA IS MISSING.
T  INDICATES TRACE AMOUNT.




$$
