000
CDUS42 KMLB 260628
CLIDAB


CLIMATE REPORT
NATIONAL WEATHER SERVICE MELBOURNE FL
226 AM EDT THU MAR 26 2015


...................................

...THE DAYTONA BEACH CLIMATE SUMMARY FOR MARCH 25 2015...

CLIMATE NORMAL PERIOD 1981 TO 2010
CLIMATE RECORD PERIOD 1923 TO 2015


WEATHER ITEM   OBSERVED TIME   RECORD YEAR NORMAL DEPARTURE LAST
                VALUE   (LST)  VALUE       VALUE  FROM      YEAR
                                                  NORMAL
..................................................................
TEMPERATURE (F)
 YESTERDAY
  MAXIMUM         77   1203 PM  88    1954  76      1       77
                                      1935
  MINIMUM         60    814 AM  32    1968  56      4       56
  AVERAGE         69                        66      3       67

PRECIPITATION (IN)
  YESTERDAY        T             2.69 2005   0.14  -0.14     0.00
  MONTH TO DATE    0.52                      3.43  -2.91     3.21
  SINCE MAR 1      0.52                      3.43  -2.91     3.21
  SINCE JAN 1      5.95                      8.95  -3.00     9.79

SNOWFALL (IN)
  YESTERDAY        0.0
  MONTH TO DATE    0.0
  SINCE JUL 1      0.0

DEGREE DAYS
 HEATING
  YESTERDAY        0                         2     -2        0
  MONTH TO DATE   14                        84    -70       53
  SINCE MAR 1     14                        84    -70       53
  SINCE JUL 1    661                       766   -105      566

 COOLING
  YESTERDAY        4                         3      1        2
  MONTH TO DATE  174                        60    114       45
  SINCE MAR 1    174                        60    114       45
  SINCE JAN 1    214                       125     89      129
..................................................................


WIND (MPH)
  HIGHEST WIND SPEED    14   HIGHEST WIND DIRECTION    NE (40)
  HIGHEST GUST SPEED    17   HIGHEST GUST DIRECTION    NE (60)
  AVERAGE WIND SPEED     4.3


SKY COVER
  AVERAGE SKY COVER 0.7


WEATHER CONDITIONS
 THE FOLLOWING WEATHER WAS RECORDED YESTERDAY.
  LIGHT RAIN
  FOG
  FOG W/VISIBILITY <= 1/4 MILE


RELATIVE HUMIDITY (PERCENT)
 HIGHEST   100           300 AM
 LOWEST     68           200 PM
 AVERAGE    84

..........................................................


THE DAYTONA BEACH CLIMATE NORMALS FOR TODAY
                         NORMAL    RECORD    YEAR
 MAXIMUM TEMPERATURE (F)   76        89      1944
 MINIMUM TEMPERATURE (F)   56        36      1956


SUNRISE AND SUNSET
MARCH 26 2015.........SUNRISE   721 AM EDT   SUNSET   739 PM EDT
MARCH 27 2015.........SUNRISE   720 AM EDT   SUNSET   740 PM EDT


-  INDICATES NEGATIVE NUMBERS.
R  INDICATES RECORD WAS SET OR TIED.
MM INDICATES DATA IS MISSING.
T  INDICATES TRACE AMOUNT.




$$
