000
CDUS42 KMLB 210628
CLIDAB


CLIMATE REPORT
NATIONAL WEATHER SERVICE MELBOURNE FL
227 AM EDT SUN SEP 21 2014


...................................

...THE DAYTONA BEACH CLIMATE SUMMARY FOR SEPTEMBER 20 2014...

CLIMATE NORMAL PERIOD 1981 TO 2010
CLIMATE RECORD PERIOD 1923 TO 2014


WEATHER ITEM   OBSERVED TIME   RECORD YEAR NORMAL DEPARTURE LAST
                VALUE   (LST)  VALUE       VALUE  FROM      YEAR
                                                  NORMAL
..................................................................
TEMPERATURE (F)
 YESTERDAY
  MAXIMUM         83    323 PM  92    1991  87     -4       86
                                      1987
                                      1954
  MINIMUM         71    732 AM  53    1981  72     -1       69
  AVERAGE         77                        79     -2       78

PRECIPITATION (IN)
  YESTERDAY        1.06          2.25 1962   0.23   0.83     0.00
  MONTH TO DATE    9.05                      4.83   4.22     2.61
  SINCE SEP 1      9.05                      4.83   4.22     2.61
  SINCE JAN 1     42.22                     37.96   4.26    37.83

SNOWFALL (IN)
  YESTERDAY        0.0
  MONTH TO DATE    0.0
  SINCE JUL 1      0.0

DEGREE DAYS
 HEATING
  YESTERDAY        0                         0      0        0
  MONTH TO DATE    0                         0      0        0
  SINCE SEP 1      0                         0      0        0
  SINCE JUL 1      0                         0      0        0

 COOLING
  YESTERDAY       12                        14     -2       13
  MONTH TO DATE  318                       302     16      327
  SINCE SEP 1    318                       302     16      327
  SINCE JAN 1   2510                      2376    134     2523
..................................................................


WIND (MPH)
  HIGHEST WIND SPEED    22   HIGHEST WIND DIRECTION     N (350)
  HIGHEST GUST SPEED    28   HIGHEST GUST DIRECTION     N (360)
  AVERAGE WIND SPEED     6.7


SKY COVER
  AVERAGE SKY COVER 0.9


WEATHER CONDITIONS
 THE FOLLOWING WEATHER WAS RECORDED YESTERDAY.
  HEAVY RAIN
  RAIN
  LIGHT RAIN
  FOG
  FOG W/VISIBILITY <= 1/4 MILE
  HAZE


RELATIVE HUMIDITY (PERCENT)
 HIGHEST   100           500 AM
 LOWEST     65           300 PM
 AVERAGE    83

..........................................................


THE DAYTONA BEACH CLIMATE NORMALS FOR TODAY
                         NORMAL    RECORD    YEAR
 MAXIMUM TEMPERATURE (F)   86        94      1954
 MINIMUM TEMPERATURE (F)   72        57      1938


SUNRISE AND SUNSET
SEPTEMBER 21 2014.....SUNRISE   712 AM EDT   SUNSET   722 PM EDT
SEPTEMBER 22 2014.....SUNRISE   713 AM EDT   SUNSET   721 PM EDT


-  INDICATES NEGATIVE NUMBERS.
R  INDICATES RECORD WAS SET OR TIED.
MM INDICATES DATA IS MISSING.
T  INDICATES TRACE AMOUNT.




$$
