000
CDUS42 KMLB 200626
CLIDAB


CLIMATE REPORT
NATIONAL WEATHER SERVICE MELBOURNE FL
126 AM EST SAT JAN 20 2018


...................................

...THE DAYTONA BEACH CLIMATE SUMMARY FOR JANUARY 19 2018...

CLIMATE NORMAL PERIOD 1981 TO 2010
CLIMATE RECORD PERIOD 1923 TO 2018


WEATHER ITEM   OBSERVED TIME   RECORD YEAR NORMAL DEPARTURE LAST
                VALUE   (LST)  VALUE       VALUE  FROM      YEAR
                                                  NORMAL
..................................................................
TEMPERATURE (F)
 YESTERDAY
  MAXIMUM         61    233 PM  85    1943  68     -7       78
  MINIMUM         32    237 AM  25    1997  47    -15       57
                                      1977
  AVERAGE         47                        58    -11       68

PRECIPITATION (IN)
  YESTERDAY        0.00          1.40 1978   0.08  -0.08     0.00
  MONTH TO DATE    4.87                      1.64   3.23     1.32
  SINCE DEC 1      6.06                      4.27   1.79     2.02
  SINCE JAN 1      4.87                      1.64   3.23     1.32

SNOWFALL (IN)
  YESTERDAY        0.0
  MONTH TO DATE    0.0
  SINCE JUL 1      0.0

DEGREE DAYS
 HEATING
  YESTERDAY       18                         8     10        0
  MONTH TO DATE  251                       152     99       64
  SINCE DEC 1    382                       344     38      143
  SINCE JUL 1    416                       418     -2      180

 COOLING
  YESTERDAY        0                         1     -1        3
  MONTH TO DATE   14                        19     -5       40
  SINCE DEC 1     83                        70     13      148
  SINCE JAN 1     14                        19     -5       40
..................................................................


WIND (MPH)
  HIGHEST WIND SPEED     9   HIGHEST WIND DIRECTION    NE (60)
  HIGHEST GUST SPEED    12   HIGHEST GUST DIRECTION    NE (60)
  AVERAGE WIND SPEED     2.3


SKY COVER
  AVERAGE SKY COVER 0.2


WEATHER CONDITIONS
 THE FOLLOWING WEATHER WAS RECORDED YESTERDAY.
  NO SIGNIFICANT WEATHER WAS OBSERVED.


RELATIVE HUMIDITY (PERCENT)
 HIGHEST   100          1200 AM
 LOWEST     46           300 PM
 AVERAGE    73

..........................................................


THE DAYTONA BEACH CLIMATE NORMALS FOR TODAY
                         NORMAL    RECORD    YEAR
 MAXIMUM TEMPERATURE (F)   68        84      1963
 MINIMUM TEMPERATURE (F)   47        23      1977


SUNRISE AND SUNSET
JANUARY 20 2018.......SUNRISE   718 AM EST   SUNSET   553 PM EST
JANUARY 21 2018.......SUNRISE   718 AM EST   SUNSET   553 PM EST


-  INDICATES NEGATIVE NUMBERS.
R  INDICATES RECORD WAS SET OR TIED.
MM INDICATES DATA IS MISSING.
T  INDICATES TRACE AMOUNT.




$$
