000
CDUS42 KMLB 250629
CLIDAB


CLIMATE REPORT
NATIONAL WEATHER SERVICE MELBOURNE FL
227 AM EDT MON MAY 25 2015


...................................

...THE DAYTONA BEACH CLIMATE SUMMARY FOR MAY 24 2015...

CLIMATE NORMAL PERIOD 1981 TO 2010
CLIMATE RECORD PERIOD 1923 TO 2015


WEATHER ITEM   OBSERVED TIME   RECORD YEAR NORMAL DEPARTURE LAST
                VALUE   (LST)  VALUE       VALUE  FROM      YEAR
                                                  NORMAL
..................................................................
TEMPERATURE (F)
 YESTERDAY
  MAXIMUM         84    119 PM  96    2000  86     -2       92
                                      1953
  MINIMUM         74    755 PM  53    1941  68      6       70
  AVERAGE         79                        77      2       81

PRECIPITATION (IN)
  YESTERDAY        0.02          1.32 1943   0.13  -0.11     0.00
  MONTH TO DATE    2.60                      2.09   0.51     2.68
  SINCE MAR 1      8.89                      8.51   0.38    11.74
  SINCE JAN 1     14.32                     14.03   0.29    18.32

SNOWFALL (IN)
  YESTERDAY        0.0
  MONTH TO DATE    0.0
  SINCE JUL 1      0.0

DEGREE DAYS
 HEATING
  YESTERDAY        0                         0      0        0
  MONTH TO DATE    0                         0      0        0
  SINCE MAR 1     35                       125    -90       89
  SINCE JUL 1    682                       807   -125      602

 COOLING
  YESTERDAY       14                        12      2       16
  MONTH TO DATE  269                       225     44      237
  SINCE MAR 1    774                       447    327      488
  SINCE JAN 1    814                       512    302      572
..................................................................


WIND (MPH)
  HIGHEST WIND SPEED    21   HIGHEST WIND DIRECTION    NE (50)
  HIGHEST GUST SPEED    24   HIGHEST GUST DIRECTION    NE (60)
  AVERAGE WIND SPEED    11.1


SKY COVER
  AVERAGE SKY COVER 0.6


WEATHER CONDITIONS
 THE FOLLOWING WEATHER WAS RECORDED YESTERDAY.
  LIGHT RAIN
  FOG


RELATIVE HUMIDITY (PERCENT)
 HIGHEST    94          1000 PM
 LOWEST     65          1200 PM
 AVERAGE    80

..........................................................


THE DAYTONA BEACH CLIMATE NORMALS FOR TODAY
                         NORMAL    RECORD    YEAR
 MAXIMUM TEMPERATURE (F)   86        97      2000
 MINIMUM TEMPERATURE (F)   68        57      1951
                                             1941
                                             1935


SUNRISE AND SUNSET
MAY 25 2015...........SUNRISE   628 AM EDT   SUNSET   815 PM EDT
MAY 26 2015...........SUNRISE   627 AM EDT   SUNSET   815 PM EDT


-  INDICATES NEGATIVE NUMBERS.
R  INDICATES RECORD WAS SET OR TIED.
MM INDICATES DATA IS MISSING.
T  INDICATES TRACE AMOUNT.




$$
