000
CDUS42 KMLB 190626
CLIDAB


CLIMATE REPORT
NATIONAL WEATHER SERVICE MELBOURNE FL
126 AM EST SUN NOV 19 2017


...................................

...THE DAYTONA BEACH CLIMATE SUMMARY FOR NOVEMBER 18 2017...

CLIMATE NORMAL PERIOD 1981 TO 2010
CLIMATE RECORD PERIOD 1923 TO 2017


WEATHER ITEM   OBSERVED TIME   RECORD YEAR NORMAL DEPARTURE LAST
                VALUE   (LST)  VALUE       VALUE  FROM      YEAR
                                                  NORMAL
..................................................................
TEMPERATURE (F)
 YESTERDAY
  MAXIMUM         80    237 PM  86    1986  76      4       77
                                      1974
  MINIMUM         54    658 AM  31    1940  57     -3       52
  AVERAGE         67                        66      1       65

PRECIPITATION (IN)
  YESTERDAY        0.00          0.24 2015   0.09  -0.09     0.00
                                      1968
  MONTH TO DATE    0.17                      1.71  -1.54     0.10
  SINCE SEP 1     17.64                     12.88   4.76    16.31
  SINCE JAN 1     47.31                     46.01   1.30    43.94

SNOWFALL (IN)
  YESTERDAY        0.0
  MONTH TO DATE    0.0
  SINCE JUL 1      0.0

DEGREE DAYS
 HEATING
  YESTERDAY        0                         2     -2        0
  MONTH TO DATE    1                        27    -26       11
  SINCE SEP 1     23                        35    -12       12
  SINCE JUL 1     23                        35    -12       12

 COOLING
  YESTERDAY        2                         4     -2        0
  MONTH TO DATE  107                        82     25       73
  SINCE SEP 1    951                       804    147      880
  SINCE JAN 1   3378                      2878    500     3345
..................................................................


WIND (MPH)
  HIGHEST WIND SPEED    13   HIGHEST WIND DIRECTION    SW (230)
  HIGHEST GUST SPEED    16   HIGHEST GUST DIRECTION    SW (240)
  AVERAGE WIND SPEED     2.9


SKY COVER
  AVERAGE SKY COVER 0.2


WEATHER CONDITIONS
 THE FOLLOWING WEATHER WAS RECORDED YESTERDAY.
  FOG


RELATIVE HUMIDITY (PERCENT)
 HIGHEST   100           100 AM
 LOWEST     45           200 PM
 AVERAGE    73

..........................................................


THE DAYTONA BEACH CLIMATE NORMALS FOR TODAY
                         NORMAL    RECORD    YEAR
 MAXIMUM TEMPERATURE (F)   75        88      1948
 MINIMUM TEMPERATURE (F)   56        34      1951


SUNRISE AND SUNSET
NOVEMBER 19 2017......SUNRISE   651 AM EST   SUNSET   528 PM EST
NOVEMBER 20 2017......SUNRISE   652 AM EST   SUNSET   527 PM EST


-  INDICATES NEGATIVE NUMBERS.
R  INDICATES RECORD WAS SET OR TIED.
MM INDICATES DATA IS MISSING.
T  INDICATES TRACE AMOUNT.




$$
