000
CDUS42 KMLB 300635
CLIDAB


CLIMATE REPORT
NATIONAL WEATHER SERVICE MELBOURNE FL
135 AM EST FRI JAN 30 2015


...................................

...THE DAYTONA BEACH CLIMATE SUMMARY FOR JANUARY 29 2015...

CLIMATE NORMAL PERIOD 1981 TO 2010
CLIMATE RECORD PERIOD 1923 TO 2015


WEATHER ITEM   OBSERVED TIME   RECORD YEAR NORMAL DEPARTURE LAST
                VALUE   (LST)  VALUE       VALUE  FROM      YEAR
                                                  NORMAL
..................................................................
TEMPERATURE (F)
 YESTERDAY
  MAXIMUM         69    152 PM  85    1957  69      0       59
  MINIMUM         40    647 AM  18    1940  48     -8       44
  AVERAGE         55                        59     -4       52

PRECIPITATION (IN)
  YESTERDAY        0.00          1.18 1961   0.09  -0.09     0.57
  MONTH TO DATE    2.55                      2.56  -0.01     2.19
  SINCE DEC 1      5.38                      5.19   0.19     3.88
  SINCE JAN 1      2.55                      2.56  -0.01     2.19

SNOWFALL (IN)
  YESTERDAY        0.0
  MONTH TO DATE    0.0
  SINCE JUL 1      0.0

DEGREE DAYS
 HEATING
  YESTERDAY       10                         7      3       13
  MONTH TO DATE  181                       231    -50      266
  SINCE DEC 1    296                       423   -127      339
  SINCE JUL 1    425                       497    -72      370

 COOLING
  YESTERDAY        0                         1     -1        0
  MONTH TO DATE   31                        29      2       25
  SINCE DEC 1    114                        80     34      139
  SINCE JAN 1     31                        29      2       25
..................................................................


WIND (MPH)
  HIGHEST WIND SPEED    10   HIGHEST WIND DIRECTION     E (100)
  HIGHEST GUST SPEED    15   HIGHEST GUST DIRECTION     E (80)
  AVERAGE WIND SPEED     3.2


SKY COVER
  AVERAGE SKY COVER 0.3


WEATHER CONDITIONS
 THE FOLLOWING WEATHER WAS RECORDED YESTERDAY.
  NO SIGNIFICANT WEATHER WAS OBSERVED.


RELATIVE HUMIDITY (PERCENT)
 HIGHEST    92           300 AM
 LOWEST     45           100 PM
 AVERAGE    69

..........................................................


THE DAYTONA BEACH CLIMATE NORMALS FOR TODAY
                         NORMAL    RECORD    YEAR
 MAXIMUM TEMPERATURE (F)   69        87      1991
 MINIMUM TEMPERATURE (F)   48        26      1966


SUNRISE AND SUNSET
JANUARY 30 2015.......SUNRISE   714 AM EST   SUNSET   601 PM EST
JANUARY 31 2015.......SUNRISE   714 AM EST   SUNSET   602 PM EST


-  INDICATES NEGATIVE NUMBERS.
R  INDICATES RECORD WAS SET OR TIED.
MM INDICATES DATA IS MISSING.
T  INDICATES TRACE AMOUNT.




$$
