000
CDUS41 KRNK 262105
CLIDAN


CLIMATE REPORT
NATIONAL WEATHER SERVICE BLACKSBURG VA
503 PM EDT TUE SEP 26 2017


...................................

...THE DANVILLE VA CLIMATE SUMMARY FOR SEPTEMBER 26 2017...
VALID TODAY AS OF 0500 PM LOCAL TIME.

CLIMATE NORMAL PERIOD 1981 TO 2010
CLIMATE RECORD PERIOD 1948 TO 2017


WEATHER ITEM   OBSERVED TIME   RECORD YEAR NORMAL DEPARTURE LAST
                VALUE   (LST)  VALUE       VALUE  FROM      YEAR
                                                  NORMAL
..................................................................
TEMPERATURE (F)
 TODAY
  MAXIMUM         87    250 PM  94    1970  76     11       75
  MINIMUM         64    147 AM  38    1950  56      8       65
  AVERAGE         76                        66     10       70

PRECIPITATION (IN)
  TODAY            0.00          1.73 1989   0.13  -0.13     0.14
  MONTH TO DATE    2.60                      3.42  -0.82     1.27
  SINCE SEP 1      2.60                      3.42  -0.82     1.27
  SINCE JAN 1     36.70                     33.71   2.99    37.53

SNOWFALL (IN)
  TODAY            0.0                                       0.0
  MONTH TO DATE    0.0                                       0.0
  SINCE SEP 1      0.0                                       0.0
  SINCE JUL 1      0.0                                       0.0
  SNOW DEPTH       0

DEGREE DAYS
 HEATING
  TODAY            0                         2     -2        0
  MONTH TO DATE   30                        17     13        0
  SINCE SEP 1     30                        17     13        0
  SINCE JUL 1     30                        17     13        0

 COOLING
  TODAY           11                         3      8        5
  MONTH TO DATE  137                       165    -28      271
  SINCE SEP 1    137                       165    -28      271
  SINCE JAN 1   1311                      1392    -81     1576
..................................................................


WIND (MPH)
  HIGHEST WIND SPEED    15   HIGHEST WIND DIRECTION    NE (40)
  HIGHEST GUST SPEED    19   HIGHEST GUST DIRECTION    NE (50)
  AVERAGE WIND SPEED     7.3


SKY COVER
  AVERAGE SKY COVER 0.3


WEATHER CONDITIONS
 THE FOLLOWING WEATHER WAS RECORDED TODAY.
  NO SIGNIFICANT WEATHER WAS OBSERVED.


RELATIVE HUMIDITY (PERCENT)
 HIGHEST   100           400 AM
 LOWEST     59           100 PM
 AVERAGE    80

..........................................................


THE DANVILLE VA CLIMATE NORMALS FOR TOMORROW
                         NORMAL    RECORD    YEAR
 MAXIMUM TEMPERATURE (F)   76        94      1986
 MINIMUM TEMPERATURE (F)   56        42      2001


SUNRISE AND SUNSET
SEPTEMBER 26 2017.....SUNRISE   709 AM EDT   SUNSET   708 PM EDT
SEPTEMBER 27 2017.....SUNRISE   709 AM EDT   SUNSET   706 PM EDT


-  INDICATES NEGATIVE NUMBERS.
R  INDICATES RECORD WAS SET OR TIED.
MM INDICATES DATA IS MISSING.
T  INDICATES TRACE AMOUNT.

REMARKS:
DUE TO MISSING RAINFALL ON AUGUST 21-24...ALL PRECIPITATION DATA
WILL BE CALCULATED WITHOUT DATA FROM THESE DATES.


$$
