000
CDUS41 KRNK 252127
CLIDAN


CLIMATE REPORT
NATIONAL WEATHER SERVICE BLACKSBURG VA
525 PM EDT SAT OCT 25 2014


...................................

...THE DANVILLE VA CLIMATE SUMMARY FOR OCTOBER 25 2014...
VALID TODAY AS OF 0500 PM LOCAL TIME.

CLIMATE NORMAL PERIOD 1981 TO 2010
CLIMATE RECORD PERIOD 1948 TO 2014


WEATHER ITEM   OBSERVED TIME   RECORD YEAR NORMAL DEPARTURE LAST
                VALUE   (LST)  VALUE       VALUE  FROM      YEAR
                                                  NORMAL
..................................................................
TEMPERATURE (F)
 TODAY
  MAXIMUM         72    311 PM  82    2012  68      4       56
  MINIMUM         38    656 AM  28    2006  46     -8       31
  AVERAGE         55                        57     -2

PRECIPITATION (IN)
  TODAY            0.00          1.28 1982   0.11  -0.11     0.00
  MONTH TO DATE    4.12                      2.87   1.25     1.20
  SINCE SEP 1      8.00                      6.83   1.17     2.35
  SINCE JAN 1     37.75                     37.12   0.63    43.66

SNOWFALL (IN)
  TODAY            0.0
  MONTH TO DATE    0.0
  SINCE SEP 1      0.0
  SINCE JUL 1      0.0
  SNOW DEPTH       0

DEGREE DAYS
 HEATING
  TODAY           10                         9      1
  MONTH TO DATE  114                       146    -32
  SINCE SEP 1    126                       174    -48
  SINCE JUL 1    126                       174    -48

 COOLING
  TODAY            0                         1     -1
  MONTH TO DATE   32                        32      0
  SINCE SEP 1    228                       208     20
  SINCE JAN 1   1417                      1435    -18
..................................................................


WIND (MPH)
  HIGHEST WIND SPEED    13   HIGHEST WIND DIRECTION    SW (230)
  HIGHEST GUST SPEED    15   HIGHEST GUST DIRECTION    SW (230)
  AVERAGE WIND SPEED     2.7


SKY COVER
  POSSIBLE SUNSHINE  MM
  AVERAGE SKY COVER 0.0


WEATHER CONDITIONS
 THE FOLLOWING WEATHER WAS RECORDED TODAY.
  NO SIGNIFICANT WEATHER WAS OBSERVED.


RELATIVE HUMIDITY (PERCENT)
 HIGHEST    93           300 AM
 LOWEST     32           100 PM
 AVERAGE    63

..........................................................


THE DANVILLE VA CLIMATE NORMALS FOR TOMORROW
                         NORMAL    RECORD    YEAR
 MAXIMUM TEMPERATURE (F)   67        81      1989
 MINIMUM TEMPERATURE (F)   45        26      2013


SUNRISE AND SUNSET
OCTOBER 25 2014.......SUNRISE   734 AM EDT   SUNSET   628 PM EDT
OCTOBER 26 2014.......SUNRISE   735 AM EDT   SUNSET   627 PM EDT


-  INDICATES NEGATIVE NUMBERS.
R  INDICATES RECORD WAS SET OR TIED.
MM INDICATES DATA IS MISSING.
T  INDICATES TRACE AMOUNT.




$$
