000
CDUS41 KRNK 160916
CLIDAN


CLIMATE REPORT
NATIONAL WEATHER SERVICE BLACKSBURG VA
513 AM EDT TUE SEP 16 2014


...................................

...THE DANVILLE VA CLIMATE SUMMARY FOR SEPTEMBER 15 2014...

CLIMATE NORMAL PERIOD 1981 TO 2010
CLIMATE RECORD PERIOD 1948 TO 2014


WEATHER ITEM   OBSERVED TIME   RECORD YEAR NORMAL DEPARTURE LAST
                VALUE   (LST)  VALUE       VALUE  FROM      YEAR
                                                  NORMAL
..................................................................
TEMPERATURE (F)
 YESTERDAY
  MAXIMUM         77    151 PM  96    1991  80     -3       80
  MINIMUM         60    550 AM  44    1985  60      0       49
  AVERAGE         69                        70     -1

PRECIPITATION (IN)
  YESTERDAY        T             1.10 1976   0.13  -0.13     0.00
  MONTH TO DATE    3.10                      2.01   1.09     0.24
  SINCE SEP 1      3.10                      2.01   1.09     0.24
  SINCE JAN 1     32.85                     32.30   0.55    41.55

SNOWFALL (IN)
  YESTERDAY        0.0
  MONTH TO DATE    0.0
  SINCE SEP 1      0.0
  SINCE JUL 1      0.0
  SNOW DEPTH       0

DEGREE DAYS
 HEATING
  YESTERDAY        0                         1     -1
  MONTH TO DATE    0                         2     -2
  SINCE SEP 1      0                         2     -2
  SINCE JUL 1      0                         2     -2

 COOLING
  YESTERDAY        4                         6     -2
  MONTH TO DATE  153                       117     36
  SINCE SEP 1    153                       117     36
  SINCE JAN 1   1342                      1344     -2
..................................................................


WIND (MPH)
  HIGHEST WIND SPEED     7   HIGHEST WIND DIRECTION    SW (220)
  HIGHEST GUST SPEED    10   HIGHEST GUST DIRECTION    SW (220)
  AVERAGE WIND SPEED     2.1


SKY COVER
  POSSIBLE SUNSHINE  MM
  AVERAGE SKY COVER 0.7


WEATHER CONDITIONS
 THE FOLLOWING WEATHER WAS RECORDED YESTERDAY.
  LIGHT RAIN


RELATIVE HUMIDITY (PERCENT)
 HIGHEST    93          1100 PM
 LOWEST     64          1100 AM
 AVERAGE    79

..........................................................


THE DANVILLE VA CLIMATE NORMALS FOR TODAY
                         NORMAL    RECORD    YEAR
 MAXIMUM TEMPERATURE (F)   80        95      1958
 MINIMUM TEMPERATURE (F)   60        44      1985


SUNRISE AND SUNSET
SEPTEMBER 16 2014.....SUNRISE   700 AM EDT   SUNSET   723 PM EDT
SEPTEMBER 17 2014.....SUNRISE   701 AM EDT   SUNSET   722 PM EDT


-  INDICATES NEGATIVE NUMBERS.
R  INDICATES RECORD WAS SET OR TIED.
MM INDICATES DATA IS MISSING.
T  INDICATES TRACE AMOUNT.



$$
