000
CDUS41 KRNK 220616
CLIDAN


CLIMATE REPORT
NATIONAL WEATHER SERVICE BLACKSBURG VA
112 AM EST WED FEB 22 2017


...................................

...THE DANVILLE VA CLIMATE SUMMARY FOR FEBRUARY 21 2017...

CLIMATE NORMAL PERIOD 1981 TO 2010
CLIMATE RECORD PERIOD 1948 TO 2017


WEATHER ITEM   OBSERVED TIME   RECORD YEAR NORMAL DEPARTURE LAST
                VALUE   (LST)  VALUE       VALUE  FROM      YEAR
                                                  NORMAL
..................................................................
TEMPERATURE (F)
 YESTERDAY
  MAXIMUM         63    217 PM  75    2011  52     11       68
  MINIMUM         41    720 AM  11    1979  33      8       40
  AVERAGE         52                        42     10       54

PRECIPITATION (IN)
  YESTERDAY        0.00          0.97 1954   0.09  -0.09     0.08
  MONTH TO DATE    0.69                      2.33  -1.64     3.29
  SINCE DEC 1      6.19                      9.02  -2.83    11.39
  SINCE JAN 1      4.57                      5.75  -1.18     5.83

SNOWFALL (IN)
  YESTERDAY        0.0                                       0.0
  MONTH TO DATE    T                                         1.9
  SINCE DEC 1      8.8                                      11.1
  SINCE JUL 1      8.8                                      11.1
  SNOW DEPTH       0

DEGREE DAYS
 HEATING
  YESTERDAY       13                        23    -10       11
  MONTH TO DATE  364                       521   -157      523
  SINCE DEC 1   1804                      2140   -336     1797
  SINCE JUL 1   2374                      2849   -475     2339

 COOLING
  YESTERDAY        0                         0      0        0
  MONTH TO DATE    5                         0      5        0
  SINCE DEC 1      5                         0      5       11
  SINCE JAN 1      5                         0      5        0
..................................................................


WIND (MPH)
  HIGHEST WIND SPEED     8   HIGHEST WIND DIRECTION    SE (130)
  HIGHEST GUST SPEED    14   HIGHEST GUST DIRECTION    NE (40)
  AVERAGE WIND SPEED     2.8


SKY COVER
  AVERAGE SKY COVER 0.0


WEATHER CONDITIONS
 THE FOLLOWING WEATHER WAS RECORDED YESTERDAY.
  NO SIGNIFICANT WEATHER WAS OBSERVED.


RELATIVE HUMIDITY (PERCENT)
 HIGHEST    89           500 AM
 LOWEST     39           200 PM
 AVERAGE    64

..........................................................


THE DANVILLE VA CLIMATE NORMALS FOR TODAY
                         NORMAL    RECORD    YEAR
 MAXIMUM TEMPERATURE (F)   52        73      1976
 MINIMUM TEMPERATURE (F)   33        10      1968


SUNRISE AND SUNSET
FEBRUARY 22 2017......SUNRISE   657 AM EST   SUNSET   605 PM EST
FEBRUARY 23 2017......SUNRISE   655 AM EST   SUNSET   606 PM EST


-  INDICATES NEGATIVE NUMBERS.
R  INDICATES RECORD WAS SET OR TIED.
MM INDICATES DATA IS MISSING.
T  INDICATES TRACE AMOUNT.




$$
