000
CDUS41 KRNK 022156
CLIDAN


CLIMATE REPORT
NATIONAL WEATHER SERVICE BLACKSBURG VA
451 PM EST MON MAR 2 2015


...................................

...THE DANVILLE VA CLIMATE SUMMARY FOR MARCH 2 2015...
VALID TODAY AS OF 0400 PM LOCAL TIME.

CLIMATE NORMAL PERIOD 1981 TO 2010
CLIMATE RECORD PERIOD 1948 TO 2015


WEATHER ITEM   OBSERVED TIME   RECORD YEAR NORMAL DEPARTURE LAST
                VALUE   (LST)  VALUE       VALUE  FROM      YEAR
                                                  NORMAL
..................................................................
TEMPERATURE (F)
 TODAY
  MAXIMUM         57    350 PM  78    2006  54      3       71
                                      1976
  MINIMUM         35   1242 AM  13    1980  34      1       29
  AVERAGE         46                        44      2

PRECIPITATION (IN)
  TODAY            0.00          1.62 1994   0.10  -0.10     0.00
  MONTH TO DATE    0.19                      0.19   0.00     0.00
  SINCE MAR 1      0.19                      0.19   0.00     0.00
  SINCE JAN 1      3.98                      6.62  -2.64     5.12

SNOWFALL (IN)
  TODAY            0.0
  MONTH TO DATE    0.0
  SINCE MAR 1      0.0
  SINCE JUL 1      9.8
  SNOW DEPTH       0

DEGREE DAYS
 HEATING
  TODAY           19                        21     -2
  MONTH TO DATE   54                        42     12
  SINCE MAR 1     54                        42     12
  SINCE JUL 1   3148                      3043    105

 COOLING
  TODAY            0                         0      0
  MONTH TO DATE    0                         0      0
  SINCE MAR 1      0                         0      0
  SINCE JAN 1      0                         0      0
..................................................................


WIND (MPH)
  HIGHEST WIND SPEED    23   HIGHEST WIND DIRECTION    NW (320)
  HIGHEST GUST SPEED    31   HIGHEST GUST DIRECTION    NW (330)
  AVERAGE WIND SPEED     9.9


SKY COVER
  POSSIBLE SUNSHINE  MM
  AVERAGE SKY COVER 0.6


WEATHER CONDITIONS
 THE FOLLOWING WEATHER WAS RECORDED TODAY.
  FOG
  FOG W/VISIBILITY <= 1/4 MILE


RELATIVE HUMIDITY (PERCENT)
 HIGHEST   100           500 AM
 LOWEST     32           300 PM
 AVERAGE    66

..........................................................


THE DANVILLE VA CLIMATE NORMALS FOR TOMORROW
                         NORMAL    RECORD    YEAR
 MAXIMUM TEMPERATURE (F)   55        80      1976
 MINIMUM TEMPERATURE (F)   35        11      1980


SUNRISE AND SUNSET
MARCH  2 2015.........SUNRISE   647 AM EST   SUNSET   613 PM EST
MARCH  3 2015.........SUNRISE   646 AM EST   SUNSET   614 PM EST


-  INDICATES NEGATIVE NUMBERS.
R  INDICATES RECORD WAS SET OR TIED.
MM INDICATES DATA IS MISSING.
T  INDICATES TRACE AMOUNT.

REMARKS:
DUE TO AN EQUIPMENT FAILURE CAUSING MISSING TEMPERATURE DATA ON
FEBRUARY 15...ALL TEMPERATURE DATA AND HDD WILL BE CALCULATED
WITHOUT DATA FROM THIS DATE.



$$
