000
CDUS41 KRNK 060731
CLIDAN


CLIMATE REPORT
NATIONAL WEATHER SERVICE BLACKSBURG VA
229 AM EST TUE DEC 6 2016


...................................

...THE DANVILLE VA CLIMATE SUMMARY FOR DECEMBER 5 2016...

CLIMATE NORMAL PERIOD 1981 TO 2010
CLIMATE RECORD PERIOD 1948 TO 2016


WEATHER ITEM   OBSERVED TIME   RECORD YEAR NORMAL DEPARTURE LAST
                VALUE   (LST)  VALUE       VALUE  FROM      YEAR
                                                  NORMAL
..................................................................
TEMPERATURE (F)
 YESTERDAY
  MAXIMUM         58    322 PM  75    1982  52      6       55
  MINIMUM         40    725 AM  15    2000  32      8       26
  AVERAGE         49                        42      7       41

PRECIPITATION (IN)
  YESTERDAY        0.16          1.63 2005   0.12   0.04     0.00
  MONTH TO DATE    0.46                      0.59  -0.13     0.70
  SINCE DEC 1      0.46                      0.59  -0.13     0.70
  SINCE JAN 1     45.67                     41.73   3.94    47.18

SNOWFALL (IN)
  YESTERDAY       MM                                         0.0
  MONTH TO DATE    0.0                                       0.0
  SINCE DEC 1      0.0                                       0.0
  SINCE JUL 1      0.0                                       0.0
  SNOW DEPTH       0

DEGREE DAYS
 HEATING
  YESTERDAY       16                        23     -7       24
  MONTH TO DATE  102                       110     -8       99
  SINCE DEC 1    102                       110     -8       99
  SINCE JUL 1    672                       819   -147      641

 COOLING
  YESTERDAY        0                         0      0        0
  MONTH TO DATE    0                         0      0        0
  SINCE DEC 1      0                         0      0        0
  SINCE JAN 1   1651                      1439    212     1643
..................................................................


WIND (MPH)
  HIGHEST WIND SPEED     7   HIGHEST WIND DIRECTION     E (110)
  HIGHEST GUST SPEED    10   HIGHEST GUST DIRECTION     E (80)
  AVERAGE WIND SPEED     1.6


SKY COVER
  AVERAGE SKY COVER 0.7


WEATHER CONDITIONS
 THE FOLLOWING WEATHER WAS RECORDED YESTERDAY.
  LIGHT RAIN
  FOG


RELATIVE HUMIDITY (PERCENT)
 HIGHEST   100          1200 AM
 LOWEST     61           300 PM
 AVERAGE    81

..........................................................


THE DANVILLE VA CLIMATE NORMALS FOR TODAY
                         NORMAL    RECORD    YEAR
 MAXIMUM TEMPERATURE (F)   52        78      2013
                                             1998
 MINIMUM TEMPERATURE (F)   32        18      1974


SUNRISE AND SUNSET
DECEMBER  6 2016......SUNRISE   716 AM EST   SUNSET   501 PM EST
DECEMBER  7 2016......SUNRISE   716 AM EST   SUNSET   501 PM EST


-  INDICATES NEGATIVE NUMBERS.
R  INDICATES RECORD WAS SET OR TIED.
MM INDICATES DATA IS MISSING.
T  INDICATES TRACE AMOUNT.




$$
