000
CDUS41 KRNK 250618
CLIDAN


CLIMATE REPORT
NATIONAL WEATHER SERVICE BLACKSBURG VA
217 AM EDT MON JUL 25 2016


...................................

...THE DANVILLE VA CLIMATE SUMMARY FOR JULY 24 2016...

CLIMATE NORMAL PERIOD 1981 TO 2010
CLIMATE RECORD PERIOD 1948 TO 2016


WEATHER ITEM   OBSERVED TIME   RECORD YEAR NORMAL DEPARTURE LAST
                VALUE   (LST)  VALUE       VALUE  FROM      YEAR
                                                  NORMAL
..................................................................
TEMPERATURE (F)
 YESTERDAY
  MAXIMUM         95    419 PM 101    2010  88      7       87
  MINIMUM         71    444 AM  54    1969  69      2       66
  AVERAGE         83                        78      5       77

PRECIPITATION (IN)
  YESTERDAY        0.00          1.00 1983   0.15  -0.15     0.00
  MONTH TO DATE    2.84                      3.62  -0.78     5.60
  SINCE JUN 1     10.54                      7.47   3.07    13.72
  SINCE JAN 1     30.09                     25.35   4.74    23.60

SNOWFALL (IN)
  YESTERDAY        0.0                                       0.0
  MONTH TO DATE    0.0                                       0.0
  SINCE JUN 1      0.0                                       0.0
  SINCE JUL 1      0.0                                       0.0
  SNOW DEPTH       0

DEGREE DAYS
 HEATING
  YESTERDAY        0                         0      0        0
  MONTH TO DATE    0                         0      0        0
  SINCE JUN 1      0                         3     -3        5
  SINCE JUL 1      0                         0      0        0

 COOLING
  YESTERDAY       18                        13      5       12
  MONTH TO DATE  326                       312     14      325
  SINCE JUN 1    602                       609     -7      703
  SINCE JAN 1    741                       753    -12      930
..................................................................


WIND (MPH)
  HIGHEST WIND SPEED    10   HIGHEST WIND DIRECTION    SW (230)
  HIGHEST GUST SPEED    14   HIGHEST GUST DIRECTION    SW (240)
  AVERAGE WIND SPEED     3.3


SKY COVER
  AVERAGE SKY COVER 0.0


WEATHER CONDITIONS
 THE FOLLOWING WEATHER WAS RECORDED YESTERDAY.
  FOG


RELATIVE HUMIDITY (PERCENT)
 HIGHEST   100           400 AM
 LOWEST     43           200 PM
 AVERAGE    72

..........................................................


THE DANVILLE VA CLIMATE NORMALS FOR TODAY
                         NORMAL    RECORD    YEAR
 MAXIMUM TEMPERATURE (F)   88       102      2010
 MINIMUM TEMPERATURE (F)   69        56      1969


SUNRISE AND SUNSET
JULY 25 2016..........SUNRISE   618 AM EDT   SUNSET   829 PM EDT
JULY 26 2016..........SUNRISE   619 AM EDT   SUNSET   828 PM EDT


-  INDICATES NEGATIVE NUMBERS.
R  INDICATES RECORD WAS SET OR TIED.
MM INDICATES DATA IS MISSING.
T  INDICATES TRACE AMOUNT.




$$
