000
CDUS41 KRNK 301003
CLIDAN


CLIMATE REPORT
NATIONAL WEATHER SERVICE BLACKSBURG VA
502 AM EST FRI JAN 30 2015


...................................

...THE DANVILLE VA CLIMATE SUMMARY FOR JANUARY 29 2015...

CLIMATE NORMAL PERIOD 1981 TO 2010
CLIMATE RECORD PERIOD 1948 TO 2015


WEATHER ITEM   OBSERVED TIME   RECORD YEAR NORMAL DEPARTURE LAST
                VALUE   (LST)  VALUE       VALUE  FROM      YEAR
                                                  NORMAL
..................................................................
TEMPERATURE (F)
 YESTERDAY
  MAXIMUM         46    454 PM  76    2002  47     -1       27
  MINIMUM         20    728 AM   5    1963  30    -10        6
  AVERAGE         33                        38     -5

PRECIPITATION (IN)
  YESTERDAY        0.01          1.20 1962   0.12  -0.11     0.01
  MONTH TO DATE    1.51                      3.17  -1.66     3.29
  SINCE DEC 1      4.18                      6.44  -2.26     7.52
  SINCE JAN 1      1.51                      3.17  -1.66     3.29

SNOWFALL (IN)
  YESTERDAY        0.0
  MONTH TO DATE    T
  SINCE DEC 1      T
  SINCE JUL 1      T
  SNOW DEPTH       0

DEGREE DAYS
 HEATING
  YESTERDAY       32                        27      5
  MONTH TO DATE  772                       794    -22
  SINCE DEC 1   1433                      1567   -134
  SINCE JUL 1   2193                      2276    -83

 COOLING
  YESTERDAY        0                         0      0
  MONTH TO DATE    0                         0      0
  SINCE DEC 1      0                         0      0
  SINCE JAN 1      0                         0      0
..................................................................


WIND (MPH)
  HIGHEST WIND SPEED    14   HIGHEST WIND DIRECTION     S (200)
  HIGHEST GUST SPEED    27   HIGHEST GUST DIRECTION     W (270)
  AVERAGE WIND SPEED     5.1


SKY COVER
  POSSIBLE SUNSHINE  MM
  AVERAGE SKY COVER 0.1


WEATHER CONDITIONS
 THE FOLLOWING WEATHER WAS RECORDED YESTERDAY.
  LIGHT RAIN


RELATIVE HUMIDITY (PERCENT)
 HIGHEST    84           700 AM
 LOWEST     30          1100 AM
 AVERAGE    57

..........................................................


THE DANVILLE VA CLIMATE NORMALS FOR TODAY
                         NORMAL    RECORD    YEAR
 MAXIMUM TEMPERATURE (F)   47        80      2002
 MINIMUM TEMPERATURE (F)   30         0      2014


SUNRISE AND SUNSET
JANUARY 30 2015.......SUNRISE   721 AM EST   SUNSET   541 PM EST
JANUARY 31 2015.......SUNRISE   720 AM EST   SUNSET   542 PM EST


-  INDICATES NEGATIVE NUMBERS.
R  INDICATES RECORD WAS SET OR TIED.
MM INDICATES DATA IS MISSING.
T  INDICATES TRACE AMOUNT.




$$
