000
CDUS41 KILN 250620
CLIDAY


CLIMATE REPORT
NATIONAL WEATHER SERVICE WILMINGTON OH
220 AM EDT WED MAY 25 2016


...................................

...THE DAYTON OH CLIMATE SUMMARY FOR MAY 24 2016...

CLIMATE NORMAL PERIOD 1981 TO 2010
CLIMATE RECORD PERIOD 1869 TO 2016


WEATHER ITEM   OBSERVED TIME   RECORD YEAR NORMAL DEPARTURE LAST
                VALUE   (LST)  VALUE       VALUE  FROM      YEAR
                                                  NORMAL
..................................................................
TEMPERATURE (F)
 YESTERDAY
  MAXIMUM         80    442 PM  90    1975  74      6       84
  MINIMUM         52    512 AM  36    1925  54     -2       56
  AVERAGE         66                        64      2       70

PRECIPITATION (IN)
  YESTERDAY        0.00          1.18 1947   0.15  -0.15     0.00
  MONTH TO DATE    2.72                      3.60  -0.88     1.28
  SINCE MAR 1     11.17                     11.03   0.14    10.45
  SINCE JAN 1     15.99                     15.98   0.01    14.81

SNOWFALL (IN)
  YESTERDAY        0.0           0.0    MM   0.0    0.0      0.0
  MONTH TO DATE    0.0                       0.0    0.0      0.0
  SINCE MAR 1      2.1                       4.0   -1.9      5.7
  SINCE JUL 1     12.7                      23.3  -10.6     27.7
  SNOW DEPTH       0

DEGREE DAYS
 HEATING
  YESTERDAY        0                         4     -4        0
  MONTH TO DATE  188                       147     41       67
  SINCE MAR 1   1136                      1323   -187     1198
  SINCE JUL 1   4677                      5598   -921     5761

 COOLING
  YESTERDAY        1                         3     -2        5
  MONTH TO DATE   10                        38    -28      109
  SINCE MAR 1     14                        48    -34      113
  SINCE JAN 1     14                        48    -34      113
..................................................................


WIND (MPH)
  RESULTANT WIND SPEED   6   RESULTANT WIND DIRECTION   S (200)
  HIGHEST WIND SPEED    14   HIGHEST WIND DIRECTION    SW (210)
  HIGHEST GUST SPEED    17   HIGHEST GUST DIRECTION    SW (210)
  AVERAGE WIND SPEED     7.2



WEATHER CONDITIONS
 THE FOLLOWING WEATHER WAS RECORDED YESTERDAY.
  NO SIGNIFICANT WEATHER WAS OBSERVED.


RELATIVE HUMIDITY (PERCENT)
 HIGHEST    83           600 AM
 LOWEST     32           500 PM
 AVERAGE    58

..........................................................


THE DAYTON OH CLIMATE NORMALS FOR TODAY
                         NORMAL    RECORD    YEAR
 MAXIMUM TEMPERATURE (F)   74        92      1939
 MINIMUM TEMPERATURE (F)   54        33      1925


SUNRISE AND SUNSET
MAY 25 2016...........SUNRISE   614 AM EDT   SUNSET   854 PM EDT
MAY 26 2016...........SUNRISE   613 AM EDT   SUNSET   855 PM EDT


-  INDICATES NEGATIVE NUMBERS.
R  INDICATES RECORD WAS SET OR TIED.
MM INDICATES DATA IS MISSING.
T  INDICATES TRACE AMOUNT.




$$
