000
CDUS41 KILN 220530
CLIDAY


CLIMATE REPORT
NATIONAL WEATHER SERVICE WILMINGTON OH
129 AM EDT FRI AUG 22 2014


...................................

...THE DAYTON OH CLIMATE SUMMARY FOR AUGUST 21 2014...

CLIMATE NORMAL PERIOD 1981 TO 2010
CLIMATE RECORD PERIOD 1869 TO 2014


WEATHER ITEM   OBSERVED TIME   RECORD YEAR NORMAL DEPARTURE LAST
                VALUE   (LST)  VALUE       VALUE  FROM      YEAR
                                                  NORMAL
..................................................................
TEMPERATURE (F)
 YESTERDAY
  MAXIMUM         79    533 PM 100    1936  83     -4       86
  MINIMUM         70   1157 PM  46    1950  62      8       66
  AVERAGE         75                        72      3       76

PRECIPITATION (IN)
  YESTERDAY        1.14          1.21 1906   0.10   1.04     0.00
  MONTH TO DATE    1.96                      2.01  -0.05     1.32
  SINCE JUN 1      8.72                     10.29  -1.57     8.02
  SINCE JAN 1     26.80                     27.33  -0.53    22.32

SNOWFALL (IN)
  YESTERDAY        0.0           0.0    MM   0.0    0.0      0.0
  MONTH TO DATE    0.0                       0.0    0.0      0.0
  SINCE JUN 1      0.0                       0.0    0.0      0.0
  SINCE JUL 1      0.0                       0.0    0.0      0.0
  SNOW DEPTH       0

DEGREE DAYS
 HEATING
  YESTERDAY        0                         0      0        0
  MONTH TO DATE    3                         0      3        9
  SINCE JUN 1      9                        22    -13       23
  SINCE JUL 1      7                         0      7       12

 COOLING
  YESTERDAY       10                         8      2       11
  MONTH TO DATE  156                       174    -18      137
  SINCE JUN 1    611                       643    -32      634
  SINCE JAN 1    740                       713     27      765
..................................................................


WIND (MPH)
  RESULTANT WIND SPEED   7   RESULTANT WIND DIRECTION  SW (210)
  HIGHEST WIND SPEED    33   HIGHEST WIND DIRECTION    SW (240)
  HIGHEST GUST SPEED    39   HIGHEST GUST DIRECTION    SW (240)
  AVERAGE WIND SPEED     8.3



WEATHER CONDITIONS
 THE FOLLOWING WEATHER WAS RECORDED YESTERDAY.
  THUNDERSTORM
  HEAVY RAIN
  RAIN
  LIGHT RAIN
  FOG
  HAZE


RELATIVE HUMIDITY (PERCENT)
 HIGHEST    97           300 AM
 LOWEST     74           500 PM
 AVERAGE    86

..........................................................


THE DAYTON OH CLIMATE NORMALS FOR TODAY
                         NORMAL    RECORD    YEAR
 MAXIMUM TEMPERATURE (F)   82       101      1936
 MINIMUM TEMPERATURE (F)   62        47      1909


SUNRISE AND SUNSET
AUGUST 22 2014........SUNRISE   655 AM EDT   SUNSET   823 PM EDT
AUGUST 23 2014........SUNRISE   656 AM EDT   SUNSET   822 PM EDT


-  INDICATES NEGATIVE NUMBERS.
R  INDICATES RECORD WAS SET OR TIED.
MM INDICATES DATA IS MISSING.
T  INDICATES TRACE AMOUNT.




$$
