000
CDUS41 KILN 012201
CLIDAY


CLIMATE REPORT
NATIONAL WEATHER SERVICE WILMINGTON OH
500 PM EST SUN MAR 1 2015


...................................

...THE DAYTON OH CLIMATE SUMMARY FOR MARCH 1 2015...
VALID TODAY AS OF 0500 PM LOCAL TIME.

CLIMATE NORMAL PERIOD 1981 TO 2010
CLIMATE RECORD PERIOD 1869 TO 2015


WEATHER ITEM   OBSERVED TIME   RECORD YEAR NORMAL DEPARTURE LAST
                VALUE   (LST)  VALUE       VALUE  FROM      YEAR
                                                  NORMAL
..................................................................
TEMPERATURE (F)
 TODAY
  MAXIMUM         33    431 PM  66    1976  44    -11       50
  MINIMUM         21   1201 AM   0    1980  27     -6       25
  AVERAGE         27                        35     -8       38

PRECIPITATION (IN)
  TODAY            0.43          1.04 1997   0.09   0.34     0.00
  MONTH TO DATE    0.43                      0.09   0.34     0.00
  SINCE MAR 1      0.43                      0.09   0.34     0.00
  SINCE JAN 1      4.79                      5.04  -0.25     4.98

SNOWFALL (IN)
  TODAY            4.5           9.1  1963   0.2    4.3      0.0
  MONTH TO DATE    4.5                       0.2    4.3      0.0
  SINCE MAR 1      4.5                       0.2    4.3      0.0
  SINCE JUL 1     26.5                      19.5    7.0     45.4
  SNOW DEPTH       7

DEGREE DAYS
 HEATING
  TODAY           38                        30      8       27
  MONTH TO DATE   38                        30      8       27
  SINCE MAR 1     38                        30      8       27
  SINCE JUL 1   4601                      4305    296     4626

 COOLING
  TODAY            0                         0      0        0
  MONTH TO DATE    0                         0      0        0
  SINCE MAR 1      0                         0      0        0
  SINCE JAN 1      0                         0      0        0
..................................................................


WIND (MPH)
  RESULTANT WIND SPEED   2   RESULTANT WIND DIRECTION   S (180)
  HIGHEST WIND SPEED    12   HIGHEST WIND DIRECTION    SE (140)
  HIGHEST GUST SPEED    13   HIGHEST GUST DIRECTION    SE (140)
  AVERAGE WIND SPEED     4.8


SKY COVER
  POSSIBLE SUNSHINE  MM
  AVERAGE SKY COVER 1.0


WEATHER CONDITIONS
 THE FOLLOWING WEATHER WAS RECORDED TODAY.
  LIGHT SNOW
  FOG


RELATIVE HUMIDITY (PERCENT)
 HIGHEST    92           100 AM
 LOWEST     84          1200 AM
 AVERAGE    88

..........................................................


THE DAYTON OH CLIMATE NORMALS FOR TOMORROW
                         NORMAL    RECORD    YEAR
 MAXIMUM TEMPERATURE (F)   44        73      1992
 MINIMUM TEMPERATURE (F)   27        -7      1980


SUNRISE AND SUNSET
MARCH  1 2015.........SUNRISE   710 AM EST   SUNSET   628 PM EST
MARCH  2 2015.........SUNRISE   709 AM EST   SUNSET   630 PM EST


-  INDICATES NEGATIVE NUMBERS.
R  INDICATES RECORD WAS SET OR TIED.
MM INDICATES DATA IS MISSING.
T  INDICATES TRACE AMOUNT.




$$
