000
CDUS41 KILN 230537
CLIDAY


CLIMATE REPORT
NATIONAL WEATHER SERVICE WILMINGTON OH
1236 AM EST THU NOV 23 2017


...................................

...THE DAYTON OH CLIMATE SUMMARY FOR NOVEMBER 22 2017...

CLIMATE NORMAL PERIOD 1981 TO 2010
CLIMATE RECORD PERIOD 1869 TO 2017


WEATHER ITEM   OBSERVED TIME   RECORD YEAR NORMAL DEPARTURE LAST
                VALUE   (LST)  VALUE       VALUE  FROM      YEAR
                                                  NORMAL
..................................................................
TEMPERATURE (F)
 YESTERDAY
  MAXIMUM         39    316 PM  74    1900  48     -9       42
  MINIMUM         25   1151 PM   8    1964  32     -7       24
  AVERAGE         32                        40     -8       33

PRECIPITATION (IN)
  YESTERDAY        0.00          1.54 1920   0.13  -0.13     0.00
  MONTH TO DATE    5.96                      2.47   3.49     0.10
  SINCE SEP 1     12.12                      8.70   3.42     5.28
  SINCE JAN 1     49.23                     37.01  12.22    31.81

SNOWFALL (IN)
  YESTERDAY        0.0           0.8  1967   0.0    0.0      0.0
  MONTH TO DATE    T                         0.3   -0.3       T
  SINCE SEP 1      T                         0.7   -0.7       T
  SINCE JUL 1      T                         0.7   -0.7       T
  SNOW DEPTH       0

DEGREE DAYS
 HEATING
  YESTERDAY       33                        25      8       32
  MONTH TO DATE  487                       448     39      358
  SINCE SEP 1    827                       893    -66      596
  SINCE JUL 1    832                       895    -63      599

 COOLING
  YESTERDAY        0                         0      0        0
  MONTH TO DATE    0                         0      0        5
  SINCE SEP 1    150                       109     41      219
  SINCE JAN 1    899                       891      8     1247
..................................................................


WIND (MPH)
  RESULTANT WIND SPEED   7   RESULTANT WIND DIRECTION   N (340)
  HIGHEST WIND SPEED    17   HIGHEST WIND DIRECTION     N (10)
  HIGHEST GUST SPEED    22   HIGHEST GUST DIRECTION     N (350)
  AVERAGE WIND SPEED     8.1



WEATHER CONDITIONS
 THE FOLLOWING WEATHER WAS RECORDED YESTERDAY.
  NO SIGNIFICANT WEATHER WAS OBSERVED.


RELATIVE HUMIDITY (PERCENT)
 HIGHEST    92           100 AM
 LOWEST     56          1200 PM
 AVERAGE    74

..........................................................


THE DAYTON OH CLIMATE NORMALS FOR TODAY
                         NORMAL    RECORD    YEAR
 MAXIMUM TEMPERATURE (F)   47        72      1931
 MINIMUM TEMPERATURE (F)   32        13      1970
                                             1956
                                             1950


SUNRISE AND SUNSET
NOVEMBER 23 2017......SUNRISE   731 AM EST   SUNSET   515 PM EST
NOVEMBER 24 2017......SUNRISE   732 AM EST   SUNSET   515 PM EST


-  INDICATES NEGATIVE NUMBERS.
R  INDICATES RECORD WAS SET OR TIED.
MM INDICATES DATA IS MISSING.
T  INDICATES TRACE AMOUNT.




$$
