000
CDUS41 KILN 020558
CLIDAY


CLIMATE REPORT
NATIONAL WEATHER SERVICE WILMINGTON OH
146 AM EDT THU OCT 2 2014


...................................

...THE DAYTON OH CLIMATE SUMMARY FOR OCTOBER 1 2014...

CLIMATE NORMAL PERIOD 1981 TO 2010
CLIMATE RECORD PERIOD 1869 TO 2014


WEATHER ITEM   OBSERVED TIME   RECORD YEAR NORMAL DEPARTURE LAST
                VALUE   (LST)  VALUE       VALUE  FROM      YEAR
                                                  NORMAL
..................................................................
TEMPERATURE (F)
 YESTERDAY
  MAXIMUM         69    422 PM  93    1897  70     -1       78
  MINIMUM         45    316 AM  26    1899  49     -4       59
  AVERAGE         57                        59     -2       69

PRECIPITATION (IN)
  YESTERDAY        0.00          3.24 1986   0.09  -0.09     0.00
  MONTH TO DATE    0.00                      0.09  -0.09     0.00
  SINCE SEP 1      0.88                      3.39  -2.51     2.23
  SINCE JAN 1     28.78                     31.70  -2.92    24.61

SNOWFALL (IN)
  YESTERDAY        0.0                       0.0    0.0      0.0
  MONTH TO DATE    0.0                       0.0    0.0      0.0
  SINCE SEP 1      0.0                       0.0    0.0      0.0
  SINCE JUL 1      0.0                       0.0    0.0      0.0
  SNOW DEPTH       0

DEGREE DAYS
 HEATING
  YESTERDAY        8                         7      1        0
  MONTH TO DATE    8                         7      1        0
  SINCE SEP 1     82                        95    -13       55
  SINCE JUL 1     89                        97     -8       67

 COOLING
  YESTERDAY        0                         1     -1        4
  MONTH TO DATE    0                         1     -1        4
  SINCE SEP 1     98                       100     -2      144
  SINCE JAN 1    968                       882     86     1031
..................................................................


WIND (MPH)
  RESULTANT WIND SPEED   2   RESULTANT WIND DIRECTION   E (80)
  HIGHEST WIND SPEED     7   HIGHEST WIND DIRECTION     E (110)
  HIGHEST GUST SPEED    10   HIGHEST GUST DIRECTION     E (100)
  AVERAGE WIND SPEED     3.5



WEATHER CONDITIONS
 THE FOLLOWING WEATHER WAS RECORDED YESTERDAY.
  FOG
  FOG W/VISIBILITY <= 1/4 MILE
  HAZE


RELATIVE HUMIDITY (PERCENT)
 HIGHEST   100           500 AM
 LOWEST     55           400 PM
 AVERAGE    78

..........................................................


THE DAYTON OH CLIMATE NORMALS FOR TODAY
                         NORMAL    RECORD    YEAR
 MAXIMUM TEMPERATURE (F)   69        90      1900
                                             1898
 MINIMUM TEMPERATURE (F)   48        28      1908


SUNRISE AND SUNSET
OCTOBER  2 2014.......SUNRISE   734 AM EDT   SUNSET   718 PM EDT
OCTOBER  3 2014.......SUNRISE   735 AM EDT   SUNSET   716 PM EDT


-  INDICATES NEGATIVE NUMBERS.
R  INDICATES RECORD WAS SET OR TIED.
MM INDICATES DATA IS MISSING.
T  INDICATES TRACE AMOUNT.




$$
