000
CDUS41 KILN 290629
CLIDAY


CLIMATE REPORT
NATIONAL WEATHER SERVICE WILMINGTON OH
229 AM EDT WED JUL 29 2015


...................................

...THE DAYTON OH CLIMATE SUMMARY FOR JULY 28 2015...

CLIMATE NORMAL PERIOD 1981 TO 2010
CLIMATE RECORD PERIOD 1869 TO 2015


WEATHER ITEM   OBSERVED TIME   RECORD YEAR NORMAL DEPARTURE LAST
                VALUE   (LST)  VALUE       VALUE  FROM      YEAR
                                                  NORMAL
..................................................................
TEMPERATURE (F)
 YESTERDAY
  MAXIMUM         89    446 PM 102    1901  83      6       77
  MINIMUM         69    503 AM  53    2013  64      5       56
  AVERAGE         79                        74      5       67

PRECIPITATION (IN)
  YESTERDAY        0.00          1.66 1896   0.12  -0.12     0.00
  MONTH TO DATE    3.67                      3.78  -0.11     3.22
  SINCE JUN 1     11.55                      7.95   3.60     6.75
  SINCE JAN 1     26.87                     24.99   1.88    24.83

SNOWFALL (IN)
  YESTERDAY        0.0           0.0         0.0    0.0      0.0
  MONTH TO DATE    0.0                       0.0    0.0      0.0
  SINCE JUN 1      0.0                       0.0    0.0      0.0
  SINCE JUL 1      0.0                       0.0    0.0      0.0
  SNOW DEPTH       0

DEGREE DAYS
 HEATING
  YESTERDAY        0                         0      0        0
  MONTH TO DATE    0                         0      0        2
  SINCE JUN 1     20                        22     -2        4
  SINCE JUL 1      0                         0      0        2

 COOLING
  YESTERDAY       14                         9      5        2
  MONTH TO DATE  244                       252     -8      182
  SINCE JUN 1    498                       442     56      445
  SINCE JAN 1    673                       512    161      574
..................................................................


WIND (MPH)
  RESULTANT WIND SPEED   4   RESULTANT WIND DIRECTION   E (80)
  HIGHEST WIND SPEED    10   HIGHEST WIND DIRECTION    NE (50)
  HIGHEST GUST SPEED    17   HIGHEST GUST DIRECTION     N (340)
  AVERAGE WIND SPEED     4.3



WEATHER CONDITIONS
 THE FOLLOWING WEATHER WAS RECORDED YESTERDAY.
  NO SIGNIFICANT WEATHER WAS OBSERVED.


RELATIVE HUMIDITY (PERCENT)
 HIGHEST    90           400 AM
 LOWEST     55           300 PM
 AVERAGE    73

..........................................................


THE DAYTON OH CLIMATE NORMALS FOR TODAY
                         NORMAL    RECORD    YEAR
 MAXIMUM TEMPERATURE (F)   83       100      1901
 MINIMUM TEMPERATURE (F)   64        51      1968


SUNRISE AND SUNSET
JULY 29 2015..........SUNRISE   632 AM EDT   SUNSET   854 PM EDT
JULY 30 2015..........SUNRISE   633 AM EDT   SUNSET   853 PM EDT


-  INDICATES NEGATIVE NUMBERS.
R  INDICATES RECORD WAS SET OR TIED.
MM INDICATES DATA IS MISSING.
T  INDICATES TRACE AMOUNT.




$$
