000
CDUS41 KILN 230545
CLIDAY


CLIMATE REPORT
NATIONAL WEATHER SERVICE WILMINGTON OH
144 AM EDT SAT SEP 23 2017


...................................

...THE DAYTON OH CLIMATE SUMMARY FOR SEPTEMBER 22 2017...

CLIMATE NORMAL PERIOD 1981 TO 2010
CLIMATE RECORD PERIOD 1869 TO 2017


WEATHER ITEM   OBSERVED TIME   RECORD YEAR NORMAL DEPARTURE LAST
                VALUE   (LST)  VALUE       VALUE  FROM      YEAR
                                                  NORMAL
..................................................................
TEMPERATURE (F)
 YESTERDAY
  MAXIMUM         89    441 PM  95    1895  73     16       87
  MINIMUM         68   1159 PM  33    1897  52     16       59
  AVERAGE         79                        63     16       73

PRECIPITATION (IN)
  YESTERDAY        0.00          1.19 1912   0.12  -0.12     0.00
  MONTH TO DATE    2.16                      2.45  -0.29     1.90
  SINCE SEP 1      2.16                      2.45  -0.29     1.90
  SINCE JAN 1     39.27                     30.76   8.51    28.43

SNOWFALL (IN)
  YESTERDAY        0.0          MM      MM   0.0    0.0      0.0
  MONTH TO DATE    0.0                       0.0    0.0      0.0
  SINCE SEP 1      0.0                       0.0    0.0      0.0
  SINCE JUL 1      0.0                       0.0    0.0      0.0
  SNOW DEPTH       0

DEGREE DAYS
 HEATING
  YESTERDAY        0                         4     -4        0
  MONTH TO DATE   58                        44     14        0
  SINCE SEP 1     58                        44     14        0
  SINCE JUL 1     63                        46     17        3

 COOLING
  YESTERDAY       14                         2     12        8
  MONTH TO DATE   69                        86    -17      152
  SINCE SEP 1     69                        86    -17      152
  SINCE JAN 1    818                       868    -50     1180
..................................................................


WIND (MPH)
  RESULTANT WIND SPEED   3   RESULTANT WIND DIRECTION  SE (140)
  HIGHEST WIND SPEED     8   HIGHEST WIND DIRECTION    SE (140)
  HIGHEST GUST SPEED    11   HIGHEST GUST DIRECTION     E (70)
  AVERAGE WIND SPEED     3.1



WEATHER CONDITIONS
 THE FOLLOWING WEATHER WAS RECORDED YESTERDAY.
  FOG


RELATIVE HUMIDITY (PERCENT)
 HIGHEST    90           300 AM
 LOWEST     44           200 PM
 AVERAGE    67

..........................................................


THE DAYTON OH CLIMATE NORMALS FOR TODAY
                         NORMAL    RECORD    YEAR
 MAXIMUM TEMPERATURE (F)   73        93      2010
                                             1908
 MINIMUM TEMPERATURE (F)   52        32      1974


SUNRISE AND SUNSET
SEPTEMBER 23 2017.....SUNRISE   726 AM EDT   SUNSET   732 PM EDT
SEPTEMBER 24 2017.....SUNRISE   727 AM EDT   SUNSET   730 PM EDT


-  INDICATES NEGATIVE NUMBERS.
R  INDICATES RECORD WAS SET OR TIED.
MM INDICATES DATA IS MISSING.
T  INDICATES TRACE AMOUNT.




$$
