000
CDUS41 KILN 280546
CLIDAY


CLIMATE REPORT
NATIONAL WEATHER SERVICE WILMINGTON OH
1245 AM EST WED JAN 28 2015


...................................

...THE DAYTON OH CLIMATE SUMMARY FOR JANUARY 27 2015...

CLIMATE NORMAL PERIOD 1981 TO 2010
CLIMATE RECORD PERIOD 1869 TO 2015


WEATHER ITEM   OBSERVED TIME   RECORD YEAR NORMAL DEPARTURE LAST
                VALUE   (LST)  VALUE       VALUE  FROM      YEAR
                                                  NORMAL
..................................................................
TEMPERATURE (F)
 YESTERDAY
  MAXIMUM         24    351 PM  66    1916  35    -11       42
  MINIMUM         10   1045 PM  -9    1936  20    -10       -8
  AVERAGE         17                        28    -11       17

PRECIPITATION (IN)
  YESTERDAY        0.00          0.95 1994   0.08  -0.08      T
  MONTH TO DATE    2.85                      2.39   0.46     2.79
  SINCE DEC 1      5.64                      5.51   0.13     7.37
  SINCE JAN 1      2.85                      2.39   0.46     2.79

SNOWFALL (IN)
  YESTERDAY        0.0           3.4  1979   0.3   -0.3      0.2
  MONTH TO DATE    7.5                       6.9    0.6     21.2
  SINCE DEC 1      7.6                      11.4   -3.8     33.8
  SINCE JUL 1     11.7                      12.4   -0.7     35.8
  SNOW DEPTH       3

DEGREE DAYS
 HEATING
  YESTERDAY       48                        37     11       48
  MONTH TO DATE 1041                      1016     25     1145
  SINCE DEC 1   1954                      2064   -110     2140
  SINCE JUL 1   3170                      3175     -5     3264

 COOLING
  YESTERDAY        0                         0      0        0
  MONTH TO DATE    0                         0      0        0
  SINCE DEC 1      0                         0      0        0
  SINCE JAN 1      0                         0      0        0
..................................................................


WIND (MPH)
  RESULTANT WIND SPEED   4   RESULTANT WIND DIRECTION   N (360)
  HIGHEST WIND SPEED    13   HIGHEST WIND DIRECTION     N (20)
  HIGHEST GUST SPEED    15   HIGHEST GUST DIRECTION     N (10)
  AVERAGE WIND SPEED     5.1



WEATHER CONDITIONS
 THE FOLLOWING WEATHER WAS RECORDED YESTERDAY.
  FOG
  HAZE


RELATIVE HUMIDITY (PERCENT)
 HIGHEST    92           700 AM
 LOWEST     60           300 PM
 AVERAGE    76

..........................................................


THE DAYTON OH CLIMATE NORMALS FOR TODAY
                         NORMAL    RECORD    YEAR
 MAXIMUM TEMPERATURE (F)   35        66      1914
 MINIMUM TEMPERATURE (F)   20       -13      2014
                                             1963


SUNRISE AND SUNSET
JANUARY 28 2015.......SUNRISE   749 AM EST   SUNSET   551 PM EST
JANUARY 29 2015.......SUNRISE   748 AM EST   SUNSET   552 PM EST


-  INDICATES NEGATIVE NUMBERS.
R  INDICATES RECORD WAS SET OR TIED.
MM INDICATES DATA IS MISSING.
T  INDICATES TRACE AMOUNT.




$$
