000
CDUS41 KILN 032100
CLIDAY


CLIMATE REPORT
NATIONAL WEATHER SERVICE WILMINGTON OH
459 PM EDT WED JUN 3 2015


...................................

...THE DAYTON OH CLIMATE SUMMARY FOR JUNE 3 2015...
VALID TODAY AS OF 0400 PM LOCAL TIME.

CLIMATE NORMAL PERIOD 1981 TO 2010
CLIMATE RECORD PERIOD 1869 TO 2015


WEATHER ITEM   OBSERVED TIME   RECORD YEAR NORMAL DEPARTURE LAST
                VALUE   (LST)  VALUE       VALUE  FROM      YEAR
                                                  NORMAL
..................................................................
TEMPERATURE (F)
 TODAY
  MAXIMUM         73    331 PM  99    1895  77     -4       87
  MINIMUM         53    307 AM  40    1929  57     -4       68
  AVERAGE         63                        67     -4       78

PRECIPITATION (IN)
  TODAY            0.00          1.44 2008   0.14  -0.14      T
  MONTH TO DATE    0.07                      0.44  -0.37     0.31
  SINCE JUN 1      0.07                      0.44  -0.37     0.31
  SINCE JAN 1     15.39                     17.48  -2.09    18.39

SNOWFALL (IN)
  TODAY            0.0           0.0    MM   0.0    0.0      0.0
  MONTH TO DATE    0.0                       0.0    0.0      0.0
  SINCE JUN 1      0.0                       0.0    0.0      0.0
  SINCE JUL 1     27.7                      23.3    4.4     53.6
  SNOW DEPTH       0

DEGREE DAYS
 HEATING
  TODAY            2                         2      0        0
  MONTH TO DATE   21                         6     15        0
  SINCE JUN 1     21                         6     15        0
  SINCE JUL 1   5785                      5626    159     5938

 COOLING
  TODAY            0                         4     -4       13
  MONTH TO DATE    0                        12    -12       33
  SINCE JUN 1      0                        12    -12       33
  SINCE JAN 1    175                        82     93      162
..................................................................


WIND (MPH)
  RESULTANT WIND SPEED   3   RESULTANT WIND DIRECTION  NE (60)
  HIGHEST WIND SPEED    10   HIGHEST WIND DIRECTION    SE (120)
  HIGHEST GUST SPEED    13   HIGHEST GUST DIRECTION     E (90)
  AVERAGE WIND SPEED     3.8


SKY COVER
  POSSIBLE SUNSHINE  MM
  AVERAGE SKY COVER 0.9


WEATHER CONDITIONS
 THE FOLLOWING WEATHER WAS RECORDED TODAY.
  FOG
  HAZE


RELATIVE HUMIDITY (PERCENT)
 HIGHEST    93           100 AM
 LOWEST     61           100 PM
 AVERAGE    77

..........................................................


THE DAYTON OH CLIMATE NORMALS FOR TOMORROW
                         NORMAL    RECORD    YEAR
 MAXIMUM TEMPERATURE (F)   77        97      1895
 MINIMUM TEMPERATURE (F)   58        44      1990
                                             1988
                                             1945


SUNRISE AND SUNSET
JUNE  3 2015..........SUNRISE   610 AM EDT   SUNSET   900 PM EDT
JUNE  4 2015..........SUNRISE   609 AM EDT   SUNSET   901 PM EDT


-  INDICATES NEGATIVE NUMBERS.
R  INDICATES RECORD WAS SET OR TIED.
MM INDICATES DATA IS MISSING.
T  INDICATES TRACE AMOUNT.




$$
