000
CDUS43 KDVN 300916
CLIDBQ


CLIMATE REPORT
NATIONAL WEATHER SERVICE QUAD CITIES IA IL
415 AM CDT WED JUL 30 2014


...................................

...THE DUBUQUE IA CLIMATE SUMMARY FOR JULY 29 2014...

CLIMATE NORMAL PERIOD 1981 TO 2010
CLIMATE RECORD PERIOD 1873 TO 2014


WEATHER ITEM   OBSERVED TIME   RECORD YEAR NORMAL DEPARTURE LAST
                VALUE   (LST)  VALUE       VALUE  FROM      YEAR
                                                  NORMAL
..................................................................
TEMPERATURE (F)
 YESTERDAY
  MAXIMUM         77    354 PM 100    1941  81     -4       74
                                      1916
  MINIMUM         52    330 AM  45    1971  62    -10       46
  AVERAGE         65                        72     -7       60

PRECIPITATION (IN)
  YESTERDAY        0.00          1.53 1987   0.14  -0.14     0.00
  MONTH TO DATE    2.08                      4.03  -1.95     2.47
  SINCE JUN 1     14.65                      8.43   6.22     6.10
  SINCE JAN 1     27.03                     21.30   5.73    27.68

SNOWFALL (IN)
  YESTERDAY        0.0          MM      MM   0.0    0.0      0.0
  MONTH TO DATE    0.0                       0.0    0.0      0.0
  SINCE JUN 1      0.0                       0.0    0.0      0.0
  SINCE JUL 1      0.0                       0.0    0.0      0.0
  SNOW DEPTH       0

DEGREE DAYS
 HEATING
  YESTERDAY        0                         0      0        5
  MONTH TO DATE   27                         0     27       21
  SINCE JUN 1     37                        40     -3       60
  SINCE JUL 1     27                         0     27       21

 COOLING
  YESTERDAY        0                         7     -7        0
  MONTH TO DATE   99                       204   -105      193
  SINCE JUN 1    253                       343    -90      302
  SINCE JAN 1    307                       380    -73      347
..................................................................


WIND (MPH)
  HIGHEST WIND SPEED    15   HIGHEST WIND DIRECTION    NW (320)
  HIGHEST GUST SPEED    19   HIGHEST GUST DIRECTION     N (340)
  AVERAGE WIND SPEED     6.6


SKY COVER
  POSSIBLE SUNSHINE  MM
  AVERAGE SKY COVER 0.1


WEATHER CONDITIONS
 THE FOLLOWING WEATHER WAS RECORDED YESTERDAY.
  NO SIGNIFICANT WEATHER WAS OBSERVED.


RELATIVE HUMIDITY (PERCENT)
 HIGHEST    93           200 AM
 LOWEST     50           200 PM
 AVERAGE    72

..........................................................


THE DUBUQUE IA CLIMATE NORMALS FOR TODAY
                         NORMAL    RECORD    YEAR
 MAXIMUM TEMPERATURE (F)   81       100      1916
                                             1913
 MINIMUM TEMPERATURE (F)   62        44      1971


SUNRISE AND SUNSET
JULY 30 2014..........SUNRISE   553 AM CDT   SUNSET   825 PM CDT
JULY 31 2014..........SUNRISE   554 AM CDT   SUNSET   823 PM CDT


-  INDICATES NEGATIVE NUMBERS.
R  INDICATES RECORD WAS SET OR TIED.
MM INDICATES DATA IS MISSING.
T  INDICATES TRACE AMOUNT.




$$
