000
CDUS43 KDVN 220927
CLIDBQ


CLIMATE REPORT
NATIONAL WEATHER SERVICE QUAD CITIES IA IL
419 AM CDT FRI SEP 22 2017


...................................

...THE DUBUQUE IA CLIMATE SUMMARY FOR SEPTEMBER 21 2017...

CLIMATE NORMAL PERIOD 1981 TO 2010
CLIMATE RECORD PERIOD 1873 TO 2017


WEATHER ITEM   OBSERVED TIME   RECORD YEAR NORMAL DEPARTURE LAST
                VALUE   (LST)  VALUE       VALUE  FROM      YEAR
                                                  NORMAL
..................................................................
TEMPERATURE (F)
 YESTERDAY
  MAXIMUM         82    435 PM  94    1891  70     12       76
  MINIMUM         65    559 AM  35    1991  49     16       63
                                      1952
  AVERAGE         74                        60     14       70

PRECIPITATION (IN)
  YESTERDAY        0.00          2.40 1965   0.12  -0.12     0.53
  MONTH TO DATE    1.02                      2.48  -1.46     4.30
  SINCE SEP 1      1.02                      2.48  -1.46     4.30
  SINCE JAN 1     28.44                     28.46  -0.02    33.46

SNOWFALL (IN)
  YESTERDAY        0.0          MM      MM   0.0    0.0      0.0
  MONTH TO DATE    0.0                       0.0    0.0      0.0
  SINCE SEP 1      0.0                       0.0    0.0      0.0
  SINCE JUL 1      0.0                       0.0    0.0      0.0
  SNOW DEPTH       0

DEGREE DAYS
 HEATING
  YESTERDAY        0                         6     -6        0
  MONTH TO DATE   55                        78    -23       10
  SINCE SEP 1     55                        78    -23       10
  SINCE JUL 1     81                       105    -24       17

 COOLING
  YESTERDAY        9                         1      8        5
  MONTH TO DATE   50                        53     -3       75
  SINCE SEP 1     50                        53     -3       75
  SINCE JAN 1    505                       629   -124      755
..................................................................


WIND (MPH)
  HIGHEST WIND SPEED    20   HIGHEST WIND DIRECTION     S (160)
  HIGHEST GUST SPEED    23   HIGHEST GUST DIRECTION     S (160)
  AVERAGE WIND SPEED     8.2


SKY COVER
  POSSIBLE SUNSHINE  MM
  AVERAGE SKY COVER 0.0


WEATHER CONDITIONS
 THE FOLLOWING WEATHER WAS RECORDED YESTERDAY.
  NO SIGNIFICANT WEATHER WAS OBSERVED.


RELATIVE HUMIDITY (PERCENT)
 HIGHEST    93           400 AM
 LOWEST     51           200 PM
 AVERAGE    72

..........................................................


THE DUBUQUE IA CLIMATE NORMALS FOR TODAY
                         NORMAL    RECORD    YEAR
 MAXIMUM TEMPERATURE (F)   70        92      1937
 MINIMUM TEMPERATURE (F)   49        31      1995
                                             1974


SUNRISE AND SUNSET
SEPTEMBER 22 2017.....SUNRISE   650 AM CDT   SUNSET   700 PM CDT
SEPTEMBER 23 2017.....SUNRISE   652 AM CDT   SUNSET   658 PM CDT


-  INDICATES NEGATIVE NUMBERS.
R  INDICATES RECORD WAS SET OR TIED.
MM INDICATES DATA IS MISSING.
T  INDICATES TRACE AMOUNT.




$$
