000
CDUS43 KDVN 211023
CLIDBQ


CLIMATE REPORT
NATIONAL WEATHER SERVICE QUAD CITIES IA IL
421 AM CST WED FEB 21 2018


...................................

...THE DUBUQUE IA CLIMATE SUMMARY FOR FEBRUARY 20 2018...

CLIMATE NORMAL PERIOD 1981 TO 2010
CLIMATE RECORD PERIOD 1873 TO 2018


WEATHER ITEM   OBSERVED TIME   RECORD YEAR NORMAL DEPARTURE LAST
                VALUE   (LST)  VALUE       VALUE  FROM      YEAR
                                                  NORMAL
..................................................................
TEMPERATURE (F)
 YESTERDAY
  MAXIMUM         34    937 AM  61    1981  33      1       59
  MINIMUM         20   1159 PM -24    1929  17      3       46
  AVERAGE         27                        25      2       53

PRECIPITATION (IN)
  YESTERDAY        0.84          1.13 2011   0.05   0.79     0.26
  MONTH TO DATE    2.37                      0.96   1.41     1.25
  SINCE DEC 1      4.27                      3.97   0.30     4.80
  SINCE JAN 1      3.56                      2.13   1.43     3.26

SNOWFALL (IN)
  YESTERDAY        0.0          MM      MM   0.3   -0.3      0.0
  MONTH TO DATE   12.8                       6.8    6.0       T
  SINCE DEC 1     22.0                      28.6   -6.6     21.2
  SINCE JUL 1     22.0                      31.4   -9.4     21.2
  SNOW DEPTH       1

DEGREE DAYS
 HEATING
  YESTERDAY       38                        40     -2       12
  MONTH TO DATE  959                       852    107      662
  SINCE DEC 1   3686                      3589     97     3287
  SINCE JUL 1   5051                      5089    -38     4279

 COOLING
  YESTERDAY        0                         0      0        0
  MONTH TO DATE    0                         0      0        0
  SINCE DEC 1      0                         0      0        0
  SINCE JAN 1      0                         0      0        0
..................................................................


WIND (MPH)
  HIGHEST WIND SPEED    26   HIGHEST WIND DIRECTION     W (280)
  HIGHEST GUST SPEED    30   HIGHEST GUST DIRECTION     W (280)
  AVERAGE WIND SPEED    11.5


SKY COVER
  POSSIBLE SUNSHINE  MM
  AVERAGE SKY COVER 0.9


WEATHER CONDITIONS
 THE FOLLOWING WEATHER WAS RECORDED YESTERDAY.
  HEAVY RAIN
  RAIN
  LIGHT RAIN
  FOG
  FOG W/VISIBILITY <= 1/4 MILE


RELATIVE HUMIDITY (PERCENT)
 HIGHEST   100          1200 AM
 LOWEST     68          1100 PM
 AVERAGE    84

..........................................................


THE DUBUQUE IA CLIMATE NORMALS FOR TODAY
                         NORMAL    RECORD    YEAR
 MAXIMUM TEMPERATURE (F)   34        63      1930
 MINIMUM TEMPERATURE (F)   18       -13      1963


SUNRISE AND SUNSET
FEBRUARY 21 2018......SUNRISE   651 AM CST   SUNSET   543 PM CST
FEBRUARY 22 2018......SUNRISE   649 AM CST   SUNSET   544 PM CST


-  INDICATES NEGATIVE NUMBERS.
R  INDICATES RECORD WAS SET OR TIED.
MM INDICATES DATA IS MISSING.
T  INDICATES TRACE AMOUNT.




$$
