000
CDUS43 KDVN 250932
CLIDBQ


CLIMATE REPORT
NATIONAL WEATHER SERVICE QUAD CITIES IA IL
431 AM CDT THU MAY 25 2017


...................................

...THE DUBUQUE IA CLIMATE SUMMARY FOR MAY 24 2017...

CLIMATE NORMAL PERIOD 1981 TO 2010
CLIMATE RECORD PERIOD 1873 TO 2017


WEATHER ITEM   OBSERVED TIME   RECORD YEAR NORMAL DEPARTURE LAST
                VALUE   (LST)  VALUE       VALUE  FROM      YEAR
                                                  NORMAL
..................................................................
TEMPERATURE (F)
 YESTERDAY
  MAXIMUM         60    304 PM  92    1880  72    -12       83
  MINIMUM         50    744 AM  35    1925  51     -1       59
  AVERAGE         55                        61     -6       71

PRECIPITATION (IN)
  YESTERDAY        T             1.45 1922   0.13  -0.13     0.08
  MONTH TO DATE    2.24                      3.22  -0.98     3.11
  SINCE MAR 1      9.37                      9.29   0.08     8.65
  SINCE JAN 1     13.18                     11.90   1.28     9.73

SNOWFALL (IN)
  YESTERDAY        0.0          MM      MM   0.0    0.0      0.0
  MONTH TO DATE    0.0                       0.1   -0.1      0.0
  SINCE MAR 1      4.6                       8.4   -3.8      3.3
  SINCE JUL 1     27.2                      42.0  -14.8     34.8
  SNOW DEPTH       0

DEGREE DAYS
 HEATING
  YESTERDAY       10                         5      5        0
  MONTH TO DATE  225                       195     30      229
  SINCE MAR 1   1543                      1623    -80     1490
  SINCE JUL 1   6024                      7016   -992     5967

 COOLING
  YESTERDAY        0                         2     -2        6
  MONTH TO DATE   19                        18      1       10
  SINCE MAR 1     24                        23      1       13
  SINCE JAN 1     24                        23      1       13
..................................................................


WIND (MPH)
  HIGHEST WIND SPEED    16   HIGHEST WIND DIRECTION     N (20)
  HIGHEST GUST SPEED    20   HIGHEST GUST DIRECTION    NE (30)
  AVERAGE WIND SPEED     8.5


SKY COVER
  POSSIBLE SUNSHINE  MM
  AVERAGE SKY COVER 1.0


WEATHER CONDITIONS
 THE FOLLOWING WEATHER WAS RECORDED YESTERDAY.
  LIGHT RAIN
  FOG


RELATIVE HUMIDITY (PERCENT)
 HIGHEST   100           300 AM
 LOWEST     72           100 PM
 AVERAGE    86

..........................................................


THE DUBUQUE IA CLIMATE NORMALS FOR TODAY
                         NORMAL    RECORD    YEAR
 MAXIMUM TEMPERATURE (F)   72        91      1911
                                             1880
 MINIMUM TEMPERATURE (F)   51        34      1925


SUNRISE AND SUNSET
MAY 25 2017...........SUNRISE   532 AM CDT   SUNSET   828 PM CDT
MAY 26 2017...........SUNRISE   532 AM CDT   SUNSET   829 PM CDT


-  INDICATES NEGATIVE NUMBERS.
R  INDICATES RECORD WAS SET OR TIED.
MM INDICATES DATA IS MISSING.
T  INDICATES TRACE AMOUNT.




$$
