000
CDUS43 KDVN 222122
CLIDBQ


CLIMATE REPORT
NATIONAL WEATHER SERVICE QUAD CITIES IA IL
421 PM CDT SAT APR 22 2017


...................................

...THE DUBUQUE IA CLIMATE SUMMARY FOR APRIL 22 2017...
VALID TODAY AS OF 0400 PM LOCAL TIME.

CLIMATE NORMAL PERIOD 1981 TO 2010
CLIMATE RECORD PERIOD 1873 TO 2017


WEATHER ITEM   OBSERVED TIME   RECORD YEAR NORMAL DEPARTURE LAST
                VALUE   (LST)  VALUE       VALUE  FROM      YEAR
                                                  NORMAL
..................................................................
TEMPERATURE (F)
 TODAY
  MAXIMUM         62    259 PM  93    1980  61      1       61
  MINIMUM         36    511 AM  25    1986  40     -4       47
  AVERAGE         49                        51     -2       54

PRECIPITATION (IN)
  TODAY            0.00          2.05 1999   0.13  -0.13     0.00
  MONTH TO DATE    3.76                      2.60   1.16     1.62
  SINCE MAR 1      5.89                      5.01   0.88     4.64
  SINCE JAN 1      9.70                      7.62   2.08     5.72

SNOWFALL (IN)
  TODAY            0.0          MM      MM   0.1   -0.1      0.0
  MONTH TO DATE    T                         1.8   -1.8      0.5
  SINCE MAR 1      4.5                       8.1   -3.6      3.3
  SINCE JUL 1     27.1                      41.7  -14.6     34.8
  SNOW DEPTH       0

DEGREE DAYS
 HEATING
  TODAY           16                        15      1       11
  MONTH TO DATE  295                       407   -112      404
  SINCE MAR 1   1184                      1325   -141     1149
  SINCE JUL 1   5665                      6718  -1053     5626

 COOLING
  TODAY            0                         0      0        0
  MONTH TO DATE    5                         0      5        3
  SINCE MAR 1      5                         0      5        3
  SINCE JAN 1      5                         0      5        3
..................................................................


WIND (MPH)
  HIGHEST WIND SPEED    13   HIGHEST WIND DIRECTION    NE (60)
  HIGHEST GUST SPEED    19   HIGHEST GUST DIRECTION    NE (40)
  AVERAGE WIND SPEED     7.0


SKY COVER
  POSSIBLE SUNSHINE  MM
  AVERAGE SKY COVER 0.0


WEATHER CONDITIONS
 THE FOLLOWING WEATHER WAS RECORDED TODAY.
  NO SIGNIFICANT WEATHER WAS OBSERVED.


RELATIVE HUMIDITY (PERCENT)
 HIGHEST    82           500 AM
 LOWEST     29           200 PM
 AVERAGE    56

..........................................................


THE DUBUQUE IA CLIMATE NORMALS FOR TOMORROW
                         NORMAL    RECORD    YEAR
 MAXIMUM TEMPERATURE (F)   62        85      1925
 MINIMUM TEMPERATURE (F)   41        22      1910


SUNRISE AND SUNSET
APRIL 22 2017.........SUNRISE   610 AM CDT   SUNSET   753 PM CDT
APRIL 23 2017.........SUNRISE   609 AM CDT   SUNSET   754 PM CDT


-  INDICATES NEGATIVE NUMBERS.
R  INDICATES RECORD WAS SET OR TIED.
MM INDICATES DATA IS MISSING.
T  INDICATES TRACE AMOUNT.




$$
