000
CDUS43 KDVN 260927
CLIDBQ


CLIMATE REPORT
NATIONAL WEATHER SERVICE QUAD CITIES IA IL
424 AM CDT MON SEP 26 2016


...................................

...THE DUBUQUE IA CLIMATE SUMMARY FOR SEPTEMBER 25 2016...

CLIMATE NORMAL PERIOD 1981 TO 2010
CLIMATE RECORD PERIOD 1873 TO 2016


WEATHER ITEM   OBSERVED TIME   RECORD YEAR NORMAL DEPARTURE LAST
                VALUE   (LST)  VALUE       VALUE  FROM      YEAR
                                                  NORMAL
..................................................................
TEMPERATURE (F)
 YESTERDAY
  MAXIMUM         80   1221 PM  90    1920  69     11       76
  MINIMUM         57   1159 PM  30    1942  47     10       57
  AVERAGE         69                        58     11       67

PRECIPITATION (IN)
  YESTERDAY        0.00          3.38 1880   0.11  -0.11     0.00
  MONTH TO DATE    5.15                      2.95   2.20     2.91
  SINCE SEP 1      5.15                      2.95   2.20     2.91
  SINCE JAN 1     34.31                     28.93   5.38    25.74

SNOWFALL (IN)
  YESTERDAY        0.0          MM      MM   0.0    0.0      0.0
  MONTH TO DATE    0.0                       0.0    0.0      0.0
  SINCE SEP 1      0.0                       0.0    0.0      0.0
  SINCE JUL 1      0.0                       0.0    0.0      0.0
  SNOW DEPTH       0

DEGREE DAYS
 HEATING
  YESTERDAY        0                         8     -8        0
  MONTH TO DATE   10                       107    -97       40
  SINCE SEP 1     10                       107    -97       40
  SINCE JUL 1     17                       134   -117       73

 COOLING
  YESTERDAY        4                         1      3        2
  MONTH TO DATE   87                        57     30      139
  SINCE SEP 1     87                        57     30      139
  SINCE JAN 1    767                       633    134      632
..................................................................


WIND (MPH)
  HIGHEST WIND SPEED    23   HIGHEST WIND DIRECTION     W (270)
  HIGHEST GUST SPEED    30   HIGHEST GUST DIRECTION     W (260)
  AVERAGE WIND SPEED    12.8


SKY COVER
  POSSIBLE SUNSHINE  MM
  AVERAGE SKY COVER 0.3


WEATHER CONDITIONS
 THE FOLLOWING WEATHER WAS RECORDED YESTERDAY.
  FOG
  HAZE


RELATIVE HUMIDITY (PERCENT)
 HIGHEST   100           500 AM
 LOWEST     66           400 PM
 AVERAGE    83

..........................................................


THE DUBUQUE IA CLIMATE NORMALS FOR TODAY
                         NORMAL    RECORD    YEAR
 MAXIMUM TEMPERATURE (F)   68        89      1891
 MINIMUM TEMPERATURE (F)   47        31      1926


SUNRISE AND SUNSET
SEPTEMBER 26 2016.....SUNRISE   655 AM CDT   SUNSET   652 PM CDT
SEPTEMBER 27 2016.....SUNRISE   656 AM CDT   SUNSET   650 PM CDT


-  INDICATES NEGATIVE NUMBERS.
R  INDICATES RECORD WAS SET OR TIED.
MM INDICATES DATA IS MISSING.
T  INDICATES TRACE AMOUNT.




$$
