000
CDUS43 KDVN 072220
CLIDBQ


CLIMATE REPORT
NATIONAL WEATHER SERVICE QUAD CITIES IA IL
420 PM CST WED DEC 7 2016


...................................

...THE DUBUQUE IA CLIMATE SUMMARY FOR DECEMBER 7 2016...
VALID TODAY AS OF 0400 PM LOCAL TIME.

CLIMATE NORMAL PERIOD 1981 TO 2010
CLIMATE RECORD PERIOD 1873 TO 2016


WEATHER ITEM   OBSERVED TIME   RECORD YEAR NORMAL DEPARTURE LAST
                VALUE   (LST)  VALUE       VALUE  FROM      YEAR
                                                  NORMAL
..................................................................
TEMPERATURE (F)
 TODAY
  MAXIMUM         20    145 AM  61    1916  33    -13       41
  MINIMUM         16    817 AM -16    1882  18     -2       32
  AVERAGE         18                        26     -8       37

PRECIPITATION (IN)
  TODAY            0.00          1.13 1892   0.07  -0.07     0.00
  MONTH TO DATE    0.49                      0.52  -0.03     0.04
  SINCE DEC 1      0.49                      0.52  -0.03     0.04
  SINCE JAN 1     39.92                     34.97   4.95    35.03

SNOWFALL (IN)
  TODAY            0.0          MM      MM   0.4   -0.4      0.0
  MONTH TO DATE    5.6                       2.4    3.2      0.9
  SINCE DEC 1      5.6                       2.4    3.2      0.9
  SINCE JUL 1      5.6                       5.2    0.4     12.7
  SNOW DEPTH       3

DEGREE DAYS
 HEATING
  TODAY           47                        40      7       28
  MONTH TO DATE  248                       268    -20      216
  SINCE DEC 1    248                       268    -20      216
  SINCE JUL 1   1240                      1768   -528     1423

 COOLING
  TODAY            0                         0      0        0
  MONTH TO DATE    0                         0      0        0
  SINCE DEC 1      0                         0      0        0
  SINCE JAN 1    781                       643    138      637
..................................................................


WIND (MPH)
  HIGHEST WIND SPEED    24   HIGHEST WIND DIRECTION     W (290)
  HIGHEST GUST SPEED    31   HIGHEST GUST DIRECTION     W (250)
  AVERAGE WIND SPEED    16.4


SKY COVER
  POSSIBLE SUNSHINE  MM
  AVERAGE SKY COVER 0.3


WEATHER CONDITIONS
 THE FOLLOWING WEATHER WAS RECORDED TODAY.
  NO SIGNIFICANT WEATHER WAS OBSERVED.


RELATIVE HUMIDITY (PERCENT)
 HIGHEST    80           600 AM
 LOWEST     71          1200 AM
 AVERAGE    76

..........................................................


THE DUBUQUE IA CLIMATE NORMALS FOR TOMORROW
                         NORMAL    RECORD    YEAR
 MAXIMUM TEMPERATURE (F)   33        63      1946
 MINIMUM TEMPERATURE (F)   18       -13      1958


SUNRISE AND SUNSET
DECEMBER  7 2016......SUNRISE   719 AM CST   SUNSET   430 PM CST
DECEMBER  8 2016......SUNRISE   720 AM CST   SUNSET   430 PM CST


-  INDICATES NEGATIVE NUMBERS.
R  INDICATES RECORD WAS SET OR TIED.
MM INDICATES DATA IS MISSING.
T  INDICATES TRACE AMOUNT.




$$
