000
CDUS41 KLWX 250528
CLIDCA


CLIMATE REPORT
NATIONAL WEATHER SERVICE BALTIMORE MD/WASHINGTON DC
128 AM EDT WED MAY 25 2016


...................................

...THE WASHINGTON NATIONAL DC CLIMATE SUMMARY FOR MAY 24 2016...

CLIMATE NORMAL PERIOD 1981 TO 2010
CLIMATE RECORD PERIOD 1871 TO 2016


WEATHER ITEM   OBSERVED TIME   RECORD YEAR NORMAL DEPARTURE LAST
                VALUE   (LST)  VALUE       VALUE  FROM      YEAR
                                                  NORMAL
..................................................................
TEMPERATURE (F)
 YESTERDAY
  MAXIMUM         83    520 PM  92    1964  78      5       82
                                      1884
  MINIMUM         57    514 AM  41    1905  59     -2       57
  AVERAGE         70                        68      2       70

PRECIPITATION (IN)
  YESTERDAY        T             1.97 1897   0.13  -0.13     0.00
  MONTH TO DATE    5.22                      3.07   2.15     1.91
  SINCE MAR 1      8.43                      9.61  -1.18     9.36
  SINCE JAN 1     14.90                     15.04  -0.14    14.77

SNOWFALL (IN)
  YESTERDAY        0.0          MM      MM   0.0    0.0
  MONTH TO DATE    T                         0.0    0.0
  SINCE JUL 1     22.2                      15.4    6.8
  SNOW DEPTH       0

DEGREE DAYS
 HEATING
  YESTERDAY        0                         2     -2        0
  MONTH TO DATE  119                        72     47       16
  SINCE MAR 1    739                       910   -171      800
  SINCE JUL 1   3340                      4018   -678     3924

 COOLING
  YESTERDAY        5                         5      0        5
  MONTH TO DATE   12                        68    -56      167
  SINCE MAR 1     48                        94    -46      187
  SINCE JAN 1     48                        94    -46      187
..................................................................


WIND (MPH)
  HIGHEST WIND SPEED    20   HIGHEST WIND DIRECTION    NW (330)
  HIGHEST GUST SPEED    25   HIGHEST GUST DIRECTION    NW (320)
  AVERAGE WIND SPEED     9.0


SKY COVER
  POSSIBLE SUNSHINE  MM
  AVERAGE SKY COVER 0.4


WEATHER CONDITIONS
 THE FOLLOWING WEATHER WAS RECORDED YESTERDAY.
  LIGHT RAIN


RELATIVE HUMIDITY (PERCENT)
 HIGHEST    93           300 AM
 LOWEST     30           700 PM
 AVERAGE    62

..........................................................


THE WASHINGTON NATIONAL DC CLIMATE NORMALS FOR TODAY
                         NORMAL    RECORD    YEAR
 MAXIMUM TEMPERATURE (F)   78        94      1880
 MINIMUM TEMPERATURE (F)   59        42      1877


SUNRISE AND SUNSET
MAY 25 2016...........SUNRISE   548 AM EDT   SUNSET   823 PM EDT
MAY 26 2016...........SUNRISE   547 AM EDT   SUNSET   823 PM EDT


-  INDICATES NEGATIVE NUMBERS.
R  INDICATES RECORD WAS SET OR TIED.
MM INDICATES DATA IS MISSING.
T  INDICATES TRACE AMOUNT.




$$
