000
CDUS41 KALY 110622
CLIDDH


CLIMATE REPORT
NATIONAL WEATHER SERVICE ALBANY NY
221 AM EDT FRI JUL 11 2014


...................................

...THE BENNINGTON VT CLIMATE SUMMARY FOR JULY 10 2014...

CLIMATE NORMAL PERIOD 1981 TO 2010
CLIMATE RECORD PERIOD 9999 TO 9999


WEATHER ITEM   OBSERVED TIME   NORMAL DEPARTURE LAST
                VALUE   (LST)  VALUE  FROM      YEAR
                                      NORMAL
......................................................
TEMPERATURE (F)
 YESTERDAY
  MAXIMUM         76    406 PM  80     -4       84
  MINIMUM         53    447 AM  57     -4       69
  AVERAGE         65            68     -3       77

PRECIPITATION (IN)
  YESTERDAY        0.00          0.14  -0.14     1.11
  MONTH TO DATE    3.77          1.34   2.43     2.30
  SINCE JUN 1      7.10          5.47   1.63     9.59
  SINCE JAN 1     19.93         20.54  -0.61    24.06

DEGREE DAYS
 HEATING
  YESTERDAY        0             1     -1        0
  MONTH TO DATE    1            10     -9        0
  SINCE JUN 1     48           107    -59      100
  SINCE JUL 1      1            10     -9        0

 COOLING
  YESTERDAY        0             4     -4       12
  MONTH TO DATE   58            39     19      117
  SINCE JUN 1    120            97     23      215
  SINCE JAN 1    136           111     25      247
......................................................


WIND (MPH)
  HIGHEST WIND SPEED    10   HIGHEST WIND DIRECTION     W (260)
  HIGHEST GUST SPEED    14   HIGHEST GUST DIRECTION     W (280)
  AVERAGE WIND SPEED     2.8


SKY COVER
  AVERAGE SKY COVER 0.2



RELATIVE HUMIDITY (PERCENT)
 HIGHEST   100           300 AM
 LOWEST     46           400 PM
 AVERAGE    73

..........................................................


THE BENNINGTON VT CLIMATE NORMALS FOR TODAY
                         NORMAL
 MAXIMUM TEMPERATURE (F)   80
 MINIMUM TEMPERATURE (F)   57


SUNRISE AND SUNSET
JULY 11 2014..........SUNRISE   525 AM EDT   SUNSET   832 PM EDT
JULY 12 2014..........SUNRISE   525 AM EDT   SUNSET   832 PM EDT


-  INDICATES NEGATIVE NUMBERS.
R  INDICATES RECORD WAS SET OR TIED.
MM INDICATES DATA IS MISSING.
T  INDICATES TRACE AMOUNT.




$$
