000
CDUS41 KALY 030621
CLIDDH


CLIMATE REPORT
NATIONAL WEATHER SERVICE ALBANY NY
221 AM EDT WED SEP 3 2014


...................................

...THE BENNINGTON VT CLIMATE SUMMARY FOR SEPTEMBER 2 2014...

CLIMATE NORMAL PERIOD 1981 TO 2010
CLIMATE RECORD PERIOD 9999 TO 9999


WEATHER ITEM   OBSERVED TIME   NORMAL DEPARTURE LAST
                VALUE   (LST)  VALUE  FROM      YEAR
                                      NORMAL
......................................................
TEMPERATURE (F)
 YESTERDAY
  MAXIMUM         85    210 PM  75     10       81
  MINIMUM         65    425 AM  52     13       65
  AVERAGE         75            64     11       73

PRECIPITATION (IN)
  YESTERDAY        0.23          0.09   0.14     0.58
  MONTH TO DATE    0.23          0.19   0.04     0.65
  SINCE SEP 1      0.23          0.19   0.04     0.65
  SINCE JAN 1     26.19         27.73  -1.54    32.37

DEGREE DAYS
 HEATING
  YESTERDAY        0             3     -3        0
  MONTH TO DATE    0             6     -6        0
  SINCE SEP 1      0             6     -6        0
  SINCE JUL 1     53            78    -25       63

 COOLING
  YESTERDAY       10             2      8        8
  MONTH TO DATE   19             4     15       18
  SINCE SEP 1     19             4     15       18
  SINCE JAN 1    272           292    -20      477
......................................................


WIND (MPH)
  HIGHEST WIND SPEED    20   HIGHEST WIND DIRECTION     W (280)
  HIGHEST GUST SPEED    30   HIGHEST GUST DIRECTION     W (270)
  AVERAGE WIND SPEED     3.7


SKY COVER
  AVERAGE SKY COVER 0.5



RELATIVE HUMIDITY (PERCENT)
 HIGHEST    93          1200 AM
 LOWEST     58           500 PM
 AVERAGE    76

..........................................................


THE BENNINGTON VT CLIMATE NORMALS FOR TODAY
                         NORMAL
 MAXIMUM TEMPERATURE (F)   75
 MINIMUM TEMPERATURE (F)   52


SUNRISE AND SUNSET
SEPTEMBER  3 2014.....SUNRISE   620 AM EDT   SUNSET   724 PM EDT
SEPTEMBER  4 2014.....SUNRISE   621 AM EDT   SUNSET   722 PM EDT


-  INDICATES NEGATIVE NUMBERS.
R  INDICATES RECORD WAS SET OR TIED.
MM INDICATES DATA IS MISSING.
T  INDICATES TRACE AMOUNT.




$$
