846
CDUS41 KALY 130639
CLIDDH


CLIMATE REPORT
NATIONAL WEATHER SERVICE ALBANY NY
136 AM EST WED DEC 13 2017


...................................

...THE BENNINGTON VT CLIMATE SUMMARY FOR DECEMBER 12 2017...

CLIMATE NORMAL PERIOD 1981 TO 2010
CLIMATE RECORD PERIOD 9999 TO 9999


WEATHER ITEM   OBSERVED TIME   NORMAL DEPARTURE LAST
                VALUE   (LST)  VALUE  FROM      YEAR
                                      NORMAL
......................................................
TEMPERATURE (F)
 YESTERDAY
  MAXIMUM         38    106 PM  37      1       39
  MINIMUM         21   1159 PM  21      0       28
  AVERAGE         30            29      1       34

PRECIPITATION (IN)
  YESTERDAY        0.24          0.09   0.15     0.33
  MONTH TO DATE    0.94          1.16  -0.22     0.90
  SINCE DEC 1      0.94          1.16  -0.22     0.90
  SINCE JAN 1     40.50         39.07   1.43    31.44

DEGREE DAYS
 HEATING
  YESTERDAY       35            36     -1       31
  MONTH TO DATE  364           406    -42      395
  SINCE DEC 1    364           406    -42      395
  SINCE JUL 1   1664          2019   -355     1765

 COOLING
  YESTERDAY        0             0      0        0
  MONTH TO DATE    0             0      0        0
  SINCE DEC 1      0             0      0        0
  SINCE JAN 1    395           313     82      488
......................................................


WIND (MPH)
  HIGHEST WIND SPEED    30   HIGHEST WIND DIRECTION    SE (150)
  HIGHEST GUST SPEED    41   HIGHEST GUST DIRECTION    SE (140)
  AVERAGE WIND SPEED    10.7


SKY COVER
  AVERAGE SKY COVER 1.0



RELATIVE HUMIDITY (PERCENT)
 HIGHEST    92           200 PM
 LOWEST     58          1200 AM
 AVERAGE    75

..........................................................


THE BENNINGTON VT CLIMATE NORMALS FOR TODAY
                         NORMAL
 MAXIMUM TEMPERATURE (F)   36
 MINIMUM TEMPERATURE (F)   21


SUNRISE AND SUNSET
DECEMBER 13 2017......SUNRISE   716 AM EST   SUNSET   419 PM EST
DECEMBER 14 2017......SUNRISE   716 AM EST   SUNSET   419 PM EST


-  INDICATES NEGATIVE NUMBERS.
R  INDICATES RECORD WAS SET OR TIED.
MM INDICATES DATA IS MISSING.
T  INDICATES TRACE AMOUNT.




$$
