000
CDUS41 KALY 230622
CLIDDH


CLIMATE REPORT
NATIONAL WEATHER SERVICE ALBANY NY
122 AM EST MON JAN 23 2017


...................................

...THE BENNINGTON VT CLIMATE SUMMARY FOR JANUARY 22 2017...

CLIMATE NORMAL PERIOD 1981 TO 2010
CLIMATE RECORD PERIOD 9999 TO 9999


WEATHER ITEM   OBSERVED TIME   NORMAL DEPARTURE LAST
                VALUE   (LST)  VALUE  FROM      YEAR
                                      NORMAL
......................................................
TEMPERATURE (F)
 YESTERDAY
  MAXIMUM         47    331 PM  31     16       25
  MINIMUM         34    437 AM  11     23        6
  AVERAGE         41            21     20       16

PRECIPITATION (IN)
  YESTERDAY        0.10          0.07   0.03     0.00
  MONTH TO DATE    1.56          2.07  -0.51     0.97
  SINCE DEC 1      3.65          4.86  -1.21     4.72
  SINCE JAN 1      1.56          2.07  -0.51     0.97

DEGREE DAYS
 HEATING
  YESTERDAY       24            44    -20       49
  MONTH TO DATE  791           964   -173      886
  SINCE DEC 1   1914          2123   -209     1631
  SINCE JUL 1   3284          3736   -452     2974

 COOLING
  YESTERDAY        0             0      0        0
  MONTH TO DATE    0             0      0        0
  SINCE DEC 1      0             0      0        0
  SINCE JAN 1      0             0      0        0
......................................................


WIND (MPH)
  HIGHEST WIND SPEED    22   HIGHEST WIND DIRECTION     E (100)
  HIGHEST GUST SPEED    33   HIGHEST GUST DIRECTION     E (110)
  AVERAGE WIND SPEED     5.5


SKY COVER
  AVERAGE SKY COVER 1.0



RELATIVE HUMIDITY (PERCENT)
 HIGHEST   100          1200 AM
 LOWEST     73           700 PM
 AVERAGE    87

..........................................................


THE BENNINGTON VT CLIMATE NORMALS FOR TODAY
                         NORMAL
 MAXIMUM TEMPERATURE (F)   31
 MINIMUM TEMPERATURE (F)   11


SUNRISE AND SUNSET
JANUARY 23 2017.......SUNRISE   716 AM EST   SUNSET   454 PM EST
JANUARY 24 2017.......SUNRISE   715 AM EST   SUNSET   456 PM EST


-  INDICATES NEGATIVE NUMBERS.
R  INDICATES RECORD WAS SET OR TIED.
MM INDICATES DATA IS MISSING.
T  INDICATES TRACE AMOUNT.




$$
