000
CDUS43 KILX 302154
CLIDEC


CLIMATE REPORT
NATIONAL WEATHER SERVICE LINCOLN IL
454 PM CDT SUN APR 30 2017


...................................

...THE DECATUR IL AIRPORT CLIMATE SUMMARY FOR APRIL 30 2017...
VALID TODAY AS OF 0400 PM LOCAL TIME.

CLIMATE NORMAL PERIOD 1981 TO 2010
CLIMATE RECORD PERIOD 9999 TO 9999


WEATHER ITEM   OBSERVED TIME   RECORD YEAR NORMAL DEPARTURE LAST
                VALUE   (LST)  VALUE       VALUE  FROM      YEAR
                                                  NORMAL
..................................................................
TEMPERATURE (F)
 TODAY
  MAXIMUM         66    259 PM  MM      MM  69     -3       65
  MINIMUM         50   1229 AM  MM      MM  47      3       50
  AVERAGE         58                        58      0       58

PRECIPITATION (IN)
  TODAY            0.97         MM      MM   0.23   0.74     0.83
  MONTH TO DATE    5.44                      3.80   1.64     3.33
  SINCE MAR 1      8.14                      6.44   1.70     6.52
  SINCE JAN 1     10.24                     10.16   0.08     7.71

DEGREE DAYS
 HEATING
  TODAY            7                         8     -1        7
  MONTH TO DATE  251                       380   -129      353
  SINCE MAR 1    906                      1106   -200      855
  SINCE JUL 1   4265                      5363  -1098     4347

 COOLING
  TODAY            0                         1     -1        0
  MONTH TO DATE   23                        13     10        7
  SINCE MAR 1     23                        14      9        7
  SINCE JAN 1     23                        14      9        7
..................................................................


WIND (MPH)
  HIGHEST WIND SPEED    23   HIGHEST WIND DIRECTION     S (200)
  HIGHEST GUST SPEED    31   HIGHEST GUST DIRECTION     S (190)
  AVERAGE WIND SPEED    10.3


SKY COVER
  POSSIBLE SUNSHINE  MM
  AVERAGE SKY COVER 0.9


WEATHER CONDITIONS
 THE FOLLOWING WEATHER WAS RECORDED TODAY.
  HEAVY RAIN
  RAIN
  LIGHT RAIN
  FOG


RELATIVE HUMIDITY (PERCENT)
 HIGHEST   100          1200 AM
 LOWEST    100          1200 AM
 AVERAGE   100

..........................................................


THE DECATUR IL AIRPORT CLIMATE NORMALS FOR TOMORROW
                         NORMAL    RECORD    YEAR
 MAXIMUM TEMPERATURE (F)   70        MM        MM
 MINIMUM TEMPERATURE (F)   47        MM        MM


SUNRISE AND SUNSET
APRIL 30 2017.........SUNRISE   557 AM CDT   SUNSET   749 PM CDT
MAY  1 2017...........SUNRISE   555 AM CDT   SUNSET   750 PM CDT


-  INDICATES NEGATIVE NUMBERS.
R  INDICATES RECORD WAS SET OR TIED.
MM INDICATES DATA IS MISSING.
T  INDICATES TRACE AMOUNT.




$$
