000
CDUS43 KILX 250653
CLIDEC


CLIMATE REPORT
NATIONAL WEATHER SERVICE LINCOLN IL
152 AM CDT SUN JUN 25 2017


...................................

...THE DECATUR IL AIRPORT CLIMATE SUMMARY FOR JUNE 24 2017...

CLIMATE NORMAL PERIOD 1981 TO 2010
CLIMATE RECORD PERIOD 9999 TO 9999


WEATHER ITEM   OBSERVED TIME   RECORD YEAR NORMAL DEPARTURE LAST
                VALUE   (LST)  VALUE       VALUE  FROM      YEAR
                                                  NORMAL
..................................................................
TEMPERATURE (F)
 YESTERDAY
  MAXIMUM         76    355 PM  MM      MM  85     -9       86
  MINIMUM         57   1159 PM  MM      MM  64     -7       64
  AVERAGE         67                        75     -8       75

PRECIPITATION (IN)
  YESTERDAY        0.00         MM      MM   0.15  -0.15     0.00
  MONTH TO DATE    1.33                      3.63  -2.30     2.16
  SINCE JUN 1      1.33                      3.63  -2.30     2.16
  SINCE JAN 1     20.26                     18.08   2.18    13.02

DEGREE DAYS
 HEATING
  YESTERDAY        0                         0      0        0
  MONTH TO DATE    0                        14    -14        0
  SINCE JUN 1      0                        14    -14        0
  SINCE JUL 1   4411                      5518  -1107     4485

 COOLING
  YESTERDAY        2                        10     -8       10
  MONTH TO DATE  221                       168     53      265
  SINCE JUN 1    221                       168     53      265
  SINCE JAN 1    318                       255     63      355
..................................................................


WIND (MPH)
  HIGHEST WIND SPEED    22   HIGHEST WIND DIRECTION    NW (320)
  HIGHEST GUST SPEED    32   HIGHEST GUST DIRECTION    NW (320)
  AVERAGE WIND SPEED    10.2


SKY COVER
  POSSIBLE SUNSHINE  MM
  AVERAGE SKY COVER 0.1


WEATHER CONDITIONS
 THE FOLLOWING WEATHER WAS RECORDED YESTERDAY.
  NO SIGNIFICANT WEATHER WAS OBSERVED.


RELATIVE HUMIDITY (PERCENT)
 HIGHEST    84           400 AM
 LOWEST     29           600 PM
 AVERAGE    57

..........................................................


THE DECATUR IL AIRPORT CLIMATE NORMALS FOR TODAY
                         NORMAL    RECORD    YEAR
 MAXIMUM TEMPERATURE (F)   85        MM        MM
 MINIMUM TEMPERATURE (F)   65        MM        MM


SUNRISE AND SUNSET
JUNE 25 2017..........SUNRISE   528 AM CDT   SUNSET   828 PM CDT
JUNE 26 2017..........SUNRISE   529 AM CDT   SUNSET   828 PM CDT


-  INDICATES NEGATIVE NUMBERS.
R  INDICATES RECORD WAS SET OR TIED.
MM INDICATES DATA IS MISSING.
T  INDICATES TRACE AMOUNT.




$$
