000
CDUS43 KILX 042228
CLIDEC


CLIMATE REPORT
NATIONAL WEATHER SERVICE LINCOLN IL
427 PM CST WED MAR 4 2015


...................................

...THE DECATUR IL AIRPORT CLIMATE SUMMARY FOR MARCH 4 2015...
VALID TODAY AS OF 0400 PM LOCAL TIME.

CLIMATE NORMAL PERIOD 1981 TO 2010
CLIMATE RECORD PERIOD 9999 TO 9999


WEATHER ITEM   OBSERVED TIME   RECORD YEAR NORMAL DEPARTURE LAST
                VALUE   (LST)  VALUE       VALUE  FROM      YEAR
                                                  NORMAL
..................................................................
TEMPERATURE (F)
 TODAY
  MAXIMUM         34    146 AM  MM      MM  46    -12       35
  MINIMUM         16    826 AM  MM      MM  28    -12       13
  AVERAGE         25                        37    -12       24

PRECIPITATION (IN)
  TODAY            T            MM      MM   0.08  -0.08     0.00
  MONTH TO DATE    0.14                      0.31  -0.17      T
  SINCE MAR 1      0.14                      0.31  -0.17      T
  SINCE JAN 1      1.39                      4.03  -2.64     1.12

DEGREE DAYS
 HEATING
  TODAY           40                        28     12       41
  MONTH TO DATE  154                       114     40      183
  SINCE MAR 1    154                       114     40      183
  SINCE JUL 1   4800                      4371    429     4995

 COOLING
  TODAY            0                         0      0        0
  MONTH TO DATE    0                         0      0        0
  SINCE MAR 1      0                         0      0        0
  SINCE JAN 1      0                         0      0        0
..................................................................


WIND (MPH)
  HIGHEST WIND SPEED    24   HIGHEST WIND DIRECTION    NW (310)
  HIGHEST GUST SPEED    31   HIGHEST GUST DIRECTION    NW (310)
  AVERAGE WIND SPEED    15.0


SKY COVER
  POSSIBLE SUNSHINE  MM
  AVERAGE SKY COVER 0.7


WEATHER CONDITIONS
 THE FOLLOWING WEATHER WAS RECORDED TODAY.
  NO SIGNIFICANT WEATHER WAS OBSERVED.


RELATIVE HUMIDITY (PERCENT)
 HIGHEST    85           400 AM
 LOWEST     56          1200 PM
 AVERAGE    71

..........................................................


THE DECATUR IL AIRPORT CLIMATE NORMALS FOR TOMORROW
                         NORMAL    RECORD    YEAR
 MAXIMUM TEMPERATURE (F)   47        MM        MM
 MINIMUM TEMPERATURE (F)   28        MM        MM


SUNRISE AND SUNSET
MARCH  4 2015.........SUNRISE   624 AM CST   SUNSET   550 PM CST
MARCH  5 2015.........SUNRISE   623 AM CST   SUNSET   551 PM CST


-  INDICATES NEGATIVE NUMBERS.
R  INDICATES RECORD WAS SET OR TIED.
MM INDICATES DATA IS MISSING.
T  INDICATES TRACE AMOUNT.




$$
