000
CDUS45 KBOU 270758
CLIDEN


CLIMATE REPORT
NATIONAL WEATHER SERVICE DENVER CO
1258 AM MST THU NOV 27 2014


...................................

...THE DENVER CO CLIMATE SUMMARY FOR NOVEMBER 26 2014...

CLIMATE NORMAL PERIOD 1981 TO 2010
CLIMATE RECORD PERIOD 1872 TO 2014


WEATHER ITEM   OBSERVED TIME   RECORD YEAR NORMAL DEPARTURE LAST
                VALUE   (LST)  VALUE       VALUE  FROM      YEAR
                                                  NORMAL
..................................................................
TEMPERATURE (F)
 YESTERDAY
  MAXIMUM         45    224 PM  72    1998  47     -2       48
  MINIMUM         23    708 AM -12    1887  20      3       28
  AVERAGE         34                        34      0       38

PRECIPITATION (IN)
  YESTERDAY        T             0.72 1983   0.02  -0.02     0.00
  MONTH TO DATE    0.76                      0.55   0.21     0.27
  SINCE SEP 1      3.07                      2.53   0.54     6.60
  SINCE JAN 1     18.18                     13.89   4.29    17.35

SNOWFALL (IN)
  YESTERDAY          T
  MONTH TO DATE      4
  SINCE SEP 1        4
  SINCE JUL 1        4
  SNOW DEPTH       0


DEGREE DAYS
 HEATING
  YESTERDAY       31                        31      0       27
  MONTH TO DATE  786                       672    114      633
  SINCE SEP 1   1176                      1237    -61     1241
  SINCE JUL 1   1183                      1253    -70     1241

 COOLING
  YESTERDAY        0                         0      0        0
  MONTH TO DATE    0                         0      0        0
  SINCE SEP 1     88                        81      7      133
  SINCE JAN 1    701                       769    -68      999
..................................................................


WIND (MPH)
  HIGHEST WIND SPEED    21   HIGHEST WIND DIRECTION     E (80)
  HIGHEST GUST SPEED    24   HIGHEST GUST DIRECTION     E (80)
  AVERAGE WIND SPEED     7.7


SKY COVER **
  POSSIBLE SUNSHINE  MM
  AVERAGE SKY COVER 0.5


WEATHER CONDITIONS
 THE FOLLOWING WEATHER WAS RECORDED YESTERDAY.
  LIGHT SNOW
  FOG


RELATIVE HUMIDITY (PERCENT)
 HIGHEST    88           900 PM
 LOWEST     49           200 PM
 AVERAGE    69

..........................................................


THE DENVER CO CLIMATE NORMALS FOR TODAY
                         NORMAL    RECORD    YEAR
 MAXIMUM TEMPERATURE (F)   47        74      1950
                                             1903
 MINIMUM TEMPERATURE (F)   20       -14      1887


SUNRISE AND SUNSET
NOVEMBER 27 2014......SUNRISE   657 AM MST   SUNSET   436 PM MST
NOVEMBER 28 2014......SUNRISE   658 AM MST   SUNSET   435 PM MST


-  INDICATES NEGATIVE NUMBERS.
R  INDICATES RECORD WAS SET OR TIED.
MM INDICATES DATA IS MISSING.
T  INDICATES TRACE AMOUNT.

&&

** SUNSHINE DATA WILL NO LONGER BE AVAILABLE EFFECTIVE OCTOBER 1ST 2009.




$$
