000
CDUS45 KBOU 222330
CLIDEN


CLIMATE REPORT
NATIONAL WEATHER SERVICE DENVER CO
429 PM MST MON DEC 22 2014


...................................

...THE DENVER CO CLIMATE SUMMARY FOR DECEMBER 22 2014...
VALID TODAY AS OF 0400 PM LOCAL TIME.

CLIMATE NORMAL PERIOD 1981 TO 2010
CLIMATE RECORD PERIOD 1872 TO 2014


WEATHER ITEM   OBSERVED TIME   RECORD YEAR NORMAL DEPARTURE LAST
                VALUE   (LST)  VALUE       VALUE  FROM      YEAR
                                                  NORMAL
..................................................................
TEMPERATURE (F)
 TODAY
  MAXIMUM         37    131 PM  70    1955  42     -5       41
  MINIMUM         27    743 AM -25    1990  17     10       10
  AVERAGE         32                        29      3       26

PRECIPITATION (IN)
  TODAY            0.05          0.87 1941   0.01   0.04     0.02
  MONTH TO DATE    0.20                      0.25  -0.05     0.19
  SINCE DEC 1      0.20                      0.25  -0.05     0.19
  SINCE JAN 1     18.38                     14.20   4.18    17.54

DEGREE DAYS
 HEATING
  TODAY           33                        36     -3       39
  MONTH TO DATE  609                       771   -162      858
  SINCE DEC 1    609                       771   -162      858
  SINCE JUL 1   1863                      2153   -290     2181

 COOLING
  TODAY            0                         0      0        0
  MONTH TO DATE    0                         0      0        0
  SINCE DEC 1      0                         0      0        0
  SINCE JAN 1    701                       769    -68      999
..................................................................


WIND (MPH)
  HIGHEST WIND SPEED    24   HIGHEST WIND DIRECTION     N (350)
  HIGHEST GUST SPEED    28   HIGHEST GUST DIRECTION     N (360)
  AVERAGE WIND SPEED     8.3


SKY COVER **
  POSSIBLE SUNSHINE  MM
  AVERAGE SKY COVER 0.8


WEATHER CONDITIONS
 THE FOLLOWING WEATHER WAS RECORDED TODAY.
  HEAVY SNOW
  SNOW
  LIGHT SNOW
  FOG
  FOG W/VISIBILITY <= 1/4 MILE


RELATIVE HUMIDITY (PERCENT)
 HIGHEST    92          1000 AM
 LOWEST     64          1200 PM
 AVERAGE    78

..........................................................


THE DENVER CO CLIMATE NORMALS FOR TOMORROW
                         NORMAL    RECORD    YEAR
 MAXIMUM TEMPERATURE (F)   42        74      1901
 MINIMUM TEMPERATURE (F)   17       -17      1990


SUNRISE AND SUNSET
DECEMBER 22 2014......SUNRISE   717 AM MST   SUNSET   438 PM MST
DECEMBER 23 2014......SUNRISE   717 AM MST   SUNSET   438 PM MST


-  INDICATES NEGATIVE NUMBERS.
R  INDICATES RECORD WAS SET OR TIED.
MM INDICATES DATA IS MISSING.
T  INDICATES TRACE AMOUNT.




$$
