000
CDUS45 KBOU 212326
CLIDEN


CLIMATE REPORT
NATIONAL WEATHER SERVICE DENVER/BOULDER CO
424 PM MST SAT JAN 21 2017


...................................

...THE DENVER CO CLIMATE SUMMARY FOR JANUARY 21 2017...
VALID TODAY AS OF 0400 PM LOCAL TIME.

CLIMATE NORMAL PERIOD 1981 TO 2010
CLIMATE RECORD PERIOD 1872 TO 2017


WEATHER ITEM   OBSERVED TIME   RECORD YEAR NORMAL DEPARTURE LAST
                VALUE   (LST)  VALUE       VALUE  FROM      YEAR
                                                  NORMAL
..................................................................
TEMPERATURE (F)
 TODAY
  MAXIMUM         42    135 PM  71    2009  44     -2       40
  MINIMUM         19    621 AM -15    1930  17      2       21
  AVERAGE         31                        31      0       31

PRECIPITATION (IN)
  TODAY            0.00          0.46 1974   0.02  -0.02     0.00
  MONTH TO DATE    0.54                      0.28   0.26     0.40
  SINCE DEC 1      1.32                      0.63   0.69     1.11
  SINCE JAN 1      0.54                      0.28   0.26     0.40

DEGREE DAYS
 HEATING
  TODAY           34                        34      0       34
  MONTH TO DATE  765                       719     46      749
  SINCE DEC 1   1911                      1805    106     1846
  SINCE JUL 1   2807                      3187   -380     2936

 COOLING
  TODAY            0                         0      0        0
  MONTH TO DATE    0                         0      0        0
  SINCE DEC 1      0                         0      0        0
  SINCE JAN 1      0                         0      0        0
..................................................................


WIND (MPH)
  HIGHEST WIND SPEED    12   HIGHEST WIND DIRECTION     S (180)
  HIGHEST GUST SPEED    13   HIGHEST GUST DIRECTION    NE (60)
  AVERAGE WIND SPEED     6.8


SKY COVER **
  POSSIBLE SUNSHINE  MM
  AVERAGE SKY COVER 0.5


WEATHER CONDITIONS
 THE FOLLOWING WEATHER WAS RECORDED TODAY.
  NO SIGNIFICANT WEATHER WAS OBSERVED.


RELATIVE HUMIDITY (PERCENT)
 HIGHEST    84           600 AM
 LOWEST     46           100 PM
 AVERAGE    65

..........................................................


THE DENVER CO CLIMATE NORMALS FOR TOMORROW
                         NORMAL    RECORD    YEAR
 MAXIMUM TEMPERATURE (F)   44        68      1981
 MINIMUM TEMPERATURE (F)   17       -14      1962


SUNRISE AND SUNSET
JANUARY 21 2017.......SUNRISE   715 AM MST   SUNSET   505 PM MST
JANUARY 22 2017.......SUNRISE   714 AM MST   SUNSET   506 PM MST


-  INDICATES NEGATIVE NUMBERS.
R  INDICATES RECORD WAS SET OR TIED.
MM INDICATES DATA IS MISSING.
T  INDICATES TRACE AMOUNT.




$$
