000
CDUS45 KBOU 230800
CLIDEN


CLIMATE REPORT
NATIONAL WEATHER SERVICE DENVER CO
157 AM MDT SAT MAY 23 2015


...................................

...THE DENVER CO CLIMATE SUMMARY FOR MAY 22 2015...

CLIMATE NORMAL PERIOD 1981 TO 2010
CLIMATE RECORD PERIOD 1872 TO 2015


WEATHER ITEM   OBSERVED TIME   RECORD YEAR NORMAL DEPARTURE LAST
                VALUE   (LST)  VALUE       VALUE  FROM      YEAR
                                                  NORMAL
..................................................................
TEMPERATURE (F)
 YESTERDAY
  MAXIMUM         58    407 PM  93    2012  74    -16       73
  MINIMUM         46    631 AM  32    1930  45      1       49
  AVERAGE         52                        59     -7       61

PRECIPITATION (IN)
  YESTERDAY        0.12          6.50 1876   0.07   0.05     0.54
  MONTH TO DATE    3.50                      1.47   2.03     3.37
  SINCE MAR 1      6.94                      4.10   2.84     5.44
  SINCE JAN 1      8.57                      4.88   3.69     6.57

SNOWFALL (IN)
  YESTERDAY        0.0
  MONTH TO DATE      4
  SINCE MAR 1     12.2
  SINCE JUL 1     57.8
  SNOW DEPTH       0


DEGREE DAYS
 HEATING
  YESTERDAY       13                         7      6        4
  MONTH TO DATE  304                       217     87      225
  SINCE MAR 1   1396                      1509   -113     1436
  SINCE JUL 1   5509                      5948   -439     5955

 COOLING
  YESTERDAY        0                         1     -1        0
  MONTH TO DATE    0                         7     -7        6
  SINCE MAR 1      0                         8     -8        6
  SINCE JAN 1      0                         8     -8        6
..................................................................


WIND (MPH)
  HIGHEST WIND SPEED    18   HIGHEST WIND DIRECTION    SE (140)
  HIGHEST GUST SPEED    23   HIGHEST GUST DIRECTION    SE (150)
  AVERAGE WIND SPEED     8.2


SKY COVER **
  POSSIBLE SUNSHINE  MM
  AVERAGE SKY COVER 0.8


WEATHER CONDITIONS
 THE FOLLOWING WEATHER WAS RECORDED YESTERDAY.
  THUNDERSTORM
  RAIN
  LIGHT RAIN
  FOG


RELATIVE HUMIDITY (PERCENT)
 HIGHEST    93           200 AM
 LOWEST     67           400 PM
 AVERAGE    80

..........................................................


THE DENVER CO CLIMATE NORMALS FOR TODAY
                         NORMAL    RECORD    YEAR
 MAXIMUM TEMPERATURE (F)   74        93      1989
 MINIMUM TEMPERATURE (F)   45        31      2002


SUNRISE AND SUNSET
MAY 23 2015...........SUNRISE   538 AM MST   SUNSET   813 PM MST
MAY 24 2015...........SUNRISE   537 AM MST   SUNSET   814 PM MST


-  INDICATES NEGATIVE NUMBERS.
R  INDICATES RECORD WAS SET OR TIED.
MM INDICATES DATA IS MISSING.
T  INDICATES TRACE AMOUNT.

&&

** SUNSHINE DATA WILL NO LONGER BE AVAILABLE EFFECTIVE OCTOBER 1ST 2009.




$$
