000
CDUS45 KBOU 032330
CLIDEN


CLIMATE REPORT
NATIONAL WEATHER SERVICE DENVER/BOULDER CO
530 PM MDT TUE MAY 3 2016


...................................

...THE DENVER CO CLIMATE SUMMARY FOR MAY 3 2016...
VALID TODAY AS OF 0500 PM LOCAL TIME.

CLIMATE NORMAL PERIOD 1981 TO 2010
CLIMATE RECORD PERIOD 1872 TO 2016


WEATHER ITEM   OBSERVED TIME   RECORD YEAR NORMAL DEPARTURE LAST
                VALUE   (LST)  VALUE       VALUE  FROM      YEAR
                                                  NORMAL
..................................................................
TEMPERATURE (F)
 TODAY
  MAXIMUM         66    356 PM  86    1949  67     -1       74
  MINIMUM         40    537 AM  19    1907  38      2       49
  AVERAGE         53                        52      1       62

PRECIPITATION (IN)
  TODAY            0.00          1.26 1938   0.08  -0.08     0.01
  MONTH TO DATE    0.05                      0.21  -0.16     0.03
  SINCE MAR 1      3.79                      2.84   0.95     3.47
  SINCE JAN 1      4.77                      3.62   1.15     5.10

DEGREE DAYS
 HEATING
  TODAY           12                        13     -1        3
  MONTH TO DATE   61                        39     22       15
  SINCE MAR 1   1303                      1331    -28     1107
  SINCE JUL 1   5291                      5770   -479     5220

 COOLING
  TODAY            0                         0      0        0
  MONTH TO DATE    0                         0      0        0
  SINCE MAR 1      0                         1     -1        0
  SINCE JAN 1      0                         1     -1        0
..................................................................


WIND (MPH)
  HIGHEST WIND SPEED    26   HIGHEST WIND DIRECTION     N (340)
  HIGHEST GUST SPEED    32   HIGHEST GUST DIRECTION     N (340)
  AVERAGE WIND SPEED    12.4


SKY COVER **
  POSSIBLE SUNSHINE  MM
  AVERAGE SKY COVER 0.4


WEATHER CONDITIONS
 THE FOLLOWING WEATHER WAS RECORDED TODAY.
  NO SIGNIFICANT WEATHER WAS OBSERVED.


RELATIVE HUMIDITY (PERCENT)
 HIGHEST    60           600 AM
 LOWEST     26           300 PM
 AVERAGE    43

..........................................................


THE DENVER CO CLIMATE NORMALS FOR TOMORROW
                         NORMAL    RECORD    YEAR
 MAXIMUM TEMPERATURE (F)   67        88      2012
 MINIMUM TEMPERATURE (F)   39        27      1964


SUNRISE AND SUNSET
MAY  3 2016...........SUNRISE   555 AM MDT   SUNSET   756 PM MDT
MAY  4 2016...........SUNRISE   554 AM MDT   SUNSET   757 PM MDT


-  INDICATES NEGATIVE NUMBERS.
R  INDICATES RECORD WAS SET OR TIED.
MM INDICATES DATA IS MISSING.
T  INDICATES TRACE AMOUNT.




$$
