000
CDUS45 KBOU 042326
CLIDEN


CLIMATE REPORT
NATIONAL WEATHER SERVICE DENVER/BOULDER CO
425 PM MST SUN DEC 4 2016


...................................

...THE DENVER CO CLIMATE SUMMARY FOR DECEMBER 4 2016...
VALID TODAY AS OF 0400 PM LOCAL TIME.

CLIMATE NORMAL PERIOD 1981 TO 2010
CLIMATE RECORD PERIOD 1872 TO 2016


WEATHER ITEM   OBSERVED TIME   RECORD YEAR NORMAL DEPARTURE LAST
                VALUE   (LST)  VALUE       VALUE  FROM      YEAR
                                                  NORMAL
..................................................................
TEMPERATURE (F)
 TODAY
  MAXIMUM         55    230 PM  72    2007  44     11       59
  MINIMUM         11    610 AM -13    2013  18     -7       26
  AVERAGE         33                        31      2       43

PRECIPITATION (IN)
  TODAY            0.00          2.12 1913   0.02  -0.02     0.00
  MONTH TO DATE    0.01                      0.05  -0.04     0.00
  SINCE DEC 1      0.01                      0.05  -0.04     0.00
  SINCE JAN 1     11.08                     14.00  -2.92    17.60

DEGREE DAYS
 HEATING
  TODAY           32                        34     -2       22
  MONTH TO DATE  147                       134     13      118
  SINCE DEC 1    147                       134     13      118
  SINCE JUL 1   1043                      1516   -473     1208

 COOLING
  TODAY            0                         0      0        0
  MONTH TO DATE    0                         0      0        0
  SINCE DEC 1      0                         0      0        0
  SINCE JAN 1    878                       769    109      877
..................................................................


WIND (MPH)
  HIGHEST WIND SPEED    21   HIGHEST WIND DIRECTION     W (290)
  HIGHEST GUST SPEED    25   HIGHEST GUST DIRECTION     W (280)
  AVERAGE WIND SPEED     9.7


SKY COVER **
  POSSIBLE SUNSHINE  MM
  AVERAGE SKY COVER 0.2


WEATHER CONDITIONS
 THE FOLLOWING WEATHER WAS RECORDED TODAY.
  NO SIGNIFICANT WEATHER WAS OBSERVED.


RELATIVE HUMIDITY (PERCENT)
 HIGHEST    61           400 AM
 LOWEST     16          1100 AM
 AVERAGE    39

..........................................................


THE DENVER CO CLIMATE NORMALS FOR TOMORROW
                         NORMAL    RECORD    YEAR
 MAXIMUM TEMPERATURE (F)   44        79      1939
 MINIMUM TEMPERATURE (F)   18       -15      2013
                                             1972


SUNRISE AND SUNSET
DECEMBER  4 2016......SUNRISE   705 AM MST   SUNSET   433 PM MST
DECEMBER  5 2016......SUNRISE   706 AM MST   SUNSET   433 PM MST


-  INDICATES NEGATIVE NUMBERS.
R  INDICATES RECORD WAS SET OR TIED.
MM INDICATES DATA IS MISSING.
T  INDICATES TRACE AMOUNT.




$$
