000
CDUS45 KBOU 272333
CLIDEN


CLIMATE REPORT
NATIONAL WEATHER SERVICE DENVER CO
429 PM MST FRI FEB 27 2015


...................................

...THE DENVER CO CLIMATE SUMMARY FOR FEBRUARY 27 2015...
VALID TODAY AS OF 0400 PM LOCAL TIME.

CLIMATE NORMAL PERIOD 1981 TO 2010
CLIMATE RECORD PERIOD 1872 TO 2015


WEATHER ITEM   OBSERVED TIME   RECORD YEAR NORMAL DEPARTURE LAST
                VALUE   (LST)  VALUE       VALUE  FROM      YEAR
                                                  NORMAL
..................................................................
TEMPERATURE (F)
 TODAY
  MAXIMUM         21    248 PM  73    2006  49    -28       61
                                      1904
  MINIMUM         -6    732 AM -13    1962  22    -28       24
  AVERAGE          8                        35    -27       43

PRECIPITATION (IN)
  TODAY            T             0.42 1957   0.01  -0.01     0.00
  MONTH TO DATE    1.25                      0.35   0.90     0.19
  SINCE DEC 1      2.22                      1.11   1.11     1.38
  SINCE JAN 1      1.63                      0.76   0.87     1.13

DEGREE DAYS
 HEATING
  TODAY           57                        30     27       22
  MONTH TO DATE  810                       880    -70     1000
  SINCE DEC 1   2805                      3029   -224     3174
  SINCE JUL 1   4059                      4411   -352     4497

 COOLING
  TODAY            0                         0      0        0
  MONTH TO DATE    0                         0      0        0
  SINCE DEC 1      0                         0      0        0
  SINCE JAN 1      0                         0      0        0
..................................................................


WIND (MPH)
  HIGHEST WIND SPEED    18   HIGHEST WIND DIRECTION     S (200)
  HIGHEST GUST SPEED    22   HIGHEST GUST DIRECTION     S (200)
  AVERAGE WIND SPEED     9.2


SKY COVER **
  POSSIBLE SUNSHINE  MM
  AVERAGE SKY COVER 0.5


WEATHER CONDITIONS
 THE FOLLOWING WEATHER WAS RECORDED TODAY.
  HEAVY SNOW
  SNOW
  LIGHT SNOW
  FOG
  FOG W/VISIBILITY <= 1/4 MILE
  HAZE


RELATIVE HUMIDITY (PERCENT)
 HIGHEST    83          1200 AM
 LOWEST     56           200 PM
 AVERAGE    70

..........................................................


THE DENVER CO CLIMATE NORMALS FOR TOMORROW
                         NORMAL    RECORD    YEAR
 MAXIMUM TEMPERATURE (F)   50        77      2006
 MINIMUM TEMPERATURE (F)   22       -18      1962


SUNRISE AND SUNSET
FEBRUARY 27 2015......SUNRISE   635 AM MST   SUNSET   547 PM MST
FEBRUARY 28 2015......SUNRISE   633 AM MST   SUNSET   548 PM MST


-  INDICATES NEGATIVE NUMBERS.
R  INDICATES RECORD WAS SET OR TIED.
MM INDICATES DATA IS MISSING.
T  INDICATES TRACE AMOUNT.




$$
