000
CDUS44 KSHV 062150
CLIDEQ


CLIMATE REPORT
NATIONAL WEATHER SERVICE SHREVEPORT, LA
450 PM CDT FRI MAY 6 2016


...................................

...THE DE QUEEN CLIMATE SUMMARY FOR MAY 6 2016...
VALID TODAY AS OF 0400 PM LOCAL TIME.

CLIMATE NORMAL PERIOD 1981 TO 2010
CLIMATE RECORD PERIOD 1902 TO 2016


WEATHER ITEM   OBSERVED TIME   RECORD YEAR NORMAL DEPARTURE LAST
                VALUE   (LST)  VALUE       VALUE  FROM      YEAR
                                                  NORMAL
..................................................................
TEMPERATURE (F)
 TODAY
  MAXIMUM         79    215 PM  89    1959  79      0       80
  MINIMUM         48    551 AM  39    2013  56     -8       66
  AVERAGE         64                        67     -3       73

PRECIPITATION (IN)
  TODAY            0.00          2.37 2009   0.23  -0.23      T
  MONTH TO DATE    0.30                      1.38  -1.08      T
  SINCE DEC 1     27.78                     21.31   6.47    17.94
  SINCE JAN 1     17.50                     16.95   0.55    16.22

DEGREE DAYS
 HEATING
  TODAY            1                         2     -1        0
  MONTH TO DATE   19                        12      7        2
  SINCE MAR 1    362                       542   -180      447
  SINCE JUL 1   2314                      3033   -719     3099

 COOLING
  TODAY            0                         4     -4        8
  MONTH TO DATE    3                        19    -16       21
  SINCE MAR 1     53                        64    -11       69
  SINCE JAN 1     53                        66    -13       69
..................................................................


WIND (MPH)
  HIGHEST WIND SPEED     9   HIGHEST WIND DIRECTION     E (80)
  HIGHEST GUST SPEED    12   HIGHEST GUST DIRECTION     E (90)
  AVERAGE WIND SPEED     3.0


SKY COVER
  POSSIBLE SUNSHINE  MM
  AVERAGE SKY COVER 0.0


WEATHER CONDITIONS
 THE FOLLOWING WEATHER WAS RECORDED TODAY.
  FOG


RELATIVE HUMIDITY (PERCENT)
 HIGHEST   100          1200 AM
 LOWEST     38           100 PM
 AVERAGE    69

..........................................................


THE DE QUEEN CLIMATE NORMALS FOR TOMORROW
                         NORMAL    RECORD    YEAR
 MAXIMUM TEMPERATURE (F)   79        93      1956
 MINIMUM TEMPERATURE (F)   56        39      1989


SUNRISE AND SUNSET
MAY  6 2016...........SUNRISE   623 AM CDT   SUNSET   806 PM CDT
MAY  7 2016...........SUNRISE   622 AM CDT   SUNSET   807 PM CDT


-  INDICATES NEGATIVE NUMBERS.
R  INDICATES RECORD WAS SET OR TIED.
MM INDICATES DATA IS MISSING.
T  INDICATES TRACE AMOUNT.




$$
