000
CDUS44 KSHV 160813
CLIDEQ


CLIMATE REPORT
NATIONAL WEATHER SERVICE SHREVEPORT, LA
303 AM CDT TUE SEP 16 2014


...................................

...THE DE QUEEN CLIMATE SUMMARY FOR SEPTEMBER 15 2014...

CLIMATE NORMAL PERIOD 1981 TO 2010
CLIMATE RECORD PERIOD 1902 TO 2014


WEATHER ITEM   OBSERVED TIME   RECORD YEAR NORMAL DEPARTURE LAST
                VALUE   (LST)  VALUE       VALUE  FROM      YEAR
                                                  NORMAL
..................................................................
TEMPERATURE (F)
 YESTERDAY
  MAXIMUM         79    443 PM 104    1939  87     -8       92
  MINIMUM         65    643 AM  44    1902  61      4       56
  AVERAGE         72                        74     -2       74

PRECIPITATION (IN)
  YESTERDAY        0.00          1.97 1998   0.13  -0.13     0.00
  MONTH TO DATE    6.96                      1.84   5.12     0.56
  SINCE DEC 1     35.24                     37.79  -2.55    24.91
  SINCE JAN 1     33.31                     33.43  -0.12    20.86

SNOWFALL (IN)
  YESTERDAY        0.0
  MONTH TO DATE    0.0
  SINCE SEP 1      0.0
  SINCE JUL 1      0.0
  SNOW DEPTH       0

DEGREE DAYS
 HEATING
  YESTERDAY        0                         0      0        0
  MONTH TO DATE    1                         0      1        0
  SINCE SEP 1      1                         0      1        0
  SINCE JUL 1      1                         0      1        0

 COOLING
  YESTERDAY        7                         9     -2        9
  MONTH TO DATE  185                       178      7      233
  SINCE SEP 1    185                       178      7      233
  SINCE JAN 1   1515                      1770   -255     1796
..................................................................


WIND (MPH)
  HIGHEST WIND SPEED     7   HIGHEST WIND DIRECTION     E (80)
  HIGHEST GUST SPEED     8   HIGHEST GUST DIRECTION     E (80)
  AVERAGE WIND SPEED     0.9


SKY COVER
  POSSIBLE SUNSHINE  MM
  AVERAGE SKY COVER 0.1


WEATHER CONDITIONS
 THE FOLLOWING WEATHER WAS RECORDED YESTERDAY.
  FOG


RELATIVE HUMIDITY (PERCENT)
 HIGHEST   100          1200 AM
 LOWEST     69          1200 PM
 AVERAGE    85

..........................................................


THE DE QUEEN CLIMATE NORMALS FOR TODAY
                         NORMAL    RECORD    YEAR
 MAXIMUM TEMPERATURE (F)   86       105      1980
 MINIMUM TEMPERATURE (F)   61        42      1961


SUNRISE AND SUNSET
SEPTEMBER 16 2014.....SUNRISE   701 AM CDT   SUNSET   723 PM CDT
SEPTEMBER 17 2014.....SUNRISE   702 AM CDT   SUNSET   721 PM CDT


-  INDICATES NEGATIVE NUMBERS.
R  INDICATES RECORD WAS SET OR TIED.
MM INDICATES DATA IS MISSING.
T  INDICATES TRACE AMOUNT.




$$
