000
CDUS44 KSHV 280736
CLIDEQ


CLIMATE REPORT
NATIONAL WEATHER SERVICE SHREVEPORT, LA
233 AM CDT FRI APR 28 2017


...................................

...THE DE QUEEN CLIMATE SUMMARY FOR APRIL 27 2017...

CLIMATE NORMAL PERIOD 1981 TO 2010
CLIMATE RECORD PERIOD 1902 TO 2017


WEATHER ITEM   OBSERVED TIME   RECORD YEAR NORMAL DEPARTURE LAST
                VALUE   (LST)  VALUE       VALUE  FROM      YEAR
                                                  NORMAL
..................................................................
TEMPERATURE (F)
 YESTERDAY
  MAXIMUM         71    453 PM  90    1987  77     -6       81
  MINIMUM         43    556 AM  36    1904  52     -9       56
  AVERAGE         57                        64     -7       69

PRECIPITATION (IN)
  YESTERDAY        0.00          2.90 1998   0.17  -0.17     0.32
  MONTH TO DATE    8.13                      3.39   4.74     4.57
  SINCE DEC 1     18.91                     19.39  -0.48    21.41
  SINCE JAN 1     16.20                     15.03   1.17    11.13

SNOWFALL (IN)
  YESTERDAY        0.0
  MONTH TO DATE    0.0
  SINCE MAR 1      0.0
  SINCE JUL 1      0.3
  SNOW DEPTH       0

DEGREE DAYS
 HEATING
  YESTERDAY        8                         3      5        0
  MONTH TO DATE   69                       147    -78       89
  SINCE MAR 1    302                       524   -222      343
  SINCE JUL 1   2071                      3015   -944     2295

 COOLING
  YESTERDAY        0                         2     -2        4
  MONTH TO DATE   55                        32     23       29
  SINCE MAR 1     82                        41     41       37
  SINCE JAN 1     92                        43     49       37
..................................................................


WIND (MPH)
  HIGHEST WIND SPEED    15   HIGHEST WIND DIRECTION    SE (120)
  HIGHEST GUST SPEED    21   HIGHEST GUST DIRECTION     S (160)
  AVERAGE WIND SPEED     4.6


SKY COVER
  POSSIBLE SUNSHINE  MM
  AVERAGE SKY COVER 0.1


WEATHER CONDITIONS
 THE FOLLOWING WEATHER WAS RECORDED YESTERDAY.
  FOG
  FOG W/VISIBILITY <= 1/4 MILE


RELATIVE HUMIDITY (PERCENT)
 HIGHEST   100           100 AM
 LOWEST     47           300 PM
 AVERAGE    74

..........................................................


THE DE QUEEN CLIMATE NORMALS FOR TODAY
                         NORMAL    RECORD    YEAR
 MAXIMUM TEMPERATURE (F)   77        94      1987
 MINIMUM TEMPERATURE (F)   53        32      1904


SUNRISE AND SUNSET
APRIL 28 2017.........SUNRISE   631 AM CDT   SUNSET   759 PM CDT
APRIL 29 2017.........SUNRISE   630 AM CDT   SUNSET   800 PM CDT


-  INDICATES NEGATIVE NUMBERS.
R  INDICATES RECORD WAS SET OR TIED.
MM INDICATES DATA IS MISSING.
T  INDICATES TRACE AMOUNT.




$$
