000
CDUS44 KSHV 192231
CLIDEQ


CLIMATE REPORT
NATIONAL WEATHER SERVICE SHREVEPORT, LA
431 PM CST MON FEB 19 2018


...................................

...THE DE QUEEN CLIMATE SUMMARY FOR FEBRUARY 19 2018...
VALID TODAY AS OF 0400 PM LOCAL TIME.

CLIMATE NORMAL PERIOD 1981 TO 2010
CLIMATE RECORD PERIOD 1902 TO 2018


WEATHER ITEM   OBSERVED TIME   RECORD YEAR NORMAL DEPARTURE LAST
                VALUE   (LST)  VALUE       VALUE  FROM      YEAR
                                                  NORMAL
..................................................................
TEMPERATURE (F)
 TODAY
  MAXIMUM         75    352 PM  81    1986  59     16       67
  MINIMUM         51   1229 AM  12    1978  33     18       53
  AVERAGE         63                        46     17       60

PRECIPITATION (IN)
  TODAY            T             1.63 1939   0.12  -0.12     0.00
  MONTH TO DATE    1.49                      2.75  -1.26     0.44
  SINCE DEC 1      8.97                     10.43  -1.46     5.76
  SINCE JAN 1      3.72                      6.07  -2.35     3.05

SNOWFALL (IN)
  TODAY            0.0
  MONTH TO DATE    T
  SINCE DEC 1      0.1
  SINCE JUL 1      0.1
  SNOW DEPTH       0

DEGREE DAYS
 HEATING
  TODAY            2                        19    -17        5
  MONTH TO DATE  381                       400    -19      242
  SINCE DEC 1   1818                      1810      8     1379
  SINCE JUL 1   2281                      2336    -55     1693

 COOLING
  TODAY            0                         0      0        0
  MONTH TO DATE    0                         0      0        4
  SINCE DEC 1      1                         1      0        9
  SINCE JAN 1      0                         1     -1        7
..................................................................


WIND (MPH)
  HIGHEST WIND SPEED    21   HIGHEST WIND DIRECTION     S (170)
  HIGHEST GUST SPEED    27   HIGHEST GUST DIRECTION     S (190)
  AVERAGE WIND SPEED     7.7


SKY COVER
  POSSIBLE SUNSHINE  MM
  AVERAGE SKY COVER 1.0


WEATHER CONDITIONS
 THE FOLLOWING WEATHER WAS RECORDED TODAY.
  LIGHT RAIN
  FOG


RELATIVE HUMIDITY (PERCENT)
 HIGHEST   100          1200 AM
 LOWEST     68           100 PM
 AVERAGE    84

..........................................................


THE DE QUEEN CLIMATE NORMALS FOR TOMORROW
                         NORMAL    RECORD    YEAR
 MAXIMUM TEMPERATURE (F)   60        84      1986
 MINIMUM TEMPERATURE (F)   33        18      1978


SUNRISE AND SUNSET
FEBRUARY 19 2018......SUNRISE   658 AM CST   SUNSET   605 PM CST
FEBRUARY 20 2018......SUNRISE   657 AM CST   SUNSET   606 PM CST


-  INDICATES NEGATIVE NUMBERS.
R  INDICATES RECORD WAS SET OR TIED.
MM INDICATES DATA IS MISSING.
T  INDICATES TRACE AMOUNT.




$$
