000
CDUS44 KSHV 272148
CLIDEQ


CLIMATE REPORT
NATIONAL WEATHER SERVICE SHREVEPORT, LA
447 PM CDT THU JUL 27 2017


...................................

...THE DE QUEEN CLIMATE SUMMARY FOR JULY 27 2017...
VALID TODAY AS OF 0400 PM LOCAL TIME.

CLIMATE NORMAL PERIOD 1981 TO 2010
CLIMATE RECORD PERIOD 1902 TO 2017


WEATHER ITEM   OBSERVED TIME   RECORD YEAR NORMAL DEPARTURE LAST
                VALUE   (LST)  VALUE       VALUE  FROM      YEAR
                                                  NORMAL
..................................................................
TEMPERATURE (F)
 TODAY
  MAXIMUM         95    257 PM 103    2011  93      2       95
                                      1998
  MINIMUM         72    453 AM  58    2004  70      2       74
  AVERAGE         84                        81      3       85

PRECIPITATION (IN)
  TODAY            0.00          3.80 1979   0.08  -0.08     0.04
  MONTH TO DATE    4.18                      3.34   0.84     0.64
  SINCE DEC 1     28.48                     33.34  -4.86    33.27
  SINCE JAN 1     25.77                     28.98  -3.21    22.99

DEGREE DAYS
 HEATING
  TODAY            0                         0      0        0
  MONTH TO DATE    0                         0      0        0
  SINCE JUN 1      0                         0      0        0
  SINCE JUL 1      0                         0      0        0

 COOLING
  TODAY           19                        16      3       20
  MONTH TO DATE  466                       431     35      518
  SINCE JUN 1    846                       809     37      960
  SINCE JAN 1   1126                      1026    100     1157
..................................................................


WIND (MPH)
  HIGHEST WIND SPEED    12   HIGHEST WIND DIRECTION    SW (240)
  HIGHEST GUST SPEED    16   HIGHEST GUST DIRECTION     W (250)
  AVERAGE WIND SPEED     3.5


SKY COVER
  POSSIBLE SUNSHINE  MM
  AVERAGE SKY COVER 0.1


WEATHER CONDITIONS
 THE FOLLOWING WEATHER WAS RECORDED TODAY.
  FOG


RELATIVE HUMIDITY (PERCENT)
 HIGHEST   100          1200 AM
 LOWEST     53           300 PM
 AVERAGE    77

..........................................................


THE DE QUEEN CLIMATE NORMALS FOR TOMORROW
                         NORMAL    RECORD    YEAR
 MAXIMUM TEMPERATURE (F)   93       104      1998
 MINIMUM TEMPERATURE (F)   70        58      1902


SUNRISE AND SUNSET
JULY 27 2017..........SUNRISE   626 AM CDT   SUNSET   822 PM CDT
JULY 28 2017..........SUNRISE   626 AM CDT   SUNSET   821 PM CDT


-  INDICATES NEGATIVE NUMBERS.
R  INDICATES RECORD WAS SET OR TIED.
MM INDICATES DATA IS MISSING.
T  INDICATES TRACE AMOUNT.




$$
