000
CDUS44 KSHV 110838
CLIDEQ


CLIMATE REPORT
NATIONAL WEATHER SERVICE SHREVEPORT, LA
237 AM CST THU FEB 11 2016


...................................

...THE DE QUEEN CLIMATE SUMMARY FOR FEBRUARY 10 2016...

CLIMATE NORMAL PERIOD 1981 TO 2010
CLIMATE RECORD PERIOD 1902 TO 2016


WEATHER ITEM   OBSERVED TIME   RECORD YEAR NORMAL DEPARTURE LAST
                VALUE   (LST)  VALUE       VALUE  FROM      YEAR
                                                  NORMAL
..................................................................
TEMPERATURE (F)
 YESTERDAY
  MAXIMUM         61    511 PM  80    1976  57      4       59
  MINIMUM         24    706 AM  10    1947  31     -7       35
  AVERAGE         43                        44     -1       47

PRECIPITATION (IN)
  YESTERDAY        0.00          1.60 1981   0.15  -0.15     0.00
  MONTH TO DATE    0.10                      1.54  -1.44     0.46
  SINCE DEC 1     11.25                      9.22   2.03     7.26
  SINCE JAN 1      0.97                      4.86  -3.89     5.54

SNOWFALL (IN)
  YESTERDAY        0.0
  MONTH TO DATE    0.0
  SINCE DEC 1      0.0
  SINCE JUL 1      0.0
  SNOW DEPTH       0

DEGREE DAYS
 HEATING
  YESTERDAY       22                        21      1       18
  MONTH TO DATE  204                       221    -17      202
  SINCE DEC 1   1338                      1631   -293     1538
  SINCE JUL 1   1679                      2157   -478     2160

 COOLING
  YESTERDAY        0                         0      0        0
  MONTH TO DATE    0                         0      0        0
  SINCE DEC 1      3                         1      2        0
  SINCE JAN 1      0                         1     -1        0
..................................................................


WIND (MPH)
  HIGHEST WIND SPEED    17   HIGHEST WIND DIRECTION     W (270)
  HIGHEST GUST SPEED    23   HIGHEST GUST DIRECTION    SW (240)
  AVERAGE WIND SPEED     4.1


SKY COVER
  POSSIBLE SUNSHINE  MM
  AVERAGE SKY COVER 0.0


WEATHER CONDITIONS
 THE FOLLOWING WEATHER WAS RECORDED YESTERDAY.
  FOG


RELATIVE HUMIDITY (PERCENT)
 HIGHEST    89          1100 PM
 LOWEST     28           100 PM
 AVERAGE    59

..........................................................


THE DE QUEEN CLIMATE NORMALS FOR TODAY
                         NORMAL    RECORD    YEAR
 MAXIMUM TEMPERATURE (F)   57        79      1996
 MINIMUM TEMPERATURE (F)   31         5      1981


SUNRISE AND SUNSET
FEBRUARY 11 2016......SUNRISE   707 AM CST   SUNSET   557 PM CST
FEBRUARY 12 2016......SUNRISE   706 AM CST   SUNSET   558 PM CST


-  INDICATES NEGATIVE NUMBERS.
R  INDICATES RECORD WAS SET OR TIED.
MM INDICATES DATA IS MISSING.
T  INDICATES TRACE AMOUNT.




$$
