000
CDUS44 KSHV 230845
CLIDEQ


CLIMATE REPORT
NATIONAL WEATHER SERVICE SHREVEPORT, LA
244 AM CST THU NOV 23 2017


...................................

...THE DE QUEEN CLIMATE SUMMARY FOR NOVEMBER 22 2017...

CLIMATE NORMAL PERIOD 1981 TO 2010
CLIMATE RECORD PERIOD 1902 TO 2017


WEATHER ITEM   OBSERVED TIME   RECORD YEAR NORMAL DEPARTURE LAST
                VALUE   (LST)  VALUE       VALUE  FROM      YEAR
                                                  NORMAL
..................................................................
TEMPERATURE (F)
 YESTERDAY
  MAXIMUM         61    342 PM  81    1955  62     -1       64
  MINIMUM         29   1159 PM  17    1964  36     -7       49
  AVERAGE         45                        49     -4       57

PRECIPITATION (IN)
  YESTERDAY        0.00          2.15 1961   0.14  -0.14     0.60
  MONTH TO DATE    0.58                      3.72  -3.14     2.56
  SINCE DEC 1     38.23                     47.80  -9.57    43.63
  SINCE JAN 1     35.52                     43.44  -7.92    33.35

SNOWFALL (IN)
  YESTERDAY        0.0
  MONTH TO DATE    0.0
  SINCE SEP 1      0.0
  SINCE JUL 1      0.0
  SNOW DEPTH       0

DEGREE DAYS
 HEATING
  YESTERDAY       20                        16      4        8
  MONTH TO DATE  190                       252    -62      165
  SINCE SEP 1    361                       385    -24      193
  SINCE JUL 1    361                       385    -24      193

 COOLING
  YESTERDAY        0                         0      0        0
  MONTH TO DATE   45                         5     40       16
  SINCE SEP 1    454                       347    107      502
  SINCE JAN 1   2088                      1939    149     2239
..................................................................


WIND (MPH)
  HIGHEST WIND SPEED     9   HIGHEST WIND DIRECTION     N (360)
  HIGHEST GUST SPEED    14   HIGHEST GUST DIRECTION     N (340)
  AVERAGE WIND SPEED     3.1


SKY COVER
  POSSIBLE SUNSHINE  MM
  AVERAGE SKY COVER 0.0


WEATHER CONDITIONS
 THE FOLLOWING WEATHER WAS RECORDED YESTERDAY.
  NO SIGNIFICANT WEATHER WAS OBSERVED.


RELATIVE HUMIDITY (PERCENT)
 HIGHEST   100          1000 PM
 LOWEST     26           400 PM
 AVERAGE    63

..........................................................


THE DE QUEEN CLIMATE NORMALS FOR TODAY
                         NORMAL    RECORD    YEAR
 MAXIMUM TEMPERATURE (F)   62        77      2010
                                             2005
 MINIMUM TEMPERATURE (F)   36        19      1975


SUNRISE AND SUNSET
NOVEMBER 23 2017......SUNRISE   658 AM CST   SUNSET   510 PM CST
NOVEMBER 24 2017......SUNRISE   659 AM CST   SUNSET   510 PM CST


-  INDICATES NEGATIVE NUMBERS.
R  INDICATES RECORD WAS SET OR TIED.
MM INDICATES DATA IS MISSING.
T  INDICATES TRACE AMOUNT.




$$
