000
CDUS44 KSHV 280739
CLIDEQ


CLIMATE REPORT
NATIONAL WEATHER SERVICE SHREVEPORT, LA
237 AM CDT SAT MAY 28 2016


...................................

...THE DE QUEEN CLIMATE SUMMARY FOR MAY 27 2016...

CLIMATE NORMAL PERIOD 1981 TO 2010
CLIMATE RECORD PERIOD 1902 TO 2016


WEATHER ITEM   OBSERVED TIME   RECORD YEAR NORMAL DEPARTURE LAST
                VALUE   (LST)  VALUE       VALUE  FROM      YEAR
                                                  NORMAL
..................................................................
TEMPERATURE (F)
 YESTERDAY
  MAXIMUM         74   1050 AM  93    2012  84    -10       86
  MINIMUM         64   1150 PM   0    2004  62      2       65
  AVERAGE         69                        73     -4       76

PRECIPITATION (IN)
  YESTERDAY        0.01          3.14 1976   0.14  -0.13     0.00
  MONTH TO DATE    1.32                      5.02  -3.70    11.79
  SINCE DEC 1     28.80                     24.95   3.85    29.73
  SINCE JAN 1     18.52                     20.59  -2.07    28.01

SNOWFALL (IN)
  YESTERDAY        0.0
  MONTH TO DATE    0.0
  SINCE MAR 1      0.0
  SINCE JUL 1      0.0
  SNOW DEPTH       0

DEGREE DAYS
 HEATING
  YESTERDAY        0                         0      0        0
  MONTH TO DATE   27                        21      6       10
  SINCE MAR 1    370                       551   -181      455
  SINCE JUL 1   2322                      3042   -720     3107

 COOLING
  YESTERDAY        4                         8     -4       11
  MONTH TO DATE  108                       137    -29      155
  SINCE MAR 1    158                       182    -24      203
  SINCE JAN 1    158                       184    -26      203
..................................................................


WIND (MPH)
  HIGHEST WIND SPEED    18   HIGHEST WIND DIRECTION    SE (140)
  HIGHEST GUST SPEED    24   HIGHEST GUST DIRECTION    SE (150)
  AVERAGE WIND SPEED     4.6


SKY COVER
  POSSIBLE SUNSHINE  MM
  AVERAGE SKY COVER 0.4


WEATHER CONDITIONS
 THE FOLLOWING WEATHER WAS RECORDED YESTERDAY.
  LIGHT RAIN
  FOG


RELATIVE HUMIDITY (PERCENT)
 HIGHEST   100          1200 AM
 LOWEST     79           200 PM
 AVERAGE    90

..........................................................


THE DE QUEEN CLIMATE NORMALS FOR TODAY
                         NORMAL    RECORD    YEAR
 MAXIMUM TEMPERATURE (F)   84        94      1977
 MINIMUM TEMPERATURE (F)   62        44      1961


SUNRISE AND SUNSET
MAY 28 2016...........SUNRISE   608 AM CDT   SUNSET   822 PM CDT
MAY 29 2016...........SUNRISE   608 AM CDT   SUNSET   822 PM CDT


-  INDICATES NEGATIVE NUMBERS.
R  INDICATES RECORD WAS SET OR TIED.
MM INDICATES DATA IS MISSING.
T  INDICATES TRACE AMOUNT.




$$
