000
CDUS44 KFWD 290654
CLIDFW


CLIMATE REPORT
NATIONAL WEATHER SERVICE FORT WORTH TX
151 AM CDT SAT APR 29 2017

...................................

...THE DALLAS FORT WORTH CLIMATE SUMMARY FOR APRIL 28 2017...

CLIMATE NORMAL PERIOD 1981 TO 2010
CLIMATE RECORD PERIOD 1898 TO 2017

WEATHER ITEM   OBSERVED TIME   RECORD YEAR NORMAL DEPARTURE LAST
                VALUE   (LST)  VALUE       VALUE  FROM      YEAR
                                                  NORMAL
..................................................................
TEMPERATURE (F)
 YESTERDAY
  MAXIMUM         88    153 PM  93    1989  79      9       84
  MINIMUM         66   1256 AM  42    1979  59      7       59
  AVERAGE         77                        69      8       72

PRECIPITATION (IN)
  YESTERDAY        0.00          2.86 1953   0.13  -0.13      T
  MONTH TO DATE    3.37                      2.81   0.56     4.53
  SINCE MAR 1      4.43                      6.30  -1.87     7.20
  SINCE JAN 1     11.15                     11.09   0.06    10.44

SNOWFALL (IN)
  YESTERDAY        0.0           0.0    MM   0.0    0.0      0.0
  MONTH TO DATE    0.0                       0.0    0.0      0.0
  SINCE MAR 1      0.0                       0.2   -0.2      0.0
  SINCE JUL 1      0.1                       1.6   -1.5       T
  SNOW DEPTH       0

DEGREE DAYS
 HEATING
  YESTERDAY        0                         1     -1        0
  MONTH TO DATE   20                        81    -61       27
  SINCE MAR 1    113                       342   -229      169
  SINCE JUL 1   1301                      2274   -973     1580

 COOLING
  YESTERDAY       12                         5      7        7
  MONTH TO DATE  151                        89     62      114
  SINCE MAR 1    274                       121    153      144
  SINCE JAN 1    342                       128    214      155
..................................................................

WIND (MPH)
  HIGHEST WIND SPEED    24   HIGHEST WIND DIRECTION     S (160)
  HIGHEST GUST SPEED    31   HIGHEST GUST DIRECTION    SE (150)
  AVERAGE WIND SPEED    14.2


SKY COVER
  POSSIBLE SUNSHINE  MM
  AVERAGE SKY COVER 0.9


WEATHER CONDITIONS
 THE FOLLOWING WEATHER WAS RECORDED YESTERDAY.
  NO SIGNIFICANT WEATHER WAS OBSERVED.


RELATIVE HUMIDITY (PERCENT)
 HIGHEST    84           600 AM
 LOWEST     53           200 PM
 AVERAGE    69

..........................................................

THE DALLAS FORT WORTH CLIMATE NORMALS FOR TODAY
                         NORMAL    RECORD    YEAR
 MAXIMUM TEMPERATURE (F)   79        97      1909
 MINIMUM TEMPERATURE (F)   59        41      1908


SUNRISE AND SUNSET
APRIL 29 2017.........SUNRISE   642 AM CDT   SUNSET   809 PM CDT
APRIL 30 2017.........SUNRISE   641 AM CDT   SUNSET   810 PM CDT


-  INDICATES NEGATIVE NUMBERS.
R  INDICATES RECORD WAS SET OR TIED.
MM INDICATES DATA IS MISSING.
T  INDICATES TRACE AMOUNT.


$$
