000
CDUS44 KFWD 160646
CLIDFW


CLIMATE REPORT
NATIONAL WEATHER SERVICE FORT WORTH TX
1246 AM CST MON JAN 16 2017


...................................

...THE DALLAS FORT WORTH CLIMATE SUMMARY FOR JANUARY 15 2017...

CLIMATE NORMAL PERIOD 1981 TO 2010
CLIMATE RECORD PERIOD 1898 TO 2017


WEATHER ITEM   OBSERVED TIME   RECORD YEAR NORMAL DEPARTURE LAST
                VALUE   (LST)  VALUE       VALUE  FROM      YEAR
                                                  NORMAL
..................................................................
TEMPERATURE (F)
 YESTERDAY
  MAXIMUM         66    833 PM  80    1914  56     10       64
                                      1901
  MINIMUM         43    647 AM  11    1905  35      8       45
  AVERAGE         55                        46      9       55

PRECIPITATION (IN)
  YESTERDAY        3.16R         0.82 1964   0.06   3.10     0.00
  MONTH TO DATE    3.95                      0.93   3.02     0.84
  SINCE DEC 1      4.55                      3.48   1.07     4.67
  SINCE JAN 1      3.95                      0.93   3.02     0.84

SNOWFALL (IN)
  YESTERDAY        0.0           7.8  1964   0.0    0.0      0.0
  MONTH TO DATE    0.1                       0.1    0.0      0.0
  SINCE DEC 1      0.1                       0.4   -0.3       T
  SINCE JUL 1      0.1                       0.4   -0.3       T
  SNOW DEPTH       0

DEGREE DAYS
 HEATING
  YESTERDAY       10                        19     -9       10
  MONTH TO DATE  265                       296    -31      274
  SINCE DEC 1    749                       854   -105      630
  SINCE JUL 1    851                      1208   -357      845

 COOLING
  YESTERDAY        0                         0      0        0
  MONTH TO DATE    6                         0      6        0
  SINCE DEC 1     22                         4     18        9
  SINCE JAN 1      6                         0      6        0
..................................................................


WIND (MPH)
  HIGHEST WIND SPEED    44   HIGHEST WIND DIRECTION     W (290)
  HIGHEST GUST SPEED    55   HIGHEST GUST DIRECTION     W (290)
  AVERAGE WIND SPEED     8.1


SKY COVER
  POSSIBLE SUNSHINE  MM
  AVERAGE SKY COVER 1.0


WEATHER CONDITIONS
 THE FOLLOWING WEATHER WAS RECORDED YESTERDAY.
  THUNDERSTORM
  HEAVY RAIN
  RAIN
  LIGHT RAIN
  FOG
  FOG W/VISIBILITY <= 1/4 MILE


RELATIVE HUMIDITY (PERCENT)
 HIGHEST   100           100 AM
 LOWEST     93           800 PM
 AVERAGE    97

..........................................................


THE DALLAS FORT WORTH CLIMATE NORMALS FOR TODAY
                         NORMAL    RECORD    YEAR
 MAXIMUM TEMPERATURE (F)   56        81      1935
 MINIMUM TEMPERATURE (F)   35        11      1930


SUNRISE AND SUNSET
JANUARY 16 2017.......SUNRISE   731 AM CST   SUNSET   546 PM CST
JANUARY 17 2017.......SUNRISE   730 AM CST   SUNSET   547 PM CST


-  INDICATES NEGATIVE NUMBERS.
R  INDICATES RECORD WAS SET OR TIED.
MM INDICATES DATA IS MISSING.
T  INDICATES TRACE AMOUNT.




$$
