000
CDUS44 KFWD 202229
CLIDFW


CLIMATE REPORT
NATIONAL WEATHER SERVICE FORT WORTH TX
429 PM CST MON NOV 20 2017


...................................

...THE DALLAS FORT WORTH CLIMATE SUMMARY FOR NOVEMBER 20 2017...
VALID AS OF 0400 PM LOCAL TIME.

CLIMATE NORMAL PERIOD 1981 TO 2010
CLIMATE RECORD PERIOD 1898 TO 2017


WEATHER ITEM   OBSERVED TIME   RECORD YEAR NORMAL DEPARTURE LAST
                VALUE   (LST)  VALUE       VALUE  FROM      YEAR
                                                  NORMAL
..................................................................
TEMPERATURE (F)
 TODAY
  MAXIMUM         67    202 PM  84    2007  65      2       66
  MINIMUM         41    745 AM  23    1937  44     -3       37
  AVERAGE         54

PRECIPITATION (IN)
  TODAY            0.00          1.34 2009   0.08  -0.08     0.00
  MONTH TO DATE    0.81                      1.96  -1.15     2.41
  SINCE SEP 1      3.40                      8.73  -5.33     5.40
  SINCE JAN 1     32.06                     32.84  -0.78    34.07

SNOWFALL (IN)
  TODAY            0.0           0.1  1906   0.0    0.0      0.0
  MONTH TO DATE    0.0                       0.0    0.0      0.0
  SINCE SEP 1      0.0                       0.0    0.0      0.0
  SINCE JUL 1      0.0                       0.0    0.0      0.0
  SNOW DEPTH       0

..................................................................


WIND (MPH)
  HIGHEST WIND SPEED    23   HIGHEST WIND DIRECTION     S (190)
  HIGHEST GUST SPEED    28   HIGHEST GUST DIRECTION     S (190)
  AVERAGE WIND SPEED     9.9




..........................................................


THE DALLAS FORT WORTH CLIMATE NORMALS FOR TOMORROW
                         NORMAL    RECORD    YEAR
 MAXIMUM TEMPERATURE (F)   65        83      1967
                                             1900
 MINIMUM TEMPERATURE (F)   44        22      1906


SUNRISE AND SUNSET
NOVEMBER 20 2017......SUNRISE   703 AM CST   SUNSET   524 PM CST
NOVEMBER 21 2017......SUNRISE   704 AM CST   SUNSET   524 PM CST


-  INDICATES NEGATIVE NUMBERS.
R  INDICATES RECORD WAS SET OR TIED.
MM INDICATES DATA IS MISSING.
T  INDICATES TRACE AMOUNT.




$$
