902
CDUS44 KFWD 230644
CLIDFW


CLIMATE REPORT
NATIONAL WEATHER SERVICE FORT WORTH TX
1244 AM CST THU FEB 23 2017


...................................

...THE DALLAS FORT WORTH CLIMATE SUMMARY FOR FEBRUARY 22 2017...

CLIMATE NORMAL PERIOD 1981 TO 2010
CLIMATE RECORD PERIOD 1898 TO 2017


WEATHER ITEM   OBSERVED TIME   RECORD YEAR NORMAL DEPARTURE LAST
                VALUE   (LST)  VALUE       VALUE  FROM      YEAR
                                                  NORMAL
..................................................................
TEMPERATURE (F)
 YESTERDAY
  MAXIMUM         86    310 PM  93    1996  62     24       61
  MINIMUM         47    727 AM  19    1963  41      6       51
  AVERAGE         67                        52     15       56

PRECIPITATION (IN)
  YESTERDAY        0.00          2.01 2000   0.10  -0.10     0.10
  MONTH TO DATE    2.02                      2.03  -0.01     0.45
  SINCE DEC 1      7.01                      6.71   0.30     5.32
  SINCE JAN 1      6.41                      4.16   2.25     1.49

SNOWFALL (IN)
  YESTERDAY        0.0           2.7  1966   0.0    0.0      0.0
  MONTH TO DATE    0.0                       0.8   -0.8      0.0
  SINCE DEC 1      0.1                       1.3   -1.2       T
  SINCE JUL 1      0.1                       1.3   -1.2       T
  SNOW DEPTH       0

DEGREE DAYS
 HEATING
  YESTERDAY        0                        14    -14        9
  MONTH TO DATE  136                       351   -215      218
  SINCE DEC 1   1047                      1502   -455     1124
  SINCE JUL 1   1149                      1856   -707     1339

 COOLING
  YESTERDAY        2                         0      2        0
  MONTH TO DATE   39                         0     39       11
  SINCE DEC 1     61                         6     55       20
  SINCE JAN 1     45                         2     43       11
..................................................................


WIND (MPH)
  HIGHEST WIND SPEED    21   HIGHEST WIND DIRECTION     S (190)
  HIGHEST GUST SPEED    24   HIGHEST GUST DIRECTION     S (200)
  AVERAGE WIND SPEED     7.1


SKY COVER
  POSSIBLE SUNSHINE  MM
  AVERAGE SKY COVER 0.1


WEATHER CONDITIONS
 THE FOLLOWING WEATHER WAS RECORDED YESTERDAY.
  NO SIGNIFICANT WEATHER WAS OBSERVED.


RELATIVE HUMIDITY (PERCENT)
 HIGHEST    77           700 AM
 LOWEST     19           300 PM
 AVERAGE    48

..........................................................


THE DALLAS FORT WORTH CLIMATE NORMALS FOR TODAY
                         NORMAL    RECORD    YEAR
 MAXIMUM TEMPERATURE (F)   62        86      1933
 MINIMUM TEMPERATURE (F)   42        16      1901


SUNRISE AND SUNSET
FEBRUARY 23 2017......SUNRISE   703 AM CST   SUNSET   621 PM CST
FEBRUARY 24 2017......SUNRISE   701 AM CST   SUNSET   621 PM CST


-  INDICATES NEGATIVE NUMBERS.
R  INDICATES RECORD WAS SET OR TIED.
MM INDICATES DATA IS MISSING.
T  INDICATES TRACE AMOUNT.




$$
