000
CDUS44 KFWD 022220
CLIDFW


CLIMATE REPORT
NATIONAL WEATHER SERVICE FORT WORTH TX
420 PM CST FRI DEC 2 2016


...................................

...THE DALLAS FORT WORTH CLIMATE SUMMARY FOR DECEMBER 2 2016...
VALID AS OF 0400 PM LOCAL TIME.

CLIMATE NORMAL PERIOD 1981 TO 2010
CLIMATE RECORD PERIOD 1898 TO 2016


WEATHER ITEM   OBSERVED TIME   RECORD YEAR NORMAL DEPARTURE LAST
                VALUE   (LST)  VALUE       VALUE  FROM      YEAR
                                                  NORMAL
..................................................................
TEMPERATURE (F)
 TODAY
  MAXIMUM         65    150 PM  83    2012  60      5       60
  MINIMUM         43    426 AM  19    1985  40      3       38
  AVERAGE         54

PRECIPITATION (IN)
  TODAY            0.00          2.53 1913   0.08  -0.08     0.00
  MONTH TO DATE    0.00                      0.16  -0.16     0.00
  SINCE DEC 1      0.00                      0.16  -0.16     0.00
  SINCE JAN 1     34.88                     33.75   1.13    58.78

SNOWFALL (IN)
  TODAY            0.0           T    2009   0.0    0.0      0.0
                                      1919
  MONTH TO DATE    0.0                       0.0    0.0      0.0
  SINCE DEC 1      0.0                       0.0    0.0      0.0
  SINCE JUL 1      0.0                       T      0.0      0.0
  SNOW DEPTH       0

..................................................................


WIND (MPH)
  HIGHEST WIND SPEED    15   HIGHEST WIND DIRECTION     E (100)
  HIGHEST GUST SPEED    21   HIGHEST GUST DIRECTION     E (100)
  AVERAGE WIND SPEED     7.2




..........................................................


THE DALLAS FORT WORTH CLIMATE NORMALS FOR TOMORROW
                         NORMAL    RECORD    YEAR
 MAXIMUM TEMPERATURE (F)   60        89      2005
 MINIMUM TEMPERATURE (F)   40        21      1929


SUNRISE AND SUNSET
DECEMBER  2 2016......SUNRISE   714 AM CST   SUNSET   521 PM CST
DECEMBER  3 2016......SUNRISE   715 AM CST   SUNSET   521 PM CST


-  INDICATES NEGATIVE NUMBERS.
R  INDICATES RECORD WAS SET OR TIED.
MM INDICATES DATA IS MISSING.
T  INDICATES TRACE AMOUNT.




$$
