000
CDUS44 KFWD 260647
CLIDFW


CLIMATE REPORT
NATIONAL WEATHER SERVICE FORT WORTH TX
144 AM CDT SUN MAR 26 2017

...................................

...THE DALLAS FORT WORTH CLIMATE SUMMARY FOR MARCH 25 2017...

CLIMATE NORMAL PERIOD 1981 TO 2010
CLIMATE RECORD PERIOD 1898 TO 2017

WEATHER ITEM   OBSERVED TIME   RECORD YEAR NORMAL DEPARTURE LAST
                VALUE   (LST)  VALUE       VALUE  FROM      YEAR
                                                  NORMAL
..................................................................
TEMPERATURE (F)
 YESTERDAY
  MAXIMUM         74    451 PM  97    1899  71      3       69
  MINIMUM         55    715 AM  26    1955  49      6       41
  AVERAGE         65                        60      5       55

PRECIPITATION (IN)
  YESTERDAY        0.00          3.40 1904   0.12  -0.12     0.00
  MONTH TO DATE    0.51                      2.86  -2.35     2.51
  SINCE MAR 1      0.51                      2.86  -2.35     2.51
  SINCE JAN 1      7.23                      7.65  -0.42     5.75

SNOWFALL (IN)
  YESTERDAY        0.0           T    1996   0.0    0.0      0.0
  MONTH TO DATE    0.0                       0.2   -0.2      0.0
  SINCE MAR 1      0.0                       0.2   -0.2      0.0
  SINCE JUL 1      0.1                       1.6   -1.5       T
  SNOW DEPTH       0

DEGREE DAYS
 HEATING
  YESTERDAY        0                         6     -6       10
  MONTH TO DATE   93                       227   -134      122
  SINCE MAR 1     93                       227   -134      122
  SINCE JUL 1   1281                      2159   -878     1533

 COOLING
  YESTERDAY        0                         1     -1        0
  MONTH TO DATE   99                        23     76       22
  SINCE MAR 1     99                        23     76       22
  SINCE JAN 1    167                        30    137       33
..................................................................

WIND (MPH)
  HIGHEST WIND SPEED    28   HIGHEST WIND DIRECTION     W (290)
  HIGHEST GUST SPEED    36   HIGHEST GUST DIRECTION    NW (300)
  AVERAGE WIND SPEED    11.3


SKY COVER
  POSSIBLE SUNSHINE  MM
  AVERAGE SKY COVER 0.2


WEATHER CONDITIONS
 THE FOLLOWING WEATHER WAS RECORDED YESTERDAY.
  NO SIGNIFICANT WEATHER WAS OBSERVED.


RELATIVE HUMIDITY (PERCENT)
 HIGHEST    66           600 AM
 LOWEST     33           500 PM
 AVERAGE    50

..........................................................

THE DALLAS FORT WORTH CLIMATE NORMALS FOR TODAY
                         NORMAL    RECORD    YEAR
 MAXIMUM TEMPERATURE (F)   71        91      1909
 MINIMUM TEMPERATURE (F)   49        23      1955


SUNRISE AND SUNSET
MARCH 26 2017.........SUNRISE   724 AM CDT   SUNSET   744 PM CDT
MARCH 27 2017.........SUNRISE   722 AM CDT   SUNSET   745 PM CDT


-  INDICATES NEGATIVE NUMBERS.
R  INDICATES RECORD WAS SET OR TIED.
MM INDICATES DATA IS MISSING.
T  INDICATES TRACE AMOUNT.


$$
