000
CDUS44 KFWD 280648
CLIDFW

CLIMATE REPORT
NATIONAL WEATHER SERVICE FORT WORTH TX
145 AM CDT WED JUN 28 2017

...................................

...THE DALLAS FORT WORTH CLIMATE SUMMARY FOR JUNE 27 2017...

CLIMATE NORMAL PERIOD 1981 TO 2010
CLIMATE RECORD PERIOD 1898 TO 2017


WEATHER ITEM   OBSERVED TIME   RECORD YEAR NORMAL DEPARTURE LAST
                VALUE   (LST)  VALUE       VALUE  FROM      YEAR
                                                  NORMAL
..................................................................
TEMPERATURE (F)
 YESTERDAY
  MAXIMUM         92    249 PM 113    1980  94     -2       99
  MINIMUM         74    440 PM  59    1974  73      1       79
  AVERAGE         83                        83      0       89

PRECIPITATION (IN)
  YESTERDAY        0.51          2.82 1962   0.10   0.41      T
  MONTH TO DATE    8.44                      3.49   4.95     3.60
  SINCE JUN 1      8.44                      3.49   4.95     3.60
  SINCE JAN 1     20.30                     19.74   0.56    20.36

DEGREE DAYS
 HEATING
  YESTERDAY        0                         0      0        0
  MONTH TO DATE    0                         0      0        0
  SINCE JUN 1      0                         0      0        0
  SINCE JUL 1   1305                      2284   -979     1592

 COOLING
  YESTERDAY       18                        18      0       24
  MONTH TO DATE  475                       435     40      510
  SINCE JUN 1    475                       435     40      510
  SINCE JAN 1   1157                       857    300      933
..................................................................


WIND (MPH)
  HIGHEST WIND SPEED    31   HIGHEST WIND DIRECTION    SE (150)
  HIGHEST GUST SPEED    38   HIGHEST GUST DIRECTION     S (190)
  AVERAGE WIND SPEED     6.6


SKY COVER
  POSSIBLE SUNSHINE  MM
  AVERAGE SKY COVER 0.5


WEATHER CONDITIONS
 THE FOLLOWING WEATHER WAS RECORDED YESTERDAY.
  THUNDERSTORM
  HEAVY RAIN
  RAIN
  LIGHT RAIN
  FOG
  HAZE


RELATIVE HUMIDITY (PERCENT)
 HIGHEST    87           500 AM
 LOWEST     52          1200 PM
 AVERAGE    70

..........................................................


THE DALLAS FORT WORTH CLIMATE NORMALS FOR TODAY
                         NORMAL    RECORD    YEAR
 MAXIMUM TEMPERATURE (F)   94       112      1980
 MINIMUM TEMPERATURE (F)   74        61      1958


SUNRISE AND SUNSET
JUNE 28 2017..........SUNRISE   622 AM CDT   SUNSET   841 PM CDT
JUNE 29 2017..........SUNRISE   623 AM CDT   SUNSET   841 PM CDT


-  INDICATES NEGATIVE NUMBERS.
R  INDICATES RECORD WAS SET OR TIED.
MM INDICATES DATA IS MISSING.
T  INDICATES TRACE AMOUNT.

$$
