000
CDUS43 KDDC 292330
CLIDGC


CLIMATE REPORT
NATIONAL WEATHER SERVICE DODGE CITY KS
630 PM CDT SUN MAR 29 2015


...................................

...THE DODGE CITY KS CLIMATE SUMMARY FOR MARCH 29 2015...
VALID TODAY AS OF 0500 PM LOCAL TIME.

CLIMATE NORMAL PERIOD 1981 TO 2010
CLIMATE RECORD PERIOD 1875 TO 2015


WEATHER ITEM   OBSERVED TIME   RECORD YEAR NORMAL DEPARTURE LAST
                VALUE   (LST)  VALUE       VALUE  FROM      YEAR
                                                  NORMAL
..................................................................
TEMPERATURE (F)
 TODAY
  MAXIMUM         72    352 PM  88    1943  62     10       70
  MINIMUM         50    629 AM  13    1987  34     16       21
  AVERAGE         61                        48     13       46

PRECIPITATION (IN)
  TODAY            0.00          0.79 2007   0.06  -0.06     0.00
  MONTH TO DATE    0.29                      1.46  -1.17     0.27
  SINCE MAR 1      0.29                      1.46  -1.17     0.27
  SINCE JAN 1      1.59                      2.72  -1.13     1.11

SNOWFALL (IN)
  TODAY            0.0           7.0  1926   0.1   -0.1      0.0
  MONTH TO DATE    T                         4.6   -4.6      4.4
  SINCE MAR 1      T                         4.6   -4.6      4.4
  SINCE JUL 1     21.4                      19.7    1.7     28.9
  SNOW DEPTH       0

DEGREE DAYS
 HEATING
  TODAY            4                        17    -13       19
  MONTH TO DATE  490                       607   -117      739
  SINCE MAR 1    490                       607   -117      739
  SINCE JUL 1   4238                      4454   -216     4896

 COOLING
  TODAY            0                         0      0        0
  MONTH TO DATE    0                         0      0        0
  SINCE MAR 1      0                         0      0        0
  SINCE JAN 1      0                         0      0        0
..................................................................


WIND (MPH)
  HIGHEST WIND SPEED    36   HIGHEST WIND DIRECTION     N (10)
  HIGHEST GUST SPEED    44   HIGHEST GUST DIRECTION     N (10)
  AVERAGE WIND SPEED    22.2


SKY COVER
  POSSIBLE SUNSHINE  MM
  AVERAGE SKY COVER 0.0


WEATHER CONDITIONS
 THE FOLLOWING WEATHER WAS RECORDED TODAY.
  NO SIGNIFICANT WEATHER WAS OBSERVED.


RELATIVE HUMIDITY (PERCENT)
 HIGHEST    71           400 AM
 LOWEST     17          1200 PM
 AVERAGE    44

..........................................................


THE DODGE CITY KS CLIMATE NORMALS FOR TOMORROW
                         NORMAL    RECORD    YEAR
 MAXIMUM TEMPERATURE (F)   62        89      1968
 MINIMUM TEMPERATURE (F)   35         8      1987


SUNRISE AND SUNSET
MARCH 29 2015.........SUNRISE   730 AM CDT   SUNSET   800 PM CDT
MARCH 30 2015.........SUNRISE   729 AM CDT   SUNSET   801 PM CDT


-  INDICATES NEGATIVE NUMBERS.
R  INDICATES RECORD WAS SET OR TIED.
MM INDICATES DATA IS MISSING.
T  INDICATES TRACE AMOUNT.




$$
