000
CDUS43 KDDC 170706
CLIDGC


CLIMATE REPORT
NATIONAL WEATHER SERVICE DODGE CITY KS
205 AM CDT TUE OCT 17 2017


...................................

...THE DODGE CITY KS CLIMATE SUMMARY FOR OCTOBER 16 2017...

CLIMATE NORMAL PERIOD 1981 TO 2010
CLIMATE RECORD PERIOD 1875 TO 2017


WEATHER ITEM   OBSERVED TIME   RECORD YEAR NORMAL DEPARTURE LAST
                VALUE   (LST)  VALUE       VALUE  FROM      YEAR
                                                  NORMAL
..................................................................
TEMPERATURE (F)
 YESTERDAY
  MAXIMUM         74    343 PM  99    2016  70      4       99
  MINIMUM         36    638 AM  27    1976  43     -7       52
  AVERAGE         55                        57     -2       76

PRECIPITATION (IN)
  YESTERDAY        0.00          2.47 1968   0.07  -0.07     0.00
  MONTH TO DATE    0.37                      0.93  -0.56     0.09
  SINCE SEP 1      1.91                      2.60  -0.69     0.40
  SINCE JAN 1     25.56                     19.19   6.37    22.41

SNOWFALL (IN)
  YESTERDAY        0.0           T    1992   0.0    0.0      0.0
                                      1884
  MONTH TO DATE    0.0                       0.1   -0.1      0.0
  SINCE SEP 1      0.0                       0.1   -0.1      0.0
  SINCE JUL 1      0.0                       0.1   -0.1      0.0
  SNOW DEPTH       0

DEGREE DAYS
 HEATING
  YESTERDAY       10                         9      1        0
  MONTH TO DATE   79                       113    -34       69
  SINCE SEP 1    109                       174    -65       95
  SINCE JUL 1    109                       178    -69       95

 COOLING
  YESTERDAY        0                         1     -1       11
  MONTH TO DATE   39                        24     15       42
  SINCE SEP 1    286                       211     75      284
  SINCE JAN 1   1518                      1457     61     1538
..................................................................


WIND (MPH)
  HIGHEST WIND SPEED    26   HIGHEST WIND DIRECTION     S (190)
  HIGHEST GUST SPEED    34   HIGHEST GUST DIRECTION     S (190)
  AVERAGE WIND SPEED    14.6


SKY COVER
  POSSIBLE SUNSHINE  MM
  AVERAGE SKY COVER 0.0


WEATHER CONDITIONS
 THE FOLLOWING WEATHER WAS RECORDED YESTERDAY.
  LIGHT RAIN
  HAZE


RELATIVE HUMIDITY (PERCENT)
 HIGHEST    76           600 AM
 LOWEST     17           100 PM
 AVERAGE    47

..........................................................


THE DODGE CITY KS CLIMATE NORMALS FOR TODAY
                         NORMAL    RECORD    YEAR
 MAXIMUM TEMPERATURE (F)   69       101      2016
 MINIMUM TEMPERATURE (F)   43        27      1976


SUNRISE AND SUNSET
OCTOBER 17 2017.......SUNRISE   750 AM CDT   SUNSET   659 PM CDT
OCTOBER 18 2017.......SUNRISE   751 AM CDT   SUNSET   658 PM CDT


-  INDICATES NEGATIVE NUMBERS.
R  INDICATES RECORD WAS SET OR TIED.
MM INDICATES DATA IS MISSING.
T  INDICATES TRACE AMOUNT.




$$
