000
CDUS43 KDDC 010707
CLIDGC


CLIMATE REPORT
NATIONAL WEATHER SERVICE DODGE CITY KS
206 AM CDT WED JUN 1 2016


...................................

...THE DODGE CITY KS CLIMATE SUMMARY FOR MAY 31 2016...

CLIMATE NORMAL PERIOD 1981 TO 2010
CLIMATE RECORD PERIOD 1875 TO 2016


WEATHER ITEM   OBSERVED TIME   RECORD YEAR NORMAL DEPARTURE LAST
                VALUE   (LST)  VALUE       VALUE  FROM      YEAR
                                                  NORMAL
..................................................................
TEMPERATURE (F)
 YESTERDAY
  MAXIMUM         73    524 PM 100    2002  81     -8       77
                                      1953
  MINIMUM         54   1259 AM  44    1903  57     -3       46
  AVERAGE         64                        69     -5       62

PRECIPITATION (IN)
  YESTERDAY        0.81          1.66 1904   0.11   0.70     0.00
  MONTH TO DATE    2.41                      2.85  -0.44    10.33
  SINCE MAR 1     10.53                      6.26   4.27    12.42
  SINCE JAN 1     11.12                      7.52   3.60    13.72

SNOWFALL (IN)
  YESTERDAY        0.0           0.0  2002   0.0    0.0      0.0
                                      2001
  MONTH TO DATE    0.0                       0.0    0.0      0.0
  SINCE MAR 1      0.4                       6.0   -5.6       T
  SINCE JUL 1     10.4                      21.1  -10.7     21.4
  SNOW DEPTH       0

DEGREE DAYS
 HEATING
  YESTERDAY        1                         1      0        3
  MONTH TO DATE  162                       115     47      146
  SINCE MAR 1    977                      1107   -130      907
  SINCE JUL 1   4339                      4954   -615     4655

 COOLING
  YESTERDAY        0                         5     -5        0
  MONTH TO DATE   47                        90    -43       46
  SINCE MAR 1     56                       109    -53       61
  SINCE JAN 1     58                       109    -51       61
..................................................................


WIND (MPH)
  HIGHEST WIND SPEED    45   HIGHEST WIND DIRECTION    NW (300)
  HIGHEST GUST SPEED    53   HIGHEST GUST DIRECTION    NW (300)
  AVERAGE WIND SPEED    10.8


SKY COVER
  POSSIBLE SUNSHINE  MM
  AVERAGE SKY COVER 0.2


WEATHER CONDITIONS
 THE FOLLOWING WEATHER WAS RECORDED YESTERDAY.
  THUNDERSTORM
  HEAVY RAIN
  RAIN
  LIGHT RAIN
  FOG


RELATIVE HUMIDITY (PERCENT)
 HIGHEST   100          1100 PM
 LOWEST     57           500 PM
 AVERAGE    79

..........................................................


THE DODGE CITY KS CLIMATE NORMALS FOR TODAY
                         NORMAL    RECORD    YEAR
 MAXIMUM TEMPERATURE (F)   82       101      2002
 MINIMUM TEMPERATURE (F)   57        40      1879


SUNRISE AND SUNSET
JUNE  1 2016..........SUNRISE   619 AM CDT   SUNSET   856 PM CDT
JUNE  2 2016..........SUNRISE   619 AM CDT   SUNSET   857 PM CDT


-  INDICATES NEGATIVE NUMBERS.
R  INDICATES RECORD WAS SET OR TIED.
MM INDICATES DATA IS MISSING.
T  INDICATES TRACE AMOUNT.




$$
