000
CDUS43 KDDC 062327
CLIDGC


CLIMATE REPORT
NATIONAL WEATHER SERVICE DODGE CITY KS
626 PM CDT FRI MAY 6 2016


...................................

...THE DODGE CITY KS CLIMATE SUMMARY FOR MAY 6 2016...
VALID TODAY AS OF 0500 PM LOCAL TIME.

CLIMATE NORMAL PERIOD 1981 TO 2010
CLIMATE RECORD PERIOD 1875 TO 2016


WEATHER ITEM   OBSERVED TIME   RECORD YEAR NORMAL DEPARTURE LAST
                VALUE   (LST)  VALUE       VALUE  FROM      YEAR
                                                  NORMAL
..................................................................
TEMPERATURE (F)
 TODAY
  MAXIMUM         82    339 PM  96    2014  74      8       81
                                      2004
  MINIMUM         51    627 AM  32    1944  48      3       54
  AVERAGE         67                        61      6       68

PRECIPITATION (IN)
  TODAY            0.00          1.07 1968   0.08  -0.08     0.00
  MONTH TO DATE    T                         0.47  -0.47     0.92
  SINCE MAR 1      8.12                      3.88   4.24     3.01
  SINCE JAN 1      8.71                      5.14   3.57     4.31

SNOWFALL (IN)
  TODAY            0.0           T    1951   0.0    0.0      0.0
  MONTH TO DATE    0.0                       0.0    0.0      0.0
  SINCE MAR 1      0.4                       6.0   -5.6       T
  SINCE JUL 1     10.4                      21.1  -10.7     21.4
  SNOW DEPTH       0

DEGREE DAYS
 HEATING
  TODAY            0                         6     -6        0
  MONTH TO DATE   58                        38     20        4
  SINCE MAR 1    873                      1030   -157      765
  SINCE JUL 1   4235                      4877   -642     4513

 COOLING
  TODAY            2                         2      0        3
  MONTH TO DATE    2                         8     -6       25
  SINCE MAR 1     11                        27    -16       40
  SINCE JAN 1     13                        27    -14       40
..................................................................


WIND (MPH)
  HIGHEST WIND SPEED    33   HIGHEST WIND DIRECTION     S (190)
  HIGHEST GUST SPEED    42   HIGHEST GUST DIRECTION     S (180)
  AVERAGE WIND SPEED    17.8


SKY COVER
  POSSIBLE SUNSHINE  MM
  AVERAGE SKY COVER 0.0


WEATHER CONDITIONS
 THE FOLLOWING WEATHER WAS RECORDED TODAY.
  NO SIGNIFICANT WEATHER WAS OBSERVED.


RELATIVE HUMIDITY (PERCENT)
 HIGHEST    71           700 AM
 LOWEST     32          1200 PM
 AVERAGE    52

..........................................................


THE DODGE CITY KS CLIMATE NORMALS FOR TOMORROW
                         NORMAL    RECORD    YEAR
 MAXIMUM TEMPERATURE (F)   74        99      1916
 MINIMUM TEMPERATURE (F)   48        33      1885


SUNRISE AND SUNSET
MAY  6 2016...........SUNRISE   638 AM CDT   SUNSET   835 PM CDT
MAY  7 2016...........SUNRISE   637 AM CDT   SUNSET   836 PM CDT


-  INDICATES NEGATIVE NUMBERS.
R  INDICATES RECORD WAS SET OR TIED.
MM INDICATES DATA IS MISSING.
T  INDICATES TRACE AMOUNT.




$$
