000
CDUS45 KCYS 300727
CLIDGW


CLIMATE REPORT
NATIONAL WEATHER SERVICE CHEYENNE WY
127 AM MDT THU JUL 30 2015


...................................

...THE DOUGLAS WY AIRPORT CLIMATE SUMMARY FOR JULY 29 2015...

CLIMATE NORMAL PERIOD 1981 TO 2010
CLIMATE RECORD PERIOD 1998 TO 2015


WEATHER ITEM   OBSERVED TIME   RECORD YEAR NORMAL DEPARTURE LAST
                VALUE   (LST)  VALUE       VALUE  FROM      YEAR
                                                  NORMAL
..................................................................
TEMPERATURE (F)
 YESTERDAY
  MAXIMUM         84    432 PM 105    2006  89     -5       79
  MINIMUM         41R   526 AM  47    2009  55    -14       57
  AVERAGE         63                        72     -9       68

PRECIPITATION (IN)
  YESTERDAY        0.00          0.37 2010   0.04  -0.04     0.19
  MONTH TO DATE    0.90                      1.29  -0.39     2.15
  SINCE JAN 1     11.43                      8.84   2.59     8.98

DEGREE DAYS
 HEATING
  YESTERDAY        2                         0      2        0
  MONTH TO DATE   15                         9      6       14
  SINCE JUN 1     37                       119    -82      157
  SINCE JUL 1     15                         9      6       14

 COOLING
  YESTERDAY        0                         8     -8        3
  MONTH TO DATE  144                       191    -47      203
  SINCE JUN 1    228                       262    -34      230
  SINCE JAN 1    229                       268    -39      235
..................................................................


WIND (MPH)
  HIGHEST WIND SPEED    14   HIGHEST WIND DIRECTION     S (160)
  HIGHEST GUST SPEED    20   HIGHEST GUST DIRECTION    SE (130)
  AVERAGE WIND SPEED     4.7


SKY COVER
  AVERAGE SKY COVER 0.0


WEATHER CONDITIONS
 THE FOLLOWING WEATHER WAS RECORDED YESTERDAY.
  NO SIGNIFICANT WEATHER WAS OBSERVED.


RELATIVE HUMIDITY (PERCENT)
 HIGHEST    79           500 AM
 LOWEST     13           600 PM
 AVERAGE    46

..........................................................


THE DOUGLAS WY AIRPORT CLIMATE NORMALS FOR TODAY
                         NORMAL    RECORD    YEAR
 MAXIMUM TEMPERATURE (F)   89       103      2006
 MINIMUM TEMPERATURE (F)   55        42      2009


SUNRISE AND SUNSET
JULY 30 2015..........SUNRISE   551 AM MDT   SUNSET   825 PM MDT
JULY 31 2015..........SUNRISE   552 AM MDT   SUNSET   823 PM MDT


-  INDICATES NEGATIVE NUMBERS.
R  INDICATES RECORD WAS SET OR TIED.
MM INDICATES DATA IS MISSING.
T  INDICATES TRACE AMOUNT.




$$
