000
CDUS45 KCYS 280726
CLIDGW


CLIMATE REPORT
NATIONAL WEATHER SERVICE CHEYENNE WY
1226 AM MST SAT FEB 28 2015


...................................

...THE DOUGLAS WY AIRPORT CLIMATE SUMMARY FOR FEBRUARY 27 2015...

CLIMATE NORMAL PERIOD 1981 TO 2010
CLIMATE RECORD PERIOD 1998 TO 2015


WEATHER ITEM   OBSERVED TIME   RECORD YEAR NORMAL DEPARTURE LAST
                VALUE   (LST)  VALUE       VALUE  FROM      YEAR
                                                  NORMAL
..................................................................
TEMPERATURE (F)
 YESTERDAY
  MAXIMUM         24    417 PM  59    2006  43    -19       39
  MINIMUM          3    434 AM   0    2003  16    -13        2
  AVERAGE         14                        30    -16       21

PRECIPITATION (IN)
  YESTERDAY        0.00          0.03 2009   0.02  -0.02     0.00
  MONTH TO DATE    0.21                      0.39  -0.18     0.93
  SINCE JAN 1      0.55                      0.77  -0.22     1.42

DEGREE DAYS
 HEATING
  YESTERDAY       51                        35     16       44
  MONTH TO DATE  892                      1036   -144     1273
  SINCE DEC 1   3230                      3545   -315     3810
  SINCE JUL 1   4954                      5367   -413     5547

 COOLING
  YESTERDAY        0                         0      0        0
  MONTH TO DATE    0                         0      0        0
  SINCE DEC 1      0                         0      0        0
  SINCE JAN 1      0                         0      0        0
..................................................................


WIND (MPH)
  HIGHEST WIND SPEED    25   HIGHEST WIND DIRECTION    SE (140)
  HIGHEST GUST SPEED    30   HIGHEST GUST DIRECTION    SE (150)
  AVERAGE WIND SPEED    14.7


SKY COVER
  AVERAGE SKY COVER 0.1


WEATHER CONDITIONS
 THE FOLLOWING WEATHER WAS RECORDED YESTERDAY.
  NO SIGNIFICANT WEATHER WAS OBSERVED.


RELATIVE HUMIDITY (PERCENT)
 HIGHEST    91           600 AM
 LOWEST     55           400 PM
 AVERAGE    73

..........................................................


THE DOUGLAS WY AIRPORT CLIMATE NORMALS FOR TODAY
                         NORMAL    RECORD    YEAR
 MAXIMUM TEMPERATURE (F)   44        63      2006
 MINIMUM TEMPERATURE (F)   17        -1      2001


SUNRISE AND SUNSET
FEBRUARY 28 2015......SUNRISE   639 AM MST   SUNSET   550 PM MST
MARCH  1 2015.........SUNRISE   637 AM MST   SUNSET   551 PM MST


-  INDICATES NEGATIVE NUMBERS.
R  INDICATES RECORD WAS SET OR TIED.
MM INDICATES DATA IS MISSING.
T  INDICATES TRACE AMOUNT.




$$
