000
CDUS45 KCYS 310727
CLIDGW


CLIMATE REPORT
NATIONAL WEATHER SERVICE CHEYENNE WY
1226 AM MST SAT JAN 31 2015


...................................

...THE DOUGLAS WY AIRPORT CLIMATE SUMMARY FOR JANUARY 30 2015...

CLIMATE NORMAL PERIOD 1981 TO 2010
CLIMATE RECORD PERIOD 1998 TO 2015


WEATHER ITEM   OBSERVED TIME   RECORD YEAR NORMAL DEPARTURE LAST
                VALUE   (LST)  VALUE       VALUE  FROM      YEAR
                                                  NORMAL
..................................................................
TEMPERATURE (F)
 YESTERDAY
  MAXIMUM         47    224 PM  57    2003  38      9       33
  MINIMUM         23    439 AM  -9    2000  12     11       13
  AVERAGE         35                        25     10       23

PRECIPITATION (IN)
  YESTERDAY        0.00          0.08 2014   0.02  -0.02     0.08
  MONTH TO DATE    0.13                      0.36  -0.23     0.49
  SINCE JAN 1      0.13                      0.36  -0.23     0.49

DEGREE DAYS
 HEATING
  YESTERDAY       30                        40    -10       42
  MONTH TO DATE 1135                      1202    -67     1144
  SINCE DEC 1   2306                      2469   -163     2486
  SINCE JUL 1   4030                      4291   -261     4223

 COOLING
  YESTERDAY        0                         0      0        0
  MONTH TO DATE    0                         0      0        0
  SINCE DEC 1      0                         0      0        0
  SINCE JAN 1      0                         0      0        0
..................................................................


WIND (MPH)
  HIGHEST WIND SPEED    17   HIGHEST WIND DIRECTION    NW (320)
  HIGHEST GUST SPEED    21   HIGHEST GUST DIRECTION    NW (330)
  AVERAGE WIND SPEED     4.5


SKY COVER
  AVERAGE SKY COVER 0.0


WEATHER CONDITIONS
 THE FOLLOWING WEATHER WAS RECORDED YESTERDAY.
  NO SIGNIFICANT WEATHER WAS OBSERVED.


RELATIVE HUMIDITY (PERCENT)
 HIGHEST    88           100 AM
 LOWEST     33          1200 PM
 AVERAGE    61

..........................................................


THE DOUGLAS WY AIRPORT CLIMATE NORMALS FOR TODAY
                         NORMAL    RECORD    YEAR
 MAXIMUM TEMPERATURE (F)   38        56      2003
 MINIMUM TEMPERATURE (F)   12       -16      2011


SUNRISE AND SUNSET
JANUARY 31 2015.......SUNRISE   717 AM MST   SUNSET   513 PM MST
FEBRUARY  1 2015......SUNRISE   716 AM MST   SUNSET   514 PM MST


-  INDICATES NEGATIVE NUMBERS.
R  INDICATES RECORD WAS SET OR TIED.
MM INDICATES DATA IS MISSING.
T  INDICATES TRACE AMOUNT.




$$
