000
CDUS45 KCYS 241758
CLIDGW


CLIMATE REPORT
NATIONAL WEATHER SERVICE CHEYENNE WY
1157 AM MDT FRI OCT 24 2014


...................................

...THE DOUGLAS WY AIRPORT CLIMATE SUMMARY FOR OCTOBER 23 2014...

CLIMATE NORMAL PERIOD 1981 TO 2010
CLIMATE RECORD PERIOD 1998 TO 2014


WEATHER ITEM   OBSERVED TIME   RECORD YEAR NORMAL DEPARTURE LAST
                VALUE   (LST)  VALUE       VALUE  FROM      YEAR
                                                  NORMAL
..................................................................
TEMPERATURE (F)
 YESTERDAY
  MAXIMUM         74    151 PM  83    2003  59     15       61
  MINIMUM         24    244 AM  19    2008  28     -4       32
                                      2006
                                      2005
  AVERAGE         49                        43      6       47

PRECIPITATION (IN)
  YESTERDAY        0.00          0.18 2010   0.03  -0.03     0.00
  MONTH TO DATE    0.37                      0.89  -0.52     1.96
  SINCE JAN 1     11.95                     12.17  -0.22     9.22

DEGREE DAYS
 HEATING
  YESTERDAY       16                        22     -6       18
  MONTH TO DATE  309                       413   -104      496
  SINCE SEP 1    481                       641   -160      634
  SINCE JUL 1    518                       682   -164      634

 COOLING
  YESTERDAY        0                         0      0        0
  MONTH TO DATE    0                         0      0        0
  SINCE SEP 1     24                        28     -4       88
  SINCE JAN 1    401                       486    -85      739
..................................................................


WIND (MPH)
  HIGHEST WIND SPEED    32   HIGHEST WIND DIRECTION     W (280)
  HIGHEST GUST SPEED    39   HIGHEST GUST DIRECTION     W (280)
  AVERAGE WIND SPEED     8.0


SKY COVER
  AVERAGE SKY COVER 0.0


WEATHER CONDITIONS
 THE FOLLOWING WEATHER WAS RECORDED YESTERDAY.
  HAZE


RELATIVE HUMIDITY (PERCENT)
 HIGHEST    68           300 AM
 LOWEST     16           200 PM
 AVERAGE    42

..........................................................


THE DOUGLAS WY AIRPORT CLIMATE NORMALS FOR TODAY
                         NORMAL    RECORD    YEAR
 MAXIMUM TEMPERATURE (F)   58        78      2007
 MINIMUM TEMPERATURE (F)   28        21      2005
                                             1999


SUNRISE AND SUNSET
OCTOBER 24 2014.......SUNRISE   726 AM MDT   SUNSET   605 PM MDT
OCTOBER 25 2014.......SUNRISE   727 AM MDT   SUNSET   604 PM MDT


-  INDICATES NEGATIVE NUMBERS.
R  INDICATES RECORD WAS SET OR TIED.
MM INDICATES DATA IS MISSING.
T  INDICATES TRACE AMOUNT.




$$
