000
CDUS44 KTAE 290633
CLIDHN


CLIMATE REPORT
NATIONAL WEATHER SERVICE TALLAHASSEE FL
232 AM EDT THU JUN 29 2017


...................................

...THE DOTHAN CLIMATE SUMMARY FOR JUNE 28 2017...

CLIMATE NORMAL PERIOD 1981 TO 2010
CLIMATE RECORD PERIOD 1965 TO 2017


WEATHER ITEM   OBSERVED TIME   NORMAL DEPARTURE LAST
                VALUE   (LST)  VALUE  FROM      YEAR
                                      NORMAL
......................................................
TEMPERATURE (F)
 YESTERDAY
  MAXIMUM         88    155 PM  91     -3       94
  MINIMUM         71    615 AM  71      0       72
  AVERAGE         80            81     -1       83

PRECIPITATION (IN)
  YESTERDAY        0.00          0.17  -0.17     0.86
  MONTH TO DATE    4.42          5.26  -0.84     5.06
  SINCE JUN 1      4.42          5.26  -0.84     5.06
  SINCE JAN 1     31.67         27.62   4.05    29.48

SNOWFALL (IN)
  YESTERDAY        0.0

DEGREE DAYS
 COOLING
  YESTERDAY       15            16     -1       18
  MONTH TO DATE  380           411    -31      458
  SINCE JUN 1    380           411    -31      458
  SINCE JAN 1    976           824    152      911
......................................................


WIND (MPH)
  HIGHEST WIND SPEED    14   HIGHEST WIND DIRECTION    SE (130)
  HIGHEST GUST SPEED    18   HIGHEST GUST DIRECTION    SE (120)
  AVERAGE WIND SPEED     6.1








-  INDICATES NEGATIVE NUMBERS.
R  INDICATES RECORD WAS SET OR TIED.
MM INDICATES DATA IS MISSING.
T  INDICATES TRACE AMOUNT.




$$
