000
CDUS44 KTAE 012227
CLIDHN


CLIMATE REPORT
NATIONAL WEATHER SERVICE TALLAHASSEE FL
527 PM EST SUN FEB 1 2015


...................................

...THE DOTHAN CLIMATE SUMMARY FOR FEBRUARY 1 2015...
VALID TODAY AS OF 0500 PM LOCAL TIME.

CLIMATE NORMAL PERIOD 1981 TO 2010
CLIMATE RECORD PERIOD 1965 TO 2015


WEATHER ITEM   OBSERVED TIME   NORMAL DEPARTURE LAST
                VALUE   (LST)  VALUE  FROM      YEAR
                                      NORMAL
......................................................
TEMPERATURE (F)
 TODAY
  MAXIMUM         67   1132 AM  62      5       64
  MINIMUM         42    518 AM  39      3       43
  AVERAGE         55            50      5       54

PRECIPITATION (IN)
  TODAY            0.13          0.14  -0.01     0.00
  MONTH TO DATE    0.13          0.14  -0.01     0.00
  SINCE DEC 1      8.52          9.16  -0.64    11.57
  SINCE JAN 1      3.08          4.77  -1.69     2.93

......................................................










-  INDICATES NEGATIVE NUMBERS.
R  INDICATES RECORD WAS SET OR TIED.
MM INDICATES DATA IS MISSING.
T  INDICATES TRACE AMOUNT.




$$
