000
CDUS44 KTAE 280639
CLIDHN


CLIMATE REPORT
NATIONAL WEATHER SERVICE TALLAHASSEE FL
238 AM EDT MON JUL 28 2014


...................................

...THE DOTHAN CLIMATE SUMMARY FOR JULY 27 2014...

CLIMATE NORMAL PERIOD 1981 TO 2010
CLIMATE RECORD PERIOD 1965 TO 2014


WEATHER ITEM   OBSERVED TIME   NORMAL DEPARTURE LAST
                VALUE   (LST)  VALUE  FROM      YEAR
                                      NORMAL
......................................................
TEMPERATURE (F)
 YESTERDAY
  MAXIMUM         94    332 PM  92      2       88
  MINIMUM         76    612 AM  72      4       71
  AVERAGE         85            82      3       80

PRECIPITATION (IN)
  YESTERDAY        0.00          0.18  -0.18     0.05
  MONTH TO DATE    3.23          5.18  -1.95    17.57
  SINCE JUN 1      5.71         10.78  -5.07    22.16
  SINCE JAN 1     35.78         33.14   2.64    49.46

SNOWFALL (IN)
  YESTERDAY        0.0

DEGREE DAYS
 COOLING
  YESTERDAY       20            17      3       15
  MONTH TO DATE  445           458    -13      380
  SINCE JUN 1    919           902     17      840
  SINCE JAN 1   1304          1315    -11     1212
......................................................










-  INDICATES NEGATIVE NUMBERS.
R  INDICATES RECORD WAS SET OR TIED.
MM INDICATES DATA IS MISSING.
T  INDICATES TRACE AMOUNT.




$$
