000
CDUS44 KTAE 022137
CLIDHN


CLIMATE REPORT
NATIONAL WEATHER SERVICE TALLAHASSEE FL
537 PM EDT TUE JUN 2 2015


...................................

...THE DOTHAN CLIMATE SUMMARY FOR JUNE 2 2015...
VALID TODAY AS OF 0500 PM LOCAL TIME.

CLIMATE NORMAL PERIOD 1981 TO 2010
CLIMATE RECORD PERIOD 1965 TO 2015


WEATHER ITEM   OBSERVED TIME   NORMAL DEPARTURE LAST
                VALUE   (LST)  VALUE  FROM      YEAR
                                      NORMAL
......................................................
TEMPERATURE (F)
 TODAY
  MAXIMUM         85    202 PM  89     -4       82
  MINIMUM         68    544 AM  67      1       68
  AVERAGE         77            78     -1       75

PRECIPITATION (IN)
  TODAY            0.00          0.17  -0.17      T
  MONTH TO DATE    0.42          0.34   0.08     0.02
  SINCE JUN 1      0.42          0.34   0.08     0.02
  SINCE JAN 1     24.67         22.70   1.97    30.09

......................................................










-  INDICATES NEGATIVE NUMBERS.
R  INDICATES RECORD WAS SET OR TIED.
MM INDICATES DATA IS MISSING.
T  INDICATES TRACE AMOUNT.




$$
