000
CDUS44 KTAE 030636
CLIDHN


CLIMATE REPORT
NATIONAL WEATHER SERVICE TALLAHASSEE FL
236 AM EDT FRI JUL 3 2015


...................................

...THE DOTHAN CLIMATE SUMMARY FOR JULY 2 2015...

CLIMATE NORMAL PERIOD 1981 TO 2010
CLIMATE RECORD PERIOD 1965 TO 2015


WEATHER ITEM   OBSERVED TIME   NORMAL DEPARTURE LAST
                VALUE   (LST)  VALUE  FROM      YEAR
                                      NORMAL
......................................................
TEMPERATURE (F)
 YESTERDAY
  MAXIMUM         91   1108 AM  92     -1       96
  MINIMUM         71   1252 PM  72     -1       76
  AVERAGE         81            82     -1       86

PRECIPITATION (IN)
  YESTERDAY        0.26          0.22   0.04     0.00
  MONTH TO DATE    0.26          0.45  -0.19     0.00
  SINCE JUN 1      3.46          6.05  -2.59     2.48
  SINCE JAN 1     27.71         28.41  -0.70    32.55

SNOWFALL (IN)
  YESTERDAY        0.0

DEGREE DAYS
 COOLING
  YESTERDAY       16            17     -1       21
  MONTH TO DATE   32            33     -1       41
  SINCE JUN 1    505           477     28      515
  SINCE JAN 1   1093           890    203      900
......................................................


WIND (MPH)
  HIGHEST WIND SPEED    35   HIGHEST WIND DIRECTION    NW (300)
  HIGHEST GUST SPEED    47   HIGHEST GUST DIRECTION     W (290)
  AVERAGE WIND SPEED     8.6








-  INDICATES NEGATIVE NUMBERS.
R  INDICATES RECORD WAS SET OR TIED.
MM INDICATES DATA IS MISSING.
T  INDICATES TRACE AMOUNT.




$$
