000
CDUS44 KTAE 280644
CLIDHN


CLIMATE REPORT
NATIONAL WEATHER SERVICE TALLAHASSEE FL
243 AM EDT SAT MAY 28 2016


...................................

...THE DOTHAN CLIMATE SUMMARY FOR MAY 27 2016...

CLIMATE NORMAL PERIOD 1981 TO 2010
CLIMATE RECORD PERIOD 1965 TO 2016


WEATHER ITEM   OBSERVED TIME   NORMAL DEPARTURE LAST
                VALUE   (LST)  VALUE  FROM      YEAR
                                      NORMAL
......................................................
TEMPERATURE (F)
 YESTERDAY
  MAXIMUM         88    251 PM  88      0       86
  MINIMUM         68    318 AM  66      2       67
  AVERAGE         78            77      1       77

PRECIPITATION (IN)
  YESTERDAY        0.00          0.17  -0.17     1.41
  MONTH TO DATE    1.50          2.83  -1.33     5.42
  SINCE MAR 1     13.45         12.23   1.22    17.58
  SINCE JAN 1     24.30         21.63   2.67    24.25

SNOWFALL (IN)
  YESTERDAY        0.0

DEGREE DAYS
 COOLING
  YESTERDAY       13            12      1       12
  MONTH TO DATE  222           243    -21      292
  SINCE MAR 1    382           354     28      532
  SINCE JAN 1    388           364     24      536
......................................................


WIND (MPH)
  HIGHEST WIND SPEED    16   HIGHEST WIND DIRECTION    SE (140)
  HIGHEST GUST SPEED    22   HIGHEST GUST DIRECTION    SE (120)
  AVERAGE WIND SPEED     6.7








-  INDICATES NEGATIVE NUMBERS.
R  INDICATES RECORD WAS SET OR TIED.
MM INDICATES DATA IS MISSING.
T  INDICATES TRACE AMOUNT.




$$
