663
CDUS44 KTAE 230632
CLIDHN


CLIMATE REPORT
NATIONAL WEATHER SERVICE TALLAHASSEE FL
232 AM EDT WED AUG 23 2017


...................................

...THE DOTHAN CLIMATE SUMMARY FOR AUGUST 22 2017...

CLIMATE NORMAL PERIOD 1981 TO 2010
CLIMATE RECORD PERIOD 1965 TO 2017


WEATHER ITEM   OBSERVED TIME   NORMAL DEPARTURE LAST
                VALUE   (LST)  VALUE  FROM      YEAR
                                      NORMAL
......................................................
TEMPERATURE (F)
 YESTERDAY
  MAXIMUM         94    355 PM  91      3       94
  MINIMUM         71    516 AM  71      0       73
  AVERAGE         83            81      2       84

PRECIPITATION (IN)
  YESTERDAY        0.00          0.14  -0.14      T
  MONTH TO DATE    2.88          3.29  -0.41     4.13
  SINCE JUN 1     11.82         14.84  -3.02    17.80
  SINCE JAN 1     39.07         37.20   1.87    42.22

SNOWFALL (IN)
  YESTERDAY        0.0

DEGREE DAYS
 COOLING
  YESTERDAY       18            16      2       19
  MONTH TO DATE  376           362     14      397
  SINCE JUN 1   1314          1330    -16     1459
  SINCE JAN 1   1910          1743    167     1912
......................................................


WIND (MPH)
  HIGHEST WIND SPEED     9   HIGHEST WIND DIRECTION     S (200)
  HIGHEST GUST SPEED    13   HIGHEST GUST DIRECTION     W (280)
  AVERAGE WIND SPEED     3.0








-  INDICATES NEGATIVE NUMBERS.
R  INDICATES RECORD WAS SET OR TIED.
MM INDICATES DATA IS MISSING.
T  INDICATES TRACE AMOUNT.




$$
