000
CDUS44 KAMA 240642
CLIDHT


CLIMATE REPORT
NATIONAL WEATHER SERVICE AMARILLO TX
141 AM CDT TUE OCT 24 2017


...................................

...THE DALHART CLIMATE SUMMARY FOR OCTOBER 23 2017...

CLIMATE NORMAL PERIOD 1981 TO 2010
CLIMATE RECORD PERIOD 1948 TO 2017


WEATHER ITEM   OBSERVED TIME   RECORD YEAR NORMAL DEPARTURE LAST
                VALUE   (LST)  VALUE       VALUE  FROM      YEAR
                                                  NORMAL
..................................................................
TEMPERATURE (F)
 YESTERDAY
  MAXIMUM         68    242 PM  90    2012  69     -1       78
  MINIMUM         42   1159 PM  26    2006  38      4       41
  AVERAGE         55                        53      2       60

PRECIPITATION (IN)
  YESTERDAY        0.00          3.49 2000   0.05  -0.05     0.00
  MONTH TO DATE    4.03                      1.12   2.91     0.10
  SINCE SEP 1      7.04                      2.77   4.27     3.52
  SINCE JAN 1     24.28                     16.12   8.16    17.71

SNOWFALL (IN)
  YESTERDAY        0.0           0.0    MM   0.0    0.0      0.0
  MONTH TO DATE    0.0                       0.3   -0.3      0.0
  SINCE SEP 1      0.0                       0.3   -0.3      0.0
  SINCE JUL 1      0.0                       0.3   -0.3      0.0
  SNOW DEPTH       0

DEGREE DAYS
 HEATING
  YESTERDAY       10                        12     -2        5
  MONTH TO DATE  122                       191    -69       98
  SINCE SEP 1    160                       251    -91      109
  SINCE JUL 1    160                       254    -94      109

 COOLING
  YESTERDAY        0                         0      0        0
  MONTH TO DATE   38                         8     30       46
  SINCE SEP 1    196                       140     56      266
  SINCE JAN 1   1344                      1136    208     1541
..................................................................


WIND (MPH)
  RESULTANT WIND SPEED  11   RESULTANT WIND DIRECTION   N (10)
  HIGHEST WIND SPEED    36   HIGHEST WIND DIRECTION     N (20)
  HIGHEST GUST SPEED    43   HIGHEST GUST DIRECTION     N (20)
  AVERAGE WIND SPEED    13.5


SKY COVER
  AVERAGE SKY COVER 0.0


WEATHER CONDITIONS
 THE FOLLOWING WEATHER WAS RECORDED YESTERDAY.
  NO SIGNIFICANT WEATHER WAS OBSERVED.


RELATIVE HUMIDITY (PERCENT)
 HIGHEST    70           300 AM
 LOWEST     26           900 AM
 AVERAGE    48

..........................................................


THE DALHART CLIMATE NORMALS FOR TODAY
                         NORMAL    RECORD    YEAR
 MAXIMUM TEMPERATURE (F)   69        87      2014
 MINIMUM TEMPERATURE (F)   38        23      1980


SUNRISE AND SUNSET
OCTOBER 24 2017.......SUNRISE   805 AM CDT   SUNSET   703 PM CDT
OCTOBER 25 2017.......SUNRISE   806 AM CDT   SUNSET   702 PM CDT


-  INDICATES NEGATIVE NUMBERS.
R  INDICATES RECORD WAS SET OR TIED.
MM INDICATES DATA IS MISSING.
T  INDICATES TRACE AMOUNT.




$$
