000
CDUS44 KAMA 230656
CLIDHT


CLIMATE REPORT
NATIONAL WEATHER SERVICE AMARILLO TX
156 AM CDT FRI JUN 23 2017


...................................

...THE DALHART CLIMATE SUMMARY FOR JUNE 22 2017...

CLIMATE NORMAL PERIOD 1981 TO 2010
CLIMATE RECORD PERIOD 1948 TO 2017


WEATHER ITEM   OBSERVED TIME   RECORD YEAR NORMAL DEPARTURE LAST
                VALUE   (LST)  VALUE       VALUE  FROM      YEAR
                                                  NORMAL
..................................................................
TEMPERATURE (F)
 YESTERDAY
  MAXIMUM        106R   339 PM 103    1978  89     17      101
  MINIMUM         63    452 AM  47    1989  60      3       64
  AVERAGE         85                        74     11       83

PRECIPITATION (IN)
  YESTERDAY        T             1.69 2006   0.07  -0.07     0.09
  MONTH TO DATE    0.09                      1.68  -1.59     1.66
  SINCE JUN 1      0.09                      1.68  -1.59     1.66
  SINCE JAN 1      9.23                      7.09   2.14     8.88

SNOWFALL (IN)
  YESTERDAY        0.0           0.0    MM   0.0    0.0      0.0
  MONTH TO DATE    0.0                       0.0    0.0      0.0
  SINCE JUN 1      0.0                       0.0    0.0      0.0
  SINCE JUL 1     11.3                      18.9   -7.6     12.7
  SNOW DEPTH       0

DEGREE DAYS
 HEATING
  YESTERDAY        0                         0      0        0
  MONTH TO DATE    0                         9     -9        0
  SINCE JUN 1      0                         9     -9        0
  SINCE JUL 1   3634                      4726  -1092     3851

 COOLING
  YESTERDAY       20                        10     10       18
  MONTH TO DATE  266                       156    110      232
  SINCE JUN 1    266                       156    110      232
  SINCE JAN 1    343                       228    115      278
..................................................................


WIND (MPH)
  RESULTANT WIND SPEED   4   RESULTANT WIND DIRECTION  SW (230)
  HIGHEST WIND SPEED    30   HIGHEST WIND DIRECTION    SE (130)
  HIGHEST GUST SPEED    38   HIGHEST GUST DIRECTION    SE (120)
  AVERAGE WIND SPEED    12.5


SKY COVER
  AVERAGE SKY COVER 0.1


WEATHER CONDITIONS
 THE FOLLOWING WEATHER WAS RECORDED YESTERDAY.
  THUNDERSTORM
  LIGHT RAIN


RELATIVE HUMIDITY (PERCENT)
 HIGHEST    84           300 AM
 LOWEST      9           400 PM
 AVERAGE    47

..........................................................


THE DALHART CLIMATE NORMALS FOR TODAY
                         NORMAL    RECORD    YEAR
 MAXIMUM TEMPERATURE (F)   90       105      2011
 MINIMUM TEMPERATURE (F)   60        50      1989


SUNRISE AND SUNSET
JUNE 23 2017..........SUNRISE   634 AM CDT   SUNSET   911 PM CDT
JUNE 24 2017..........SUNRISE   635 AM CDT   SUNSET   911 PM CDT


-  INDICATES NEGATIVE NUMBERS.
R  INDICATES RECORD WAS SET OR TIED.
MM INDICATES DATA IS MISSING.
T  INDICATES TRACE AMOUNT.




$$
