000
CDUS44 KAMA 172239
CLIDHT


CLIMATE REPORT
NATIONAL WEATHER SERVICE AMARILLO TX
438 PM CST WED JAN 17 2018


...................................

...THE DALHART CLIMATE SUMMARY FOR JANUARY 17 2018...
VALID TODAY AS OF 0400 PM LOCAL TIME.

CLIMATE NORMAL PERIOD 1981 TO 2010
CLIMATE RECORD PERIOD 1948 TO 2018


WEATHER ITEM   OBSERVED TIME   RECORD YEAR NORMAL DEPARTURE LAST
                VALUE   (LST)  VALUE       VALUE  FROM      YEAR
                                                  NORMAL
..................................................................
TEMPERATURE (F)
 TODAY
  MAXIMUM         46    259 PM  76    1974  50     -4       53
  MINIMUM          4    807 AM   1    2008  19    -15       31
  AVERAGE         25                        35    -10       42

PRECIPITATION (IN)
  TODAY            0.00          0.22 1984   0.02  -0.02     0.00
  MONTH TO DATE    T                         0.25  -0.25     0.90
  SINCE DEC 1      T                         0.79  -0.79     1.10
  SINCE JAN 1      T                         0.25  -0.25     0.90

SNOWFALL (IN)
  TODAY            0.0           2.6  1984   0.1   -0.1      0.0
  MONTH TO DATE    0.0                       2.1   -2.1      0.0
  SINCE DEC 1      T                         6.4   -6.4      1.3
  SINCE JUL 1      2.3                       8.3   -6.0      1.3
  SNOW DEPTH       0

DEGREE DAYS
 HEATING
  TODAY           40                        30     10       23
  MONTH TO DATE  449                       521    -72      491
  SINCE DEC 1   1136                      1469   -333     1383
  SINCE JUL 1   1811                      2464   -653     1959

 COOLING
  TODAY            0                         0      0        0
  MONTH TO DATE    0                         0      0        0
  SINCE DEC 1      0                         0      0        0
  SINCE JAN 1      0                         0      0        0
..................................................................


WIND (MPH)
  RESULTANT WIND SPEED  13   RESULTANT WIND DIRECTION  SW (210)
  HIGHEST WIND SPEED    22   HIGHEST WIND DIRECTION     S (200)
  HIGHEST GUST SPEED    27   HIGHEST GUST DIRECTION     S (190)
  AVERAGE WIND SPEED    12.9


SKY COVER
  AVERAGE SKY COVER 0.0


WEATHER CONDITIONS
 THE FOLLOWING WEATHER WAS RECORDED TODAY.
  NO SIGNIFICANT WEATHER WAS OBSERVED.


RELATIVE HUMIDITY (PERCENT)
 HIGHEST    88           400 AM
 LOWEST     25           200 PM
 AVERAGE    57

..........................................................


THE DALHART CLIMATE NORMALS FOR TOMORROW
                         NORMAL    RECORD    YEAR
 MAXIMUM TEMPERATURE (F)   50        72      1972
 MINIMUM TEMPERATURE (F)   19        -8      1960


SUNRISE AND SUNSET
JANUARY 17 2018.......SUNRISE   759 AM CST   SUNSET   602 PM CST
JANUARY 18 2018.......SUNRISE   759 AM CST   SUNSET   603 PM CST


-  INDICATES NEGATIVE NUMBERS.
R  INDICATES RECORD WAS SET OR TIED.
MM INDICATES DATA IS MISSING.
T  INDICATES TRACE AMOUNT.




$$
