000
CDUS44 KAMA 262132
CLIDHT


CLIMATE REPORT
NATIONAL WEATHER SERVICE AMARILLO TX
432 PM CDT TUE MAY 26 2015


...................................

...THE DALHART CLIMATE SUMMARY FOR MAY 26 2015...
VALID TODAY AS OF 0400 PM LOCAL TIME.

CLIMATE NORMAL PERIOD 1981 TO 2010
CLIMATE RECORD PERIOD 1894 TO 2015


WEATHER ITEM   OBSERVED TIME   RECORD YEAR NORMAL DEPARTURE LAST
                VALUE   (LST)  VALUE       VALUE  FROM      YEAR
                                                  NORMAL
..................................................................
TEMPERATURE (F)
 TODAY
  MAXIMUM         76    300 PM 102    2006  81     -5       75
  MINIMUM         51        MM  38    1950  52     -1       55
  AVERAGE         64                        67     -3       65

PRECIPITATION (IN)
  TODAY            0.00          2.03 1978   0.08  -0.08      T
  MONTH TO DATE    1.97                      1.82   0.15     1.38
  SINCE MAR 1      3.35                      4.07  -0.72     1.58
  SINCE JAN 1      6.66                      4.99   1.67     1.67

SNOWFALL (IN)
  TODAY            0.0           T    1999   0.0    0.0      0.0
  MONTH TO DATE    0.0                       0.1   -0.1      0.0
  SINCE MAR 1      0.8                       5.5   -4.7      2.1
  SINCE JUL 1     34.1                      19.0   15.1     17.4
  SNOW DEPTH       0

DEGREE DAYS
 HEATING
  TODAY            1                         2     -1        0
  MONTH TO DATE  128                       107     21       92
  SINCE MAR 1    862                      1066   -204      999
  SINCE JUL 1   4155                      4709   -554     4593

 COOLING
  TODAY            0                         3     -3        0
  MONTH TO DATE   12                        45    -33       64
  SINCE MAR 1     13                        51    -38       80
  SINCE JAN 1     13                        51    -38       80
..................................................................


WIND (MPH)
  RESULTANT WIND SPEED  10   RESULTANT WIND DIRECTION  NE (30)
  HIGHEST WIND SPEED    18   HIGHEST WIND DIRECTION     N (20)
  HIGHEST GUST SPEED    22   HIGHEST GUST DIRECTION     N (20)
  AVERAGE WIND SPEED    10.6


SKY COVER
  AVERAGE SKY COVER 0.1


WEATHER CONDITIONS
 THE FOLLOWING WEATHER WAS RECORDED TODAY.
  NO SIGNIFICANT WEATHER WAS OBSERVED.


RELATIVE HUMIDITY (PERCENT)
 HIGHEST    83           200 AM
 LOWEST     38           200 PM
 AVERAGE    61

..........................................................


THE DALHART CLIMATE NORMALS FOR TOMORROW
                         NORMAL    RECORD    YEAR
 MAXIMUM TEMPERATURE (F)   82        97      2006
 MINIMUM TEMPERATURE (F)   52        39      1992


SUNRISE AND SUNSET
MAY 26 2015...........SUNRISE   637 AM CDT   SUNSET   857 PM CDT
MAY 27 2015...........SUNRISE   637 AM CDT   SUNSET   858 PM CDT


-  INDICATES NEGATIVE NUMBERS.
R  INDICATES RECORD WAS SET OR TIED.
MM INDICATES DATA IS MISSING.
T  INDICATES TRACE AMOUNT.




$$
