000
CDUS43 KBIS 030729
CLIDIK


CLIMATE REPORT
NATIONAL WEATHER SERVICE BISMARCK ND
228 AM CDT TUE MAY 3 2016


...................................

...THE DICKINSON ND CLIMATE SUMMARY FOR MAY 2 2016...

CLIMATE NORMAL PERIOD 1981 TO 2010
CLIMATE RECORD PERIOD 1893 TO 2016


WEATHER ITEM   OBSERVED TIME   RECORD YEAR NORMAL DEPARTURE LAST
                VALUE   (LST)  VALUE       VALUE  FROM      YEAR
                                                  NORMAL
..................................................................
TEMPERATURE (F)
 YESTERDAY
  MAXIMUM         69    112 PM  87    1955  62      7       79
  MINIMUM         35   1215 AM   6    1967  35      0       42
  AVERAGE         52                        49      3       61

PRECIPITATION (IN)
  YESTERDAY        0.00          1.21 1988   0.07  -0.07     0.00
  MONTH TO DATE    0.00                      0.14  -0.14     0.00
  SINCE MAR 1      2.63                      2.30   0.33     1.50
  SINCE JAN 1      3.05                      2.93   0.12     1.77

DEGREE DAYS
 HEATING
  YESTERDAY       13                        17     -4        4
  MONTH TO DATE   32                        34     -2       13
  SINCE MAR 1   1578                      1802   -224     1480
  SINCE JUL 1   6987                      8096  -1109     7595

 COOLING
  YESTERDAY        0                         0      0        0
  MONTH TO DATE    0                         0      0        0
  SINCE MAR 1      0                         1     -1        0
  SINCE JAN 1      0                         1     -1        0
..................................................................


WIND (MPH)
  HIGHEST WIND SPEED    29   HIGHEST WIND DIRECTION     W (290)
  HIGHEST GUST SPEED    37   HIGHEST GUST DIRECTION     N (360)
  AVERAGE WIND SPEED    13.3


SKY COVER
  POSSIBLE SUNSHINE  MM
  AVERAGE SKY COVER 0.3


WEATHER CONDITIONS
 THE FOLLOWING WEATHER WAS RECORDED YESTERDAY.
  NO SIGNIFICANT WEATHER WAS OBSERVED.


RELATIVE HUMIDITY (PERCENT)
 HIGHEST    70          1200 AM
 LOWEST     24           200 PM
 AVERAGE    47

..........................................................


THE DICKINSON ND CLIMATE NORMALS FOR TODAY
                         NORMAL    RECORD    YEAR
 MAXIMUM TEMPERATURE (F)   62        92      1985
                                             1952
 MINIMUM TEMPERATURE (F)   36         4      1967


SUNRISE AND SUNSET
MAY  3 2016...........SUNRISE   532 AM MDT   SUNSET   805 PM MDT
MAY  4 2016...........SUNRISE   531 AM MDT   SUNSET   806 PM MDT


-  INDICATES NEGATIVE NUMBERS.
R  INDICATES RECORD WAS SET OR TIED.
MM INDICATES DATA IS MISSING.
T  INDICATES TRACE AMOUNT.




$$
