000
CDUS43 KBIS 282223
CLIDIK


CLIMATE REPORT
NATIONAL WEATHER SERVICE BISMARCK ND
523 PM CDT SUN AUG 28 2016


...................................

...THE DICKINSON ND CLIMATE SUMMARY FOR AUGUST 28 2016...
VALID TODAY AS OF 0500 PM LOCAL TIME.

CLIMATE NORMAL PERIOD 1981 TO 2010
CLIMATE RECORD PERIOD 1893 TO 2016


WEATHER ITEM   OBSERVED TIME   RECORD YEAR NORMAL DEPARTURE LAST
                VALUE   (LST)  VALUE       VALUE  FROM      YEAR
                                                  NORMAL
..................................................................
TEMPERATURE (F)
 TODAY
  MAXIMUM         96    207 PM 106    1905  80     16       91
  MINIMUM         52    547 AM  26    1911  51      1       55
  AVERAGE         74                        65      9       73

PRECIPITATION (IN)
  TODAY            0.00          0.33 1965   0.05  -0.05     0.00
  MONTH TO DATE    0.65                      1.39  -0.74     0.76
  SINCE JUN 1      7.21                      7.03   0.18     6.06
  SINCE JAN 1     11.63                     12.14  -0.51     9.49

DEGREE DAYS
 HEATING
  TODAY            0                         3     -3        0
  MONTH TO DATE   43                        42      1       44
  SINCE JUN 1    119                       213    -94      126
  SINCE JUL 1     60                        76    -16       58

 COOLING
  TODAY            9                         3      6        8
  MONTH TO DATE   90                       144    -54      135
  SINCE JUN 1    281                       363    -82      365
  SINCE JAN 1    284                       373    -89      365
..................................................................


WIND (MPH)
  RESULTANT WIND SPEED   4   RESULTANT WIND DIRECTION  SW (210)
  HIGHEST WIND SPEED    14   HIGHEST WIND DIRECTION    NW (320)
  HIGHEST GUST SPEED    22   HIGHEST GUST DIRECTION     W (290)
  AVERAGE WIND SPEED     8.1


SKY COVER
  POSSIBLE SUNSHINE  MM
  AVERAGE SKY COVER 0.0


WEATHER CONDITIONS
 THE FOLLOWING WEATHER WAS RECORDED TODAY.
  NO SIGNIFICANT WEATHER WAS OBSERVED.


RELATIVE HUMIDITY (PERCENT)
 HIGHEST    93           600 AM
 LOWEST      9           200 PM
 AVERAGE    51

..........................................................


THE DICKINSON ND CLIMATE NORMALS FOR TOMORROW
                         NORMAL    RECORD    YEAR
 MAXIMUM TEMPERATURE (F)   80       105      2012
 MINIMUM TEMPERATURE (F)   50        32      1946
                                             1915


SUNRISE AND SUNSET
AUGUST 28 2016........SUNRISE   606 AM MDT   SUNSET   737 PM MDT
AUGUST 29 2016........SUNRISE   608 AM MDT   SUNSET   735 PM MDT


-  INDICATES NEGATIVE NUMBERS.
R  INDICATES RECORD WAS SET OR TIED.
MM INDICATES DATA IS MISSING.
T  INDICATES TRACE AMOUNT.




$$
