000
CDUS43 KBIS 290726
CLIDIK


CLIMATE REPORT
NATIONAL WEATHER SERVICE BISMARCK ND
225 AM CDT FRI JUL 29 2016


...................................

...THE DICKINSON ND CLIMATE SUMMARY FOR JULY 28 2016...

CLIMATE NORMAL PERIOD 1981 TO 2010
CLIMATE RECORD PERIOD 1893 TO 2016


WEATHER ITEM   OBSERVED TIME   RECORD YEAR NORMAL DEPARTURE LAST
                VALUE   (LST)  VALUE       VALUE  FROM      YEAR
                                                  NORMAL
..................................................................
TEMPERATURE (F)
 YESTERDAY
  MAXIMUM         68    452 PM 106    1935  85    -17       68
  MINIMUM         57   1144 PM  33    1942  56      1       50
  AVERAGE         63                        71     -8       59

PRECIPITATION (IN)
  YESTERDAY        0.72          4.03 1914   0.06   0.66      T
  MONTH TO DATE    3.88                      2.26   1.62     2.37
  SINCE JUN 1      6.54                      5.46   1.08     5.30
  SINCE JAN 1     10.96                     10.57   0.39     8.73

DEGREE DAYS
 HEATING
  YESTERDAY        2                         1      1        6
  MONTH TO DATE   17                        34    -17       14
  SINCE JUN 1     76                       171    -95       82
  SINCE JUL 1     17                        34    -17       14

 COOLING
  YESTERDAY        0                         6     -6        0
  MONTH TO DATE  116                       144    -28      163
  SINCE JUN 1    173                       198    -25      221
  SINCE JAN 1    176                       208    -32      221
..................................................................


WIND (MPH)
  HIGHEST WIND SPEED    15   HIGHEST WIND DIRECTION     E (110)
  HIGHEST GUST SPEED    18   HIGHEST GUST DIRECTION     E (80)
  AVERAGE WIND SPEED     6.9


SKY COVER
  POSSIBLE SUNSHINE  MM
  AVERAGE SKY COVER 0.9


WEATHER CONDITIONS
 THE FOLLOWING WEATHER WAS RECORDED YESTERDAY.
  HEAVY RAIN
  RAIN
  LIGHT RAIN
  FOG
  FOG W/VISIBILITY <= 1/4 MILE


RELATIVE HUMIDITY (PERCENT)
 HIGHEST   100           200 AM
 LOWEST     73           500 PM
 AVERAGE    87

..........................................................


THE DICKINSON ND CLIMATE NORMALS FOR TODAY
                         NORMAL    RECORD    YEAR
 MAXIMUM TEMPERATURE (F)   86       103      1999
 MINIMUM TEMPERATURE (F)   56        38      1899


SUNRISE AND SUNSET
JULY 29 2016..........SUNRISE   528 AM MDT   SUNSET   826 PM MDT
JULY 30 2016..........SUNRISE   529 AM MDT   SUNSET   825 PM MDT


-  INDICATES NEGATIVE NUMBERS.
R  INDICATES RECORD WAS SET OR TIED.
MM INDICATES DATA IS MISSING.
T  INDICATES TRACE AMOUNT.




$$
