138
CDUS43 KBIS 250730
CLIDIK


CLIMATE REPORT
NATIONAL WEATHER SERVICE BISMARCK ND
230 AM CDT SUN SEP 25 2016


...................................

...THE DICKINSON ND CLIMATE SUMMARY FOR SEPTEMBER 24 2016...

CLIMATE NORMAL PERIOD 1981 TO 2010
CLIMATE RECORD PERIOD 1893 TO 2016


WEATHER ITEM   OBSERVED TIME   RECORD YEAR NORMAL DEPARTURE LAST
                VALUE   (LST)  VALUE       VALUE  FROM      YEAR
                                                  NORMAL
..................................................................
TEMPERATURE (F)
 YESTERDAY
  MAXIMUM         70   1211 PM  91    1992  67      3       80
  MINIMUM         48   1159 PM  20    1926  39      9       56
  AVERAGE         59                        53      6       68

PRECIPITATION (IN)
  YESTERDAY        0.13          1.33 1920   0.05   0.08     0.00
  MONTH TO DATE    3.36                      1.18   2.18     0.30
  SINCE SEP 1      3.36                      1.18   2.18     0.30
  SINCE JAN 1     14.99                     13.47   1.52     9.79

DEGREE DAYS
 HEATING
  YESTERDAY        6                        12     -6        0
  MONTH TO DATE  174                       186    -12       98
  SINCE SEP 1    174                       186    -12       98
  SINCE JUL 1    234                       272    -38      156

 COOLING
  YESTERDAY        0                         0      0        3
  MONTH TO DATE   21                        30     -9       59
  SINCE SEP 1     21                        30     -9       59
  SINCE JAN 1    315                       416   -101      450
..................................................................


WIND (MPH)
  HIGHEST WIND SPEED    31   HIGHEST WIND DIRECTION    NW (300)
  HIGHEST GUST SPEED    40   HIGHEST GUST DIRECTION    NW (300)
  AVERAGE WIND SPEED    13.8


SKY COVER
  POSSIBLE SUNSHINE  MM
  AVERAGE SKY COVER 0.8


WEATHER CONDITIONS
 THE FOLLOWING WEATHER WAS RECORDED YESTERDAY.
  LIGHT RAIN
  FOG
  FOG W/VISIBILITY <= 1/4 MILE


RELATIVE HUMIDITY (PERCENT)
 HIGHEST   100           100 AM
 LOWEST     56           400 PM
 AVERAGE    78

..........................................................


THE DICKINSON ND CLIMATE NORMALS FOR TODAY
                         NORMAL    RECORD    YEAR
 MAXIMUM TEMPERATURE (F)   67        91      2014
 MINIMUM TEMPERATURE (F)   39        12      1926


SUNRISE AND SUNSET
SEPTEMBER 25 2016.....SUNRISE   643 AM MDT   SUNSET   642 PM MDT
SEPTEMBER 26 2016.....SUNRISE   644 AM MDT   SUNSET   640 PM MDT


-  INDICATES NEGATIVE NUMBERS.
R  INDICATES RECORD WAS SET OR TIED.
MM INDICATES DATA IS MISSING.
T  INDICATES TRACE AMOUNT.




$$
