000
CDUS43 KBIS 230847
CLIDIK


CLIMATE REPORT
NATIONAL WEATHER SERVICE BISMARCK ND
347 AM CDT MON OCT 23 2017


...................................

...THE DICKINSON ND CLIMATE SUMMARY FOR OCTOBER 22 2017...

CLIMATE NORMAL PERIOD 1981 TO 2010
CLIMATE RECORD PERIOD 1893 TO 2017


WEATHER ITEM   OBSERVED TIME   RECORD YEAR NORMAL DEPARTURE LAST
                VALUE   (LST)  VALUE       VALUE  FROM      YEAR
                                                  NORMAL
..................................................................
TEMPERATURE (F)
 YESTERDAY
  MAXIMUM         66    246 PM  81    1963  54     12       66
  MINIMUM         31    615 AM   3    2002  29      2       30
  AVERAGE         49                        41      8       48

PRECIPITATION (IN)
  YESTERDAY        T             0.85 1898   0.04  -0.04     0.00
  MONTH TO DATE    0.06                      0.95  -0.89     0.92
  SINCE SEP 1      2.89                      2.42   0.47     4.34
  SINCE JAN 1     10.13                     14.71  -4.58    15.97

DEGREE DAYS
 HEATING
  YESTERDAY       16                        24     -8       17
  MONTH TO DATE  381                       423    -42      424
  SINCE SEP 1    626                       691    -65      653
  SINCE JUL 1    677                       777   -100      713

 COOLING
  YESTERDAY        0                         0      0        0
  MONTH TO DATE    0                         0      0        0
  SINCE SEP 1     41                        32      9       21
  SINCE JAN 1    487                       418     69      315
..................................................................


WIND (MPH)
  HIGHEST WIND SPEED    37   HIGHEST WIND DIRECTION     W (280)
  HIGHEST GUST SPEED    46   HIGHEST GUST DIRECTION     W (290)
  AVERAGE WIND SPEED    18.2


SKY COVER
  POSSIBLE SUNSHINE  MM
  AVERAGE SKY COVER 0.4


WEATHER CONDITIONS
 THE FOLLOWING WEATHER WAS RECORDED YESTERDAY.
  LIGHT RAIN


RELATIVE HUMIDITY (PERCENT)
 HIGHEST    64           200 AM
 LOWEST     30           100 PM
 AVERAGE    47

..........................................................


THE DICKINSON ND CLIMATE NORMALS FOR TODAY
                         NORMAL    RECORD    YEAR
 MAXIMUM TEMPERATURE (F)   53        79      1901
 MINIMUM TEMPERATURE (F)   29         2      2002


SUNRISE AND SUNSET
OCTOBER 23 2017.......SUNRISE   721 AM MDT   SUNSET   549 PM MDT
OCTOBER 24 2017.......SUNRISE   722 AM MDT   SUNSET   548 PM MDT


-  INDICATES NEGATIVE NUMBERS.
R  INDICATES RECORD WAS SET OR TIED.
MM INDICATES DATA IS MISSING.
T  INDICATES TRACE AMOUNT.




$$
