000
CDUS43 KBIS 270027
CLIDIK


CLIMATE REPORT
NATIONAL WEATHER SERVICE BISMARCK ND
627 PM CST THU FEB 26 2015


...................................

...THE DICKINSON ND CLIMATE SUMMARY FOR FEBRUARY 26 2015...
VALID TODAY AS OF 0600 PM LOCAL TIME.

CLIMATE NORMAL PERIOD 1981 TO 2010
CLIMATE RECORD PERIOD 1903 TO 2015


WEATHER ITEM   OBSERVED TIME   RECORD YEAR NORMAL DEPARTURE LAST
                VALUE   (LST)  VALUE       VALUE  FROM      YEAR
                                                  NORMAL
..................................................................
TEMPERATURE (F)
 TODAY
  MAXIMUM         11    344 PM  58    1983  34    -23       27
  MINIMUM        -12    639 AM -24    2011  13    -25       -7
                                      1962
  AVERAGE          0                        23    -23       10

PRECIPITATION (IN)
  TODAY            0.00          0.96 1958   0.02  -0.02     0.00
  MONTH TO DATE    0.15                      0.30  -0.15     0.13
  SINCE DEC 1      0.34                      0.84  -0.50     0.53
  SINCE JAN 1      0.27                      0.60  -0.33     0.17

DEGREE DAYS
 HEATING
  TODAY           65                        42     23       55
  MONTH TO DATE 1222                      1165     57     1391
  SINCE DEC 1   3801                      4135   -334     4580
  SINCE JUL 1   6007                      6212   -205     6524

 COOLING
  TODAY            0                         0      0        0
  MONTH TO DATE    0                         0      0        0
  SINCE DEC 1      0                         0      0        0
  SINCE JAN 1      0                         0      0        0
..................................................................


WIND (MPH)
  RESULTANT WIND SPEED  10   RESULTANT WIND DIRECTION  NW (320)
  HIGHEST WIND SPEED    16   HIGHEST WIND DIRECTION    NW (320)
  HIGHEST GUST SPEED    21   HIGHEST GUST DIRECTION    NW (330)
  AVERAGE WIND SPEED     9.6


SKY COVER
  POSSIBLE SUNSHINE  MM
  AVERAGE SKY COVER 0.0


WEATHER CONDITIONS
 THE FOLLOWING WEATHER WAS RECORDED TODAY.
  NO SIGNIFICANT WEATHER WAS OBSERVED.


RELATIVE HUMIDITY (PERCENT)
 HIGHEST    79           400 AM
 LOWEST     58           200 PM
 AVERAGE    69

..........................................................


THE DICKINSON ND CLIMATE NORMALS FOR TOMORROW
                         NORMAL    RECORD    YEAR
 MAXIMUM TEMPERATURE (F)   34        66      1992
 MINIMUM TEMPERATURE (F)   13       -29      1962


SUNRISE AND SUNSET
FEBRUARY 26 2015......SUNRISE   637 AM MST   SUNSET   532 PM MST
FEBRUARY 27 2015......SUNRISE   635 AM MST   SUNSET   534 PM MST


-  INDICATES NEGATIVE NUMBERS.
R  INDICATES RECORD WAS SET OR TIED.
MM INDICATES DATA IS MISSING.
T  INDICATES TRACE AMOUNT.




$$
