000
CDUS43 KBIS 280723
CLIDIK


CLIMATE REPORT
NATIONAL WEATHER SERVICE BISMARCK ND
222 AM CDT WED JUN 28 2017


...................................

...THE DICKINSON ND CLIMATE SUMMARY FOR JUNE 27 2017...

CLIMATE NORMAL PERIOD 1981 TO 2010
CLIMATE RECORD PERIOD 1893 TO 2017


WEATHER ITEM   OBSERVED TIME   RECORD YEAR NORMAL DEPARTURE LAST
                VALUE   (LST)  VALUE       VALUE  FROM      YEAR
                                                  NORMAL
..................................................................
TEMPERATURE (F)
 YESTERDAY
  MAXIMUM         89   1246 PM 103    1936  79     10       76
  MINIMUM         56    453 AM  35    1895  52      4       48
  AVERAGE         73                        66      7       62

PRECIPITATION (IN)
  YESTERDAY        T             1.86 1944   0.10  -0.10     0.00
  MONTH TO DATE    0.58                      2.89  -2.31     2.66
  SINCE JUN 1      0.58                      2.89  -2.31     2.66
  SINCE JAN 1      2.91                      8.00  -5.09     7.08

DEGREE DAYS
 HEATING
  YESTERDAY        0                         2     -2        3
  MONTH TO DATE   85                       130    -45       55
  SINCE JUN 1     85                       130    -45       55
  SINCE JUL 1   8288                      8570   -282     7392

 COOLING
  YESTERDAY        8                         3      5        0
  MONTH TO DATE   46                        45      1       53
  SINCE JUN 1     46                        45      1       53
  SINCE JAN 1     56                        55      1       56
..................................................................


WIND (MPH)
  HIGHEST WIND SPEED    30   HIGHEST WIND DIRECTION    NW (310)
  HIGHEST GUST SPEED    38   HIGHEST GUST DIRECTION    NW (300)
  AVERAGE WIND SPEED    15.7


SKY COVER
  POSSIBLE SUNSHINE  MM
  AVERAGE SKY COVER 0.1


WEATHER CONDITIONS
 THE FOLLOWING WEATHER WAS RECORDED YESTERDAY.
  LIGHT RAIN


RELATIVE HUMIDITY (PERCENT)
 HIGHEST    73          1100 PM
 LOWEST     23           500 PM
 AVERAGE    48

..........................................................


THE DICKINSON ND CLIMATE NORMALS FOR TODAY
                         NORMAL    RECORD    YEAR
 MAXIMUM TEMPERATURE (F)   80       106      1936
 MINIMUM TEMPERATURE (F)   52        38      1929


SUNRISE AND SUNSET
JUNE 28 2017..........SUNRISE   500 AM MDT   SUNSET   849 PM MDT
JUNE 29 2017..........SUNRISE   500 AM MDT   SUNSET   849 PM MDT


-  INDICATES NEGATIVE NUMBERS.
R  INDICATES RECORD WAS SET OR TIED.
MM INDICATES DATA IS MISSING.
T  INDICATES TRACE AMOUNT.




$$
