149
CDUS43 KBIS 240841
CLIDIK


CLIMATE REPORT
NATIONAL WEATHER SERVICE BISMARCK ND
241 AM CST FRI FEB 24 2017


...................................

...THE DICKINSON ND CLIMATE SUMMARY FOR FEBRUARY 23 2017...

CLIMATE NORMAL PERIOD 1981 TO 2010
CLIMATE RECORD PERIOD 1893 TO 2017


WEATHER ITEM   OBSERVED TIME   RECORD YEAR NORMAL DEPARTURE LAST
                VALUE   (LST)  VALUE       VALUE  FROM      YEAR
                                                  NORMAL
..................................................................
TEMPERATURE (F)
 YESTERDAY
  MAXIMUM         29   1145 AM  65    1958  33     -4       46
  MINIMUM         10   1117 PM -28    1910  12     -2       19
  AVERAGE         20                        22     -2       33

PRECIPITATION (IN)
  YESTERDAY        T             0.17 1949   0.01  -0.01     0.00
  MONTH TO DATE    0.23                      0.25  -0.02     0.26
  SINCE DEC 1      0.43                      0.79  -0.36     0.68
  SINCE JAN 1      0.27                      0.55  -0.28     0.42

DEGREE DAYS
 HEATING
  YESTERDAY       45                        43      2       32
  MONTH TO DATE  958                      1039    -81      827
  SINCE DEC 1   4230                      4009    221     3549
  SINCE JUL 1   5897                      6086   -189     5223

 COOLING
  YESTERDAY        0                         0      0        0
  MONTH TO DATE    0                         0      0        0
  SINCE DEC 1      0                         0      0        0
  SINCE JAN 1      0                         0      0        0
..................................................................


WIND (MPH)
  HIGHEST WIND SPEED    20   HIGHEST WIND DIRECTION    NE (30)
  HIGHEST GUST SPEED    23   HIGHEST GUST DIRECTION    NE (30)
  AVERAGE WIND SPEED     8.6


SKY COVER
  POSSIBLE SUNSHINE  MM
  AVERAGE SKY COVER 0.9


WEATHER CONDITIONS
 THE FOLLOWING WEATHER WAS RECORDED YESTERDAY.
  LIGHT SNOW
  FOG
  FOG W/VISIBILITY <= 1/4 MILE
  HAZE


RELATIVE HUMIDITY (PERCENT)
 HIGHEST   100           100 PM
 LOWEST     73           800 PM
 AVERAGE    87

..........................................................


THE DICKINSON ND CLIMATE NORMALS FOR TODAY
                         NORMAL    RECORD    YEAR
 MAXIMUM TEMPERATURE (F)   33        62      1995
 MINIMUM TEMPERATURE (F)   12       -26      1993
                                             1922


SUNRISE AND SUNSET
FEBRUARY 24 2017......SUNRISE   639 AM MST   SUNSET   530 PM MST
FEBRUARY 25 2017......SUNRISE   638 AM MST   SUNSET   531 PM MST


-  INDICATES NEGATIVE NUMBERS.
R  INDICATES RECORD WAS SET OR TIED.
MM INDICATES DATA IS MISSING.
T  INDICATES TRACE AMOUNT.




$$
