000
CDUS43 KDLH 310621
CLIDLH


CLIMATE REPORT
NATIONAL WEATHER SERVICE DULUTH MN
121 AM CDT WED AUG 31 2016


...................................

...THE DULUTH MN CLIMATE SUMMARY FOR AUGUST 30 2016...

CLIMATE NORMAL PERIOD 1981 TO 2010
CLIMATE RECORD PERIOD 1870 TO 2016


WEATHER ITEM   OBSERVED TIME   RECORD YEAR NORMAL DEPARTURE LAST
                VALUE   (LST)  VALUE       VALUE  FROM      YEAR
                                                  NORMAL
..................................................................
TEMPERATURE (F)
 YESTERDAY
  MAXIMUM         76    253 PM  95    1961  71      5       81
  MINIMUM         56   1159 PM  38    2009  52      4       62
  AVERAGE         66                        62      4       72

PRECIPITATION (IN)
  YESTERDAY        0.00          2.18 1944   0.12  -0.12     0.00
  MONTH TO DATE    4.96                      3.57   1.39     4.09
  SINCE JUN 1     13.81                     11.65   2.16    10.74
  SINCE JAN 1     23.92                     20.57   3.35    17.13

SNOWFALL (IN)
  YESTERDAY        0.0           0.0  2002   0.0    0.0      0.0
                                      2001
  MONTH TO DATE    0.0                       0.0    0.0      0.0
  SINCE JUN 1      T                         0.0    0.0       T
  SINCE JUL 1      0.0                       0.0    0.0      0.0
  SNOW DEPTH       0

DEGREE DAYS
 HEATING
  YESTERDAY        0                         5     -5        0
  MONTH TO DATE   23                        81    -58       81
  SINCE JUN 1    194                       323   -129      217
  SINCE JUL 1     52                       144    -92       96

 COOLING
  YESTERDAY        1                         1      0        7
  MONTH TO DATE  112                        66     46       88
  SINCE JUN 1    258                       186     72      266
  SINCE JAN 1    267                       190     77      270
..................................................................


WIND (MPH)
  HIGHEST WIND SPEED    14   HIGHEST WIND DIRECTION    NW (300)
  HIGHEST GUST SPEED    20   HIGHEST GUST DIRECTION    NW (300)
  AVERAGE WIND SPEED     7.6


SKY COVER
  AVERAGE SKY COVER 0.2


WEATHER CONDITIONS
 THE FOLLOWING WEATHER WAS RECORDED YESTERDAY.
  NO SIGNIFICANT WEATHER WAS OBSERVED.


RELATIVE HUMIDITY (PERCENT)
 HIGHEST   100           200 AM
 LOWEST     41           500 PM
 AVERAGE    71

..........................................................


THE DULUTH MN CLIMATE NORMALS FOR TODAY
                         NORMAL    RECORD    YEAR
 MAXIMUM TEMPERATURE (F)   71        92      1961
 MINIMUM TEMPERATURE (F)   52        33      1970


SUNRISE AND SUNSET
AUGUST 31 2016........SUNRISE   628 AM CDT   SUNSET   749 PM CDT
SEPTEMBER  1 2016.....SUNRISE   629 AM CDT   SUNSET   747 PM CDT


-  INDICATES NEGATIVE NUMBERS.
R  INDICATES RECORD WAS SET OR TIED.
MM INDICATES DATA IS MISSING.
T  INDICATES TRACE AMOUNT.




$$
