000
CDUS43 KDLH 202231
CLIDLH


CLIMATE REPORT
NATIONAL WEATHER SERVICE DULUTH MN
429 PM CST FRI JAN 20 2017


...................................

...THE DULUTH MN CLIMATE SUMMARY FOR JANUARY 20 2017...
VALID TODAY AS OF 0400 PM LOCAL TIME.

CLIMATE NORMAL PERIOD 1981 TO 2010
CLIMATE RECORD PERIOD 1870 TO 2017


WEATHER ITEM   OBSERVED TIME   RECORD YEAR NORMAL DEPARTURE LAST
                VALUE   (LST)  VALUE       VALUE  FROM      YEAR
                                                  NORMAL
..................................................................
TEMPERATURE (F)
 TODAY
  MAXIMUM         36    225 AM  46    1908  19     17       16
                                      1891
  MINIMUM         33    648 AM -35    1996   1     32       -1
  AVERAGE         35                        10     25        8

PRECIPITATION (IN)
  TODAY            0.11          0.44 1894   0.03   0.08      T
  MONTH TO DATE    0.71                      0.67   0.04     0.49
  SINCE DEC 1      2.78                      1.88   0.90     4.19
  SINCE JAN 1      0.71                      0.67   0.04     0.49

SNOWFALL (IN)
  TODAY            T             7.2  1982   0.7   -0.7      0.6
  MONTH TO DATE   10.1                      13.4   -3.3      7.9
  SINCE JUL 1     39.5                      47.2   -7.7     36.9
  SNOW DEPTH      10

DEGREE DAYS
 HEATING
  TODAY           30                        55    -25       57
  MONTH TO DATE 1080                      1097    -17     1129
  SINCE DEC 1   2592                      2653    -61     2316
  SINCE JUL 1   4074                      4866   -792     3979

 COOLING
  TODAY            0                         0      0        0
  MONTH TO DATE    0                         0      0        0
  SINCE DEC 1      0                         0      0        0
  SINCE JAN 1      0                         0      0        0
..................................................................


WIND (MPH)
  HIGHEST WIND SPEED    16   HIGHEST WIND DIRECTION     E (110)
  HIGHEST GUST SPEED    20   HIGHEST GUST DIRECTION     E (100)
  AVERAGE WIND SPEED     8.6


SKY COVER
  POSSIBLE SUNSHINE  MM
  AVERAGE SKY COVER 1.0


WEATHER CONDITIONS
 THE FOLLOWING WEATHER WAS RECORDED TODAY.
  RAIN
  LIGHT RAIN
  LIGHT SNOW
  FOG


RELATIVE HUMIDITY (PERCENT)
 HIGHEST   100           700 AM
 LOWEST     82           500 AM
 AVERAGE    91

..........................................................


THE DULUTH MN CLIMATE NORMALS FOR TOMORROW
                         NORMAL    RECORD    YEAR
 MAXIMUM TEMPERATURE (F)   19        45      1900
 MINIMUM TEMPERATURE (F)    1       -33      1883


SUNRISE AND SUNSET
JANUARY 20 2017.......SUNRISE   746 AM CST   SUNSET   455 PM CST
JANUARY 21 2017.......SUNRISE   745 AM CST   SUNSET   456 PM CST


-  INDICATES NEGATIVE NUMBERS.
R  INDICATES RECORD WAS SET OR TIED.
MM INDICATES DATA IS MISSING.
T  INDICATES TRACE AMOUNT.




$$
