000
CDUS45 KTFX 232225
CLIDLN


CLIMATE REPORT
NATIONAL WEATHER SERVICE GREAT FALLS MT
425 PM MDT TUE SEP 23 2014


...................................

...THE DILLON AIRPORT MT CLIMATE SUMMARY FOR SEPTEMBER 23 2014...
VALID TODAY AS OF 0400 PM LOCAL TIME.

CLIMATE NORMAL PERIOD 1981 TO 2010
CLIMATE RECORD PERIOD 1929 TO 2014


WEATHER ITEM   OBSERVED TIME   RECORD YEAR NORMAL DEPARTURE LAST
                VALUE   (LST)  VALUE       VALUE  FROM      YEAR
                                                  NORMAL
..................................................................
TEMPERATURE (F)
 TODAY
  MAXIMUM         77    116 PM  88    1987  67     10       64
  MINIMUM         48    648 AM  22    2000  37     11       41
  AVERAGE         63                        52     11       53

PRECIPITATION (IN)
  TODAY            0.00          0.83 1941   0.03  -0.03     0.00
  MONTH TO DATE    0.12                      0.68  -0.56     1.50
  SINCE OCT 1      9.48                     10.38  -0.90     9.52
  SINCE JAN 1      8.99                      8.98   0.01     8.50

SNOWFALL (IN)
  TODAY           MM
  SNOW DEPTH       0

DEGREE DAYS
 HEATING
  TODAY            2                        13    -11       12
  MONTH TO DATE  201                       209     -8      102
  SINCE SEP 1    201                       209     -8      102
  SINCE JUL 1    293                       345    -52      108

 COOLING
  TODAY            0                         0      0        0
  MONTH TO DATE    1                         7     -6       19
  SINCE SEP 1      1                         7     -6       19
  SINCE JAN 1    165                       155     10      247
..................................................................


WIND (MPH)
  HIGHEST WIND SPEED    14   HIGHEST WIND DIRECTION     N (340)
  HIGHEST GUST SPEED    18   HIGHEST GUST DIRECTION     N (340)
  AVERAGE WIND SPEED     7.6


SKY COVER
  AVERAGE SKY COVER 0.1


WEATHER CONDITIONS
 THE FOLLOWING WEATHER WAS RECORDED TODAY.
  NO SIGNIFICANT WEATHER WAS OBSERVED.


RELATIVE HUMIDITY (PERCENT)
 HIGHEST    86
 LOWEST     33
 AVERAGE    60

..........................................................


THE DILLON AIRPORT MT CLIMATE NORMALS FOR TOMORROW
                         NORMAL    RECORD    YEAR
 MAXIMUM TEMPERATURE (F)   66        87      2001
 MINIMUM TEMPERATURE (F)   37        18      2000


SUNRISE AND SUNSET
SEPTEMBER 23 2014.....SUNRISE   718 AM MDT   SUNSET   726 PM MDT
SEPTEMBER 24 2014.....SUNRISE   720 AM MDT   SUNSET   724 PM MDT


-  INDICATES NEGATIVE NUMBERS.
R  INDICATES RECORD WAS SET OR TIED.
MM INDICATES DATA IS MISSING.
T  INDICATES TRACE AMOUNT.




$$
