103
CDUS45 KTFX 280844
CLIDLN


CLIMATE REPORT
NATIONAL WEATHER SERVICE GREAT FALLS MT
243 AM MDT FRI JUL 28 2017


...................................

...THE DILLON AIRPORT MT CLIMATE SUMMARY FOR JULY 27 2017...

CLIMATE NORMAL PERIOD 1981 TO 2010
CLIMATE RECORD PERIOD 1929 TO 2017


WEATHER ITEM   OBSERVED TIME   RECORD YEAR NORMAL DEPARTURE LAST
                VALUE   (LST)  VALUE       VALUE  FROM      YEAR
                                                  NORMAL
..................................................................
TEMPERATURE (F)
 YESTERDAY
  MAXIMUM         84   1227 PM  95    1975  84      0       89
  MINIMUM         54   1238 AM  39    1963  50      4       47
  AVERAGE         69                        67      2       68

PRECIPITATION (IN)
  YESTERDAY        0.42          0.73 2015   0.04   0.38     0.04
  MONTH TO DATE    0.47                      1.06  -0.59     0.89
  SINCE OCT 1      8.61                      8.50   0.11     7.49
  SINCE JAN 1      6.07                      7.10  -1.03     5.41

SNOWFALL (IN)
  YESTERDAY       MM
  SNOW DEPTH       0

DEGREE DAYS
 HEATING
  YESTERDAY        0                               -1        0
  MONTH TO DATE    0                              -50       54
  SINCE JUN 1    180                              -93      162
  SINCE JUL 1      0                              -50       54

 COOLING
  YESTERDAY        4                                1        3
  MONTH TO DATE  150                               81       60
  SINCE JUN 1    172                               87      101
  SINCE JAN 1    172                               86      101
..................................................................


WIND (MPH)
  HIGHEST WIND SPEED    26   HIGHEST WIND DIRECTION     W (270)
  HIGHEST GUST SPEED    34   HIGHEST GUST DIRECTION     W (260)
  AVERAGE WIND SPEED    10.5


SKY COVER
  AVERAGE SKY COVER 0.1


WEATHER CONDITIONS
 THE FOLLOWING WEATHER WAS RECORDED YESTERDAY.
  THUNDERSTORM
  HEAVY RAIN
  RAIN


RELATIVE HUMIDITY (PERCENT)
 HIGHEST    77
 LOWEST     26
 AVERAGE    52

..........................................................


THE DILLON AIRPORT MT CLIMATE NORMALS FOR TODAY
                         NORMAL    RECORD    YEAR
 MAXIMUM TEMPERATURE (F)   84        95      2006
 MINIMUM TEMPERATURE (F)   50        33      1949


SUNRISE AND SUNSET
JULY 28 2017..........SUNRISE   611 AM MDT   SUNSET   902 PM MDT
JULY 29 2017..........SUNRISE   612 AM MDT   SUNSET   901 PM MDT


-  INDICATES NEGATIVE NUMBERS.
R  INDICATES RECORD WAS SET OR TIED.
MM INDICATES DATA IS MISSING.
T  INDICATES TRACE AMOUNT.




$$
