000
CDUS45 KTFX 271001
CLIDLN


CLIMATE REPORT
NATIONAL WEATHER SERVICE GREAT FALLS MT
400 AM MDT WED AUG 27 2014


...................................

...THE DILLON AIRPORT MT CLIMATE SUMMARY FOR AUGUST 26 2014...

CLIMATE NORMAL PERIOD 1981 TO 2010
CLIMATE RECORD PERIOD 1929 TO 2014


WEATHER ITEM   OBSERVED TIME   RECORD YEAR NORMAL DEPARTURE LAST
                VALUE   (LST)  VALUE       VALUE  FROM      YEAR
                                                  NORMAL
..................................................................
TEMPERATURE (F)
 YESTERDAY
  MAXIMUM         76    531 PM  96    2010  79     -3       80
  MINIMUM         44    624 AM  37    2005  46     -2       52
                                      1989
  AVERAGE         60                        62     -2       66

PRECIPITATION (IN)
  YESTERDAY        0.00          0.61 2013   0.03  -0.03     0.61
  MONTH TO DATE    2.50                      0.86   1.64     1.52
  SINCE OCT 1      9.08                      9.51  -0.43     7.96
  SINCE JAN 1      8.59                      8.11   0.48     6.94

SNOWFALL (IN)
  YESTERDAY       MM
  SNOW DEPTH       0

DEGREE DAYS
 HEATING
  YESTERDAY        5                                1        0
  MONTH TO DATE   63                                5        6
  SINCE JUN 1    329                               -7      194
  SINCE JUL 1     79                              -34        6

 COOLING
  YESTERDAY        0                               -1        1
  MONTH TO DATE   48                                0       55
  SINCE JUN 1    160                               19      208
  SINCE JAN 1    160                               18      211
..................................................................


WIND (MPH)
  HIGHEST WIND SPEED    13   HIGHEST WIND DIRECTION    SW (210)
  HIGHEST GUST SPEED    14   HIGHEST GUST DIRECTION    SW (210)
  AVERAGE WIND SPEED     6.5



WEATHER CONDITIONS
 THE FOLLOWING WEATHER WAS RECORDED YESTERDAY.
  NO SIGNIFICANT WEATHER WAS OBSERVED.


RELATIVE HUMIDITY (PERCENT)
 HIGHEST    93
 LOWEST     25
 AVERAGE    59

..........................................................


THE DILLON AIRPORT MT CLIMATE NORMALS FOR TODAY
                         NORMAL    RECORD    YEAR
 MAXIMUM TEMPERATURE (F)   78        90      2012
                                             2011
                                             2001
 MINIMUM TEMPERATURE (F)   46        36      1976


SUNRISE AND SUNSET
AUGUST 27 2014........SUNRISE   646 AM MDT   SUNSET   817 PM MDT
AUGUST 28 2014........SUNRISE   647 AM MDT   SUNSET   815 PM MDT


-  INDICATES NEGATIVE NUMBERS.
R  INDICATES RECORD WAS SET OR TIED.
MM INDICATES DATA IS MISSING.
T  INDICATES TRACE AMOUNT.




$$
