000
CDUS45 KTFX 301023
CLIDLN


CLIMATE REPORT
NATIONAL WEATHER SERVICE GREAT FALLS MT
420 AM MDT TUE AUG 30 2016


...................................

...THE DILLON AIRPORT MT CLIMATE SUMMARY FOR AUGUST 29 2016...

CLIMATE NORMAL PERIOD 1981 TO 2010
CLIMATE RECORD PERIOD 1929 TO 2016


WEATHER ITEM   OBSERVED TIME   RECORD YEAR NORMAL DEPARTURE LAST
                VALUE   (LST)  VALUE       VALUE  FROM      YEAR
                                                  NORMAL
..................................................................
TEMPERATURE (F)
 YESTERDAY
  MAXIMUM         88    512 PM  91    2015  78     10       91
                                      2005
                                      1988
  MINIMUM         45    621 AM  34    1980  45      0       57
  AVERAGE         67                        61      6       74

PRECIPITATION (IN)
  YESTERDAY        0.00          0.54 1971   0.04  -0.04     0.00
  MONTH TO DATE    0.12                      0.98  -0.86     0.28
  SINCE OCT 1      7.61                      9.63  -2.02     7.85
  SINCE JAN 1      5.53                      8.23  -2.70     6.69

SNOWFALL (IN)
  YESTERDAY       MM
  SNOW DEPTH       0

DEGREE DAYS
 HEATING
  YESTERDAY        0                               -5        0
  MONTH TO DATE   72                                1       54
  SINCE JUN 1    234                             -115      179
  SINCE JUL 1    126                                0      103

 COOLING
  YESTERDAY        2                                1        9
  MONTH TO DATE   28                              -23       96
  SINCE JUN 1    145                                1      239
  SINCE JAN 1    145                                0      239
..................................................................


WIND (MPH)
  HIGHEST WIND SPEED    14   HIGHEST WIND DIRECTION     S (200)
  HIGHEST GUST SPEED    17   HIGHEST GUST DIRECTION     S (170)
  AVERAGE WIND SPEED     6.5


SKY COVER
  AVERAGE SKY COVER 0.1


WEATHER CONDITIONS
 THE FOLLOWING WEATHER WAS RECORDED YESTERDAY.
  HAZE


RELATIVE HUMIDITY (PERCENT)
 HIGHEST    61
 LOWEST     12
 AVERAGE    37

..........................................................


THE DILLON AIRPORT MT CLIMATE NORMALS FOR TODAY
                         NORMAL    RECORD    YEAR
 MAXIMUM TEMPERATURE (F)   77        93      1954
 MINIMUM TEMPERATURE (F)   45        31      1965


SUNRISE AND SUNSET
AUGUST 30 2016........SUNRISE   650 AM MDT   SUNSET   810 PM MDT
AUGUST 31 2016........SUNRISE   651 AM MDT   SUNSET   808 PM MDT


-  INDICATES NEGATIVE NUMBERS.
R  INDICATES RECORD WAS SET OR TIED.
MM INDICATES DATA IS MISSING.
T  INDICATES TRACE AMOUNT.




$$
