000
CDUS45 KTFX 242230
CLIDLN


CLIMATE REPORT
NATIONAL WEATHER SERVICE GREAT FALLS MT
430 PM MDT SAT SEP 24 2016


...................................

...THE DILLON AIRPORT MT CLIMATE SUMMARY FOR SEPTEMBER 24 2016...
VALID TODAY AS OF 0400 PM LOCAL TIME.

CLIMATE NORMAL PERIOD 1981 TO 2010
CLIMATE RECORD PERIOD 1929 TO 2016


WEATHER ITEM   OBSERVED TIME   RECORD YEAR NORMAL DEPARTURE LAST
                VALUE   (LST)  VALUE       VALUE  FROM      YEAR
                                                  NORMAL
..................................................................
TEMPERATURE (F)
 TODAY
  MAXIMUM         59    300 PM  87    2001  66     -7       80
  MINIMUM         38        MM  18    2000  37      1       42
  AVERAGE         49                        51     -2       61

PRECIPITATION (IN)
  TODAY            0.00          0.42 1948   0.03  -0.03     0.00
  MONTH TO DATE    1.48                      0.71   0.77     1.25
  SINCE OCT 1      9.09                     10.41  -1.32     9.12
  SINCE JAN 1      7.01                      9.01  -2.00     7.96

DEGREE DAYS
 HEATING
  TODAY           16                        14      2        4
  MONTH TO DATE  274                       223     51      170
  SINCE SEP 1    274                       223     51      170
  SINCE JUL 1    400                       359     41      276

 COOLING
  TODAY            0                         0      0        0
  MONTH TO DATE    8                         7      1       15
  SINCE SEP 1      8                         7      1       15
  SINCE JAN 1    168                       155     13      254
..................................................................


WIND (MPH)
  HIGHEST WIND SPEED    10   HIGHEST WIND DIRECTION    SE (150)
  HIGHEST GUST SPEED    MM   HIGHEST GUST DIRECTION    MM
  AVERAGE WIND SPEED     4.9


SKY COVER
  AVERAGE SKY COVER 0.6


WEATHER CONDITIONS
 THE FOLLOWING WEATHER WAS RECORDED TODAY.
  NO SIGNIFICANT WEATHER WAS OBSERVED.


RELATIVE HUMIDITY (PERCENT)
 HIGHEST    92
 LOWEST     33
 AVERAGE    63

..........................................................


THE DILLON AIRPORT MT CLIMATE NORMALS FOR TOMORROW
                         NORMAL    RECORD    YEAR
 MAXIMUM TEMPERATURE (F)   66        87      2015
                                             2001
 MINIMUM TEMPERATURE (F)   37        20      1984


SUNRISE AND SUNSET
SEPTEMBER 24 2016.....SUNRISE   720 AM MDT   SUNSET   723 PM MDT
SEPTEMBER 25 2016.....SUNRISE   722 AM MDT   SUNSET   721 PM MDT


-  INDICATES NEGATIVE NUMBERS.
R  INDICATES RECORD WAS SET OR TIED.
MM INDICATES DATA IS MISSING.
T  INDICATES TRACE AMOUNT.




$$
