000
CDUS45 KTFX 312230
CLIDLN


CLIMATE REPORT
NATIONAL WEATHER SERVICE GREAT FALLS MT
430 PM MDT TUE MAY 31 2016


...................................

...THE DILLON AIRPORT MT CLIMATE SUMMARY FOR MAY 31 2016...
VALID TODAY AS OF 0400 PM LOCAL TIME.

CLIMATE NORMAL PERIOD 1981 TO 2010
CLIMATE RECORD PERIOD 1929 TO 2016


WEATHER ITEM   OBSERVED TIME   RECORD YEAR NORMAL DEPARTURE LAST
                VALUE   (LST)  VALUE       VALUE  FROM      YEAR
                                                  NORMAL
..................................................................
TEMPERATURE (F)
 TODAY
  MAXIMUM         64    243 PM  87    1972  67     -3       78
  MINIMUM         36    509 AM  25    1982  41     -5       47
  AVERAGE         50                        54     -4       63

PRECIPITATION (IN)
  TODAY            0.00          0.47 1990   0.08  -0.08     0.01
  MONTH TO DATE    1.68                      1.95  -0.27     2.86
  SINCE OCT 1      5.48                      5.47   0.01     5.55
  SINCE JAN 1      3.40                      4.07  -0.67     4.39

DEGREE DAYS
 HEATING
  TODAY           15                        11      4        2
  MONTH TO DATE  467                       456     11      411
  SINCE MAR 1   1872                      2108   -236     1800
  SINCE JUL 1   7372                      8025   -653     6912

 COOLING
  TODAY            0                         0      0        0
  MONTH TO DATE    0                         1     -1        0
  SINCE MAR 1      0                         1     -1        0
  SINCE JAN 1      0                         1     -1        0
..................................................................


WIND (MPH)
  HIGHEST WIND SPEED    13   HIGHEST WIND DIRECTION     N (10)
  HIGHEST GUST SPEED    16   HIGHEST GUST DIRECTION    NE (30)
  AVERAGE WIND SPEED     5.6


SKY COVER
  AVERAGE SKY COVER 0.1


WEATHER CONDITIONS
 THE FOLLOWING WEATHER WAS RECORDED TODAY.
  NO SIGNIFICANT WEATHER WAS OBSERVED.


RELATIVE HUMIDITY (PERCENT)
 HIGHEST    79
 LOWEST     29
 AVERAGE    54

..........................................................


THE DILLON AIRPORT MT CLIMATE NORMALS FOR TOMORROW
                         NORMAL    RECORD    YEAR
 MAXIMUM TEMPERATURE (F)   67        86      1977
 MINIMUM TEMPERATURE (F)   41        27      1984


SUNRISE AND SUNSET
MAY 31 2016...........SUNRISE   546 AM MDT   SUNSET   910 PM MDT
JUNE  1 2016..........SUNRISE   546 AM MDT   SUNSET   911 PM MDT


-  INDICATES NEGATIVE NUMBERS.
R  INDICATES RECORD WAS SET OR TIED.
MM INDICATES DATA IS MISSING.
T  INDICATES TRACE AMOUNT.




$$
