000
CDUS45 KTFX 020739
CLIDLN


CLIMATE REPORT
NATIONAL WEATHER SERVICE GREAT FALLS MT
139 AM MDT WED SEP 2 2015


...................................

...THE DILLON AIRPORT MT CLIMATE SUMMARY FOR SEPTEMBER 1 2015...

CLIMATE NORMAL PERIOD 1981 TO 2010
CLIMATE RECORD PERIOD 1929 TO 2015


WEATHER ITEM   OBSERVED TIME   RECORD YEAR NORMAL DEPARTURE LAST
                VALUE   (LST)  VALUE       VALUE  FROM      YEAR
                                                  NORMAL
..................................................................
TEMPERATURE (F)
 YESTERDAY
  MAXIMUM         85    521 PM  92    1967  77      8       71
  MINIMUM         47    423 AM  32    2006  44      3       42
  AVERAGE         66                        60      6       57

PRECIPITATION (IN)
  YESTERDAY        0.00          0.24 1961   0.03  -0.03     0.00
  MONTH TO DATE    0.00                      0.03  -0.03     0.00
  SINCE OCT 1      7.87                      9.73  -1.86     9.36
  SINCE JAN 1      6.71                      8.33  -1.62     8.87

SNOWFALL (IN)
  YESTERDAY       MM
  SNOW DEPTH       0

DEGREE DAYS
 HEATING
  YESTERDAY        0                               -5        8
  MONTH TO DATE    0                               -5        8
  SINCE SEP 1      0                               -5        8
  SINCE JUL 1    106                              -35      100

 COOLING
  YESTERDAY        1                                0        0
  MONTH TO DATE    1                                0        0
  SINCE SEP 1      1                                0        0
  SINCE JAN 1    240                               91      164
..................................................................


WIND (MPH)
  HIGHEST WIND SPEED    18   HIGHEST WIND DIRECTION    SW (210)
  HIGHEST GUST SPEED    29   HIGHEST GUST DIRECTION     S (200)
  AVERAGE WIND SPEED     9.2


SKY COVER
  AVERAGE SKY COVER 0.0


WEATHER CONDITIONS
 THE FOLLOWING WEATHER WAS RECORDED YESTERDAY.
  HAZE


RELATIVE HUMIDITY (PERCENT)
 HIGHEST    54
 LOWEST     12
 AVERAGE    33

..........................................................


THE DILLON AIRPORT MT CLIMATE NORMALS FOR TODAY
                         NORMAL    RECORD    YEAR
 MAXIMUM TEMPERATURE (F)   76        93      1950
 MINIMUM TEMPERATURE (F)   44        25      1974


SUNRISE AND SUNSET
SEPTEMBER  2 2015.....SUNRISE   653 AM MDT   SUNSET   806 PM MDT
SEPTEMBER  3 2015.....SUNRISE   654 AM MDT   SUNSET   804 PM MDT


-  INDICATES NEGATIVE NUMBERS.
R  INDICATES RECORD WAS SET OR TIED.
MM INDICATES DATA IS MISSING.
T  INDICATES TRACE AMOUNT.




$$
