000
CDUS45 KTFX 250848
CLIDLN


CLIMATE REPORT
NATIONAL WEATHER SERVICE GREAT FALLS MT
247 AM MDT SAT MAR 25 2017


...................................

...THE DILLON AIRPORT MT CLIMATE SUMMARY FOR MARCH 24 2017...

CLIMATE NORMAL PERIOD 1981 TO 2010
CLIMATE RECORD PERIOD 1929 TO 2017


WEATHER ITEM   OBSERVED TIME   RECORD YEAR NORMAL DEPARTURE LAST
                VALUE   (LST)  VALUE       VALUE  FROM      YEAR
                                                  NORMAL
..................................................................
TEMPERATURE (F)
 YESTERDAY
  MAXIMUM         57    403 PM  67    2007  48      9       51
                                      2004
                                      1956
  MINIMUM         26   1246 AM -10    1964  25      1       29
  AVERAGE         42                        36      6       40

PRECIPITATION (IN)
  YESTERDAY        T             0.23 1945   0.02  -0.02     0.06
  MONTH TO DATE    0.16                      0.38  -0.22     0.37
  SINCE OCT 1      2.91                      2.30   0.61     2.53
  SINCE JAN 1      0.37                      0.90  -0.53     0.45

SNOWFALL (IN)
  YESTERDAY       MM
  SNOW DEPTH       0

DEGREE DAYS
 HEATING
  YESTERDAY       23                               -6       25
  MONTH TO DATE  577                             -179      653
  SINCE MAR 1    577                             -179      653
  SINCE JUL 1   6532                             -141     6153

 COOLING
  YESTERDAY        0                                0        0
  MONTH TO DATE    0                                0        0
  SINCE MAR 1      0                                0        0
  SINCE JAN 1      0                                0        0
..................................................................


WIND (MPH)
  HIGHEST WIND SPEED    33   HIGHEST WIND DIRECTION     S (190)
  HIGHEST GUST SPEED    44   HIGHEST GUST DIRECTION     S (190)
  AVERAGE WIND SPEED    13.3


SKY COVER
  AVERAGE SKY COVER 0.3


WEATHER CONDITIONS
 THE FOLLOWING WEATHER WAS RECORDED YESTERDAY.
  RAIN


RELATIVE HUMIDITY (PERCENT)
 HIGHEST    75
 LOWEST     26
 AVERAGE    51

..........................................................


THE DILLON AIRPORT MT CLIMATE NORMALS FOR TODAY
                         NORMAL    RECORD    YEAR
 MAXIMUM TEMPERATURE (F)   48        68      1960
 MINIMUM TEMPERATURE (F)   25       -14      1955


SUNRISE AND SUNSET
MARCH 25 2017.........SUNRISE   723 AM MDT   SUNSET   750 PM MDT
MARCH 26 2017.........SUNRISE   721 AM MDT   SUNSET   751 PM MDT


-  INDICATES NEGATIVE NUMBERS.
R  INDICATES RECORD WAS SET OR TIED.
MM INDICATES DATA IS MISSING.
T  INDICATES TRACE AMOUNT.




$$
