000
CDUS41 KLWX 240528
CLIDMH


CLIMATE REPORT
NATIONAL WEATHER SERVICE BALTIMORE MD/WASHINGTON DC
1226 AM EST TUE JAN 24 2017


...................................

...THE BALTIMORE INNER HARBOR MD CLIMATE SUMMARY FOR JANUARY 23 2017...

CLIMATE NORMAL PERIOD 1981 TO 2010
CLIMATE RECORD PERIOD 9999 TO 9999


WEATHER ITEM   OBSERVED TIME   RECORD YEAR NORMAL DEPARTURE LAST
                VALUE   (LST)  VALUE       VALUE  FROM      YEAR
                                                  NORMAL
..................................................................
TEMPERATURE (F)
 YESTERDAY
  MAXIMUM         50   1230 AM  MM      MM  43      7       29
  MINIMUM         40   1100 PM  MM      MM  29     11       23
  AVERAGE         45                        36      9       26

PRECIPITATION (IN)
  YESTERDAY        0.49         MM      MM   0.10   0.39     1.61
  MONTH TO DATE    2.57                      2.14   0.43     3.27
  SINCE DEC 1      4.91                      5.55  -0.64     9.51
  SINCE JAN 1      2.57                      2.14   0.43     3.27

DEGREE DAYS
 HEATING
  YESTERDAY       20                        29     -9       39
  MONTH TO DATE  551                       667   -116      699
  SINCE DEC 1   1275                      1459   -184     1118
  SINCE JUL 1   1784                      2110   -326     1646

 COOLING
  YESTERDAY        0                         0      0        0
  MONTH TO DATE    0                         0      0        0
  SINCE DEC 1      0                         0      0        3
  SINCE JAN 1      0                         0      0        0
..................................................................


WIND (MPH)
  HIGHEST WIND SPEED    MM   HIGHEST WIND DIRECTION    MM
  HIGHEST GUST SPEED    MM   HIGHEST GUST DIRECTION    MM
  AVERAGE WIND SPEED    MM


SKY COVER
  POSSIBLE SUNSHINE  MM



RELATIVE HUMIDITY (PERCENT)
 HIGHEST    86          1200 AM
 LOWEST     67           700 PM
 AVERAGE    77

..........................................................


THE BALTIMORE INNER HARBOR MD CLIMATE NORMALS FOR TODAY
                         NORMAL
 MAXIMUM TEMPERATURE (F)   43
 MINIMUM TEMPERATURE (F)   29


SUNRISE AND SUNSET
JANUARY 24 2017.......SUNRISE   720 AM EST   SUNSET   518 PM EST
JANUARY 25 2017.......SUNRISE   719 AM EST   SUNSET   519 PM EST


-  INDICATES NEGATIVE NUMBERS.
R  INDICATES RECORD WAS SET OR TIED.
MM INDICATES DATA IS MISSING.
T  INDICATES TRACE AMOUNT.




$$
