000
CDUS41 KLWX 180525
CLIDMH


CLIMATE REPORT
NATIONAL WEATHER SERVICE BALTIMORE MD/WASHINGTON DC
1224 AM EST SUN FEB 18 2018


...................................

...THE BALTIMORE INNER HARBOR MD CLIMATE SUMMARY FOR FEBRUARY 17 2018...

CLIMATE NORMAL PERIOD 1981 TO 2010
CLIMATE RECORD PERIOD 1999 TO 2018


WEATHER ITEM   OBSERVED TIME   RECORD YEAR NORMAL DEPARTURE LAST
                VALUE   (LST)  VALUE       VALUE  FROM      YEAR
                                                  NORMAL
..................................................................
TEMPERATURE (F)
 YESTERDAY
  MAXIMUM         41   1253 PM  MM      MM  46     -5       50
  MINIMUM         33    957 PM  MM      MM  32      1       28
  AVERAGE         37                        39     -2       39

PRECIPITATION (IN)
  YESTERDAY        0.53         MM      MM   0.09   0.44     0.00
  MONTH TO DATE    4.14                      1.63   2.51     0.51
  SINCE DEC 1      5.86                      7.96  -2.10     5.44
  SINCE JAN 1      5.08                      4.55   0.53     3.10

DEGREE DAYS
 HEATING
  YESTERDAY       28                        26      2       26
  MONTH TO DATE  411                       467    -56      380
  SINCE DEC 1   2112                      2164    -52     1828
  SINCE JUL 1   2640                      2815   -175     2337

 COOLING
  YESTERDAY        0                         0      0        0
  MONTH TO DATE    0                         0      0        0
  SINCE DEC 1      0                         0      0        0
  SINCE JAN 1      0                         0      0        0
..................................................................


WIND (MPH)
  HIGHEST WIND SPEED    MM   HIGHEST WIND DIRECTION    MM
  HIGHEST GUST SPEED    MM   HIGHEST GUST DIRECTION    MM
  AVERAGE WIND SPEED    MM


SKY COVER
  POSSIBLE SUNSHINE  MM



RELATIVE HUMIDITY (PERCENT)
 HIGHEST   100           400 PM
 LOWEST     50           100 AM
 AVERAGE    75

..........................................................


THE BALTIMORE INNER HARBOR MD CLIMATE NORMALS FOR TODAY
                         NORMAL
 MAXIMUM TEMPERATURE (F)   46
 MINIMUM TEMPERATURE (F)   32


SUNRISE AND SUNSET
FEBRUARY 18 2018......SUNRISE   654 AM EST   SUNSET   547 PM EST
FEBRUARY 19 2018......SUNRISE   653 AM EST   SUNSET   548 PM EST


-  INDICATES NEGATIVE NUMBERS.
R  INDICATES RECORD WAS SET OR TIED.
MM INDICATES DATA IS MISSING.
T  INDICATES TRACE AMOUNT.




$$
