000
CDUS41 KLWX 270525
CLIDMH


CLIMATE REPORT
NATIONAL WEATHER SERVICE BALTIMORE MD/WASHINGTON DC
124 AM EDT TUE SEP 27 2016


...................................

...THE BALTIMORE INNER HARBOR MD CLIMATE SUMMARY FOR SEPTEMBER 26 2016...

CLIMATE NORMAL PERIOD 1981 TO 2010
CLIMATE RECORD PERIOD 9999 TO 9999


WEATHER ITEM   OBSERVED TIME   RECORD YEAR NORMAL DEPARTURE LAST
                VALUE   (LST)  VALUE       VALUE  FROM      YEAR
                                                  NORMAL
..................................................................
TEMPERATURE (F)
 YESTERDAY
  MAXIMUM         71    921 PM  MM      MM  76     -5       72
  MINIMUM         61    406 AM  MM      MM  60      1       63
  AVERAGE         66                        68     -2       68

PRECIPITATION (IN)
  YESTERDAY        0.00         MM      MM   0.16  -0.16     0.00
  MONTH TO DATE    2.16                      3.51  -1.35     1.69
  SINCE SEP 1      2.16                      3.51  -1.35     1.69
  SINCE JAN 1     32.03                     30.88   1.15    30.19

DEGREE DAYS
 HEATING
  YESTERDAY        0                         1     -1        0
  MONTH TO DATE    1                         8     -7        0
  SINCE SEP 1      1                         8     -7        0
  SINCE JUL 1      1                         8     -7        0

 COOLING
  YESTERDAY        1                         4     -3        3
  MONTH TO DATE  303                       212     91      259
  SINCE SEP 1    303                       212     91      259
  SINCE JAN 1   1856                      1608    248     1748
..................................................................


WIND (MPH)
  HIGHEST WIND SPEED    MM   HIGHEST WIND DIRECTION    MM
  HIGHEST GUST SPEED    MM   HIGHEST GUST DIRECTION    MM
  AVERAGE WIND SPEED    MM


SKY COVER
  POSSIBLE SUNSHINE  MM



RELATIVE HUMIDITY (PERCENT)
 HIGHEST    78          1100 PM
 LOWEST     60          1200 AM
 AVERAGE    69

..........................................................


THE BALTIMORE INNER HARBOR MD CLIMATE NORMALS FOR TODAY
                         NORMAL
 MAXIMUM TEMPERATURE (F)   76
 MINIMUM TEMPERATURE (F)   59


SUNRISE AND SUNSET
SEPTEMBER 27 2016.....SUNRISE   659 AM EDT   SUNSET   655 PM EDT
SEPTEMBER 28 2016.....SUNRISE   700 AM EDT   SUNSET   653 PM EDT


-  INDICATES NEGATIVE NUMBERS.
R  INDICATES RECORD WAS SET OR TIED.
MM INDICATES DATA IS MISSING.
T  INDICATES TRACE AMOUNT.




$$
