364
CDUS41 KLWX 220527
CLIDMH


CLIMATE REPORT
NATIONAL WEATHER SERVICE BALTIMORE MD/WASHINGTON DC
127 AM EDT FRI MAY 22 2015


...................................

...THE BALTIMORE INNER HARBOR MD CLIMATE SUMMARY FOR MAY 21 2015...

CLIMATE NORMAL PERIOD 1981 TO 2010
CLIMATE RECORD PERIOD 9999 TO 9999


WEATHER ITEM   OBSERVED TIME   RECORD YEAR NORMAL DEPARTURE LAST
                VALUE   (LST)  VALUE       VALUE  FROM      YEAR
                                                  NORMAL
..................................................................
TEMPERATURE (F)
 YESTERDAY
  MAXIMUM         61   1240 AM  MM      MM  77    -16       73
  MINIMUM         49    124 PM  MM      MM  59    -10       62
  AVERAGE         55                        68    -13       68

PRECIPITATION (IN)
  YESTERDAY        0.10         MM      MM   0.12  -0.02     0.20
  MONTH TO DATE    3.13                      2.21   0.92     2.54
  SINCE MAR 1     10.52                      9.29   1.23    16.04
  SINCE JAN 1     16.34                     14.81   1.53    22.37

DEGREE DAYS
 HEATING
  YESTERDAY       10                         2      8        0
  MONTH TO DATE   25                        68    -43       29
  SINCE MAR 1    859                       925    -66     1048
  SINCE JUL 1   4373                      4013    360     4118

 COOLING
  YESTERDAY        0                         4     -4        3
  MONTH TO DATE  139                        58     81       53
  SINCE MAR 1    148                        83     65       67
  SINCE JAN 1    148                        83     65       67
..................................................................


WIND (MPH)
  HIGHEST WIND SPEED    MM   HIGHEST WIND DIRECTION    MM
  HIGHEST GUST SPEED    MM   HIGHEST GUST DIRECTION    MM
  AVERAGE WIND SPEED    MM


SKY COVER
  POSSIBLE SUNSHINE  MM



RELATIVE HUMIDITY (PERCENT)
 HIGHEST    89           300 PM
 LOWEST     42           200 AM
 AVERAGE    66

..........................................................


THE BALTIMORE INNER HARBOR MD CLIMATE NORMALS FOR TODAY
                         NORMAL
 MAXIMUM TEMPERATURE (F)   77
 MINIMUM TEMPERATURE (F)   59


SUNRISE AND SUNSET
MAY 22 2015...........SUNRISE   548 AM EDT   SUNSET   819 PM EDT
MAY 23 2015...........SUNRISE   547 AM EDT   SUNSET   820 PM EDT


-  INDICATES NEGATIVE NUMBERS.
R  INDICATES RECORD WAS SET OR TIED.
MM INDICATES DATA IS MISSING.
T  INDICATES TRACE AMOUNT.




$$
