000
CDUS41 KLWX 030539
CLIDMH


CLIMATE REPORT
NATIONAL WEATHER SERVICE BALTIMORE MD/WASHINGTON DC
137 AM EDT TUE MAY 3 2016


...................................

...THE BALTIMORE INNER HARBOR MD CLIMATE SUMMARY FOR MAY 2 2016...

CLIMATE NORMAL PERIOD 1981 TO 2010
CLIMATE RECORD PERIOD 9999 TO 9999


WEATHER ITEM   OBSERVED TIME   RECORD YEAR NORMAL DEPARTURE LAST
                VALUE   (LST)  VALUE       VALUE  FROM      YEAR
                                                  NORMAL
..................................................................
TEMPERATURE (F)
 YESTERDAY
  MAXIMUM         69    554 PM  MM      MM  71     -2       74
  MINIMUM         54    716 AM  MM      MM  52      2       49
  AVERAGE         62                        62      0       62

PRECIPITATION (IN)
  YESTERDAY        0.21         MM      MM   0.11   0.10     0.00
  MONTH TO DATE    0.45                      0.21   0.24     0.00
  SINCE MAR 1      4.22                      7.29  -3.07     7.39
  SINCE JAN 1     12.82                     12.81   0.01    13.21

DEGREE DAYS
 HEATING
  YESTERDAY        3                         5     -2        3
  MONTH TO DATE   15                        10      5       12
  SINCE MAR 1    687                       867   -180      846
  SINCE JUL 1   3303                      3955   -652     4360

 COOLING
  YESTERDAY        0                         2     -2        0
  MONTH TO DATE    0                         3     -3        0
  SINCE MAR 1     35                        28      7        9
  SINCE JAN 1     35                        28      7        9
..................................................................


WIND (MPH)
  HIGHEST WIND SPEED    MM   HIGHEST WIND DIRECTION    MM
  HIGHEST GUST SPEED    MM   HIGHEST GUST DIRECTION    MM
  AVERAGE WIND SPEED    MM


SKY COVER
  POSSIBLE SUNSHINE  MM



RELATIVE HUMIDITY (PERCENT)
 HIGHEST   100           400 AM
 LOWEST     70           400 PM
 AVERAGE    85

..........................................................


THE BALTIMORE INNER HARBOR MD CLIMATE NORMALS FOR TODAY
                         NORMAL
 MAXIMUM TEMPERATURE (F)   71
 MINIMUM TEMPERATURE (F)   53


SUNRISE AND SUNSET
MAY  3 2016...........SUNRISE   605 AM EDT   SUNSET   802 PM EDT
MAY  4 2016...........SUNRISE   604 AM EDT   SUNSET   803 PM EDT


-  INDICATES NEGATIVE NUMBERS.
R  INDICATES RECORD WAS SET OR TIED.
MM INDICATES DATA IS MISSING.
T  INDICATES TRACE AMOUNT.




$$
