000
CDUS41 KLWX 270531
CLIDMH


CLIMATE REPORT
NATIONAL WEATHER SERVICE BALTIMORE MD/WASHINGTON DC
128 AM EDT SAT MAY 27 2017


...................................

...THE BALTIMORE INNER HARBOR MD CLIMATE SUMMARY FOR MAY 26 2017...

CLIMATE NORMAL PERIOD 1981 TO 2010
CLIMATE RECORD PERIOD 9999 TO 9999


WEATHER ITEM   OBSERVED TIME   RECORD YEAR NORMAL DEPARTURE LAST
                VALUE   (LST)  VALUE       VALUE  FROM      YEAR
                                                  NORMAL
..................................................................
TEMPERATURE (F)
 YESTERDAY
  MAXIMUM         76    430 PM  MM      MM  78     -2       91
  MINIMUM         60    205 AM  MM      MM  60      0       65
  AVERAGE         68                        69     -1       78

PRECIPITATION (IN)
  YESTERDAY        0.00         MM      MM   0.13  -0.13     0.00
  MONTH TO DATE    4.21                      2.87   1.34     3.66
  SINCE MAR 1     10.97                      9.95   1.02     7.43
  SINCE JAN 1     14.86                     15.47  -0.61    16.03

DEGREE DAYS
 HEATING
  YESTERDAY        0                         1     -1        0
  MONTH TO DATE   72                        76     -4      133
  SINCE MAR 1    788                       933   -145      805
  SINCE JUL 1   3242                      4021   -779     3421

 COOLING
  YESTERDAY        3                         5     -2       13
  MONTH TO DATE   74                        83     -9       37
  SINCE MAR 1    156                       108     48       72
  SINCE JAN 1    156                       108     48       72
..................................................................


WIND (MPH)
  HIGHEST WIND SPEED    MM   HIGHEST WIND DIRECTION    MM
  HIGHEST GUST SPEED    MM   HIGHEST GUST DIRECTION    MM
  AVERAGE WIND SPEED    MM


SKY COVER
  POSSIBLE SUNSHINE  MM



RELATIVE HUMIDITY (PERCENT)
 HIGHEST    97           200 AM
 LOWEST     46           500 PM
 AVERAGE    72

..........................................................


THE BALTIMORE INNER HARBOR MD CLIMATE NORMALS FOR TODAY
                         NORMAL
 MAXIMUM TEMPERATURE (F)   79
 MINIMUM TEMPERATURE (F)   61


SUNRISE AND SUNSET
MAY 27 2017...........SUNRISE   544 AM EDT   SUNSET   824 PM EDT
MAY 28 2017...........SUNRISE   544 AM EDT   SUNSET   824 PM EDT


-  INDICATES NEGATIVE NUMBERS.
R  INDICATES RECORD WAS SET OR TIED.
MM INDICATES DATA IS MISSING.
T  INDICATES TRACE AMOUNT.




$$
