943
CDUS41 KLWX 220522
CLIDMH


CLIMATE REPORT
NATIONAL WEATHER SERVICE BALTIMORE MD/WASHINGTON DC
1222 AM EST WED NOV 22 2017


...................................

...THE BALTIMORE INNER HARBOR MD CLIMATE SUMMARY FOR NOVEMBER 21 2017...

CLIMATE NORMAL PERIOD 1981 TO 2010
CLIMATE RECORD PERIOD 1999 TO 2017


WEATHER ITEM   OBSERVED TIME   RECORD YEAR NORMAL DEPARTURE LAST
                VALUE   (LST)  VALUE       VALUE  FROM      YEAR
                                                  NORMAL
..................................................................
TEMPERATURE (F)
 YESTERDAY
  MAXIMUM         62    335 PM  MM      MM  56      6       44
  MINIMUM         38    604 AM  MM      MM  41     -3       36
  AVERAGE         50                        48      2       40

PRECIPITATION (IN)
  YESTERDAY        0.00         MM      MM   0.09  -0.09     0.00
  MONTH TO DATE    1.67                      2.03  -0.36     0.14
  SINCE SEP 1      6.17                      9.17  -3.00     6.03
  SINCE JAN 1     34.25                     36.54  -2.29    35.90

DEGREE DAYS
 HEATING
  YESTERDAY       15                        17     -2       25
  MONTH TO DATE  300                       275     25      232
  SINCE SEP 1    384                       484   -100      361
  SINCE JUL 1    384                       484   -100      361

 COOLING
  YESTERDAY        0                         0      0        0
  MONTH TO DATE    4                         0      4        2
  SINCE SEP 1    371                       268    103      370
  SINCE JAN 1   1885                      1664    221     1923
..................................................................


WIND (MPH)
  HIGHEST WIND SPEED    MM   HIGHEST WIND DIRECTION    MM
  HIGHEST GUST SPEED    MM   HIGHEST GUST DIRECTION    MM
  AVERAGE WIND SPEED    MM


SKY COVER
  POSSIBLE SUNSHINE  MM



RELATIVE HUMIDITY (PERCENT)
 HIGHEST    70           600 AM
 LOWEST     32           100 PM
 AVERAGE    51

..........................................................


THE BALTIMORE INNER HARBOR MD CLIMATE NORMALS FOR TODAY
                         NORMAL
 MAXIMUM TEMPERATURE (F)   55
 MINIMUM TEMPERATURE (F)   41


SUNRISE AND SUNSET
NOVEMBER 22 2017......SUNRISE   658 AM EST   SUNSET   447 PM EST
NOVEMBER 23 2017......SUNRISE   659 AM EST   SUNSET   447 PM EST


-  INDICATES NEGATIVE NUMBERS.
R  INDICATES RECORD WAS SET OR TIED.
MM INDICATES DATA IS MISSING.
T  INDICATES TRACE AMOUNT.




$$
