000
CDUS41 KLWX 260519
CLIDMH


CLIMATE REPORT
NATIONAL WEATHER SERVICE BALTIMORE MD/WASHINGTON DC
119 AM EDT SUN OCT 26 2014


...................................

...THE BALTIMORE INNER HARBOR MD CLIMATE SUMMARY FOR OCTOBER 25 2014...

CLIMATE NORMAL PERIOD 1981 TO 2010
CLIMATE RECORD PERIOD 9999 TO 9999


WEATHER ITEM   OBSERVED TIME   RECORD YEAR NORMAL DEPARTURE LAST
                VALUE   (LST)  VALUE       VALUE  FROM      YEAR
                                                  NORMAL
..................................................................
TEMPERATURE (F)
 YESTERDAY
  MAXIMUM         71    224 PM  MM      MM  65      6       58
  MINIMUM         50    623 AM  MM      MM  49      1       40
  AVERAGE         61                        57      4       49

PRECIPITATION (IN)
  YESTERDAY        0.00         MM      MM   0.08  -0.08     0.00
  MONTH TO DATE    3.66                      2.55   1.11     4.58
  SINCE SEP 1      6.46                      6.64  -0.18     6.25
  SINCE JAN 1     46.07                     34.01  12.06    34.23

DEGREE DAYS
 HEATING
  YESTERDAY        4                         8     -4       16
  MONTH TO DATE  107                       135    -28       76
  SINCE SEP 1    112                       153    -41       81
  SINCE JUL 1    112                       153    -41       81

 COOLING
  YESTERDAY        0                         1     -1        0
  MONTH TO DATE   21                        40    -19       98
  SINCE SEP 1    238                       269    -31      345
  SINCE JAN 1   1456                      1665   -209     2019
..................................................................


WIND (MPH)
  HIGHEST WIND SPEED    MM   HIGHEST WIND DIRECTION    MM
  HIGHEST GUST SPEED    MM   HIGHEST GUST DIRECTION    MM
  AVERAGE WIND SPEED    MM


SKY COVER
  POSSIBLE SUNSHINE  MM



RELATIVE HUMIDITY (PERCENT)
 HIGHEST    59           300 AM
 LOWEST     36           100 PM
 AVERAGE    48

..........................................................


THE BALTIMORE INNER HARBOR MD CLIMATE NORMALS FOR TODAY
                         NORMAL
 MAXIMUM TEMPERATURE (F)   65
 MINIMUM TEMPERATURE (F)   49


SUNRISE AND SUNSET
OCTOBER 26 2014.......SUNRISE   728 AM EDT   SUNSET   613 PM EDT
OCTOBER 27 2014.......SUNRISE   729 AM EDT   SUNSET   611 PM EDT


-  INDICATES NEGATIVE NUMBERS.
R  INDICATES RECORD WAS SET OR TIED.
MM INDICATES DATA IS MISSING.
T  INDICATES TRACE AMOUNT.




$$
