000
CDUS41 KLWX 300527
CLIDMH


CLIMATE REPORT
NATIONAL WEATHER SERVICE BALTIMORE MD/WASHINGTON DC
126 AM EDT SAT JUL 30 2016


...................................

...THE BALTIMORE INNER HARBOR MD CLIMATE SUMMARY FOR JULY 29 2016...

CLIMATE NORMAL PERIOD 1981 TO 2010
CLIMATE RECORD PERIOD 9999 TO 9999


WEATHER ITEM   OBSERVED TIME   RECORD YEAR NORMAL DEPARTURE LAST
                VALUE   (LST)  VALUE       VALUE  FROM      YEAR
                                                  NORMAL
..................................................................
TEMPERATURE (F)
 YESTERDAY
  MAXIMUM         89    353 PM  MM      MM  88      1       88
  MINIMUM         72    347 AM  MM      MM  72      0       76
  AVERAGE         81                        80      1       82

PRECIPITATION (IN)
  YESTERDAY        0.74         MM      MM   0.14   0.60     0.19
  MONTH TO DATE    3.61                      4.34  -0.73     2.06
  SINCE JUN 1      7.09                      7.61  -0.52     9.70
  SINCE JAN 1     23.27                     23.70  -0.43    26.04

DEGREE DAYS
 HEATING
  YESTERDAY        0                         0      0        0
  MONTH TO DATE    0                         0      0        0
  SINCE JUN 1      0                         5     -5       10
  SINCE JUL 1      0                         0      0        0

 COOLING
  YESTERDAY       16                        15      1       17
  MONTH TO DATE  526                       458     68      427
  SINCE JUN 1    850                       795     55      781
  SINCE JAN 1    987                       934     53     1027
..................................................................


WIND (MPH)
  HIGHEST WIND SPEED    MM   HIGHEST WIND DIRECTION    MM
  HIGHEST GUST SPEED    MM   HIGHEST GUST DIRECTION    MM
  AVERAGE WIND SPEED    MM


SKY COVER
  POSSIBLE SUNSHINE  MM



RELATIVE HUMIDITY (PERCENT)
 HIGHEST    94          1200 AM
 LOWEST     50           200 PM
 AVERAGE    72

..........................................................


THE BALTIMORE INNER HARBOR MD CLIMATE NORMALS FOR TODAY
                         NORMAL
 MAXIMUM TEMPERATURE (F)   88
 MINIMUM TEMPERATURE (F)   72


SUNRISE AND SUNSET
JULY 30 2016..........SUNRISE   605 AM EDT   SUNSET   820 PM EDT
JULY 31 2016..........SUNRISE   606 AM EDT   SUNSET   819 PM EDT


-  INDICATES NEGATIVE NUMBERS.
R  INDICATES RECORD WAS SET OR TIED.
MM INDICATES DATA IS MISSING.
T  INDICATES TRACE AMOUNT.




$$
