000
CDUS41 KLWX 210523
CLIDMH


CLIMATE REPORT
NATIONAL WEATHER SERVICE BALTIMORE MD/WASHINGTON DC
122 AM EDT SUN SEP 21 2014


...................................

...THE BALTIMORE INNER HARBOR MD CLIMATE SUMMARY FOR SEPTEMBER 20 2014...

CLIMATE NORMAL PERIOD 1981 TO 2010
CLIMATE RECORD PERIOD 9999 TO 9999


WEATHER ITEM   OBSERVED TIME   RECORD YEAR NORMAL DEPARTURE LAST
                VALUE   (LST)  VALUE       VALUE  FROM      YEAR
                                                  NORMAL
..................................................................
TEMPERATURE (F)
 YESTERDAY
  MAXIMUM         79    429 PM  MM      MM  79      0       80
  MINIMUM         63    706 AM  MM      MM  62      1       62
  AVERAGE         71                        70      1       71

PRECIPITATION (IN)
  YESTERDAY        0.00         MM      MM   0.14  -0.14     0.00
  MONTH TO DATE    0.76                      2.65  -1.89     0.38
  SINCE SEP 1      0.76                      2.65  -1.89     0.38
  SINCE JAN 1     40.37                     30.02  10.35    28.36

DEGREE DAYS
 HEATING
  YESTERDAY        0                         1     -1        0
  MONTH TO DATE    1                         2     -1        4
  SINCE SEP 1      1                         2     -1        4
  SINCE JUL 1      1                         2     -1        4

 COOLING
  YESTERDAY        6                         6      0        6
  MONTH TO DATE  178                       182     -4      208
  SINCE SEP 1    178                       182     -4      208
  SINCE JAN 1   1396                      1578   -182     1882
..................................................................


WIND (MPH)
  HIGHEST WIND SPEED    MM   HIGHEST WIND DIRECTION    MM
  HIGHEST GUST SPEED    MM   HIGHEST GUST DIRECTION    MM
  AVERAGE WIND SPEED    MM


SKY COVER
  POSSIBLE SUNSHINE  MM



RELATIVE HUMIDITY (PERCENT)
 HIGHEST    90           500 AM
 LOWEST     45           500 PM
 AVERAGE    68

..........................................................


THE BALTIMORE INNER HARBOR MD CLIMATE NORMALS FOR TODAY
                         NORMAL
 MAXIMUM TEMPERATURE (F)   78
 MINIMUM TEMPERATURE (F)   62


SUNRISE AND SUNSET
SEPTEMBER 21 2014.....SUNRISE   653 AM EDT   SUNSET   705 PM EDT
SEPTEMBER 22 2014.....SUNRISE   654 AM EDT   SUNSET   703 PM EDT


-  INDICATES NEGATIVE NUMBERS.
R  INDICATES RECORD WAS SET OR TIED.
MM INDICATES DATA IS MISSING.
T  INDICATES TRACE AMOUNT.




$$
