000
CDUS41 KLWX 120525
CLIDMH


CLIMATE REPORT
NATIONAL WEATHER SERVICE BALTIMORE MD/WASHINGTON DC
123 AM EDT SAT JUL 12 2014


...................................

...THE BALTIMORE INNER HARBOR MD CLIMATE SUMMARY FOR JULY 11 2014...

CLIMATE NORMAL PERIOD 1981 TO 2010
CLIMATE RECORD PERIOD 9999 TO 9999


WEATHER ITEM   OBSERVED TIME   RECORD YEAR NORMAL DEPARTURE LAST
                VALUE   (LST)  VALUE       VALUE  FROM      YEAR
                                                  NORMAL
..................................................................
TEMPERATURE (F)
 YESTERDAY
  MAXIMUM         86    427 PM  MM      MM  89     -3       89
  MINIMUM         69    404 AM  MM      MM  73     -4       74
  AVERAGE         78                        81     -3       82

PRECIPITATION (IN)
  YESTERDAY        0.00         MM      MM   0.15  -0.15     0.23
  MONTH TO DATE    1.96                      1.58   0.38     0.83
  SINCE JUN 1      8.73                      4.85   3.88     9.51
  SINCE JAN 1     31.78                     20.94  10.84    23.67

DEGREE DAYS
 HEATING
  YESTERDAY        0                         0      0        0
  MONTH TO DATE    0                         0      0        0
  SINCE JUN 1      0                         5     -5        0
  SINCE JUL 1      0                         0      0        0

 COOLING
  YESTERDAY       13                        16     -3       17
  MONTH TO DATE  165                       173     -8      214
  SINCE JUN 1    493                       510    -17      634
  SINCE JAN 1    623                       649    -26      864
..................................................................


WIND (MPH)
  HIGHEST WIND SPEED    MM   HIGHEST WIND DIRECTION    MM
  HIGHEST GUST SPEED    MM   HIGHEST GUST DIRECTION    MM
  AVERAGE WIND SPEED    MM


SKY COVER
  POSSIBLE SUNSHINE  MM



RELATIVE HUMIDITY (PERCENT)
 HIGHEST    MM
 LOWEST     MM
 AVERAGE    MM

..........................................................


THE BALTIMORE INNER HARBOR MD CLIMATE NORMALS FOR TODAY
                         NORMAL
 MAXIMUM TEMPERATURE (F)   89
 MINIMUM TEMPERATURE (F)   73


SUNRISE AND SUNSET
JULY 12 2014..........SUNRISE   550 AM EDT   SUNSET   834 PM EDT
JULY 13 2014..........SUNRISE   551 AM EDT   SUNSET   833 PM EDT


-  INDICATES NEGATIVE NUMBERS.
R  INDICATES RECORD WAS SET OR TIED.
MM INDICATES DATA IS MISSING.
T  INDICATES TRACE AMOUNT.




$$
