000
CDUS41 KLWX 050527
CLIDMH


CLIMATE REPORT
NATIONAL WEATHER SERVICE BALTIMORE MD/WASHINGTON DC
1224 AM EST MON DEC 5 2016


...................................

...THE BALTIMORE INNER HARBOR MD CLIMATE SUMMARY FOR DECEMBER 4 2016...

CLIMATE NORMAL PERIOD 1981 TO 2010
CLIMATE RECORD PERIOD 9999 TO 9999


WEATHER ITEM   OBSERVED TIME   RECORD YEAR NORMAL DEPARTURE LAST
                VALUE   (LST)  VALUE       VALUE  FROM      YEAR
                                                  NORMAL
..................................................................
TEMPERATURE (F)
 YESTERDAY
  MAXIMUM         48    238 PM  MM      MM  50     -2       52
  MINIMUM         40    637 AM  MM      MM  36      4       38
  AVERAGE         44                        43      1       45

PRECIPITATION (IN)
  YESTERDAY        0.03         MM      MM   0.12  -0.09     0.00
  MONTH TO DATE    0.06                      0.46  -0.40     0.93
  SINCE DEC 1      0.06                      0.46  -0.40     0.93
  SINCE JAN 1     37.29                     37.94  -0.65    37.92

DEGREE DAYS
 HEATING
  YESTERDAY       21                        22     -1       20
  MONTH TO DATE   69                        86    -17       66
  SINCE DEC 1     69                        86    -17       66
  SINCE JUL 1    578                       737   -159      594

 COOLING
  YESTERDAY        0                         0      0        0
  MONTH TO DATE    0                         0      0        0
  SINCE DEC 1      0                         0      0        0
  SINCE JAN 1   1923                      1665    258     1799
..................................................................


WIND (MPH)
  HIGHEST WIND SPEED    MM   HIGHEST WIND DIRECTION    MM
  HIGHEST GUST SPEED    MM   HIGHEST GUST DIRECTION    MM
  AVERAGE WIND SPEED    MM


SKY COVER
  POSSIBLE SUNSHINE  MM



RELATIVE HUMIDITY (PERCENT)
 HIGHEST    70          1100 PM
 LOWEST     45          1100 AM
 AVERAGE    58

..........................................................


THE BALTIMORE INNER HARBOR MD CLIMATE NORMALS FOR TODAY
                         NORMAL
 MAXIMUM TEMPERATURE (F)   50
 MINIMUM TEMPERATURE (F)   36


SUNRISE AND SUNSET
DECEMBER  5 2016......SUNRISE   711 AM EST   SUNSET   443 PM EST
DECEMBER  6 2016......SUNRISE   712 AM EST   SUNSET   443 PM EST


-  INDICATES NEGATIVE NUMBERS.
R  INDICATES RECORD WAS SET OR TIED.
MM INDICATES DATA IS MISSING.
T  INDICATES TRACE AMOUNT.




$$
