000
CDUS45 KEPZ 252332
CLIDMN


CLIMATE REPORT
NATIONAL WEATHER SERVICE EL PASO, TX
531 PM MDT THU MAY 25 2017


...................................

...THE DEMING CLIMATE SUMMARY FOR MAY 25 2017...
VALID TODAY AS OF 500 PM LOCAL TIME.

CLIMATE NORMAL PERIOD 1981 TO 2010
CLIMATE RECORD PERIOD 2000 TO 2017


WEATHER ITEM   OBSERVED TIME   NORMAL DEPARTURE LAST
                VALUE   (LST)  VALUE  FROM      YEAR
                                      NORMAL
......................................................
TEMPERATURE (F)
 TODAY
  MAXIMUM         92    322 PM  90      2       89
  MINIMUM         56    438 AM  54      2       49

PRECIPITATION (IN)
  TODAY            0.00          0.01  -0.01     0.00
  MONTH TO DATE    0.02          0.40  -0.38     0.10
  SINCE MAR 1      0.03          1.18  -1.15     0.48
  SINCE JAN 1      2.96          2.38   0.58     1.02

......................................................


WIND (MPH)
  HIGHEST WIND SPEED    30   HIGHEST WIND DIRECTION     W (270)
  HIGHEST GUST SPEED    41   HIGHEST GUST DIRECTION     W (280)


SKY COVER
  AVERAGE SKY COVER 0.0


WEATHER CONDITIONS
 THE FOLLOWING WEATHER WAS RECORDED TODAY.
  NO SIGNIFICANT WEATHER WAS OBSERVED.


RELATIVE HUMIDITY (PERCENT)
 HIGHEST    25           500 AM
 LOWEST      6           100 PM
 AVERAGE    16

..........................................................


THE DEMING CLIMATE NORMALS FOR TOMORROW
                         NORMAL
 MAXIMUM TEMPERATURE (F)   90
 MINIMUM TEMPERATURE (F)   54


SUNRISE AND SUNSET
MAY 25 2017...........SUNRISE   607 AM MDT   SUNSET   809 PM MDT
MAY 26 2017...........SUNRISE   607 AM MDT   SUNSET   809 PM MDT


-  INDICATES NEGATIVE NUMBERS.
R  INDICATES RECORD WAS SET OR TIED.
MM INDICATES DATA IS MISSING.
T  INDICATES TRACE AMOUNT.




$$
