000
CDUS45 KEPZ 190927
CLIDMN


CLIMATE REPORT
NATIONAL WEATHER SERVICE EL PASO, TX
226 AM MST MON FEB 19 2018


...................................

...THE DEMING CLIMATE SUMMARY FOR FEBRUARY 18 2018...

CLIMATE NORMAL PERIOD 1981 TO 2010
CLIMATE RECORD PERIOD 2000 TO 2018


WEATHER ITEM   OBSERVED TIME   NORMAL DEPARTURE LAST
                VALUE   (LST)  VALUE  FROM      YEAR
                                      NORMAL
......................................................
TEMPERATURE (F)
 YESTERDAY
  MAXIMUM         66    315 PM  63              62
  MINIMUM         40    518 AM  32              39
  AVERAGE         53            47      6       51

PRECIPITATION (IN)
  YESTERDAY        0.03          0.02   0.01     0.06
  MONTH TO DATE    0.77          0.40   0.37     0.48
  SINCE DEC 1      1.07          1.90  -0.83     4.72
  SINCE JAN 1      0.81          1.01  -0.20     2.93

......................................................


WIND (MPH)
  HIGHEST WIND SPEED    23   HIGHEST WIND DIRECTION    SW (240)
  HIGHEST GUST SPEED    29   HIGHEST GUST DIRECTION    SW (230)
  AVERAGE WIND SPEED     8.3


SKY COVER
  AVERAGE SKY COVER 0.4


WEATHER CONDITIONS
 THE FOLLOWING WEATHER WAS RECORDED YESTERDAY.
  LIGHT RAIN


RELATIVE HUMIDITY (PERCENT)
 HIGHEST    96           400 AM
 LOWEST     52           300 PM
 AVERAGE    74

..........................................................


THE DEMING CLIMATE NORMALS FOR TODAY
                         NORMAL
 MAXIMUM TEMPERATURE (F)   63
 MINIMUM TEMPERATURE (F)   32


SUNRISE AND SUNSET
FEBRUARY 19 2018......SUNRISE   649 AM MST   SUNSET   600 PM MST
FEBRUARY 20 2018......SUNRISE   648 AM MST   SUNSET   601 PM MST


-  INDICATES NEGATIVE NUMBERS.
R  INDICATES RECORD WAS SET OR TIED.
MM INDICATES DATA IS MISSING.
T  INDICATES TRACE AMOUNT.




$$
