000
CDUS43 KEAX 200636
CLIDMO


CLIMATE REPORT
NATIONAL WEATHER SERVICE KANSAS CITY/PLEASANT HILL MO
1236 AM CST TUE FEB 20 2018


...................................

...THE SEDALIA MO CLIMATE SUMMARY FOR FEBRUARY 19 2018...

CLIMATE NORMAL PERIOD 1981 TO 2010
CLIMATE RECORD PERIOD 9999 TO 9999


WEATHER ITEM   OBSERVED TIME   NORMAL DEPARTURE LAST
                VALUE   (LST)  VALUE  FROM      YEAR
                                      NORMAL
......................................................
TEMPERATURE (F)
 YESTERDAY
  MAXIMUM         67   1151 AM  47     20       79
  MINIMUM         40   1110 PM  28     12       42
  AVERAGE         54            38     16       61

PRECIPITATION (IN)
  YESTERDAY        0.89          0.07   0.82     0.00
  MONTH TO DATE    1.07          1.33  -0.26     0.00
  SINCE DEC 1      2.32          5.32  -3.00     1.77
  SINCE JAN 1      2.01          3.00  -0.99     0.99

DEGREE DAYS
 HEATING
  YESTERDAY       11            28    -17        4
  MONTH TO DATE  602           570     32      397
  SINCE DEC 1   2565          2540     25     2270
  SINCE JUL 1   3322          3385    -63     2777

 COOLING
  YESTERDAY        0             0      0        0
  MONTH TO DATE    0             0      0        0
  SINCE DEC 1      0             0      0        0
  SINCE JAN 1      0             0      0        0
......................................................


WIND (MPH)
  HIGHEST WIND SPEED    25   HIGHEST WIND DIRECTION     S (180)
  HIGHEST GUST SPEED    35   HIGHEST GUST DIRECTION     S (180)
  AVERAGE WIND SPEED    14.4


SKY COVER
  AVERAGE SKY COVER 1.0


WEATHER CONDITIONS
 THE FOLLOWING WEATHER WAS RECORDED YESTERDAY.
  THUNDERSTORM
  HEAVY RAIN
  RAIN
  LIGHT RAIN
  FOG


RELATIVE HUMIDITY (PERCENT)
 HIGHEST   100           200 PM
 LOWEST     78          1100 AM
 AVERAGE    89

..........................................................


THE SEDALIA MO CLIMATE NORMALS FOR TODAY
                         NORMAL
 MAXIMUM TEMPERATURE (F)   47
 MINIMUM TEMPERATURE (F)   28


SUNRISE AND SUNSET
FEBRUARY 20 2018......SUNRISE   657 AM CST   SUNSET   556 PM CST
FEBRUARY 21 2018......SUNRISE   656 AM CST   SUNSET   557 PM CST


-  INDICATES NEGATIVE NUMBERS.
R  INDICATES RECORD WAS SET OR TIED.
MM INDICATES DATA IS MISSING.
T  INDICATES TRACE AMOUNT.




$$
