000
CDUS43 KEAX 290658
CLIDMO


CLIMATE REPORT
NATIONAL WEATHER SERVICE KANSAS CITY/PLEASANT HILL MO
154 AM CDT FRI MAY 29 2015


...................................

...THE SEDALIA MO CLIMATE SUMMARY FOR MAY 28 2015...

CLIMATE NORMAL PERIOD 1981 TO 2010
CLIMATE RECORD PERIOD 9999 TO 9999


WEATHER ITEM   OBSERVED TIME   NORMAL DEPARTURE LAST
                VALUE   (LST)  VALUE  FROM      YEAR
                                      NORMAL
......................................................
TEMPERATURE (F)
 YESTERDAY
  MAXIMUM         82   1221 PM  80      2       86
  MINIMUM         63    252 AM  59      4       64
  AVERAGE         73            70      3       75

PRECIPITATION (IN)
  YESTERDAY        0.13          0.13   0.00     0.00
  MONTH TO DATE    6.15          4.23   1.92     2.65
  SINCE MAR 1     11.10         11.09   0.01    10.42
  SINCE JAN 1     13.18         14.69  -1.51    11.36

DEGREE DAYS
 HEATING
  YESTERDAY        0             1     -1        0
  MONTH TO DATE   61            80    -19      101
  SINCE MAR 1    788           945   -157     1082
  SINCE JUL 1   4636          4562     74     5301

 COOLING
  YESTERDAY        8             6      2       10
  MONTH TO DATE  106            87     19      146
  SINCE MAR 1    123           121      2      160
  SINCE JAN 1    123           121      2      160
......................................................


WIND (MPH)
  HIGHEST WIND SPEED    28   HIGHEST WIND DIRECTION     S (170)
  HIGHEST GUST SPEED    37   HIGHEST GUST DIRECTION     S (170)
  AVERAGE WIND SPEED     6.6


SKY COVER
  AVERAGE SKY COVER 0.5


WEATHER CONDITIONS
 THE FOLLOWING WEATHER WAS RECORDED YESTERDAY.
  LIGHT RAIN
  FOG


RELATIVE HUMIDITY (PERCENT)
 HIGHEST    87           900 PM
 LOWEST     62           100 PM
 AVERAGE    75

..........................................................


THE SEDALIA MO CLIMATE NORMALS FOR TODAY
                         NORMAL
 MAXIMUM TEMPERATURE (F)   80
 MINIMUM TEMPERATURE (F)   60


SUNRISE AND SUNSET
MAY 29 2015...........SUNRISE   551 AM CDT   SUNSET   829 PM CDT
MAY 30 2015...........SUNRISE   550 AM CDT   SUNSET   830 PM CDT


-  INDICATES NEGATIVE NUMBERS.
R  INDICATES RECORD WAS SET OR TIED.
MM INDICATES DATA IS MISSING.
T  INDICATES TRACE AMOUNT.




$$
