000
CDUS43 KEAX 010641
CLIDMO


CLIMATE REPORT
NATIONAL WEATHER SERVICE KANSAS CITY/PLEASANT HILL MO
1239 AM CST SUN MAR 1 2015


...................................

...THE SEDALIA MO CLIMATE SUMMARY FOR FEBRUARY 28 2015...

CLIMATE NORMAL PERIOD 1981 TO 2010
CLIMATE RECORD PERIOD 9999 TO 9999


WEATHER ITEM   OBSERVED TIME   NORMAL DEPARTURE LAST
                VALUE   (LST)  VALUE  FROM      YEAR
                                      NORMAL
......................................................
TEMPERATURE (F)
 YESTERDAY
  MAXIMUM         25   1030 AM  50    -25       52
  MINIMUM         17    531 AM  31    -14       21
  AVERAGE         21            40    -19       37

PRECIPITATION (IN)
  YESTERDAY        0.35          0.06   0.29      T
  MONTH TO DATE    1.13          1.93  -0.80     0.72
  SINCE DEC 1      4.02          5.92  -1.90     2.57
  SINCE JAN 1      2.08          3.60  -1.52     0.94

DEGREE DAYS
 HEATING
  YESTERDAY       44            25     19       28
  MONTH TO DATE 1051           804    247     1068
  SINCE DEC 1   2863          2772     91     3270
  SINCE JUL 1   3848          3617    231     4219

 COOLING
  YESTERDAY        0             0      0        0
  MONTH TO DATE    0             0      0        0
  SINCE DEC 1      0             0      0        0
  SINCE JAN 1      0             0      0        0
......................................................


WIND (MPH)
  HIGHEST WIND SPEED    15   HIGHEST WIND DIRECTION    SE (120)
  HIGHEST GUST SPEED    19   HIGHEST GUST DIRECTION    SE (120)
  AVERAGE WIND SPEED     6.6


SKY COVER
  AVERAGE SKY COVER 1.0


WEATHER CONDITIONS
 THE FOLLOWING WEATHER WAS RECORDED YESTERDAY.
  SNOW
  LIGHT SNOW
  FOG
  FOG W/VISIBILITY <= 1/4 MILE
  HAZE


RELATIVE HUMIDITY (PERCENT)
 HIGHEST    88           500 PM
 LOWEST     50          1000 AM
 AVERAGE    69

..........................................................


THE SEDALIA MO CLIMATE NORMALS FOR TODAY
                         NORMAL
 MAXIMUM TEMPERATURE (F)   51
 MINIMUM TEMPERATURE (F)   31


SUNRISE AND SUNSET
MARCH  1 2015.........SUNRISE   645 AM CST   SUNSET   605 PM CST
MARCH  2 2015.........SUNRISE   644 AM CST   SUNSET   606 PM CST


-  INDICATES NEGATIVE NUMBERS.
R  INDICATES RECORD WAS SET OR TIED.
MM INDICATES DATA IS MISSING.
T  INDICATES TRACE AMOUNT.




$$
