000
CDUS43 KEAX 180636
CLIDMO


CLIMATE REPORT
NATIONAL WEATHER SERVICE KANSAS CITY/PLEASANT HILL MO
135 AM CDT WED OCT 18 2017


...................................

...THE SEDALIA MO CLIMATE SUMMARY FOR OCTOBER 17 2017...

CLIMATE NORMAL PERIOD 1981 TO 2010
CLIMATE RECORD PERIOD 9999 TO 9999


WEATHER ITEM   OBSERVED TIME   NORMAL DEPARTURE LAST
                VALUE   (LST)  VALUE  FROM      YEAR
                                      NORMAL
......................................................
TEMPERATURE (F)
 YESTERDAY
  MAXIMUM         72    300 PM  68      4       90
  MINIMUM         43    641 AM  48     -5       71
  AVERAGE         58            58      0       81

PRECIPITATION (IN)
  YESTERDAY        0.00          0.13  -0.13     0.00
  MONTH TO DATE    2.98          2.15   0.83     1.78
  SINCE SEP 1      4.00          6.26  -2.26     6.25
  SINCE JAN 1     33.20         34.20  -1.00    30.61

DEGREE DAYS
 HEATING
  YESTERDAY        7             8     -1        0
  MONTH TO DATE   52           105    -53       55
  SINCE SEP 1     56           149    -93       61
  SINCE JUL 1     61           150    -89       61

 COOLING
  YESTERDAY        0             1     -1       16
  MONTH TO DATE   74            27     47       59
  SINCE SEP 1    307           192    115      317
  SINCE JAN 1   1481          1477      4     1730
......................................................


WIND (MPH)
  HIGHEST WIND SPEED    20   HIGHEST WIND DIRECTION     S (200)
  HIGHEST GUST SPEED    24   HIGHEST GUST DIRECTION    SW (230)
  AVERAGE WIND SPEED     9.8


SKY COVER
  AVERAGE SKY COVER 0.0


WEATHER CONDITIONS
 THE FOLLOWING WEATHER WAS RECORDED YESTERDAY.
  NO SIGNIFICANT WEATHER WAS OBSERVED.


RELATIVE HUMIDITY (PERCENT)
 HIGHEST    92           500 AM
 LOWEST     38           300 PM
 AVERAGE    65

..........................................................


THE SEDALIA MO CLIMATE NORMALS FOR TODAY
                         NORMAL
 MAXIMUM TEMPERATURE (F)   68
 MINIMUM TEMPERATURE (F)   47


SUNRISE AND SUNSET
OCTOBER 18 2017.......SUNRISE   725 AM CDT   SUNSET   629 PM CDT
OCTOBER 19 2017.......SUNRISE   726 AM CDT   SUNSET   628 PM CDT


-  INDICATES NEGATIVE NUMBERS.
R  INDICATES RECORD WAS SET OR TIED.
MM INDICATES DATA IS MISSING.
T  INDICATES TRACE AMOUNT.




$$
