000
CDUS43 KEAX 220636
CLIDMO


CLIMATE REPORT
NATIONAL WEATHER SERVICE KANSAS CITY/PLEASANT HILL MO
136 AM CDT MON SEP 22 2014


...................................

...THE SEDALIA MO CLIMATE SUMMARY FOR SEPTEMBER 21 2014...

CLIMATE NORMAL PERIOD 1981 TO 2010
CLIMATE RECORD PERIOD 9999 TO 9999


WEATHER ITEM   OBSERVED TIME   NORMAL DEPARTURE LAST
                VALUE   (LST)  VALUE  FROM      YEAR
                                      NORMAL
......................................................
TEMPERATURE (F)
 YESTERDAY
  MAXIMUM         79    146 PM  77      2       75
  MINIMUM         56   1159 PM  56      0       49
  AVERAGE         68            67      1       62

PRECIPITATION (IN)
  YESTERDAY        0.00          0.13  -0.13     0.00
  MONTH TO DATE    1.81          3.00  -1.19     2.79
  SINCE SEP 1      1.81          3.00  -1.19     2.79
  SINCE JAN 1     23.38         30.94  -7.56    32.70

DEGREE DAYS
 HEATING
  YESTERDAY        0             2     -2        3
  MONTH TO DATE   39            14     25        8
  SINCE SEP 1     39            14     25        8
  SINCE JUL 1     39            15     24        8

 COOLING
  YESTERDAY        3             4     -1        0
  MONTH TO DATE  116           137    -21      196
  SINCE SEP 1    116           137    -21      196
  SINCE JAN 1   1333          1422    -89     1411
......................................................


WIND (MPH)
  HIGHEST WIND SPEED    21   HIGHEST WIND DIRECTION    NW (330)
  HIGHEST GUST SPEED    27   HIGHEST GUST DIRECTION     N (340)
  AVERAGE WIND SPEED     8.9


SKY COVER
  AVERAGE SKY COVER 0.0


WEATHER CONDITIONS
 THE FOLLOWING WEATHER WAS RECORDED YESTERDAY.
  FOG


RELATIVE HUMIDITY (PERCENT)
 HIGHEST    90           100 AM
 LOWEST     30          1200 PM
 AVERAGE    60

..........................................................


THE SEDALIA MO CLIMATE NORMALS FOR TODAY
                         NORMAL
 MAXIMUM TEMPERATURE (F)   77
 MINIMUM TEMPERATURE (F)   56


SUNRISE AND SUNSET
SEPTEMBER 22 2014.....SUNRISE   700 AM CDT   SUNSET   709 PM CDT
SEPTEMBER 23 2014.....SUNRISE   701 AM CDT   SUNSET   708 PM CDT


-  INDICATES NEGATIVE NUMBERS.
R  INDICATES RECORD WAS SET OR TIED.
MM INDICATES DATA IS MISSING.
T  INDICATES TRACE AMOUNT.




$$
