000
CDUS42 KCAE 220607
CLIDNL


CLIMATE REPORT
NATIONAL WEATHER SERVICE COLUMBIA SC
106 AM EST MON DEC 22 2014


...................................

...THE AUGUSTA DANIEL FIELD GA CLIMATE SUMMARY FOR DECEMBER 21 2014...

CLIMATE NORMAL PERIOD 1981 TO 2010
CLIMATE RECORD PERIOD 9999 TO 9999


WEATHER ITEM   OBSERVED TIME   NORMAL DEPARTURE LAST
                VALUE   (LST)  VALUE  FROM      YEAR
                                      NORMAL
......................................................
TEMPERATURE (F)
 YESTERDAY
  MAXIMUM         58    248 PM  57      1       81
  MINIMUM         46    810 AM  38      8       53
  AVERAGE         52            48      4       67

PRECIPITATION (IN)
  YESTERDAY        0.08          0.11  -0.03     0.00
  MONTH TO DATE    0.27          2.64  -2.37     3.02
  SINCE DEC 1      0.27          2.64  -2.37     3.02
  SINCE JAN 1     37.32         45.57  -8.25    56.57

DEGREE DAYS
 HEATING
  YESTERDAY       13            18     -5        0
  MONTH TO DATE  241           324    -83      238
  SINCE DEC 1    241           324    -83      238
  SINCE JUL 1    641           658    -17      611

 COOLING
  YESTERDAY        0             0      0        2
  MONTH TO DATE    0             0      0        8
  SINCE DEC 1      0             0      0        8
  SINCE JAN 1   2634          2256    378     2089
......................................................


WIND (MPH)
  HIGHEST WIND SPEED    13   HIGHEST WIND DIRECTION    NE (40)
  HIGHEST GUST SPEED    16   HIGHEST GUST DIRECTION    NE (40)
  AVERAGE WIND SPEED     8.0


SKY COVER
  AVERAGE SKY COVER 1.0


WEATHER CONDITIONS
 THE FOLLOWING WEATHER WAS RECORDED YESTERDAY.
  RAIN
  LIGHT RAIN
  FOG


RELATIVE HUMIDITY (PERCENT)
 HIGHEST    93          1200 AM
 LOWEST     57           300 PM

..........................................................


THE AUGUSTA DANIEL FIELD GA CLIMATE NORMALS FOR TODAY
                         NORMAL    RECORD    YEAR
 MAXIMUM TEMPERATURE (F)   57        MM        MM
 MINIMUM TEMPERATURE (F)   38        MM        MM


SUNRISE AND SUNSET
DECEMBER 22 2014......SUNRISE   729 AM EST   SUNSET   525 PM EST
DECEMBER 23 2014......SUNRISE   729 AM EST   SUNSET   525 PM EST


-  INDICATES NEGATIVE NUMBERS.
R  INDICATES RECORD WAS SET OR TIED.
MM INDICATES DATA IS MISSING.
T  INDICATES TRACE AMOUNT.




$$
