000
CDUS42 KCAE 220528
CLIDNL


CLIMATE REPORT
NATIONAL WEATHER SERVICE COLUMBIA SC
127 AM EDT MON MAY 22 2017


...................................

...THE AUGUSTA DANIEL FIELD GA CLIMATE SUMMARY FOR MAY 21 2017...

CLIMATE NORMAL PERIOD 1981 TO 2010
CLIMATE RECORD PERIOD 9999 TO 9999


WEATHER ITEM   OBSERVED TIME   NORMAL DEPARTURE LAST
                VALUE   (LST)  VALUE  FROM      YEAR
                                      NORMAL
......................................................
TEMPERATURE (F)
 YESTERDAY
  MAXIMUM         87    357 PM  85      2       82
  MINIMUM         75    630 AM  64     11       64
  AVERAGE         81            74      7       73

PRECIPITATION (IN)
  YESTERDAY        0.21          0.12   0.09     0.05
  MONTH TO DATE    1.18          1.84  -0.66     3.03
  SINCE MAR 1      5.43          9.10  -3.67     8.26
  SINCE JAN 1     17.79         17.34   0.45    12.87

DEGREE DAYS
 HEATING
  YESTERDAY        0             0      0        0
  MONTH TO DATE    6             8     -2        7
  SINCE MAR 1    238           354   -116      162
  SINCE JUL 1   1245          2167   -922     1463

 COOLING
  YESTERDAY       16            10      6        8
  MONTH TO DATE  216           147     69      180
  SINCE MAR 1    497           244    253      407
  SINCE JAN 1    531           248    283      413
......................................................


WIND (MPH)
  HIGHEST WIND SPEED    17   HIGHEST WIND DIRECTION     S (200)
  HIGHEST GUST SPEED    23   HIGHEST GUST DIRECTION     S (200)
  AVERAGE WIND SPEED     7.4


SKY COVER
  AVERAGE SKY COVER 0.7


WEATHER CONDITIONS
 THE FOLLOWING WEATHER WAS RECORDED YESTERDAY.
  HEAVY RAIN
  RAIN
  LIGHT RAIN


RELATIVE HUMIDITY (PERCENT)
 HIGHEST    87           300 AM
 LOWEST     45           400 PM

..........................................................


THE AUGUSTA DANIEL FIELD GA CLIMATE NORMALS FOR TODAY
                         NORMAL    RECORD    YEAR
 MAXIMUM TEMPERATURE (F)   85        MM        MM
 MINIMUM TEMPERATURE (F)   65        MM        MM


SUNRISE AND SUNSET
MAY 22 2017...........SUNRISE   623 AM EDT   SUNSET   827 PM EDT
MAY 23 2017...........SUNRISE   623 AM EDT   SUNSET   827 PM EDT


-  INDICATES NEGATIVE NUMBERS.
R  INDICATES RECORD WAS SET OR TIED.
MM INDICATES DATA IS MISSING.
T  INDICATES TRACE AMOUNT.




$$
