000
CDUS42 KCAE 010529
CLIDNL


CLIMATE REPORT
NATIONAL WEATHER SERVICE COLUMBIA SC
128 AM EDT SAT OCT 1 2016


...................................

...THE AUGUSTA DANIEL FIELD GA CLIMATE SUMMARY FOR SEPTEMBER 30 2016...

CLIMATE NORMAL PERIOD 1981 TO 2010
CLIMATE RECORD PERIOD 9999 TO 9999


WEATHER ITEM   OBSERVED TIME   NORMAL DEPARTURE LAST
                VALUE   (LST)  VALUE  FROM      YEAR
                                      NORMAL
......................................................
TEMPERATURE (F)
 YESTERDAY
  MAXIMUM         83    321 PM  81      2       87
  MINIMUM         61    654 AM  62     -1       74
  AVERAGE         72            71      1       81

PRECIPITATION (IN)
  YESTERDAY        0.00          0.09  -0.09     0.00
  MONTH TO DATE    5.33          3.37   1.96     2.75
  SINCE SEP 1      5.33          3.37   1.96     2.75
  SINCE JAN 1     29.00         36.53  -7.53    27.69

DEGREE DAYS
 HEATING
  YESTERDAY        0             1     -1        0
  MONTH TO DATE    0             1     -1        0
  SINCE SEP 1      0             3     -3        0
  SINCE JUL 1      0             3     -3        0

 COOLING
  YESTERDAY        7             7      0       16
  MONTH TO DATE  460           320    140      378
  SINCE SEP 1    460           320    140      378
  SINCE JAN 1   2830          2131    699     2625
......................................................


WIND (MPH)
  HIGHEST WIND SPEED    17   HIGHEST WIND DIRECTION     S (190)
  HIGHEST GUST SPEED    23   HIGHEST GUST DIRECTION     S (190)
  AVERAGE WIND SPEED     5.8


SKY COVER
  AVERAGE SKY COVER 0.1


WEATHER CONDITIONS
 THE FOLLOWING WEATHER WAS RECORDED YESTERDAY.
  HAZE


RELATIVE HUMIDITY (PERCENT)
 HIGHEST    64           700 AM
 LOWEST     26           200 PM

..........................................................


THE AUGUSTA DANIEL FIELD GA CLIMATE NORMALS FOR TODAY
                         NORMAL    RECORD    YEAR
 MAXIMUM TEMPERATURE (F)   81        MM        MM
 MINIMUM TEMPERATURE (F)   61        MM        MM


SUNRISE AND SUNSET
OCTOBER  1 2016.......SUNRISE   723 AM EDT   SUNSET   712 PM EDT
OCTOBER  2 2016.......SUNRISE   723 AM EDT   SUNSET   711 PM EDT


-  INDICATES NEGATIVE NUMBERS.
R  INDICATES RECORD WAS SET OR TIED.
MM INDICATES DATA IS MISSING.
T  INDICATES TRACE AMOUNT.




$$
