966
CDUS42 KCAE 180651
CLIDNL


CLIMATE REPORT
NATIONAL WEATHER SERVICE COLUMBIA SC
250 AM EDT WED OCT 18 2017


...................................

...THE AUGUSTA DANIEL FIELD GA CLIMATE SUMMARY FOR OCTOBER 17 2017...

CLIMATE NORMAL PERIOD 1981 TO 2010
CLIMATE RECORD PERIOD 9999 TO 9999


WEATHER ITEM   OBSERVED TIME   NORMAL DEPARTURE LAST
                VALUE   (LST)  VALUE  FROM      YEAR
                                      NORMAL
......................................................
TEMPERATURE (F)
 YESTERDAY
  MAXIMUM         72    305 PM  76     -4       84
  MINIMUM         50    728 AM  56     -6       62
  AVERAGE         61            66     -5       73

PRECIPITATION (IN)
  YESTERDAY        0.00          0.12  -0.12     0.00
  MONTH TO DATE    0.41          2.04  -1.63     1.86
  SINCE SEP 1      4.80          5.41  -0.61     7.19
  SINCE JAN 1     35.10         38.57  -3.47    30.86

DEGREE DAYS
 HEATING
  YESTERDAY        4             2      2        0
  MONTH TO DATE    4            24    -20        0
  SINCE SEP 1      4            27    -23        0
  SINCE JUL 1      4            27    -23        0

 COOLING
  YESTERDAY        0             3     -3        8
  MONTH TO DATE  197            78    119      109
  SINCE SEP 1    609           398    211      569
  SINCE JAN 1   2910          2209    701     2939
......................................................


WIND (MPH)
  HIGHEST WIND SPEED    18   HIGHEST WIND DIRECTION    NE (30)
  HIGHEST GUST SPEED    24   HIGHEST GUST DIRECTION    NE (60)
  AVERAGE WIND SPEED     8.6


SKY COVER
  AVERAGE SKY COVER 0.0


WEATHER CONDITIONS
 THE FOLLOWING WEATHER WAS RECORDED YESTERDAY.
  NO SIGNIFICANT WEATHER WAS OBSERVED.


RELATIVE HUMIDITY (PERCENT)
 HIGHEST    74           700 AM
 LOWEST     29           400 PM

..........................................................


THE AUGUSTA DANIEL FIELD GA CLIMATE NORMALS FOR TODAY
                         NORMAL    RECORD    YEAR
 MAXIMUM TEMPERATURE (F)   75        MM        MM
 MINIMUM TEMPERATURE (F)   55        MM        MM


SUNRISE AND SUNSET
OCTOBER 18 2017.......SUNRISE   735 AM EDT   SUNSET   651 PM EDT
OCTOBER 19 2017.......SUNRISE   736 AM EDT   SUNSET   649 PM EDT


-  INDICATES NEGATIVE NUMBERS.
R  INDICATES RECORD WAS SET OR TIED.
MM INDICATES DATA IS MISSING.
T  INDICATES TRACE AMOUNT.




$$
