000
CDUS42 KCAE 260631
CLIDNL


CLIMATE REPORT
NATIONAL WEATHER SERVICE COLUMBIA SC
131 AM EST SUN FEB 26 2017


...................................

...THE AUGUSTA DANIEL FIELD GA CLIMATE SUMMARY FOR FEBRUARY 25 2017...

CLIMATE NORMAL PERIOD 1981 TO 2010
CLIMATE RECORD PERIOD 9999 TO 9999


WEATHER ITEM   OBSERVED TIME   NORMAL DEPARTURE LAST
                VALUE   (LST)  VALUE  FROM      YEAR
                                      NORMAL
......................................................
TEMPERATURE (F)
 YESTERDAY
  MAXIMUM         77    304 PM  63     14       55
  MINIMUM         54   1159 PM  43     11       44
  AVERAGE         66            53     13       50

PRECIPITATION (IN)
  YESTERDAY        T             0.16  -0.16     0.00
  MONTH TO DATE    1.82          3.53  -1.71     2.94
  SINCE DEC 1     16.53         11.36   5.17    10.09
  SINCE JAN 1     12.32          7.74   4.58     4.61

DEGREE DAYS
 HEATING
  YESTERDAY        0            12    -12       15
  MONTH TO DATE  137           372   -235      322
  SINCE DEC 1    820          1444   -624     1064
  SINCE JUL 1    989          1778   -789     1255

 COOLING
  YESTERDAY        1             0      1        0
  MONTH TO DATE   16             0     16        6
  SINCE DEC 1     35             6     29       70
  SINCE JAN 1     31             1     30        6
......................................................


WIND (MPH)
  HIGHEST WIND SPEED    18   HIGHEST WIND DIRECTION    NW (300)
  HIGHEST GUST SPEED    30   HIGHEST GUST DIRECTION     W (260)
  AVERAGE WIND SPEED     8.8


SKY COVER
  AVERAGE SKY COVER 0.3


WEATHER CONDITIONS
 THE FOLLOWING WEATHER WAS RECORDED YESTERDAY.
  LIGHT RAIN


RELATIVE HUMIDITY (PERCENT)
 HIGHEST    84           300 AM
 LOWEST     11           600 PM

..........................................................


THE AUGUSTA DANIEL FIELD GA CLIMATE NORMALS FOR TODAY
                         NORMAL    RECORD    YEAR
 MAXIMUM TEMPERATURE (F)   63        MM        MM
 MINIMUM TEMPERATURE (F)   43        MM        MM


SUNRISE AND SUNSET
FEBRUARY 26 2017......SUNRISE   700 AM EST   SUNSET   623 PM EST
FEBRUARY 27 2017......SUNRISE   659 AM EST   SUNSET   623 PM EST


-  INDICATES NEGATIVE NUMBERS.
R  INDICATES RECORD WAS SET OR TIED.
MM INDICATES DATA IS MISSING.
T  INDICATES TRACE AMOUNT.




$$
