000
CDUS42 KCAE 130708
CLIDNL


CLIMATE REPORT
NATIONAL WEATHER SERVICE COLUMBIA SC
208 AM EST WED DEC 13 2017


...................................

...THE AUGUSTA DANIEL FIELD GA CLIMATE SUMMARY FOR DECEMBER 12 2017...

CLIMATE NORMAL PERIOD 1981 TO 2010
CLIMATE RECORD PERIOD 9999 TO 9999


WEATHER ITEM   OBSERVED TIME   NORMAL DEPARTURE LAST
                VALUE   (LST)  VALUE  FROM      YEAR
                                      NORMAL
......................................................
TEMPERATURE (F)
 YESTERDAY
  MAXIMUM         59    208 PM  59      0       71
  MINIMUM         41   1159 PM  40      1       43
  AVERAGE         50            49      1       57

PRECIPITATION (IN)
  YESTERDAY        0.00          0.14  -0.14     0.12
  MONTH TO DATE    1.73          1.56   0.17     2.01
  SINCE DEC 1      1.73          1.56   0.17     2.01
  SINCE JAN 1     38.59         44.49  -5.90    34.29

DEGREE DAYS
 HEATING
  YESTERDAY       15            16     -1        8
  MONTH TO DATE  143           173    -30      175
  SINCE DEC 1    143           173    -30      175
  SINCE JUL 1    405           507   -102      344

 COOLING
  YESTERDAY        0             0      0        0
  MONTH TO DATE    3             0      3        0
  SINCE DEC 1      3             0      3        0
  SINCE JAN 1   2979          2256    723     3074
......................................................


WIND (MPH)
  HIGHEST WIND SPEED    22   HIGHEST WIND DIRECTION    NW (310)
  HIGHEST GUST SPEED    34   HIGHEST GUST DIRECTION     W (290)
  AVERAGE WIND SPEED     9.4


SKY COVER
  AVERAGE SKY COVER 0.0


WEATHER CONDITIONS
 THE FOLLOWING WEATHER WAS RECORDED YESTERDAY.
  NO SIGNIFICANT WEATHER WAS OBSERVED.


RELATIVE HUMIDITY (PERCENT)
 HIGHEST    71           800 AM
 LOWEST     32           400 PM

..........................................................


THE AUGUSTA DANIEL FIELD GA CLIMATE NORMALS FOR TODAY
                         NORMAL    RECORD    YEAR
 MAXIMUM TEMPERATURE (F)   59        MM        MM
 MINIMUM TEMPERATURE (F)   40        MM        MM


SUNRISE AND SUNSET
DECEMBER 13 2017......SUNRISE   724 AM EST   SUNSET   521 PM EST
DECEMBER 14 2017......SUNRISE   724 AM EST   SUNSET   522 PM EST


-  INDICATES NEGATIVE NUMBERS.
R  INDICATES RECORD WAS SET OR TIED.
MM INDICATES DATA IS MISSING.
T  INDICATES TRACE AMOUNT.




$$
