000
CDUS43 KLOT 260635
CLIDPA


CLIMATE REPORT
NATIONAL WEATHER SERVICE CHICAGO IL
134 AM CDT SAT JUL 26 2014


...................................

...THE DU PAGE  AIRPORT CLIMATE SUMMARY FOR JULY 25 2014...

CLIMATE NORMAL PERIOD 1981 TO 2010
CLIMATE RECORD PERIOD 1997 TO 2014


WEATHER ITEM   OBSERVED TIME   RECORD YEAR NORMAL DEPARTURE LAST
                VALUE   (LST)  VALUE       VALUE  FROM      YEAR
                                                  NORMAL
..................................................................
TEMPERATURE (F)
 YESTERDAY
  MAXIMUM         74    151 PM  97    2012  85    -11       79
  MINIMUM         53R   345 AM  53    2013  63    -10       53
  AVERAGE         64                        74    -10       66

PRECIPITATION (IN)
  YESTERDAY        T             0.24        0.15  -0.15     0.00
  MONTH TO DATE    2.17                      3.20  -1.03     4.01
  SINCE JUN 1      9.11                      7.09   2.02     6.91
  SINCE JAN 1     16.75                     20.11  -3.36    24.20

SNOWFALL (IN)
  YESTERDAY       MM

DEGREE DAYS
 HEATING
  YESTERDAY        1                         0      1        0
  MONTH TO DATE    9                         0      9        7
  SINCE JUN 1     27                        36     -9       61
  SINCE JUL 1      9                         0      9        7

 COOLING
  YESTERDAY        0                         9     -9        1
  MONTH TO DATE  120                       225   -105      215
  SINCE JUN 1    329                       403    -74      354
  SINCE JAN 1    398                       449    -51      431
..................................................................


WIND (MPH)
  RESULTANT WIND SPEED   7   RESULTANT WIND DIRECTION   S (200)
  HIGHEST WIND SPEED    21   HIGHEST WIND DIRECTION    SE (150)
  HIGHEST GUST SPEED    28   HIGHEST GUST DIRECTION     S (170)
  AVERAGE WIND SPEED     7.9



WEATHER CONDITIONS
 THE FOLLOWING WEATHER WAS RECORDED YESTERDAY.
  LIGHT RAIN


..........................................................


THE DU PAGE  AIRPORT CLIMATE NORMALS FOR TODAY
                         NORMAL    RECORD    YEAR
 MAXIMUM TEMPERATURE (F)   85        96      1997
 MINIMUM TEMPERATURE (F)   63        54      2004
                                             1998


SUNRISE AND SUNSET
JULY 26 2014..........SUNRISE   541 AM CDT   SUNSET   818 PM CDT
JULY 27 2014..........SUNRISE   542 AM CDT   SUNSET   817 PM CDT


-  INDICATES NEGATIVE NUMBERS.
R  INDICATES RECORD WAS SET OR TIED.
MM INDICATES DATA IS MISSING.
T  INDICATES TRACE AMOUNT.




$$
