000
CDUS43 KLOT 280634
CLIDPA


CLIMATE REPORT
NATIONAL WEATHER SERVICE CHICAGO IL
134 AM CDT TUE JUL 28 2015


...................................

...THE DU PAGE  AIRPORT CLIMATE SUMMARY FOR JULY 27 2015...

CLIMATE NORMAL PERIOD 1981 TO 2010
CLIMATE RECORD PERIOD 1997 TO 2015


WEATHER ITEM   OBSERVED TIME   RECORD YEAR NORMAL DEPARTURE LAST
                VALUE   (LST)  VALUE       VALUE  FROM      YEAR
                                                  NORMAL
..................................................................
TEMPERATURE (F)
 YESTERDAY
  MAXIMUM         89    252 PM  91    2011  85      4       86
                                      1997
  MINIMUM         64    440 AM  53    2013  63      1       64
  AVERAGE         77                        74      3       75

PRECIPITATION (IN)
  YESTERDAY        0.00          0.70        0.15  -0.15     0.01
  MONTH TO DATE    3.26                      3.49  -0.23     2.18
  SINCE JUN 1     11.27                      7.38   3.89     9.12
  SINCE JAN 1     22.26                     20.40   1.86    16.76

SNOWFALL (IN)
  YESTERDAY        0.0
  MONTH TO DATE    0.0
  SINCE JUL 1      0.0

DEGREE DAYS
 HEATING
  YESTERDAY        0                         0      0        0
  MONTH TO DATE   18                         0     18        9
  SINCE JUN 1     52                        36     16       27
  SINCE JUL 1     18                         0     18        9

 COOLING
  YESTERDAY       12                         9      3       10
  MONTH TO DATE  178                       243    -65      140
  SINCE JUN 1    298                       421   -123      349
  SINCE JAN 1    352                       467   -115      418
..................................................................


WIND (MPH)
  RESULTANT WIND SPEED   5   RESULTANT WIND DIRECTION   E (90)
  HIGHEST WIND SPEED    14   HIGHEST WIND DIRECTION    SE (120)
  HIGHEST GUST SPEED    18   HIGHEST GUST DIRECTION     E (110)
  AVERAGE WIND SPEED     6.8



WEATHER CONDITIONS
 THE FOLLOWING WEATHER WAS RECORDED YESTERDAY.
  HAZE


..........................................................


THE DU PAGE  AIRPORT CLIMATE NORMALS FOR TODAY
                         NORMAL    RECORD    YEAR
 MAXIMUM TEMPERATURE (F)   84        91      2006
 MINIMUM TEMPERATURE (F)   63        53      2013


SUNRISE AND SUNSET
JULY 28 2015..........SUNRISE   542 AM CDT   SUNSET   816 PM CDT
JULY 29 2015..........SUNRISE   543 AM CDT   SUNSET   815 PM CDT


-  INDICATES NEGATIVE NUMBERS.
R  INDICATES RECORD WAS SET OR TIED.
MM INDICATES DATA IS MISSING.
T  INDICATES TRACE AMOUNT.




$$
