000
CDUS43 KLOT 050637
CLIDPA


CLIMATE REPORT
NATIONAL WEATHER SERVICE CHICAGO IL
134 AM CDT SUN JUL 5 2015


...................................

...THE DU PAGE  AIRPORT CLIMATE SUMMARY FOR JULY 4 2015...

CLIMATE NORMAL PERIOD 1981 TO 2010
CLIMATE RECORD PERIOD 1997 TO 2015


WEATHER ITEM   OBSERVED TIME   RECORD YEAR NORMAL DEPARTURE LAST
                VALUE   (LST)  VALUE       VALUE  FROM      YEAR
                                                  NORMAL
..................................................................
TEMPERATURE (F)
 YESTERDAY
  MAXIMUM         80    415 PM  98    2012  85     -5       82
  MINIMUM         55    503 AM  50    2008  63     -8       56
  AVERAGE         68                        74     -6       69

PRECIPITATION (IN)
  YESTERDAY        0.00          0.21        0.08  -0.08     0.00
  MONTH TO DATE    0.00                      0.29  -0.29     0.28
  SINCE JUN 1      8.01                      4.18   3.83     7.22
  SINCE JAN 1     19.00                     17.20   1.80    14.86

SNOWFALL (IN)
  YESTERDAY        0.0
  MONTH TO DATE    0.0
  SINCE JUL 1      0.0

DEGREE DAYS
 HEATING
  YESTERDAY        0                         0      0        0
  MONTH TO DATE    9                         0      9        2
  SINCE JUN 1     43                        36      7       20
  SINCE JUL 1      9                         0      9        2

 COOLING
  YESTERDAY        3                         9     -6        4
  MONTH TO DATE    4                        36    -32       12
  SINCE JUN 1    124                       214    -90      221
  SINCE JAN 1    178                       260    -82      290
..................................................................


WIND (MPH)
  RESULTANT WIND SPEED   2   RESULTANT WIND DIRECTION  SW (230)
  HIGHEST WIND SPEED    10   HIGHEST WIND DIRECTION    SW (240)
  HIGHEST GUST SPEED    12   HIGHEST GUST DIRECTION    SW (220)
  AVERAGE WIND SPEED     3.0



WEATHER CONDITIONS
 THE FOLLOWING WEATHER WAS RECORDED YESTERDAY.
  FOG
  HAZE


..........................................................


THE DU PAGE  AIRPORT CLIMATE NORMALS FOR TODAY
                         NORMAL    RECORD    YEAR
 MAXIMUM TEMPERATURE (F)   85        99      2012
 MINIMUM TEMPERATURE (F)   63        50      2008
                                             1997


SUNRISE AND SUNSET
JULY  5 2015..........SUNRISE   524 AM CDT   SUNSET   831 PM CDT
JULY  6 2015..........SUNRISE   524 AM CDT   SUNSET   831 PM CDT


-  INDICATES NEGATIVE NUMBERS.
R  INDICATES RECORD WAS SET OR TIED.
MM INDICATES DATA IS MISSING.
T  INDICATES TRACE AMOUNT.




$$
