000
CDUS44 KDRT 270714
CLIDRT


CLIMATE REPORT
NATIONAL WEATHER SERVICE AUSTIN/SAN ANTONIO, TX
212 AM CDT SAT AUG 27 2016


...................................

...THE DEL RIO CLIMATE SUMMARY FOR AUGUST 26 2016...

CLIMATE NORMAL PERIOD 1981 TO 2010
CLIMATE RECORD PERIOD 1906 TO 2016


WEATHER ITEM   OBSERVED TIME   RECORD YEAR NORMAL DEPARTURE LAST
                VALUE   (LST)  VALUE       VALUE  FROM      YEAR
                                                  NORMAL
..................................................................
TEMPERATURE (F)
 YESTERDAY
  MAXIMUM         92    511 PM 103    2002  96     -4       99
  MINIMUM         74    635 AM  62    1926  75     -1       78
  AVERAGE         83                        85     -2       89

PRECIPITATION (IN)
  YESTERDAY        0.00          2.02 1969   0.09  -0.09     0.00
  MONTH TO DATE    8.82                      1.73   7.09     2.02
  SINCE JUN 1     11.80                      5.86   5.94     5.54
  SINCE JAN 1     20.41                     13.06   7.35    20.62

SNOWFALL (IN)
  YESTERDAY        0.0
  MONTH TO DATE    0.0
  SINCE JUN 1      0.0
  SINCE JUL 1      0.0

DEGREE DAYS
 HEATING
  YESTERDAY        0                         0      0        0
  MONTH TO DATE    0                         0      0        0
  SINCE JUN 1      0                         0      0        0
  SINCE JUL 1      0                         0      0        0

 COOLING
  YESTERDAY       18                        20     -2       24
  MONTH TO DATE  547                       562    -15      637
  SINCE JUN 1   1901                      1781    120     1803
  SINCE JAN 1   2627                      2540     87     2483
..................................................................


WIND (MPH)
  HIGHEST WIND SPEED    16   HIGHEST WIND DIRECTION    SE (150)
  HIGHEST GUST SPEED    21   HIGHEST GUST DIRECTION     E (80)
  AVERAGE WIND SPEED     8.3


SKY COVER
  AVERAGE SKY COVER 0.2


WEATHER CONDITIONS
 THE FOLLOWING WEATHER WAS RECORDED YESTERDAY.
  NO SIGNIFICANT WEATHER WAS OBSERVED.


RELATIVE HUMIDITY (PERCENT)
 HIGHEST    94           700 AM
 LOWEST     44           400 PM
 AVERAGE    69

..........................................................


THE DEL RIO CLIMATE NORMALS FOR TODAY
                         NORMAL    RECORD    YEAR
 MAXIMUM TEMPERATURE (F)   96       107      2002
 MINIMUM TEMPERATURE (F)   75        66      1961


SUNRISE AND SUNSET
AUGUST 27 2016........SUNRISE   719 AM CDT   SUNSET   811 PM CDT
AUGUST 28 2016........SUNRISE   719 AM CDT   SUNSET   810 PM CDT


-  INDICATES NEGATIVE NUMBERS.
R  INDICATES RECORD WAS SET OR TIED.
MM INDICATES DATA IS MISSING.
T  INDICATES TRACE AMOUNT.




$$
