000
CDUS44 KEWX 290706
CLIDRT


CLIMATE REPORT
NATIONAL WEATHER SERVICE AUSTIN/SAN ANTONIO, TX
205 AM CDT WED MAR 29 2017


...................................

...THE DEL RIO CLIMATE SUMMARY FOR MARCH 28 2017...

CLIMATE NORMAL PERIOD 1981 TO 2010
CLIMATE RECORD PERIOD 1906 TO 2017


WEATHER ITEM   OBSERVED TIME   RECORD YEAR NORMAL DEPARTURE LAST
                VALUE   (LST)  VALUE       VALUE  FROM      YEAR
                                                  NORMAL
..................................................................
TEMPERATURE (F)
 YESTERDAY
  MAXIMUM         84    627 PM 103    1928  79      5       69
  MINIMUM         58   1016 PM  27    1955  55      3       49
  AVERAGE         71                        67      4       59

PRECIPITATION (IN)
  YESTERDAY        0.35          0.51 1981   0.03   0.32     0.00
  MONTH TO DATE    0.51                      1.05  -0.54     2.08
  SINCE MAR 1      0.51                      1.05  -0.54     2.08
  SINCE JAN 1      1.48                      2.65  -1.17     2.83

SNOWFALL (IN)
  YESTERDAY        0.0
  MONTH TO DATE    0.0
  SINCE MAR 1      0.0
  SINCE JUL 1      0.0

DEGREE DAYS
 HEATING
  YESTERDAY        0                         2     -2        6
  MONTH TO DATE   37                       107    -70       55
  SINCE MAR 1     37                       107    -70       55
  SINCE JUL 1    830                      1343   -513     1035

 COOLING
  YESTERDAY        6                         4      2        0
  MONTH TO DATE  140                        74     66       70
  SINCE MAR 1    140                        74     66       70
  SINCE JAN 1    203                        93    110      105
..................................................................


WIND (MPH)
  HIGHEST WIND SPEED    39   HIGHEST WIND DIRECTION    NW (310)
  HIGHEST GUST SPEED    47   HIGHEST GUST DIRECTION    NW (320)
  AVERAGE WIND SPEED    14.8


SKY COVER
  AVERAGE SKY COVER 0.7


WEATHER CONDITIONS
 THE FOLLOWING WEATHER WAS RECORDED YESTERDAY.
  HEAVY RAIN
  LIGHT RAIN
  FOG
  HAZE


RELATIVE HUMIDITY (PERCENT)
 HIGHEST    97          1000 AM
 LOWEST     55           600 PM
 AVERAGE    76

..........................................................


THE DEL RIO CLIMATE NORMALS FOR TODAY
                         NORMAL    RECORD    YEAR
 MAXIMUM TEMPERATURE (F)   80        96      1954
 MINIMUM TEMPERATURE (F)   55        35      1944


SUNRISE AND SUNSET
MARCH 29 2017.........SUNRISE   737 AM CDT   SUNSET   801 PM CDT
MARCH 30 2017.........SUNRISE   735 AM CDT   SUNSET   801 PM CDT


-  INDICATES NEGATIVE NUMBERS.
R  INDICATES RECORD WAS SET OR TIED.
MM INDICATES DATA IS MISSING.
T  INDICATES TRACE AMOUNT.




$$
