000
CDUS44 KEWX 092326
CLIDRT


CLIMATE REPORT
NATIONAL WEATHER SERVICE AUSTIN/SAN ANTONIO, TX
525 PM CST FRI DEC 9 2016


...................................

...THE DEL RIO CLIMATE SUMMARY FOR DECEMBER 9 2016...
VALID TODAY AS OF 0525 PM LOCAL TIME.

CLIMATE NORMAL PERIOD 1981 TO 2010
CLIMATE RECORD PERIOD 1906 TO 2016


WEATHER ITEM   OBSERVED TIME   RECORD YEAR NORMAL DEPARTURE LAST
                VALUE   (LST)  VALUE       VALUE  FROM      YEAR
                                                  NORMAL
..................................................................
TEMPERATURE (F)
 TODAY
  MAXIMUM         46    448 PM  80    2004  65    -19       77
  MINIMUM         37    828 AM  22    1916  41     -4       44
  AVERAGE         42                        53    -11       61

PRECIPITATION (IN)
  TODAY            0.00          0.27 1912   0.02  -0.02     0.00
  MONTH TO DATE    2.37                      0.17   2.20     0.00
  SINCE DEC 1      2.37                      0.17   2.20     0.00
  SINCE JAN 1     32.36                     19.04  13.32    27.47

SNOWFALL (IN)
  TODAY            0.0
  MONTH TO DATE    0.0
  SINCE DEC 1      0.0
  SINCE JUL 1      0.0
  SNOW DEPTH       0

DEGREE DAYS
 HEATING
  TODAY           23                        12     11        4
  MONTH TO DATE  126                       101     25       86
  SINCE DEC 1    126                       101     25       86
  SINCE JUL 1    195                       298   -103      229

 COOLING
  TODAY            0                         0      0        0
  MONTH TO DATE    0                         0      0        0
  SINCE DEC 1      0                         0      0        0
  SINCE JAN 1   3579                      3372    207     3530
..................................................................


WIND (MPH)
  HIGHEST WIND SPEED     9   HIGHEST WIND DIRECTION    SE (150)
  HIGHEST GUST SPEED    12   HIGHEST GUST DIRECTION    SE (150)
  AVERAGE WIND SPEED     4.0



WEATHER CONDITIONS
 THE FOLLOWING WEATHER WAS RECORDED TODAY.
  NO SIGNIFICANT WEATHER WAS OBSERVED.


RELATIVE HUMIDITY (PERCENT)
 HIGHEST    70           300 AM
 LOWEST     49           200 PM
 AVERAGE    60

..........................................................


THE DEL RIO CLIMATE NORMALS FOR TOMORROW
                         NORMAL    RECORD    YEAR
 MAXIMUM TEMPERATURE (F)   65        86      1910
 MINIMUM TEMPERATURE (F)   41        25      1978


SUNRISE AND SUNSET
DECEMBER  9 2016......SUNRISE   727 AM CST   SUNSET   546 PM CST
DECEMBER 10 2016......SUNRISE   728 AM CST   SUNSET   546 PM CST


-  INDICATES NEGATIVE NUMBERS.
R  INDICATES RECORD WAS SET OR TIED.
MM INDICATES DATA IS MISSING.
T  INDICATES TRACE AMOUNT.




$$
