000
CDUS44 KDRT 272254
CLIDRT


CLIMATE REPORT
NATIONAL WEATHER SERVICE AUSTIN/SAN ANTONIO, TX
553 PM CDT TUE SEP 27 2016


...................................

...THE DEL RIO CLIMATE SUMMARY FOR SEPTEMBER 27 2016...
VALID TODAY AS OF 553 PM LOCAL TIME.

CLIMATE NORMAL PERIOD 1981 TO 2010
CLIMATE RECORD PERIOD 1906 TO 2016


WEATHER ITEM   OBSERVED TIME   RECORD YEAR NORMAL DEPARTURE LAST
                VALUE   (LST)  VALUE       VALUE  FROM      YEAR
                                                  NORMAL
..................................................................
TEMPERATURE (F)
 TODAY
  MAXIMUM         79    353 PM 104    2005  88     -9       96
  MINIMUM         64    605 AM  45    1942  67     -3       68
  AVERAGE         72                        77     -5       82

PRECIPITATION (IN)
  TODAY            T             1.36 1964   0.08  -0.08     0.00
  MONTH TO DATE    5.92                      1.96   3.96     0.50
  SINCE SEP 1      5.92                      1.96   3.96     0.50
  SINCE JAN 1     27.77                     15.47  12.30    21.12

SNOWFALL (IN)
  TODAY            0.0
  MONTH TO DATE    0.0
  SINCE SEP 1      0.0
  SINCE JUL 1      0.0
  SNOW DEPTH       0

DEGREE DAYS
 HEATING
  TODAY            0                         0      0        0
  MONTH TO DATE    0                         0      0        0
  SINCE SEP 1      0                         0      0        0
  SINCE JUL 1      0                         0      0        0

 COOLING
  TODAY            7                        12     -5       17
  MONTH TO DATE  443                       426     17      544
  SINCE SEP 1    443                       426     17      544
  SINCE JAN 1   3157                      3061     96     3133
..................................................................


WIND (MPH)
  HIGHEST WIND SPEED    16   HIGHEST WIND DIRECTION     W (290)
  HIGHEST GUST SPEED    20   HIGHEST GUST DIRECTION    NW (300)
  AVERAGE WIND SPEED    11.1



WEATHER CONDITIONS
 THE FOLLOWING WEATHER WAS RECORDED TODAY.
  LIGHT RAIN


RELATIVE HUMIDITY (PERCENT)
 HIGHEST    84           300 AM
 LOWEST     48           400 PM
 AVERAGE    66

..........................................................


THE DEL RIO CLIMATE NORMALS FOR TOMORROW
                         NORMAL    RECORD    YEAR
 MAXIMUM TEMPERATURE (F)   87       104      2005
 MINIMUM TEMPERATURE (F)   66        44      1908


SUNRISE AND SUNSET
SEPTEMBER 27 2016.....SUNRISE   735 AM CDT   SUNSET   733 PM CDT
SEPTEMBER 28 2016.....SUNRISE   735 AM CDT   SUNSET   732 PM CDT


-  INDICATES NEGATIVE NUMBERS.
R  INDICATES RECORD WAS SET OR TIED.
MM INDICATES DATA IS MISSING.
T  INDICATES TRACE AMOUNT.




$$
