000
CDUS44 KEWX 280733
CLIDRT


CLIMATE REPORT
NATIONAL WEATHER SERVICE AUSTIN/SAN ANTONIO, TX
232 AM CDT FRI JUL 28 2017


...................................

...THE DEL RIO CLIMATE SUMMARY FOR JULY 27 2017...

CLIMATE NORMAL PERIOD 1981 TO 2010
CLIMATE RECORD PERIOD 1906 TO 2017


WEATHER ITEM   OBSERVED TIME   RECORD YEAR NORMAL DEPARTURE LAST
                VALUE   (LST)  VALUE       VALUE  FROM      YEAR
                                                  NORMAL
..................................................................
TEMPERATURE (F)
 YESTERDAY
  MAXIMUM        101    434 PM 110    1954  97      4       91
  MINIMUM         75    649 AM  68    1920  76     -1       73
  AVERAGE         88                        86      2       82

PRECIPITATION (IN)
  YESTERDAY        0.00          1.52 2004   0.06  -0.06     0.00
  MONTH TO DATE    0.66                      1.57  -0.91     0.05
  SINCE JUN 1      3.12                      3.92  -0.80     2.98
  SINCE JAN 1     14.21                     11.12   3.09    11.59

SNOWFALL (IN)
  YESTERDAY        0.0
  MONTH TO DATE    0.0
  SINCE JUN 1      0.0
  SINCE JUL 1      0.0

DEGREE DAYS
 HEATING
  YESTERDAY        0                         0      0        0
  MONTH TO DATE    0                         0      0        0
  SINCE JUN 1      0                         0      0        0
  SINCE JUL 1      0                         0      0        0

 COOLING
  YESTERDAY       23                        21      2       17
  MONTH TO DATE  609                       561     48      687
  SINCE JUN 1   1183                      1132     51     1266
  SINCE JAN 1   2008                      1891    117     1992
..................................................................


WIND (MPH)
  HIGHEST WIND SPEED    22   HIGHEST WIND DIRECTION    SE (150)
  HIGHEST GUST SPEED    27   HIGHEST GUST DIRECTION    SE (140)
  AVERAGE WIND SPEED    11.7


SKY COVER
  AVERAGE SKY COVER 0.0


WEATHER CONDITIONS
 THE FOLLOWING WEATHER WAS RECORDED YESTERDAY.
  NO SIGNIFICANT WEATHER WAS OBSERVED.


RELATIVE HUMIDITY (PERCENT)
 HIGHEST    82           700 AM
 LOWEST     26           500 PM
 AVERAGE    54

..........................................................


THE DEL RIO CLIMATE NORMALS FOR TODAY
                         NORMAL    RECORD    YEAR
 MAXIMUM TEMPERATURE (F)   97       107      1980
 MINIMUM TEMPERATURE (F)   76        66      1994


SUNRISE AND SUNSET
JULY 28 2017..........SUNRISE   702 AM CDT   SUNSET   838 PM CDT
JULY 29 2017..........SUNRISE   702 AM CDT   SUNSET   838 PM CDT


-  INDICATES NEGATIVE NUMBERS.
R  INDICATES RECORD WAS SET OR TIED.
MM INDICATES DATA IS MISSING.
T  INDICATES TRACE AMOUNT.




$$
