000
CDUS44 KEWX 140755
CLIDRT


CLIMATE REPORT
NATIONAL WEATHER SERVICE AUSTIN/SAN ANTONIO, TX
254 AM CDT MON JUL 14 2014


...................................

...THE DEL RIO CLIMATE SUMMARY FOR JULY 13 2014...

CLIMATE NORMAL PERIOD 1981 TO 2010
CLIMATE RECORD PERIOD 1906 TO 2014


WEATHER ITEM   OBSERVED TIME   RECORD YEAR NORMAL DEPARTURE LAST
                VALUE   (LST)  VALUE       VALUE  FROM      YEAR
                                                  NORMAL
..................................................................
TEMPERATURE (F)
 YESTERDAY
  MAXIMUM         97    412 PM 106    1998  96      1      102
  MINIMUM         76    651 AM  68    1986  75      1       77
                                      1908
  AVERAGE         87                        86      1       90

PRECIPITATION (IN)
  YESTERDAY        0.00          1.20 1986   0.05  -0.05     0.00
  MONTH TO DATE    0.14                      0.77  -0.63      T
  SINCE JUN 1      4.83                      3.12   1.71     1.76
  SINCE JAN 1      6.18                     10.32  -4.14     4.98

SNOWFALL (IN)
  YESTERDAY        0.0
  MONTH TO DATE    0.0
  SINCE JUN 1      0.0
  SINCE JUL 1      0.0

DEGREE DAYS
 HEATING
  YESTERDAY        0                         0      0        0
  MONTH TO DATE    0                         0      0        0
  SINCE JUN 1      0                         0      0        0
  SINCE JUL 1      0                         0      0        0

 COOLING
  YESTERDAY       22                        21      1       25
  MONTH TO DATE  262                       267     -5      273
  SINCE JUN 1    890                       838     52      898
  SINCE JAN 1   1740                      1597    143     1804
..................................................................


WIND (MPH)
  HIGHEST WIND SPEED    20   HIGHEST WIND DIRECTION     S (160)
  HIGHEST GUST SPEED    26   HIGHEST GUST DIRECTION    SE (140)
  AVERAGE WIND SPEED     9.4


SKY COVER
  AVERAGE SKY COVER 0.1


WEATHER CONDITIONS
 THE FOLLOWING WEATHER WAS RECORDED YESTERDAY.
  NO SIGNIFICANT WEATHER WAS OBSERVED.


RELATIVE HUMIDITY (PERCENT)
 HIGHEST    82           600 AM
 LOWEST     30           500 PM
 AVERAGE    56

..........................................................


THE DEL RIO CLIMATE NORMALS FOR TODAY
                         NORMAL    RECORD    YEAR
 MAXIMUM TEMPERATURE (F)   96       107      1998
 MINIMUM TEMPERATURE (F)   75        66      1990


SUNRISE AND SUNSET
JULY 14 2014..........SUNRISE   654 AM CDT   SUNSET   845 PM CDT
JULY 15 2014..........SUNRISE   654 AM CDT   SUNSET   845 PM CDT


-  INDICATES NEGATIVE NUMBERS.
R  INDICATES RECORD WAS SET OR TIED.
MM INDICATES DATA IS MISSING.
T  INDICATES TRACE AMOUNT.




$$
