000
CDUS44 KEWX 202234
CLIDRT


CLIMATE REPORT
NATIONAL WEATHER SERVICE AUSTIN/SAN ANTONIO, TX
533 PM CDT SAT SEP 20 2014

...................................

...THE DEL RIO CLIMATE SUMMARY FOR SEPTEMBER 20 2014...
VALID TODAY AS OF 0500 PM LOCAL TIME.

CLIMATE NORMAL PERIOD 1981 TO 2010
CLIMATE RECORD PERIOD 1906 TO 2014


WEATHER ITEM   OBSERVED TIME   RECORD YEAR NORMAL DEPARTURE LAST
                VALUE   (LST)  VALUE       VALUE  FROM      YEAR
                                                  NORMAL
..................................................................
TEMPERATURE (F)
 TODAY
  MAXIMUM         90    424 PM 102    1912  90      0       78
  MINIMUM         77    718 AM  51    1971  69      8       70
  AVERAGE         84                        79      5       74

PRECIPITATION (IN)
  TODAY            T             2.52 1964   0.06  -0.06     1.97
  MONTH TO DATE    1.42                      1.47  -0.05     4.40
  SINCE SEP 1      1.42                      1.47  -0.05     4.40
  SINCE JAN 1      8.59                     14.98  -6.39    12.89

SNOWFALL (IN)
  TODAY            0.0
  MONTH TO DATE    0.0
  SINCE SEP 1      0.0
  SINCE JUL 1      0.0
  SNOW DEPTH       0

DEGREE DAYS
 HEATING
  TODAY            0                         0      0        0
  MONTH TO DATE    0                         0      0        0
  SINCE SEP 1      0                         0      0        0
  SINCE JUL 1      0                         0      0        0

 COOLING
  TODAY           19                        14      5        9
  MONTH TO DATE  354                       335     19      372
  SINCE SEP 1    354                       335     19      372
  SINCE JAN 1   3243                      2970    273     3312
..................................................................


WIND (MPH)
  HIGHEST WIND SPEED    15   HIGHEST WIND DIRECTION     E (100)
  HIGHEST GUST SPEED    21   HIGHEST GUST DIRECTION     E (110)
  AVERAGE WIND SPEED     9.7



WEATHER CONDITIONS
 THE FOLLOWING WEATHER WAS RECORDED TODAY.
  LIGHT RAIN


RELATIVE HUMIDITY (PERCENT)
 HIGHEST    88           700 AM
 LOWEST     56           400 PM
 AVERAGE    72

..........................................................


THE DEL RIO CLIMATE NORMALS FOR TOMORROW
                         NORMAL    RECORD    YEAR
 MAXIMUM TEMPERATURE (F)   89       101      1992
 MINIMUM TEMPERATURE (F)   68        50      1913


SUNRISE AND SUNSET
SEPTEMBER 20 2014.....SUNRISE   731 AM CDT   SUNSET   743 PM CDT
SEPTEMBER 21 2014.....SUNRISE   732 AM CDT   SUNSET   741 PM CDT


-  INDICATES NEGATIVE NUMBERS.
R  INDICATES RECORD WAS SET OR TIED.
MM INDICATES DATA IS MISSING.
T  INDICATES TRACE AMOUNT.


$$
