000
CDUS45 KTWC 280028
CLIDUG

CLIMATE REPORT
NATIONAL WEATHER SERVICE TUCSON AZ
527 PM MST FRI MAR 27 2015


...................................

...THE DOUGLAS AZ CLIMATE SUMMARY FOR MARCH 27 2015...
VALID TODAY AS OF 0500 PM LOCAL TIME.

CLIMATE NORMAL PERIOD 1981 TO 2010
CLIMATE RECORD PERIOD 1948 TO 2015


WEATHER ITEM   OBSERVED TIME   RECORD YEAR NORMAL DEPARTURE LAST
                VALUE   (LST)  VALUE       VALUE  FROM      YEAR
                                                  NORMAL
..................................................................
TEMPERATURE (F)
 TODAY
  MAXIMUM         84    436 PM  87    1988  74     10       74
  MINIMUM         34    603 AM  27    2005  39     -5       48
  AVERAGE         59                        56      3       61

PRECIPITATION (IN)
  TODAY            0.00                      0.01  -0.01     0.00
  MONTH TO DATE    0.92                      0.46   0.46     0.44
  SINCE OCT 1      4.40                      4.40   0.00     1.26
  SINCE JAN 1      2.43                      1.85   0.58     0.44

DEGREE DAYS
 HEATING
  TODAY            6                         9     -3        4
  MONTH TO DATE  234                       293    -59      223
  SINCE MAR 1    234                       293    -59      223
  SINCE JUL 1   2072                      2329   -257     2187

 COOLING
  TODAY            0                         0      0        0
  MONTH TO DATE    0                         0      0        0
  SINCE MAR 1      0                         0      0        0
  SINCE JAN 1      0                         0      0        0
..................................................................


WIND (MPH)
  HIGHEST WIND SPEED    12   HIGHEST WIND DIRECTION     E (80)
  HIGHEST GUST SPEED    14   HIGHEST GUST DIRECTION    SW (240)
  AVERAGE WIND SPEED     4.3


SKY COVER
  POSSIBLE SUNSHINE  MM
  AVERAGE SKY COVER 0.0


WEATHER CONDITIONS
 THE FOLLOWING WEATHER WAS RECORDED TODAY.
  NO SIGNIFICANT WEATHER WAS OBSERVED.


RELATIVE HUMIDITY (PERCENT)
 HIGHEST    70
 LOWEST      8
 AVERAGE    39

..........................................................


THE DOUGLAS AZ CLIMATE NORMALS FOR TOMORROW
                         NORMAL    RECORD    YEAR
 MAXIMUM TEMPERATURE (F)   75        85      2012
                                             2002
                                             1963
 MINIMUM TEMPERATURE (F)   39        25      1994


SUNRISE AND SUNSET
MARCH 27 2015.........SUNRISE   614 AM MST   SUNSET   634 PM MST
MARCH 28 2015.........SUNRISE   612 AM MST   SUNSET   635 PM MST


-  INDICATES NEGATIVE NUMBERS.
R  INDICATES RECORD WAS SET OR TIED.
MM INDICATES DATA IS MISSING.
T  INDICATES TRACE AMOUNT.




$$
