000
CDUS45 KTWC 020034 RRA
CLIDUG

CLIMATE REPORT
NATIONAL WEATHER SERVICE TUCSON AZ
533 PM MST SUN MAY 1 2016


...................................

...THE DOUGLAS AZ CLIMATE SUMMARY FOR MAY 1 2016...
VALID TODAY AS OF 0500 PM LOCAL TIME.

CLIMATE NORMAL PERIOD 1981 TO 2010
CLIMATE RECORD PERIOD 1948 TO 2016


WEATHER ITEM   OBSERVED TIME   RECORD YEAR NORMAL DEPARTURE LAST
                VALUE   (LST)  VALUE       VALUE  FROM      YEAR
                                                  NORMAL
..................................................................
TEMPERATURE (F)
 TODAY
  MAXIMUM         75    411 PM  94    1992  84     -9       89
  MINIMUM         42    559 AM  30    1967  48     -6       40
  AVERAGE         59                        66     -7       65

PRECIPITATION (IN)
  TODAY            0.00                      0.01  -0.01     0.00
  MONTH TO DATE    0.00                      0.01  -0.01     0.00
  SINCE OCT 1      2.68                      4.68  -2.00     4.80
  SINCE JAN 1      1.47                      2.13  -0.66     2.83

DEGREE DAYS
 HEATING
  TODAY            6                         2      4        0
  MONTH TO DATE    6                         2      4        0
  SINCE MAR 1    427                       467    -40      381
  SINCE JUL 1   2599                      2503     96     2219

 COOLING
  TODAY            0                         3     -3        0
  MONTH TO DATE    0                         3     -3        0
  SINCE MAR 1     18                        33    -15        4
  SINCE JAN 1     18                        33    -15        4
..................................................................


WIND (MPH)
  HIGHEST WIND SPEED    21   HIGHEST WIND DIRECTION    SW (240)
  HIGHEST GUST SPEED    27   HIGHEST GUST DIRECTION     W (260)
  AVERAGE WIND SPEED    10.2


SKY COVER
  POSSIBLE SUNSHINE  MM
  AVERAGE SKY COVER 0.2


WEATHER CONDITIONS
 THE FOLLOWING WEATHER WAS RECORDED TODAY.
  NO SIGNIFICANT WEATHER WAS OBSERVED.


RELATIVE HUMIDITY (PERCENT)
 HIGHEST    62
 LOWEST     15
 AVERAGE    39

..........................................................


THE DOUGLAS AZ CLIMATE NORMALS FOR TOMORROW
                         NORMAL    RECORD    YEAR
 MAXIMUM TEMPERATURE (F)   84        93      2000
                                             1989
                                             1986
 MINIMUM TEMPERATURE (F)   48        29      1967


SUNRISE AND SUNSET
MAY  1 2016...........SUNRISE   533 AM MST   SUNSET   658 PM MST
MAY  2 2016...........SUNRISE   532 AM MST   SUNSET   659 PM MST


-  INDICATES NEGATIVE NUMBERS.
R  INDICATES RECORD WAS SET OR TIED.
MM INDICATES DATA IS MISSING.
T  INDICATES TRACE AMOUNT.




$$
