000
CDUS45 KTWC 290028
CLIDUG

CLIMATE REPORT
NATIONAL WEATHER SERVICE TUCSON AZ
528 PM MST FRI APR 28 2017


...................................

...THE DOUGLAS AZ CLIMATE SUMMARY FOR APRIL 28 2017...
VALID TODAY AS OF 0500 PM LOCAL TIME.

CLIMATE NORMAL PERIOD 1981 TO 2010
CLIMATE RECORD PERIOD 1948 TO 2017


WEATHER ITEM   OBSERVED TIME   RECORD YEAR NORMAL DEPARTURE LAST
                VALUE   (LST)  VALUE       VALUE  FROM      YEAR
                                                  NORMAL
..................................................................
TEMPERATURE (F)
 TODAY
  MAXIMUM         81    140 PM  96    1990  83     -2       79
  MINIMUM         58    602 AM  30    1975  47     11       48
  AVERAGE         70                        65      5       64

PRECIPITATION (IN)
  TODAY            0.00                      0.00   0.00     0.00
  MONTH TO DATE    T                         0.21  -0.21     0.04
  SINCE OCT 1      3.05                      4.65  -1.60     2.68
  SINCE JAN 1      1.70                      2.10  -0.40     1.47

DEGREE DAYS
 HEATING
  TODAY            0                         2     -2        1
  MONTH TO DATE   89                       134    -45      140
  SINCE MAR 1    270                       459   -189      407
  SINCE JUL 1   2063                      2495   -432     2579

 COOLING
  TODAY            5                         2      3        0
  MONTH TO DATE   37                        22     15       18
  SINCE MAR 1     44                        23     21       18
  SINCE JAN 1     44                        23     21       18
..................................................................


WIND (MPH)
  HIGHEST WIND SPEED    35   HIGHEST WIND DIRECTION    SW (230)
  HIGHEST GUST SPEED    42   HIGHEST GUST DIRECTION    SW (220)
  AVERAGE WIND SPEED    18.3


SKY COVER
  POSSIBLE SUNSHINE  MM
  AVERAGE SKY COVER 0.1


WEATHER CONDITIONS
 THE FOLLOWING WEATHER WAS RECORDED TODAY.
  NO SIGNIFICANT WEATHER WAS OBSERVED.


RELATIVE HUMIDITY (PERCENT)
 HIGHEST    47
 LOWEST     23
 AVERAGE    35

..........................................................


THE DOUGLAS AZ CLIMATE NORMALS FOR TOMORROW
                         NORMAL    RECORD    YEAR
 MAXIMUM TEMPERATURE (F)   83        95      1992
 MINIMUM TEMPERATURE (F)   47        28      1991


SUNRISE AND SUNSET
APRIL 28 2017.........SUNRISE   536 AM MST   SUNSET   656 PM MST
APRIL 29 2017.........SUNRISE   535 AM MST   SUNSET   657 PM MST


-  INDICATES NEGATIVE NUMBERS.
R  INDICATES RECORD WAS SET OR TIED.
MM INDICATES DATA IS MISSING.
T  INDICATES TRACE AMOUNT.




$$
