000
CDUS45 KTWC 220029
CLIDUG

CLIMATE REPORT
NATIONAL WEATHER SERVICE TUCSON AZ
528 PM MST MON AUG 21 2017


...................................

...THE DOUGLAS AZ CLIMATE SUMMARY FOR AUGUST 21 2017...
VALID TODAY AS OF 0500 PM LOCAL TIME.

CLIMATE NORMAL PERIOD 1981 TO 2010
CLIMATE RECORD PERIOD 1948 TO 2017


WEATHER ITEM   OBSERVED TIME   RECORD YEAR NORMAL DEPARTURE LAST
                VALUE   (LST)  VALUE       VALUE  FROM      YEAR
                                                  NORMAL
..................................................................
TEMPERATURE (F)
 TODAY
  MAXIMUM         89    417 PM  98    2011  92     -3       89
  MINIMUM         61    605 AM  54    1979  64     -3       58
  AVERAGE         75                        78     -3       74

PRECIPITATION (IN)
  TODAY            0.00                      0.09  -0.09     0.00
  MONTH TO DATE    1.64                      2.31  -0.67     2.44
  SINCE OCT 1      9.68                     10.82  -1.14    11.27
  SINCE JAN 1      8.33                      8.27   0.06    10.06

DEGREE DAYS
 COOLING
  TODAY           10                        13     -3        9
  MONTH TO DATE  266                       275     -9      243
  SINCE JUN 1   1197                      1135     62     1220
  SINCE JAN 1   1390                      1336     54     1368
..................................................................


WIND (MPH)
  HIGHEST WIND SPEED     9   HIGHEST WIND DIRECTION     W (290)
  HIGHEST GUST SPEED    13   HIGHEST GUST DIRECTION    NW (300)
  AVERAGE WIND SPEED     2.8


SKY COVER
  POSSIBLE SUNSHINE  MM
  AVERAGE SKY COVER 0.1


WEATHER CONDITIONS
 THE FOLLOWING WEATHER WAS RECORDED TODAY.
  NO SIGNIFICANT WEATHER WAS OBSERVED.


RELATIVE HUMIDITY (PERCENT)
 HIGHEST    93
 LOWEST     26
 AVERAGE    60

..........................................................


THE DOUGLAS AZ CLIMATE NORMALS FOR TOMORROW
                         NORMAL    RECORD    YEAR
 MAXIMUM TEMPERATURE (F)   92       102      2011
 MINIMUM TEMPERATURE (F)   64        53      1979


SUNRISE AND SUNSET
AUGUST 21 2017........SUNRISE   548 AM MST   SUNSET   655 PM MST
AUGUST 22 2017........SUNRISE   548 AM MST   SUNSET   653 PM MST


-  INDICATES NEGATIVE NUMBERS.
R  INDICATES RECORD WAS SET OR TIED.
MM INDICATES DATA IS MISSING.
T  INDICATES TRACE AMOUNT.




$$
