000
CDUS45 KTWC 020028
CLIDUG

CLIMATE REPORT
NATIONAL WEATHER SERVICE TUCSON AZ
526 PM MST MON SEP 1 2014


...................................

...THE DOUGLAS AZ CLIMATE SUMMARY FOR SEPTEMBER 1 2014...
VALID TODAY AS OF 0500 PM LOCAL TIME.

CLIMATE NORMAL PERIOD 1981 TO 2010
CLIMATE RECORD PERIOD 1948 TO 2014


WEATHER ITEM   OBSERVED TIME   RECORD YEAR NORMAL DEPARTURE LAST
                VALUE   (LST)  VALUE       VALUE  FROM      YEAR
                                                  NORMAL
..................................................................
TEMPERATURE (F)
 TODAY
  MAXIMUM         96    401 PM 101    2011  92      4       93
                                      1950
  MINIMUM         56    621 AM  54    1957  63     -7       64
  AVERAGE         76                        78     -2       79

PRECIPITATION (IN)
  TODAY            0.00                      0.06  -0.06     0.00
  MONTH TO DATE    0.00                      0.06  -0.06     0.00
  SINCE OCT 1     10.26                     11.62  -1.36    15.58
  SINCE JAN 1      9.44                      9.07   0.37    14.95

DEGREE DAYS
 COOLING
  TODAY           11                        13     -2       14
  MONTH TO DATE   11                        13     -2       14
  SINCE SEP 1     11                        13     -2       14
  SINCE JAN 1   1457                      1483    -26     1554
..................................................................


WIND (MPH)
  HIGHEST WIND SPEED    12   HIGHEST WIND DIRECTION    NW (320)
  HIGHEST GUST SPEED    16   HIGHEST GUST DIRECTION    NW (330)
  AVERAGE WIND SPEED     4.4


SKY COVER
  POSSIBLE SUNSHINE  MM
  AVERAGE SKY COVER 0.0


WEATHER CONDITIONS
 THE FOLLOWING WEATHER WAS RECORDED TODAY.
  NO SIGNIFICANT WEATHER WAS OBSERVED.


RELATIVE HUMIDITY (PERCENT)
 HIGHEST    77
 LOWEST     17
 AVERAGE    47

..........................................................


THE DOUGLAS AZ CLIMATE NORMALS FOR TOMORROW
                         NORMAL    RECORD    YEAR
 MAXIMUM TEMPERATURE (F)   92       101      1982
 MINIMUM TEMPERATURE (F)   63        56      1973
                                             1968


SUNRISE AND SUNSET
SEPTEMBER  1 2014.....SUNRISE   554 AM MST   SUNSET   642 PM MST
SEPTEMBER  2 2014.....SUNRISE   555 AM MST   SUNSET   641 PM MST


-  INDICATES NEGATIVE NUMBERS.
R  INDICATES RECORD WAS SET OR TIED.
MM INDICATES DATA IS MISSING.
T  INDICATES TRACE AMOUNT.




$$
