391
CDUS45 KTWC 281428 RRA
CLIDUG

CLIMATE REPORT
NATIONAL WEATHER SERVICE TUCSON AZ
726 AM MST SAT MAY 28 2016


...................................

...THE DOUGLAS AZ CLIMATE SUMMARY FOR MAY 28 2016...
VALID AS OF 0700 AM LOCAL TIME.

CLIMATE NORMAL PERIOD 1981 TO 2010
CLIMATE RECORD PERIOD 1948 TO 2016


WEATHER ITEM   OBSERVED TIME   RECORD YEAR NORMAL DEPARTURE LAST
                VALUE   (LST)  VALUE       VALUE  FROM      YEAR
                                                  NORMAL
..................................................................
TEMPERATURE (F)
 TODAY
  MINIMUM         43    506 AM  37    1962  55    -12       45

PRECIPITATION (IN)
  TODAY            0.00          T    1993   0.01  -0.01     0.00
                                      1992
                                      1983
  MONTH TO DATE    T                         0.25  -0.25      T
  SINCE OCT 1      2.68                      4.92  -2.24     4.80
  SINCE JAN 1      1.47                      2.37  -0.90     2.83

DEGREE DAYS
 HEATING
  TODAY           14                         0     14        0

 COOLING
  TODAY            0                         8     -8        4
..................................................................


WIND (MPH)
  HIGHEST WIND SPEED    10   HIGHEST WIND DIRECTION    NE (60)
  HIGHEST GUST SPEED    12   HIGHEST GUST DIRECTION     N (20)
  AVERAGE WIND SPEED     3.5


SKY COVER
  POSSIBLE SUNSHINE  MM
  AVERAGE SKY COVER 0.0


WEATHER CONDITIONS
 THE FOLLOWING WEATHER WAS RECORDED TODAY.
  NO SIGNIFICANT WEATHER WAS OBSERVED.


RELATIVE HUMIDITY (PERCENT)
 HIGHEST    27           400 AM

..........................................................


THE DOUGLAS AZ CLIMATE NORMALS FOR TOMORROW
                         NORMAL    RECORD    YEAR
 MAXIMUM TEMPERATURE (F)   92       103      2000
 MINIMUM TEMPERATURE (F)   55        40      1962


SUNRISE AND SUNSET
MAY 28 2016...........SUNRISE   515 AM MST   SUNSET   716 PM MST
MAY 29 2016...........SUNRISE   515 AM MST   SUNSET   717 PM MST


-  INDICATES NEGATIVE NUMBERS.
R  INDICATES RECORD WAS SET OR TIED.
MM INDICATES DATA IS MISSING.
T  INDICATES TRACE AMOUNT.




$$
