000
CDUS45 KTWC 280748
CLIDUG

CLIMATE REPORT
NATIONAL WEATHER SERVICE TUCSON AZ
1246 AM MST TUE JUL 28 2015


...................................

...THE DOUGLAS AZ CLIMATE SUMMARY FOR JULY 27 2015...

CLIMATE NORMAL PERIOD 1981 TO 2010
CLIMATE RECORD PERIOD 1948 TO 2015


WEATHER ITEM   OBSERVED TIME   RECORD YEAR NORMAL DEPARTURE LAST
                VALUE   (LST)  VALUE       VALUE  FROM      YEAR
                                                  NORMAL
..................................................................
TEMPERATURE (F)
 YESTERDAY
  MAXIMUM         89    100 PM 105    2009  92     -3       93
                                      1995
  MINIMUM         67    400 AM  59    1993  66      1       67
  AVERAGE         78                        79     -1       80

PRECIPITATION (IN)
  YESTERDAY        0.00          1.72 2014   0.12  -0.12     1.72
  MONTH TO DATE    4.29                      2.45   1.84     4.55
  SINCE OCT 1     10.28                      8.01   2.27     6.02
  SINCE JAN 1      8.31                      5.46   2.85     5.20

DEGREE DAYS
 HEATING
  YESTERDAY        0                         0      0        0
  MONTH TO DATE    0                         0      0        0
  SINCE JUN 1      0                         0      0        0
  SINCE JUL 1      0                         0      0        0

 COOLING
  YESTERDAY       13                        14     -1       15
  MONTH TO DATE  381                       412    -31      412
  SINCE JUN 1    837                       807     30      910
  SINCE JAN 1    899                      1008   -109     1078
..................................................................


WIND (MPH)
  HIGHEST WIND SPEED     8   HIGHEST WIND DIRECTION    SE (140)
  HIGHEST GUST SPEED    MM   HIGHEST GUST DIRECTION    MM
  AVERAGE WIND SPEED     5.1


SKY COVER
  POSSIBLE SUNSHINE  MM
  AVERAGE SKY COVER 0.2


WEATHER CONDITIONS
 THE FOLLOWING WEATHER WAS RECORDED YESTERDAY.
  NO SIGNIFICANT WEATHER WAS OBSERVED.


RELATIVE HUMIDITY (PERCENT)
 HIGHEST    93
 LOWEST     34
 AVERAGE    64

..........................................................


THE DOUGLAS AZ CLIMATE NORMALS FOR TODAY
                         NORMAL    RECORD    YEAR
 MAXIMUM TEMPERATURE (F)   92       106      1995
 MINIMUM TEMPERATURE (F)   66        61      1999
                                             1976


SUNRISE AND SUNSET
JULY 28 2015..........SUNRISE   532 AM MST   SUNSET   717 PM MST
JULY 29 2015..........SUNRISE   533 AM MST   SUNSET   717 PM MST


-  INDICATES NEGATIVE NUMBERS.
R  INDICATES RECORD WAS SET OR TIED.
MM INDICATES DATA IS MISSING.
T  INDICATES TRACE AMOUNT.




$$
