000
CDUS45 KTWC 260735 RRA
CLIDUG

CLIMATE REPORT
NATIONAL WEATHER SERVICE TUCSON AZ
1233 AM MST TUE MAY 26 2015

...................................

...THE DOUGLAS AZ CLIMATE SUMMARY FOR MAY 25 2015...

CLIMATE NORMAL PERIOD 1981 TO 2010
CLIMATE RECORD PERIOD 1948 TO 2015


WEATHER ITEM   OBSERVED TIME   RECORD YEAR NORMAL DEPARTURE LAST
                VALUE   (LST)  VALUE       VALUE  FROM      YEAR
                                                  NORMAL
..................................................................
TEMPERATURE (F)
 YESTERDAY
  MAXIMUM         83    325 PM  98    2001  91     -8       81
  MINIMUM         43    525 AM  41    2010  54    -11       46
                                      1980
                                      1960
  AVERAGE         63                        72     -9       64

PRECIPITATION (IN)
  YESTERDAY        0.00          0.04 1967   0.01  -0.01      T
  MONTH TO DATE    T                         0.22  -0.22      T
  SINCE OCT 1      4.80                      4.89  -0.09     1.39
  SINCE JAN 1      2.83                      2.34   0.49     0.57

DEGREE DAYS
 HEATING
  YESTERDAY        2                         0      2        1
  MONTH TO DATE   53                        20     33       25
  SINCE MAR 1    434                       485    -51      397
  SINCE JUL 1   2272                      2521   -249     2361

 COOLING
  YESTERDAY        0                         8     -8        0
  MONTH TO DATE   23                       122    -99       81
  SINCE MAR 1     27                       152   -125       99
  SINCE JAN 1     27                       152   -125       99
..................................................................


WIND (MPH)
  HIGHEST WIND SPEED    21   HIGHEST WIND DIRECTION     W (250)
  HIGHEST GUST SPEED    26   HIGHEST GUST DIRECTION     S (180)
  AVERAGE WIND SPEED     6.7


SKY COVER
  POSSIBLE SUNSHINE  MM
  AVERAGE SKY COVER  MM


WEATHER CONDITIONS
 THE FOLLOWING WEATHER WAS RECORDED YESTERDAY.
  NO SIGNIFICANT WEATHER WAS OBSERVED.


RELATIVE HUMIDITY (PERCENT)
 HIGHEST    53
 LOWEST     10
 AVERAGE    32

..........................................................


THE DOUGLAS AZ CLIMATE NORMALS FOR TODAY
                         NORMAL    RECORD    YEAR
 MAXIMUM TEMPERATURE (F)   91       101      1951
 MINIMUM TEMPERATURE (F)   54        41      1959


SUNRISE AND SUNSET
MAY 26 2015...........SUNRISE   516 AM MST   SUNSET   715 PM MST
MAY 27 2015...........SUNRISE   516 AM MST   SUNSET   715 PM MST


-  INDICATES NEGATIVE NUMBERS.
R  INDICATES RECORD WAS SET OR TIED.
MM INDICATES DATA IS MISSING.
T  INDICATES TRACE AMOUNT.

$$
