000
CDUS45 KTWC 110730 RRA
CLIDUG

CLIMATE REPORT
NATIONAL WEATHER SERVICE TUCSON AZ
1230 AM MST THU FEB 11 2016


...................................

...THE DOUGLAS AZ CLIMATE SUMMARY FOR FEBRUARY 10 2016...

CLIMATE NORMAL PERIOD 1981 TO 2010
CLIMATE RECORD PERIOD 1948 TO 2016


WEATHER ITEM   OBSERVED TIME   RECORD YEAR NORMAL DEPARTURE LAST
                VALUE   (LST)  VALUE       VALUE  FROM      YEAR
                                                  NORMAL
..................................................................
TEMPERATURE (F)
 YESTERDAY
  MAXIMUM         75    449 PM  82    1957  66      9       79
  MINIMUM         27    715 AM  17    2013  32     -5       36
  AVERAGE         51                        49      2       58

PRECIPITATION (IN)
  YESTERDAY        0.00          0.30 1995   0.02  -0.02     0.00
  MONTH TO DATE    0.08                      0.25  -0.17     0.00
  SINCE OCT 1      2.45                      3.54  -1.09     3.11
  SINCE JAN 1      1.24                      0.99   0.25     1.14

DEGREE DAYS
 HEATING
  YESTERDAY       14                        16     -2        7
  MONTH TO DATE  227                       168     59      107
  SINCE DEC 1   1552                      1338    214     1260
  SINCE JUL 1   2005                      1773    232     1654

 COOLING
  YESTERDAY        0                         0      0        0
  MONTH TO DATE    0                         0      0        0
  SINCE DEC 1      0                         0      0        0
  SINCE JAN 1      0                         0      0        0
..................................................................


WIND (MPH)
  HIGHEST WIND SPEED    13   HIGHEST WIND DIRECTION    NW (320)
  HIGHEST GUST SPEED    13   HIGHEST GUST DIRECTION     N (20)
  AVERAGE WIND SPEED     5.5


SKY COVER
  POSSIBLE SUNSHINE  MM
  AVERAGE SKY COVER 0.0


WEATHER CONDITIONS
 THE FOLLOWING WEATHER WAS RECORDED YESTERDAY.
  NO SIGNIFICANT WEATHER WAS OBSERVED.


RELATIVE HUMIDITY (PERCENT)
 HIGHEST    63
 LOWEST      8
 AVERAGE    36

..........................................................


THE DOUGLAS AZ CLIMATE NORMALS FOR TODAY
                         NORMAL    RECORD    YEAR
 MAXIMUM TEMPERATURE (F)   66        81      1990
 MINIMUM TEMPERATURE (F)   32        17      2013


SUNRISE AND SUNSET
FEBRUARY 11 2016......SUNRISE   704 AM MST   SUNSET   602 PM MST
FEBRUARY 12 2016......SUNRISE   703 AM MST   SUNSET   603 PM MST


-  INDICATES NEGATIVE NUMBERS.
R  INDICATES RECORD WAS SET OR TIED.
MM INDICATES DATA IS MISSING.
T  INDICATES TRACE AMOUNT.




$$
