000
CDUS43 KDVN 221010
CLIDVN


CLIMATE REPORT
NATIONAL WEATHER SERVICE QUAD CITIES IA IL
409 AM CST SAT NOV 22 2014


...................................

...THE DAVENPORT IA CLIMATE SUMMARY FOR NOVEMBER 21 2014...

CLIMATE NORMAL PERIOD 1981 TO 2010
CLIMATE RECORD PERIOD 9999 TO 9999


WEATHER ITEM   OBSERVED TIME   RECORD YEAR NORMAL DEPARTURE LAST
                VALUE   (LST)  VALUE       VALUE  FROM      YEAR
                                                  NORMAL
..................................................................
TEMPERATURE (F)
 YESTERDAY
  MAXIMUM         36    921 PM  MM      MM  45     -9       43
  MINIMUM          4    148 AM  MM      MM  27    -23       37
  AVERAGE         20                        36    -16       40

PRECIPITATION (IN)
  YESTERDAY        0.02         MM      MM   0.06  -0.04     0.02
  MONTH TO DATE    0.43                      1.81  -1.38     1.68
  SINCE SEP 1      7.37                      7.84  -0.47     5.36
  SINCE JAN 1     32.06                     33.66  -1.60    33.75

SNOWFALL (IN)
  YESTERDAY        0.0          MM      MM  MM     MM        0.0
  MONTH TO DATE    1.6                      MM     MM        0.7
  SINCE SEP 1      1.6                      MM     MM        3.2
  SINCE JUL 1      1.6                      MM     MM        3.2
  SNOW DEPTH       0

DEGREE DAYS
 HEATING
  YESTERDAY       45                        29     16       25
  MONTH TO DATE  710                       501    209      511
  SINCE SEP 1   1278                      1047    231     1028
  SINCE JUL 1   1299                      1061    238     1047

 COOLING
  YESTERDAY        0                         0      0        0
  MONTH TO DATE    0                         0      0        0
  SINCE SEP 1     69                        82    -13      165
  SINCE JAN 1    728                       786    -58      938
..................................................................


WIND (MPH)
  HIGHEST WIND SPEED    20   HIGHEST WIND DIRECTION     S (160)
  HIGHEST GUST SPEED    25   HIGHEST GUST DIRECTION     S (160)
  AVERAGE WIND SPEED    11.3


SKY COVER
  POSSIBLE SUNSHINE  MM
  AVERAGE SKY COVER 0.3


WEATHER CONDITIONS
 THE FOLLOWING WEATHER WAS RECORDED YESTERDAY.
  LIGHT RAIN


RELATIVE HUMIDITY (PERCENT)
 HIGHEST    86           100 AM
 LOWEST     26           200 PM
 AVERAGE    56

..........................................................


THE DAVENPORT IA CLIMATE NORMALS FOR TODAY
                         NORMAL    RECORD    YEAR
 MAXIMUM TEMPERATURE (F)   44        MM        MM
 MINIMUM TEMPERATURE (F)   27        MM        MM


SUNRISE AND SUNSET
NOVEMBER 22 2014......SUNRISE   700 AM CST   SUNSET   437 PM CST
NOVEMBER 23 2014......SUNRISE   701 AM CST   SUNSET   436 PM CST


-  INDICATES NEGATIVE NUMBERS.
R  INDICATES RECORD WAS SET OR TIED.
MM INDICATES DATA IS MISSING.
T  INDICATES TRACE AMOUNT.




$$
