000
CDUS43 KDVN 292120
CLIDVN


CLIMATE REPORT
NATIONAL WEATHER SERVICE QUAD CITIES IA IL
419 PM CDT SAT APR 29 2017


...................................

...THE DAVENPORT IA CLIMATE SUMMARY FOR APRIL 29 2017...
VALID TODAY AS OF 0400 PM LOCAL TIME.

CLIMATE NORMAL PERIOD 1981 TO 2010
CLIMATE RECORD PERIOD 9999 TO 9999


WEATHER ITEM   OBSERVED TIME   RECORD YEAR NORMAL DEPARTURE LAST
                VALUE   (LST)  VALUE       VALUE  FROM      YEAR
                                                  NORMAL
..................................................................
TEMPERATURE (F)
 TODAY
  MAXIMUM         47    741 AM  MM      MM  66    -19       53
  MINIMUM         41    259 PM  MM      MM  44     -3       43
  AVERAGE         44                        55    -11       48

PRECIPITATION (IN)
  TODAY            0.74         MM      MM   0.18   0.56     0.01
  MONTH TO DATE    4.45                      3.33   1.12     1.66
  SINCE MAR 1      7.16                      5.85   1.31     4.78
  SINCE JAN 1      9.11                      8.38   0.73     5.56

SNOWFALL (IN)
  TODAY            0.0          MM      MM  MM     MM        0.0
  MONTH TO DATE    T                        MM     MM         T
  SINCE MAR 1      6.1                      MM     MM        1.2
  SINCE JUL 1     25.2                      MM     MM       16.6
  SNOW DEPTH       0

DEGREE DAYS
 HEATING
  TODAY           21                        10     11       17
  MONTH TO DATE  340                       436    -96      438
  SINCE MAR 1   1143                      1269   -126     1087
  SINCE JUL 1   5199                      6294  -1095     5311

 COOLING
  TODAY            0                         0      0        0
  MONTH TO DATE   13                         0     13       10
  SINCE MAR 1     13                         0     13       11
  SINCE JAN 1     13                         0     13       11
..................................................................


WIND (MPH)
  HIGHEST WIND SPEED    28   HIGHEST WIND DIRECTION    NE (50)
  HIGHEST GUST SPEED    34   HIGHEST GUST DIRECTION    NE (50)
  AVERAGE WIND SPEED    18.7


SKY COVER
  POSSIBLE SUNSHINE  MM
  AVERAGE SKY COVER 0.9


WEATHER CONDITIONS
 THE FOLLOWING WEATHER WAS RECORDED TODAY.
  THUNDERSTORM
  HEAVY RAIN
  RAIN
  LIGHT RAIN
  FOG


RELATIVE HUMIDITY (PERCENT)
 HIGHEST    92          1200 AM
 LOWEST     65           800 AM
 AVERAGE    79

..........................................................


THE DAVENPORT IA CLIMATE NORMALS FOR TOMORROW
                         NORMAL    RECORD    YEAR
 MAXIMUM TEMPERATURE (F)   67        MM        MM
 MINIMUM TEMPERATURE (F)   44        MM        MM


SUNRISE AND SUNSET
APRIL 29 2017.........SUNRISE   601 AM CDT   SUNSET   759 PM CDT
APRIL 30 2017.........SUNRISE   600 AM CDT   SUNSET   800 PM CDT


-  INDICATES NEGATIVE NUMBERS.
R  INDICATES RECORD WAS SET OR TIED.
MM INDICATES DATA IS MISSING.
T  INDICATES TRACE AMOUNT.




$$
