000
CDUS43 KDVN 131309
CLIDVN


CLIMATE REPORT
NATIONAL WEATHER SERVICE QUAD CITIES IA IL
708 AM CST SAT FEB 13 2016


...................................

...THE DAVENPORT IA CLIMATE SUMMARY FOR FEBRUARY 12 2016...

CLIMATE NORMAL PERIOD 1981 TO 2010
CLIMATE RECORD PERIOD 9999 TO 9999


WEATHER ITEM   OBSERVED TIME   RECORD YEAR NORMAL DEPARTURE LAST
                VALUE   (LST)  VALUE       VALUE  FROM      YEAR
                                                  NORMAL
..................................................................
TEMPERATURE (F)
 YESTERDAY
  MAXIMUM         23    201 PM  MM      MM  33    -10       12
  MINIMUM          7   1159 PM  MM      MM  17    -10        4
  AVERAGE         15                        25    -10        8

PRECIPITATION (IN)
  YESTERDAY        T            MM      MM   0.05  -0.05      T
  MONTH TO DATE    0.31                      0.54  -0.23     1.39
  SINCE DEC 1      5.15                      3.46   1.69     3.17
  SINCE JAN 1      0.71                      1.73  -1.02     2.38

SNOWFALL (IN)
  YESTERDAY        T            MM      MM  MM     MM         T
  MONTH TO DATE    0.7                      MM     MM       12.5
  SINCE DEC 1      6.6                      MM     MM       24.4
  SINCE JUL 1     13.5                      MM     MM       28.4
  SNOW DEPTH       T

DEGREE DAYS
 HEATING
  YESTERDAY       50                        40     10       57
  MONTH TO DATE  485                       497    -12      576
  SINCE DEC 1   2642                      3085   -443     2991
  SINCE JUL 1   3705                      4433   -728     4596

 COOLING
  YESTERDAY        0                         0      0        0
  MONTH TO DATE    0                         0      0        0
  SINCE DEC 1      0                         0      0        0
  SINCE JAN 1      0                         0      0        0
..................................................................


WIND (MPH)
  HIGHEST WIND SPEED    35   HIGHEST WIND DIRECTION    NW (320)
  HIGHEST GUST SPEED    41   HIGHEST GUST DIRECTION    NW (320)
  AVERAGE WIND SPEED    17.4


SKY COVER
  POSSIBLE SUNSHINE  MM
  AVERAGE SKY COVER 0.5


WEATHER CONDITIONS
 THE FOLLOWING WEATHER WAS RECORDED YESTERDAY.
  LIGHT SNOW


RELATIVE HUMIDITY (PERCENT)
 HIGHEST    84           300 AM
 LOWEST     41           300 PM
 AVERAGE    63

..........................................................


THE DAVENPORT IA CLIMATE NORMALS FOR TODAY
                         NORMAL    RECORD    YEAR
 MAXIMUM TEMPERATURE (F)   33        MM        MM
 MINIMUM TEMPERATURE (F)   17        MM        MM


SUNRISE AND SUNSET
FEBRUARY 13 2016......SUNRISE   701 AM CST   SUNSET   533 PM CST
FEBRUARY 14 2016......SUNRISE   700 AM CST   SUNSET   534 PM CST


-  INDICATES NEGATIVE NUMBERS.
R  INDICATES RECORD WAS SET OR TIED.
MM INDICATES DATA IS MISSING.
T  INDICATES TRACE AMOUNT.




$$
