000
CDUS43 KDVN 242229
CLIDVN


CLIMATE REPORT
NATIONAL WEATHER SERVICE QUAD CITIES IA IL
429 PM CST WED DEC 24 2014


...................................

...THE DAVENPORT IA CLIMATE SUMMARY FOR DECEMBER 24 2014...
VALID TODAY AS OF 0400 PM LOCAL TIME.

CLIMATE NORMAL PERIOD 1981 TO 2010
CLIMATE RECORD PERIOD 9999 TO 9999


WEATHER ITEM   OBSERVED TIME   RECORD YEAR NORMAL DEPARTURE LAST
                VALUE   (LST)  VALUE       VALUE  FROM      YEAR
                                                  NORMAL
..................................................................
TEMPERATURE (F)
 TODAY
  MAXIMUM         37   1249 AM  MM      MM  31      6       18
  MINIMUM         34    818 AM  MM      MM  15     19      -16
  AVERAGE         36                        23     13        1

PRECIPITATION (IN)
  TODAY            T            MM      MM   0.04  -0.04      T
  MONTH TO DATE    0.75                      1.51  -0.76     1.02
  SINCE DEC 1      0.75                      1.51  -0.76     1.02
  SINCE JAN 1     34.18                     35.81  -1.63    34.79

SNOWFALL (IN)
  TODAY            0.0          MM      MM  MM     MM         T
  MONTH TO DATE    T                        MM     MM       11.7
  SINCE DEC 1      T                        MM     MM       11.7
  SINCE JUL 1      4.0                      MM     MM       15.0
  SNOW DEPTH       0

DEGREE DAYS
 HEATING
  TODAY           29                        42    -13       64
  MONTH TO DATE  804                       932   -128     1091
  SINCE DEC 1    804                       932   -128     1091
  SINCE JUL 1   2409                      2280    129     2504

 COOLING
  TODAY            0                         0      0        0
  MONTH TO DATE    0                         0      0        0
  SINCE DEC 1      0                         0      0        0
  SINCE JAN 1    728                       786    -58      938
..................................................................


WIND (MPH)
  HIGHEST WIND SPEED    16   HIGHEST WIND DIRECTION    NW (300)
  HIGHEST GUST SPEED    22   HIGHEST GUST DIRECTION    NW (310)
  AVERAGE WIND SPEED     9.0


SKY COVER
  POSSIBLE SUNSHINE  MM
  AVERAGE SKY COVER 1.0


WEATHER CONDITIONS
 THE FOLLOWING WEATHER WAS RECORDED TODAY.
  LIGHT RAIN
  FOG


RELATIVE HUMIDITY (PERCENT)
 HIGHEST   100           800 AM
 LOWEST     82           100 PM
 AVERAGE    91

..........................................................


THE DAVENPORT IA CLIMATE NORMALS FOR TOMORROW
                         NORMAL    RECORD    YEAR
 MAXIMUM TEMPERATURE (F)   31        MM        MM
 MINIMUM TEMPERATURE (F)   15        MM        MM


SUNRISE AND SUNSET
DECEMBER 24 2014......SUNRISE   727 AM CST   SUNSET   437 PM CST
DECEMBER 25 2014......SUNRISE   727 AM CST   SUNSET   438 PM CST


-  INDICATES NEGATIVE NUMBERS.
R  INDICATES RECORD WAS SET OR TIED.
MM INDICATES DATA IS MISSING.
T  INDICATES TRACE AMOUNT.




$$
