000
CDUS46 KOTX 240818
CLIEAT


CLIMATE REPORT
NATIONAL WEATHER SERVICE SPOKANE, WA
116 AM PDT SUN MAY 24 2015


...................................

...THE WENATCHEE WA PANGBORN FIELD CLIMATE SUMMARY FOR MAY 23 2015...

CLIMATE NORMAL PERIOD 1981 TO 2010
CLIMATE RECORD PERIOD 1959 TO 2015


WEATHER ITEM   OBSERVED TIME   RECORD YEAR NORMAL DEPARTURE LAST
                VALUE   (LST)  VALUE       VALUE  FROM      YEAR
                                                  NORMAL
..................................................................
TEMPERATURE (F)
 YESTERDAY
  MAXIMUM         85        MM  93    2001  73     12       79
  MINIMUM         64        MM  38    1975  51     13       60
  AVERAGE         75                        62     13       70

PRECIPITATION (IN)
  YESTERDAY        T             0.47 1962   0.03  -0.03     0.00
  MONTH TO DATE    1.17                      0.46   0.71     0.18
  SINCE OCT 1      6.83                      6.38   0.45     2.87
  SINCE JAN 1      3.65                      3.43   0.22     2.31

SNOWFALL (IN)
  YESTERDAY       MM

DEGREE DAYS
 HEATING
  YESTERDAY        0                         5     -5        0
  MONTH TO DATE   74                       168    -94       65
  SINCE MAR 1    869                      1220   -351     1039
  SINCE JUL 1   4498                      5684  -1186     5609

 COOLING
  YESTERDAY       10                         2      8        5
  MONTH TO DATE   42                        20     22       52
  SINCE MAR 1     42                        58    -16       52
  SINCE JAN 1     42                        58    -16       52
..................................................................


WIND (MPH)
  HIGHEST WIND SPEED    21   HIGHEST WIND DIRECTION    NW (310)
  HIGHEST GUST SPEED    28   HIGHEST GUST DIRECTION    NW (310)
  AVERAGE WIND SPEED    12.0


SKY COVER
  POSSIBLE SUNSHINE  MM
  AVERAGE SKY COVER 0.2


WEATHER CONDITIONS
 THE FOLLOWING WEATHER WAS RECORDED YESTERDAY.
  LIGHT RAIN


RELATIVE HUMIDITY (PERCENT)
 HIGHEST    56           200 AM
 LOWEST     24           200 PM
 AVERAGE    40

..........................................................


THE WENATCHEE WA PANGBORN FIELD CLIMATE NORMALS FOR TODAY
                         NORMAL    RECORD    YEAR
 MAXIMUM TEMPERATURE (F)   73        90      2001
                                             1992
 MINIMUM TEMPERATURE (F)   51        35      1975


SUNRISE AND SUNSET
MAY 24 2015...........SUNRISE   514 AM PDT   SUNSET   841 PM PDT
MAY 25 2015...........SUNRISE   514 AM PDT   SUNSET   843 PM PDT


-  INDICATES NEGATIVE NUMBERS.
R  INDICATES RECORD WAS SET OR TIED.
MM INDICATES DATA IS MISSING.
T  INDICATES TRACE AMOUNT.




$$
