825
CDUS46 KOTX 200831
CLIEAT


CLIMATE REPORT
NATIONAL WEATHER SERVICE SPOKANE, WA
1231 AM PST FRI JAN 20 2017


...................................

...THE WENATCHEE WA PANGBORN FIELD CLIMATE SUMMARY FOR JANUARY 19 2017...

CLIMATE NORMAL PERIOD 1981 TO 2010
CLIMATE RECORD PERIOD 1959 TO 2017


WEATHER ITEM   OBSERVED TIME   RECORD YEAR NORMAL DEPARTURE LAST
                VALUE   (LST)  VALUE       VALUE  FROM      YEAR
                                                  NORMAL
..................................................................
TEMPERATURE (F)
 YESTERDAY
  MAXIMUM         32    209 PM  49    1994  35     -3       34
  MINIMUM         21    802 AM  -1    1962  25     -4       32
  AVERAGE         27                        30     -3       33

PRECIPITATION (IN)
  YESTERDAY        0.00          0.43 2016   0.04  -0.04     0.43
  MONTH TO DATE    0.48                      0.69  -0.21     1.50
  SINCE OCT 1      3.30                      3.64  -0.34     5.36
  SINCE JAN 1      0.48                      0.69  -0.21     1.50

SNOWFALL (IN)
  YESTERDAY       MM

DEGREE DAYS
 HEATING
  YESTERDAY       38                        35      3       32
  MONTH TO DATE  956                       694    262      626
  SINCE DEC 1   2238                      1842    396     1684
  SINCE JUL 1   3315                      3214    101     2749

 COOLING
  YESTERDAY        0                         0      0        0
  MONTH TO DATE    0                         0      0        0
  SINCE DEC 1      0                         0      0        0
  SINCE JAN 1      0                         0      0        0
..................................................................


WIND (MPH)
  HIGHEST WIND SPEED    13   HIGHEST WIND DIRECTION    NW (300)
  HIGHEST GUST SPEED    14   HIGHEST GUST DIRECTION     W (290)
  AVERAGE WIND SPEED     2.6


SKY COVER
  POSSIBLE SUNSHINE  MM
  AVERAGE SKY COVER 0.6


WEATHER CONDITIONS
 THE FOLLOWING WEATHER WAS RECORDED YESTERDAY.
  FOG


RELATIVE HUMIDITY (PERCENT)
 HIGHEST   100           700 AM
 LOWEST     85           400 AM
 AVERAGE    93

..........................................................


THE WENATCHEE WA PANGBORN FIELD CLIMATE NORMALS FOR TODAY
                         NORMAL    RECORD    YEAR
 MAXIMUM TEMPERATURE (F)   35        52      1967
 MINIMUM TEMPERATURE (F)   25        -2      1962


SUNRISE AND SUNSET
JANUARY 20 2017.......SUNRISE   739 AM PST   SUNSET   445 PM PST
JANUARY 21 2017.......SUNRISE   738 AM PST   SUNSET   446 PM PST


-  INDICATES NEGATIVE NUMBERS.
R  INDICATES RECORD WAS SET OR TIED.
MM INDICATES DATA IS MISSING.
T  INDICATES TRACE AMOUNT.




$$
