000
CDUS46 KOTX 250035
CLIEAT


CLIMATE REPORT
NATIONAL WEATHER SERVICE SPOKANE, WA
435 PM PST SAT FEB 24 2018


...................................

...THE WENATCHEE WA PANGBORN FIELD CLIMATE SUMMARY FOR FEBRUARY 24 2018...
VALID AS OF 0400 PM LOCAL TIME.

CLIMATE NORMAL PERIOD 1981 TO 2010
CLIMATE RECORD PERIOD 1959 TO 2018


WEATHER ITEM   OBSERVED TIME   RECORD YEAR NORMAL DEPARTURE LAST
                VALUE   (LST)  VALUE       VALUE  FROM      YEAR
                                                  NORMAL
..................................................................
TEMPERATURE (F)
 TODAY
  MAXIMUM         43    351 PM  59    1991  45     -2       35
  MINIMUM         19    354 AM  13    1993  29    -10       19
  AVERAGE         31                        37     -6       27

PRECIPITATION (IN)
  TODAY            T             0.36 2007   0.03  -0.03     0.00
  MONTH TO DATE    0.23                      0.70  -0.47     1.64
  SINCE OCT 1      4.39                      4.71  -0.32     5.57
  SINCE JAN 1      1.31                      1.76  -0.45     2.75

SNOWFALL (IN)
  TODAY           MM

DEGREE DAYS
 HEATING
  TODAY           34                        28      6       38
  MONTH TO DATE  718                       737    -19      911
  SINCE DEC 1   2882                      2985   -103     3565
  SINCE JUL 1   4305                      4357    -52     4642

 COOLING
  TODAY            0                         0      0        0
  MONTH TO DATE    0                         0      0        0
  SINCE DEC 1      0                         0      0        0
  SINCE JAN 1      0                         0      0        0
..................................................................


WIND (MPH)
  HIGHEST WIND SPEED    22   HIGHEST WIND DIRECTION    NW (310)
  HIGHEST GUST SPEED    27   HIGHEST GUST DIRECTION     W (280)
  AVERAGE WIND SPEED     4.4


SKY COVER
  POSSIBLE SUNSHINE  MM
  AVERAGE SKY COVER 0.4


WEATHER CONDITIONS
 THE FOLLOWING WEATHER WAS RECORDED TODAY.
  LIGHT SNOW
  FOG


RELATIVE HUMIDITY (PERCENT)
 HIGHEST    96           800 AM
 LOWEST     43           300 PM
 AVERAGE    70

..........................................................


THE WENATCHEE WA PANGBORN FIELD CLIMATE NORMALS FOR TOMORROW
                         NORMAL    RECORD    YEAR
 MAXIMUM TEMPERATURE (F)   45        62      1995
 MINIMUM TEMPERATURE (F)   30         6      1993


SUNRISE AND SUNSET
FEBRUARY 24 2018......SUNRISE   650 AM PST   SUNSET   539 PM PST
FEBRUARY 25 2018......SUNRISE   648 AM PST   SUNSET   540 PM PST


-  INDICATES NEGATIVE NUMBERS.
R  INDICATES RECORD WAS SET OR TIED.
MM INDICATES DATA IS MISSING.
T  INDICATES TRACE AMOUNT.




$$
