000
CDUS46 KOTX 262328
CLIEAT


CLIMATE REPORT
NATIONAL WEATHER SERVICE SPOKANE, WA
428 PM PDT MON JUN 26 2017


...................................

...THE WENATCHEE WA PANGBORN FIELD CLIMATE SUMMARY FOR JUNE 26 2017...
VALID AS OF 0400 PM LOCAL TIME.

CLIMATE NORMAL PERIOD 1981 TO 2010
CLIMATE RECORD PERIOD 1959 TO 2017


WEATHER ITEM   OBSERVED TIME   RECORD YEAR NORMAL DEPARTURE LAST
                VALUE   (LST)  VALUE       VALUE  FROM      YEAR
                                                  NORMAL
..................................................................
TEMPERATURE (F)
 TODAY
  MAXIMUM         91    259 PM 102    2015  81     10       86
  MINIMUM         68    433 AM  43    1976  57     11       56
  AVERAGE         80                        69     11       71

PRECIPITATION (IN)
  TODAY            T             0.46 1994   0.02  -0.02     0.00
  MONTH TO DATE    0.20                      0.55  -0.35     0.66
  SINCE OCT 1      9.82                      7.15   2.67    10.90
  SINCE JAN 1      7.00                      4.20   2.80     7.04

DEGREE DAYS
 HEATING
  TODAY            0                         1     -1        0
  MONTH TO DATE   40                        54    -14       56
  SINCE JUN 1     40                        54    -14       56
  SINCE JUL 1   6241                      5768    473     4767

 COOLING
  TODAY           15                         5     10        6
  MONTH TO DATE   87                        87      0      117
  SINCE JUN 1     87                        87      0      117
  SINCE JAN 1    143                       234    -91      159
..................................................................


WIND (MPH)
  HIGHEST WIND SPEED    21   HIGHEST WIND DIRECTION    NW (310)
  HIGHEST GUST SPEED    26   HIGHEST GUST DIRECTION     W (280)
  AVERAGE WIND SPEED     8.1


SKY COVER
  POSSIBLE SUNSHINE  MM
  AVERAGE SKY COVER 0.0


WEATHER CONDITIONS
 THE FOLLOWING WEATHER WAS RECORDED TODAY.
  THUNDERSTORM
  LIGHT RAIN


RELATIVE HUMIDITY (PERCENT)
 HIGHEST    47           200 AM
 LOWEST     23           100 PM
 AVERAGE    35

..........................................................


THE WENATCHEE WA PANGBORN FIELD CLIMATE NORMALS FOR TOMORROW
                         NORMAL    RECORD    YEAR
 MAXIMUM TEMPERATURE (F)   81       105      2015
 MINIMUM TEMPERATURE (F)   57        47      2012


SUNRISE AND SUNSET
JUNE 26 2017..........SUNRISE   506 AM PDT   SUNSET   902 PM PDT
JUNE 27 2017..........SUNRISE   506 AM PDT   SUNSET   902 PM PDT


-  INDICATES NEGATIVE NUMBERS.
R  INDICATES RECORD WAS SET OR TIED.
MM INDICATES DATA IS MISSING.
T  INDICATES TRACE AMOUNT.




$$
