000
CDUS46 KOTX 250826
CLIEAT


CLIMATE REPORT
NATIONAL WEATHER SERVICE SPOKANE, WA
1226 AM PST SAT FEB 25 2017


...................................

...THE WENATCHEE WA PANGBORN FIELD CLIMATE SUMMARY FOR FEBRUARY 24 2017...

CLIMATE NORMAL PERIOD 1981 TO 2010
CLIMATE RECORD PERIOD 1959 TO 2017


WEATHER ITEM   OBSERVED TIME   RECORD YEAR NORMAL DEPARTURE LAST
                VALUE   (LST)  VALUE       VALUE  FROM      YEAR
                                                  NORMAL
..................................................................
TEMPERATURE (F)
 YESTERDAY
  MAXIMUM         35    432 PM  59    1991  45    -10       50
  MINIMUM         19    702 AM  13    1993  29    -10       32
  AVERAGE         27                        37    -10       41

PRECIPITATION (IN)
  YESTERDAY        0.00          0.36 2007   0.03  -0.03     0.00
  MONTH TO DATE    1.64                      0.70   0.94     0.43
  SINCE OCT 1      5.57                      4.71   0.86     6.51
  SINCE JAN 1      2.75                      1.76   0.99     2.65

SNOWFALL (IN)
  YESTERDAY       MM

DEGREE DAYS
 HEATING
  YESTERDAY       38                        28     10       24
  MONTH TO DATE  911                       737    174      659
  SINCE DEC 1   3565                      2985    580     2712
  SINCE JUL 1   4642                      4357    285     3777

 COOLING
  YESTERDAY        0                         0      0        0
  MONTH TO DATE    0                         0      0        0
  SINCE DEC 1      0                         0      0        0
  SINCE JAN 1      0                         0      0        0
..................................................................


WIND (MPH)
  HIGHEST WIND SPEED    12   HIGHEST WIND DIRECTION    NW (300)
  HIGHEST GUST SPEED    12   HIGHEST GUST DIRECTION    NW (300)
  AVERAGE WIND SPEED     2.5


SKY COVER
  POSSIBLE SUNSHINE  MM
  AVERAGE SKY COVER 0.0


WEATHER CONDITIONS
 THE FOLLOWING WEATHER WAS RECORDED YESTERDAY.
  NO SIGNIFICANT WEATHER WAS OBSERVED.


RELATIVE HUMIDITY (PERCENT)
 HIGHEST    84           600 AM
 LOWEST     47           200 PM
 AVERAGE    66

..........................................................


THE WENATCHEE WA PANGBORN FIELD CLIMATE NORMALS FOR TODAY
                         NORMAL    RECORD    YEAR
 MAXIMUM TEMPERATURE (F)   45        62      1995
 MINIMUM TEMPERATURE (F)   30         6      1993


SUNRISE AND SUNSET
FEBRUARY 25 2017......SUNRISE   648 AM PST   SUNSET   540 PM PST
FEBRUARY 26 2017......SUNRISE   646 AM PST   SUNSET   542 PM PST


-  INDICATES NEGATIVE NUMBERS.
R  INDICATES RECORD WAS SET OR TIED.
MM INDICATES DATA IS MISSING.
T  INDICATES TRACE AMOUNT.




$$
