000
CDUS46 KOTX 232330
CLIEAT


CLIMATE REPORT
NATIONAL WEATHER SERVICE SPOKANE, WA
429 PM PDT TUE SEP 23 2014


...................................

...THE WENATCHEE WA PANGBORN FIELD CLIMATE SUMMARY FOR SEPTEMBER 23 2014...
VALID AS OF 0400 PM LOCAL TIME.

CLIMATE NORMAL PERIOD 1981 TO 2010
CLIMATE RECORD PERIOD 1959 TO 2014


WEATHER ITEM   OBSERVED TIME   RECORD YEAR NORMAL DEPARTURE LAST
                VALUE   (LST)  VALUE       VALUE  FROM      YEAR
                                                  NORMAL
..................................................................
TEMPERATURE (F)
 TODAY
  MAXIMUM         70   1212 AM  90    1974  74     -4       64
  MINIMUM         62    600 AM  36    1996  50     12       46
  AVERAGE         66                        62      4       55

PRECIPITATION (IN)
  TODAY            0.01          0.30 1977   0.02  -0.01      T
  MONTH TO DATE    0.01                      0.26  -0.25     0.64
  SINCE OCT 1      4.53                      7.93  -3.40    10.32
  SINCE JAN 1      3.97                      4.98  -1.01     6.52

SNOWFALL (IN)
  TODAY           MM             0.0  1999   0.0   MM       MM
  MONTH TO DATE   MM                         0.0   MM       MM
  SINCE SEP 1     MM                         0.0   MM       MM
  SINCE JUL 1     MM                         0.0   MM       MM
  SNOW DEPTH      MM

DEGREE DAYS
 HEATING
  TODAY            0                         5     -5       10
  MONTH TO DATE   16                        57    -41       31
  SINCE SEP 1     16                        57    -41       31
  SINCE JUL 1     16                        71    -55       31

 COOLING
  TODAY            1                         1      0        0
  MONTH TO DATE  107                        75     32      147
  SINCE SEP 1    107                        75     32      147
  SINCE JAN 1   1198                       863    335     1028
..................................................................


WIND (MPH)
  HIGHEST WIND SPEED    12   HIGHEST WIND DIRECTION    SW (240)
  HIGHEST GUST SPEED    14   HIGHEST GUST DIRECTION    NW (310)
  AVERAGE WIND SPEED     4.6


SKY COVER
  POSSIBLE SUNSHINE  MM
  AVERAGE SKY COVER 0.4


WEATHER CONDITIONS
 THE FOLLOWING WEATHER WAS RECORDED TODAY.
  LIGHT RAIN


RELATIVE HUMIDITY (PERCENT)
 HIGHEST    63           200 PM
 LOWEST     44          1200 AM
 AVERAGE    54

..........................................................


THE WENATCHEE WA PANGBORN FIELD CLIMATE NORMALS FOR TOMORROW
                         NORMAL    RECORD    YEAR
 MAXIMUM TEMPERATURE (F)   73        90      2009
 MINIMUM TEMPERATURE (F)   49        38      1984


SUNRISE AND SUNSET
SEPTEMBER 23 2014.....SUNRISE   649 AM PDT   SUNSET   656 PM PDT
SEPTEMBER 24 2014.....SUNRISE   650 AM PDT   SUNSET   654 PM PDT


-  INDICATES NEGATIVE NUMBERS.
R  INDICATES RECORD WAS SET OR TIED.
MM INDICATES DATA IS MISSING.
T  INDICATES TRACE AMOUNT.




$$
