000
CDUS46 KOTX 070830
CLIEAT


CLIMATE REPORT
NATIONAL WEATHER SERVICE SPOKANE, WA
1230 AM PST SUN FEB 7 2016


...................................

...THE WENATCHEE WA PANGBORN FIELD CLIMATE SUMMARY FOR FEBRUARY 6 2016...

CLIMATE NORMAL PERIOD 1981 TO 2010
CLIMATE RECORD PERIOD 1959 TO 2016


WEATHER ITEM   OBSERVED TIME   RECORD YEAR NORMAL DEPARTURE LAST
                VALUE   (LST)  VALUE       VALUE  FROM      YEAR
                                                  NORMAL
..................................................................
TEMPERATURE (F)
 YESTERDAY
  MAXIMUM         46    252 PM  56    1967  39      7       49
  MINIMUM         31   1057 PM   0    2014  27      4       37
  AVERAGE         39                        33      6       43

PRECIPITATION (IN)
  YESTERDAY        0.00          0.41 1996   0.03  -0.03      T
  MONTH TO DATE    0.06                      0.18  -0.12     0.15
  SINCE OCT 1      6.14                      4.19   1.95     3.96
  SINCE JAN 1      2.28                      1.24   1.04     0.78

SNOWFALL (IN)
  YESTERDAY       MM

DEGREE DAYS
 HEATING
  YESTERDAY       26                        32     -6       22
  MONTH TO DATE  208                       195     13      164
  SINCE DEC 1   2261                      2443   -182     2087
  SINCE JUL 1   3326                      3815   -489     3193

 COOLING
  YESTERDAY        0                         0      0        0
  MONTH TO DATE    0                         0      0        0
  SINCE DEC 1      0                         0      0        0
  SINCE JAN 1      0                         0      0        0
..................................................................


WIND (MPH)
  HIGHEST WIND SPEED    15   HIGHEST WIND DIRECTION     W (290)
  HIGHEST GUST SPEED    18   HIGHEST GUST DIRECTION     W (280)
  AVERAGE WIND SPEED     4.6


SKY COVER
  POSSIBLE SUNSHINE  MM
  AVERAGE SKY COVER 0.1


WEATHER CONDITIONS
 THE FOLLOWING WEATHER WAS RECORDED YESTERDAY.
  NO SIGNIFICANT WEATHER WAS OBSERVED.


RELATIVE HUMIDITY (PERCENT)
 HIGHEST    85          1100 PM
 LOWEST     53           200 AM
 AVERAGE    69

..........................................................


THE WENATCHEE WA PANGBORN FIELD CLIMATE NORMALS FOR TODAY
                         NORMAL    RECORD    YEAR
 MAXIMUM TEMPERATURE (F)   39        57      2015
 MINIMUM TEMPERATURE (F)   27         3      1969


SUNRISE AND SUNSET
FEBRUARY  7 2016......SUNRISE   719 AM PST   SUNSET   511 PM PST
FEBRUARY  8 2016......SUNRISE   718 AM PST   SUNSET   513 PM PST


-  INDICATES NEGATIVE NUMBERS.
R  INDICATES RECORD WAS SET OR TIED.
MM INDICATES DATA IS MISSING.
T  INDICATES TRACE AMOUNT.




$$
