000
CDUS46 KOTX 280830
CLIEAT


CLIMATE REPORT
NATIONAL WEATHER SERVICE SPOKANE, WA
129 AM PDT THU JUL 28 2016


...................................

...THE WENATCHEE WA PANGBORN FIELD CLIMATE SUMMARY FOR JULY 27 2016...

CLIMATE NORMAL PERIOD 1981 TO 2010
CLIMATE RECORD PERIOD 1959 TO 2016


WEATHER ITEM   OBSERVED TIME   RECORD YEAR NORMAL DEPARTURE LAST
                VALUE   (LST)  VALUE       VALUE  FROM      YEAR
                                                  NORMAL
..................................................................
TEMPERATURE (F)
 YESTERDAY
  MAXIMUM         96    418 PM 108    1998  89      7       82
  MINIMUM         66    331 AM  54    1976  63      3       57
  AVERAGE         81                        76      5       70

PRECIPITATION (IN)
  YESTERDAY        0.00          T    1983   0.00   0.00     0.00
  MONTH TO DATE    0.26                      0.24   0.02     0.24
  SINCE OCT 1     11.16                      7.44   3.72     7.15
  SINCE JAN 1      7.30                      4.49   2.81     3.97

SNOWFALL (IN)
  YESTERDAY       MM

DEGREE DAYS
 HEATING
  YESTERDAY        0                         0      0        0
  MONTH TO DATE    2                         2      0        0
  SINCE JUN 1     58                        60     -2        0
  SINCE JUL 1      2                         2      0        0

 COOLING
  YESTERDAY       16                        11      5        5
  MONTH TO DATE  177                       246    -69      420
  SINCE JUN 1    357                       538   -181      803
  SINCE JAN 1    399                       685   -286      902
..................................................................


WIND (MPH)
  HIGHEST WIND SPEED    16   HIGHEST WIND DIRECTION    NW (300)
  HIGHEST GUST SPEED    20   HIGHEST GUST DIRECTION    NW (300)
  AVERAGE WIND SPEED     8.7


SKY COVER
  POSSIBLE SUNSHINE  MM
  AVERAGE SKY COVER 0.0


WEATHER CONDITIONS
 THE FOLLOWING WEATHER WAS RECORDED YESTERDAY.
  NO SIGNIFICANT WEATHER WAS OBSERVED.


RELATIVE HUMIDITY (PERCENT)
 HIGHEST    63           500 AM
 LOWEST     23           400 PM
 AVERAGE    43

..........................................................


THE WENATCHEE WA PANGBORN FIELD CLIMATE NORMALS FOR TODAY
                         NORMAL    RECORD    YEAR
 MAXIMUM TEMPERATURE (F)   89       105      1998
 MINIMUM TEMPERATURE (F)   63        52      1995


SUNRISE AND SUNSET
JULY 28 2016..........SUNRISE   535 AM PDT   SUNSET   839 PM PDT
JULY 29 2016..........SUNRISE   536 AM PDT   SUNSET   838 PM PDT


-  INDICATES NEGATIVE NUMBERS.
R  INDICATES RECORD WAS SET OR TIED.
MM INDICATES DATA IS MISSING.
T  INDICATES TRACE AMOUNT.




$$
