000
CDUS46 KOTX 240358
CLIEAT


CLIMATE REPORT
NATIONAL WEATHER SERVICE SPOKANE, WA
857 PM PDT TUE MAY 23 2017


...................................

...THE WENATCHEE WA PANGBORN FIELD CLIMATE SUMMARY FOR MAY 23 2017...
VALID TODAY AS OF 0800 PM LOCAL TIME.

CLIMATE NORMAL PERIOD 1981 TO 2010
CLIMATE RECORD PERIOD 1959 TO 2017


WEATHER ITEM   OBSERVED TIME   RECORD YEAR NORMAL DEPARTURE LAST
                VALUE   (LST)  VALUE       VALUE  FROM      YEAR
                                                  NORMAL
..................................................................
TEMPERATURE (F)
 TODAY
  MAXIMUM         91        MM  93    2001  73     18       71
  MINIMUM         58        MM  38    1975  51      7       50
  AVERAGE         75                        62     13       61

PRECIPITATION (IN)
  TODAY            0.00          0.47 1962   0.03  -0.03     0.00
  MONTH TO DATE    0.59                      0.46   0.13     0.94
  SINCE OCT 1      9.60                      6.38   3.22    10.24
  SINCE JAN 1      6.78                      3.43   3.35     6.38

DEGREE DAYS
 HEATING
  TODAY            0                         5     -5        4
  MONTH TO DATE  184                       168     16       56
  SINCE MAR 1   1396                      1220    176      822
  SINCE JUL 1   6187                      5684    503     4695

 COOLING
  TODAY           10                         2      8        0
  MONTH TO DATE   21                        20      1       25
  SINCE MAR 1     21                        58    -37       37
  SINCE JAN 1     21                        58    -37       37
..................................................................


WIND (MPH)
  HIGHEST WIND SPEED    23   HIGHEST WIND DIRECTION     W (250)
  HIGHEST GUST SPEED    36   HIGHEST GUST DIRECTION     W (250)
  AVERAGE WIND SPEED    10.6


SKY COVER
  POSSIBLE SUNSHINE  MM
  AVERAGE SKY COVER 0.0


WEATHER CONDITIONS
 THE FOLLOWING WEATHER WAS RECORDED TODAY.
  NO SIGNIFICANT WEATHER WAS OBSERVED.


RELATIVE HUMIDITY (PERCENT)
 HIGHEST    57           500 AM
 LOWEST     11           400 PM
 AVERAGE    34

..........................................................


THE WENATCHEE WA PANGBORN FIELD CLIMATE NORMALS FOR TOMORROW
                         NORMAL    RECORD    YEAR
 MAXIMUM TEMPERATURE (F)   73        90      2001
                                             1992
 MINIMUM TEMPERATURE (F)   51        35      1975


SUNRISE AND SUNSET
MAY 23 2017...........SUNRISE   515 AM PDT   SUNSET   841 PM PDT
MAY 24 2017...........SUNRISE   514 AM PDT   SUNSET   842 PM PDT


-  INDICATES NEGATIVE NUMBERS.
R  INDICATES RECORD WAS SET OR TIED.
MM INDICATES DATA IS MISSING.
T  INDICATES TRACE AMOUNT.




$$
