000
CDUS46 KOTX 130450
CLIEAT


CLIMATE REPORT
NATIONAL WEATHER SERVICE SPOKANE, WA
850 PM PST TUE DEC 12 2017


...................................

...THE WENATCHEE WA PANGBORN FIELD CLIMATE SUMMARY FOR DECEMBER 12 2017...
VALID TODAY AS OF 0800 PM LOCAL TIME.

CLIMATE NORMAL PERIOD 1981 TO 2010
CLIMATE RECORD PERIOD 1959 TO 2017


WEATHER ITEM   OBSERVED TIME   RECORD YEAR NORMAL DEPARTURE LAST
                VALUE   (LST)  VALUE       VALUE  FROM      YEAR
                                                  NORMAL
..................................................................
TEMPERATURE (F)
 TODAY
  MAXIMUM         29    759 PM  50    1995  32     -3       29
  MINIMUM         27    955 AM   6    1972  24      3       16
  AVERAGE         28                        28      0       23

PRECIPITATION (IN)
  TODAY            0.00          0.67 1971   0.04  -0.04      T
  MONTH TO DATE    0.05                      0.55  -0.50     0.18
  SINCE OCT 1      2.26                      2.10   0.16     2.59
  SINCE JAN 1      9.34                      7.16   2.18     9.94

DEGREE DAYS
 HEATING
  TODAY           37                        37      0       42
  MONTH TO DATE  410                       425    -15      453
  SINCE DEC 1    410                       425    -15      453
  SINCE JUL 1   1833                      1797     36     1530

 COOLING
  TODAY            0                         0      0        0
  MONTH TO DATE    0                         0      0        0
  SINCE DEC 1      0                         0      0        0
  SINCE JAN 1   1058                       790    268      801
..................................................................


WIND (MPH)
  HIGHEST WIND SPEED     8   HIGHEST WIND DIRECTION     N (20)
  HIGHEST GUST SPEED     9   HIGHEST GUST DIRECTION     N (20)
  AVERAGE WIND SPEED     2.3


SKY COVER
  POSSIBLE SUNSHINE  MM
  AVERAGE SKY COVER 1.0


WEATHER CONDITIONS
 THE FOLLOWING WEATHER WAS RECORDED TODAY.
  NO SIGNIFICANT WEATHER WAS OBSERVED.


RELATIVE HUMIDITY (PERCENT)
 HIGHEST    85           400 PM
 LOWEST     75           100 AM
 AVERAGE    80

..........................................................


THE WENATCHEE WA PANGBORN FIELD CLIMATE NORMALS FOR TOMORROW
                         NORMAL    RECORD    YEAR
 MAXIMUM TEMPERATURE (F)   32        53      1979
 MINIMUM TEMPERATURE (F)   24         4      1972


SUNRISE AND SUNSET
DECEMBER 12 2017......SUNRISE   739 AM PST   SUNSET   410 PM PST
DECEMBER 13 2017......SUNRISE   740 AM PST   SUNSET   410 PM PST


-  INDICATES NEGATIVE NUMBERS.
R  INDICATES RECORD WAS SET OR TIED.
MM INDICATES DATA IS MISSING.
T  INDICATES TRACE AMOUNT.




$$
