000
CDUS43 KMPX 240728
CLIEAU


CLIMATE REPORT
NATIONAL WEATHER SERVICE CHANHASSEN MN
227 AM CDT TUE OCT 24 2017


...................................

...THE EAU CLAIRE WI CLIMATE SUMMARY FOR OCTOBER 23 2017...

CLIMATE NORMAL PERIOD 1981 TO 2010
CLIMATE RECORD PERIOD 1893 TO 2017


WEATHER ITEM   OBSERVED TIME   RECORD YEAR NORMAL DEPARTURE LAST
                VALUE   (LST)  VALUE       VALUE  FROM      YEAR
                                                  NORMAL
..................................................................
TEMPERATURE (F)
 YESTERDAY
  MAXIMUM         59    345 PM  84    1899  55      4       59
  MINIMUM         45   1159 PM  14    1936  35     10       34
  AVERAGE         52                        45      7       47

PRECIPITATION (IN)
  YESTERDAY        T             1.36 1959   0.06  -0.06     0.00
  MONTH TO DATE    3.14                      1.86   1.28     1.77
  SINCE SEP 1      5.41                      5.54  -0.13     9.97
  SINCE JAN 1     33.53                     27.66   5.87    36.80

SNOWFALL (IN)
  YESTERDAY        0.0           2.5  2009   0.1   -0.1      0.0
  MONTH TO DATE    0.0                       0.2   -0.2      0.0
  SINCE SEP 1      0.0                       0.2   -0.2      0.0
  SINCE JUL 1      0.0                       0.2   -0.2      0.0
  SNOW DEPTH       0

DEGREE DAYS
 HEATING
  YESTERDAY       13                        20     -7       18
  MONTH TO DATE  248                       374   -126      273
  SINCE SEP 1    366                       568   -202      355
  SINCE JUL 1    409                       607   -198      365

 COOLING
  YESTERDAY        0                         0      0        0
  MONTH TO DATE    0                         4     -4        2
  SINCE SEP 1     94                        52     42       41
  SINCE JAN 1    466                       579   -113      624
..................................................................


WIND (MPH)
  HIGHEST WIND SPEED    22   HIGHEST WIND DIRECTION    NW (330)
  HIGHEST GUST SPEED    32   HIGHEST GUST DIRECTION    NW (320)
  AVERAGE WIND SPEED    10.7


SKY COVER
  POSSIBLE SUNSHINE  MM
  AVERAGE SKY COVER 0.6


WEATHER CONDITIONS
 THE FOLLOWING WEATHER WAS RECORDED YESTERDAY.
  LIGHT RAIN


RELATIVE HUMIDITY (PERCENT)
 HIGHEST    86           300 AM
 LOWEST     47           300 PM
 AVERAGE    67

..........................................................


THE EAU CLAIRE WI CLIMATE NORMALS FOR TODAY
                         NORMAL    RECORD    YEAR
 MAXIMUM TEMPERATURE (F)   54        80      1989
 MINIMUM TEMPERATURE (F)   34        14      1960


SUNRISE AND SUNSET
OCTOBER 24 2017.......SUNRISE   734 AM CDT   SUNSET   606 PM CDT
OCTOBER 25 2017.......SUNRISE   735 AM CDT   SUNSET   604 PM CDT


-  INDICATES NEGATIVE NUMBERS.
R  INDICATES RECORD WAS SET OR TIED.
MM INDICATES DATA IS MISSING.
T  INDICATES TRACE AMOUNT.




$$
