000
CDUS43 KMPX 310827
CLIEAU


CLIMATE REPORT
NATIONAL WEATHER SERVICE CHANHASSEN MN
326 AM CDT FRI OCT 31 2014


...................................

...THE EAU CLAIRE WI CLIMATE SUMMARY FOR OCTOBER 30 2014...

CLIMATE NORMAL PERIOD 1981 TO 2010
CLIMATE RECORD PERIOD 1893 TO 2014


WEATHER ITEM   OBSERVED TIME   RECORD YEAR NORMAL DEPARTURE LAST
                VALUE   (LST)  VALUE       VALUE  FROM      YEAR
                                                  NORMAL
..................................................................
TEMPERATURE (F)
 YESTERDAY
  MAXIMUM         49    128 PM  80    1950  51     -2       52
  MINIMUM         31   1159 PM   7    1925  32     -1       39
  AVERAGE         40                        42     -2       46

PRECIPITATION (IN)
  YESTERDAY        T             2.40 1896   0.05  -0.05     0.24
  MONTH TO DATE    2.43                      2.28   0.15     3.60
  SINCE SEP 1      7.89                      5.96   1.93     5.37
  SINCE JAN 1     40.56                     28.08  12.48    33.01

SNOWFALL (IN)
  YESTERDAY        0.0           0.4  1955   0.1   -0.1      0.0
  MONTH TO DATE    0.6                       0.4    0.2       T
  SINCE SEP 1      0.6                       0.4    0.2       T
  SINCE JUL 1      0.6                       0.4    0.2       T
  SNOW DEPTH       0

DEGREE DAYS
 HEATING
  YESTERDAY       25                        23      2       19
  MONTH TO DATE  532                       528      4      532
  SINCE SEP 1    719                       722     -3      661
  SINCE JUL 1    742                       761    -19      699

 COOLING
  YESTERDAY        0                         0      0        0
  MONTH TO DATE    0                         0      0        0
  SINCE SEP 1     22                        48    -26       87
  SINCE JAN 1    500                       575    -75      653
..................................................................


WIND (MPH)
  HIGHEST WIND SPEED    25   HIGHEST WIND DIRECTION     N (340)
  HIGHEST GUST SPEED    37   HIGHEST GUST DIRECTION     N (340)
  AVERAGE WIND SPEED     6.2


SKY COVER
  POSSIBLE SUNSHINE  MM
  AVERAGE SKY COVER 0.8


WEATHER CONDITIONS
 THE FOLLOWING WEATHER WAS RECORDED YESTERDAY.
  NO SIGNIFICANT WEATHER WAS OBSERVED.


RELATIVE HUMIDITY (PERCENT)
 HIGHEST    92           700 AM
 LOWEST     52          1000 PM
 AVERAGE    72

..........................................................


THE EAU CLAIRE WI CLIMATE NORMALS FOR TODAY
                         NORMAL    RECORD    YEAR
 MAXIMUM TEMPERATURE (F)   51        79      1950
 MINIMUM TEMPERATURE (F)   32        15      1951
                                             1993
                                             1895


SUNRISE AND SUNSET
OCTOBER 31 2014.......SUNRISE   743 AM CDT   SUNSET   556 PM CDT
NOVEMBER  1 2014......SUNRISE   744 AM CDT   SUNSET   554 PM CDT


-  INDICATES NEGATIVE NUMBERS.
R  INDICATES RECORD WAS SET OR TIED.
MM INDICATES DATA IS MISSING.
T  INDICATES TRACE AMOUNT.




$$
