000
CDUS43 KMPX 270633
CLIEAU


CLIMATE REPORT
NATIONAL WEATHER SERVICE CHANHASSEN MN
132 AM CDT MON MAR 27 2017


...................................

...THE EAU CLAIRE WI CLIMATE SUMMARY FOR MARCH 26 2017...

CLIMATE NORMAL PERIOD 1981 TO 2010
CLIMATE RECORD PERIOD 1893 TO 2017


WEATHER ITEM   OBSERVED TIME   RECORD YEAR NORMAL DEPARTURE LAST
                VALUE   (LST)  VALUE       VALUE  FROM      YEAR
                                                  NORMAL
..................................................................
TEMPERATURE (F)
 YESTERDAY
  MAXIMUM         43    733 PM  81    2007  46     -3       49
  MINIMUM         35    743 AM -12    1965  26      9       37
  AVERAGE         39                        36      3       43

PRECIPITATION (IN)
  YESTERDAY        0.01          1.06 1906   0.06  -0.05     0.28
  MONTH TO DATE    1.07                      1.36  -0.29     3.25
  SINCE MAR 1      1.07                      1.36  -0.29     3.25
  SINCE JAN 1      5.15                      3.06   2.09     4.41

SNOWFALL (IN)
  YESTERDAY        0.0           4.8  1936   0.3   -0.3      0.0
  MONTH TO DATE    4.8                       7.6   -2.8     12.1
  SINCE MAR 1      4.8                       7.6   -2.8     12.1
  SINCE JUL 1     53.7                      43.9    9.8     36.2
  SNOW DEPTH       0

DEGREE DAYS
 HEATING
  YESTERDAY       26                        29     -3       22
  MONTH TO DATE  937                       905     32      694
  SINCE MAR 1    937                       905     32      694
  SINCE JUL 1   6047                      6925   -878     5872

 COOLING
  YESTERDAY        0                         0      0        0
  MONTH TO DATE    0                         0      0        0
  SINCE MAR 1      0                         0      0        0
  SINCE JAN 1      0                         0      0        0
..................................................................


WIND (MPH)
  HIGHEST WIND SPEED    10   HIGHEST WIND DIRECTION    NE (60)
  HIGHEST GUST SPEED    14   HIGHEST GUST DIRECTION    NE (50)
  AVERAGE WIND SPEED     5.0


SKY COVER
  POSSIBLE SUNSHINE  MM
  AVERAGE SKY COVER 1.0


WEATHER CONDITIONS
 THE FOLLOWING WEATHER WAS RECORDED YESTERDAY.
  FOG


RELATIVE HUMIDITY (PERCENT)
 HIGHEST   100           800 AM
 LOWEST     82           400 PM
 AVERAGE    91

..........................................................


THE EAU CLAIRE WI CLIMATE NORMALS FOR TODAY
                         NORMAL    RECORD    YEAR
 MAXIMUM TEMPERATURE (F)   47        75      1946
 MINIMUM TEMPERATURE (F)   26        -4      1965


SUNRISE AND SUNSET
MARCH 27 2017.........SUNRISE   655 AM CDT   SUNSET   728 PM CDT
MARCH 28 2017.........SUNRISE   654 AM CDT   SUNSET   729 PM CDT


-  INDICATES NEGATIVE NUMBERS.
R  INDICATES RECORD WAS SET OR TIED.
MM INDICATES DATA IS MISSING.
T  INDICATES TRACE AMOUNT.




$$
