000
CDUS43 KMPX 010623
CLIEAU


CLIMATE REPORT
NATIONAL WEATHER SERVICE CHANHASSEN MN
122 AM CDT WED JUN 1 2016


...................................

...THE EAU CLAIRE WI CLIMATE SUMMARY FOR MAY 31 2016...

CLIMATE NORMAL PERIOD 1981 TO 2010
CLIMATE RECORD PERIOD 1893 TO 2016


WEATHER ITEM   OBSERVED TIME   RECORD YEAR NORMAL DEPARTURE LAST
                VALUE   (LST)  VALUE       VALUE  FROM      YEAR
                                                  NORMAL
..................................................................
TEMPERATURE (F)
 YESTERDAY
  MAXIMUM         80    139 PM 107    1934  74      6       63
  MINIMUM         61   1117 PM  34    2015  50     11       34
                                      1966
                                      1964
  AVERAGE         71                        62      9       49

PRECIPITATION (IN)
  YESTERDAY        0.56          3.69 1958   0.12   0.44     0.00
  MONTH TO DATE    3.81                      3.46   0.35     5.39
  SINCE MAR 1     11.03                      7.94   3.09     8.86
  SINCE JAN 1     12.19                      9.64   2.55     9.45

SNOWFALL (IN)
  YESTERDAY        0.0           0.0    MM   0.0    0.0      0.0
  MONTH TO DATE    0.0                       0.0    0.0      0.0
  SINCE MAR 1     13.9                      10.5    3.4      7.3
  SINCE JUL 1     38.0                      46.8   -8.8     38.1
  SNOW DEPTH       0

DEGREE DAYS
 HEATING
  YESTERDAY        0                         5     -5       16
  MONTH TO DATE  245                       257    -12      242
  SINCE MAR 1   1633                      1877   -244     1753
  SINCE JUL 1   6811                      7897  -1086     8106

 COOLING
  YESTERDAY        6                         2      4        0
  MONTH TO DATE   36                        28      8       18
  SINCE MAR 1     40                        32      8       18
  SINCE JAN 1     40                        32      8       18
..................................................................


WIND (MPH)
  HIGHEST WIND SPEED    33   HIGHEST WIND DIRECTION     W (290)
  HIGHEST GUST SPEED    43   HIGHEST GUST DIRECTION     W (290)
  AVERAGE WIND SPEED     8.0


SKY COVER
  POSSIBLE SUNSHINE  MM
  AVERAGE SKY COVER 0.6


WEATHER CONDITIONS
 THE FOLLOWING WEATHER WAS RECORDED YESTERDAY.
  THUNDERSTORM
  HEAVY RAIN
  RAIN
  LIGHT RAIN
  FOG


RELATIVE HUMIDITY (PERCENT)
 HIGHEST   100           900 PM
 LOWEST     52           200 PM
 AVERAGE    76

..........................................................


THE EAU CLAIRE WI CLIMATE NORMALS FOR TODAY
                         NORMAL    RECORD    YEAR
 MAXIMUM TEMPERATURE (F)   74       105      1934
 MINIMUM TEMPERATURE (F)   51        25      1897


SUNRISE AND SUNSET
JUNE  1 2016..........SUNRISE   523 AM CDT   SUNSET   845 PM CDT
JUNE  2 2016..........SUNRISE   522 AM CDT   SUNSET   846 PM CDT


-  INDICATES NEGATIVE NUMBERS.
R  INDICATES RECORD WAS SET OR TIED.
MM INDICATES DATA IS MISSING.
T  INDICATES TRACE AMOUNT.




$$
