000
CDUS42 KAKQ 280532
CLIECG


CLIMATE REPORT
NATIONAL WEATHER SERVICE WAKEFIELD, VA
131 AM EDT THU MAY 28 2015


...................................

...THE ELIZABETH CITY NC CLIMATE SUMMARY FOR MAY 27 2015...

CLIMATE NORMAL PERIOD 1981 TO 2010
CLIMATE RECORD PERIOD 1934 TO 2015


WEATHER ITEM   OBSERVED TIME   RECORD YEAR NORMAL DEPARTURE LAST
                VALUE   (LST)  VALUE       VALUE  FROM      YEAR
                                                  NORMAL
..................................................................
TEMPERATURE (F)
 YESTERDAY
  MAXIMUM         84    141 PM  97    1941  80      4       88
  MINIMUM         70   1159 PM  38    1997  60     10       69
  AVERAGE         77                        70      7       79

PRECIPITATION (IN)
  YESTERDAY        0.00          2.70 1974   0.14  -0.14     0.00
  MONTH TO DATE    3.42                      3.08   0.34     2.29
  SINCE MAR 1     10.50                     10.20   0.30    10.78
  SINCE JAN 1     17.30                     16.64   0.66    14.92

SNOWFALL (IN)
  YESTERDAY        0.0           0.0  2002  MM     MM
  MONTH TO DATE    0.0                      MM     MM
  SINCE NOV 1      T                        MM     MM
  SINCE JUL 1      T                        MM     MM
  SNOW DEPTH       0

DEGREE DAYS
 HEATING
  YESTERDAY        0                         1     -1        0
  MONTH TO DATE   29                        65    -36       22
  SINCE MAR 1    701                       754    -53      760
  SINCE JUL 1   3235                      3226      9     3335

 COOLING
  YESTERDAY       12                         6      6       14
  MONTH TO DATE  132                        96     36      162
  SINCE MAR 1    165                       136     29      191
  SINCE JAN 1    167                       138     29      191
..................................................................


WIND (MPH)
  HIGHEST WIND SPEED    18   HIGHEST WIND DIRECTION     S (170)
  HIGHEST GUST SPEED    25   HIGHEST GUST DIRECTION     S (170)
  AVERAGE WIND SPEED    10.2


SKY COVER
  POSSIBLE SUNSHINE  MM
  AVERAGE SKY COVER 0.4


WEATHER CONDITIONS
 THE FOLLOWING WEATHER WAS RECORDED YESTERDAY.
  NO SIGNIFICANT WEATHER WAS OBSERVED.


RELATIVE HUMIDITY (PERCENT)
 HIGHEST    84          1200 AM
 LOWEST     62           500 PM
 AVERAGE    73

..........................................................


THE ELIZABETH CITY NC CLIMATE NORMALS FOR TODAY
                         NORMAL    RECORD    YEAR
 MAXIMUM TEMPERATURE (F)   80       100      1941
 MINIMUM TEMPERATURE (F)   61        38      1997


SUNRISE AND SUNSET
MAY 28 2015...........SUNRISE   550 AM EDT   SUNSET   814 PM EDT
MAY 29 2015...........SUNRISE   550 AM EDT   SUNSET   815 PM EDT


-  INDICATES NEGATIVE NUMBERS.
R  INDICATES RECORD WAS SET OR TIED.
MM INDICATES DATA IS MISSING.
T  INDICATES TRACE AMOUNT.




$$
