000
CDUS42 KAKQ 280545
CLIECG


CLIMATE REPORT
NATIONAL WEATHER SERVICE WAKEFIELD, VA
145 AM EDT TUE MAR 28 2017


...................................

...THE ELIZABETH CITY NC CLIMATE SUMMARY FOR MARCH 27 2017...

CLIMATE NORMAL PERIOD 1981 TO 2010
CLIMATE RECORD PERIOD 1934 TO 2017


WEATHER ITEM   OBSERVED TIME   RECORD YEAR NORMAL DEPARTURE LAST
                VALUE   (LST)  VALUE       VALUE  FROM      YEAR
                                                  NORMAL
..................................................................
TEMPERATURE (F)
 YESTERDAY
  MAXIMUM         78    145 PM  85    2007  64     14       58
  MINIMUM         51    349 AM  23    1955  43      8       52
  AVERAGE         65                        53     12       55

PRECIPITATION (IN)
  YESTERDAY        0.00          1.80 1943   0.15  -0.15     0.45
  MONTH TO DATE    2.91                      3.37  -0.46     1.70
  SINCE MAR 1      2.91                      3.37  -0.46     1.70
  SINCE JAN 1      7.52                      9.81  -2.29     9.29

SNOWFALL (IN)
  YESTERDAY        0.0           T    1947  MM     MM
  MONTH TO DATE    T                        MM     MM
  SINCE NOV 1      1.2                      MM     MM
  SINCE JUL 1      1.2                      MM     MM
  SNOW DEPTH       0

DEGREE DAYS
 HEATING
  YESTERDAY        0                        12    -12       10
  MONTH TO DATE  451                       420     31      251
  SINCE MAR 1    451                       420     31      251
  SINCE JUL 1   2546                      2892   -346     2162

 COOLING
  YESTERDAY        0                         0      0        0
  MONTH TO DATE    7                         0      7       24
  SINCE MAR 1      7                         0      7       24
  SINCE JAN 1     10                         2      8       24
..................................................................


WIND (MPH)
  HIGHEST WIND SPEED    18   HIGHEST WIND DIRECTION    SW (220)
  HIGHEST GUST SPEED    25   HIGHEST GUST DIRECTION    SW (210)
  AVERAGE WIND SPEED     8.0


SKY COVER
  POSSIBLE SUNSHINE  MM
  AVERAGE SKY COVER 0.3


WEATHER CONDITIONS
 THE FOLLOWING WEATHER WAS RECORDED YESTERDAY.
  NO SIGNIFICANT WEATHER WAS OBSERVED.


RELATIVE HUMIDITY (PERCENT)
 HIGHEST    93           100 AM
 LOWEST     43           100 PM
 AVERAGE    68

..........................................................


THE ELIZABETH CITY NC CLIMATE NORMALS FOR TODAY
                         NORMAL    RECORD    YEAR
 MAXIMUM TEMPERATURE (F)   64        87      1945
 MINIMUM TEMPERATURE (F)   43        24      2001


SUNRISE AND SUNSET
MARCH 28 2017.........SUNRISE   656 AM EDT   SUNSET   724 PM EDT
MARCH 29 2017.........SUNRISE   655 AM EDT   SUNSET   724 PM EDT


-  INDICATES NEGATIVE NUMBERS.
R  INDICATES RECORD WAS SET OR TIED.
MM INDICATES DATA IS MISSING.
T  INDICATES TRACE AMOUNT.




$$
