638
CDUS42 KAKQ 010546
CLIECG


CLIMATE REPORT
NATIONAL WEATHER SERVICE WAKEFIELD, VA
146 AM EDT SAT OCT 1 2016


...................................

...THE ELIZABETH CITY NC CLIMATE SUMMARY FOR SEPTEMBER 30 2016...

CLIMATE NORMAL PERIOD 1981 TO 2010
CLIMATE RECORD PERIOD 1934 TO 2016


WEATHER ITEM   OBSERVED TIME   RECORD YEAR NORMAL DEPARTURE LAST
                VALUE   (LST)  VALUE       VALUE  FROM      YEAR
                                                  NORMAL
..................................................................
TEMPERATURE (F)
 YESTERDAY
  MAXIMUM         82   1241 PM  90    1986  77      5       80
  MINIMUM         67    237 AM  42    1970  59      8       71
  AVERAGE         75                        68      7       76

PRECIPITATION (IN)
  YESTERDAY        0.02          5.86 2010   0.12  -0.10     1.03
  MONTH TO DATE   12.03                      3.93   8.10     4.25
  SINCE SEP 1     12.03                      3.93   8.10     4.25
  SINCE JAN 1     39.54                     37.89   1.65    34.43

SNOWFALL (IN)
  YESTERDAY        0.0           0.0  2002  MM     MM
  MONTH TO DATE    0.0                      MM     MM
  SINCE NOV 1      1.8                      MM     MM
  SINCE JUL 1      0.0                      MM     MM
  SNOW DEPTH       0

DEGREE DAYS
 HEATING
  YESTERDAY        0                         1     -1        0
  MONTH TO DATE    0                        10    -10        1
  SINCE SEP 1      0                        12    -12        1
  SINCE JUL 1      0                        12    -12        1

 COOLING
  YESTERDAY       10                         4      6       11
  MONTH TO DATE  328                       226    102      324
  SINCE SEP 1    328                       226    102      324
  SINCE JAN 1   1835                      1522    313     1764
..................................................................


WIND (MPH)
  HIGHEST WIND SPEED    16   HIGHEST WIND DIRECTION    SE (120)
  HIGHEST GUST SPEED    21   HIGHEST GUST DIRECTION     E (110)
  AVERAGE WIND SPEED     5.4


SKY COVER
  POSSIBLE SUNSHINE  MM
  AVERAGE SKY COVER 0.4


WEATHER CONDITIONS
 THE FOLLOWING WEATHER WAS RECORDED YESTERDAY.
  LIGHT RAIN
  FOG


RELATIVE HUMIDITY (PERCENT)
 HIGHEST   100          1200 AM
 LOWEST     69          1200 PM
 AVERAGE    85

..........................................................


THE ELIZABETH CITY NC CLIMATE NORMALS FOR TODAY
                         NORMAL    RECORD    YEAR
 MAXIMUM TEMPERATURE (F)   77        92      1986
 MINIMUM TEMPERATURE (F)   58        41      1947


SUNRISE AND SUNSET
OCTOBER  1 2016.......SUNRISE   700 AM EDT   SUNSET   648 PM EDT
OCTOBER  2 2016.......SUNRISE   701 AM EDT   SUNSET   646 PM EDT


-  INDICATES NEGATIVE NUMBERS.
R  INDICATES RECORD WAS SET OR TIED.
MM INDICATES DATA IS MISSING.
T  INDICATES TRACE AMOUNT.




$$
