715
CDUS42 KAKQ 160645
CLIECG


CLIMATE REPORT
NATIONAL WEATHER SERVICE WAKEFIELD, VA
145 AM EST TUE JAN 16 2018


...................................

...THE ELIZABETH CITY NC CLIMATE SUMMARY FOR JANUARY 15 2018...

CLIMATE NORMAL PERIOD 1981 TO 2010
CLIMATE RECORD PERIOD 1934 TO 2018


WEATHER ITEM   OBSERVED TIME   RECORD YEAR NORMAL DEPARTURE LAST
                VALUE   (LST)  VALUE       VALUE  FROM      YEAR
                                                  NORMAL
..................................................................
TEMPERATURE (F)
 YESTERDAY
  MAXIMUM         43    248 PM  80    1937  51     -8       50
  MINIMUM         27    221 AM  18    1994  32     -5       38
                                      1948
  AVERAGE         35                        41     -6       44

PRECIPITATION (IN)
  YESTERDAY        0.00          1.24 1944   0.10  -0.10      T
  MONTH TO DATE    1.19                      1.51  -0.32     2.94
  SINCE DEC 1      4.25                      4.07   0.18     5.61
  SINCE JAN 1      1.19                      1.51  -0.32     2.94

SNOWFALL (IN)
  YESTERDAY        0.0           1.0  1957  MM     MM
  MONTH TO DATE    3.8                      MM     MM
  SINCE NOV 1      3.8                      MM     MM
  SINCE JUL 1      3.8                      MM     MM
  SNOW DEPTH       0

DEGREE DAYS
 HEATING
  YESTERDAY       30                        24      6       21
  MONTH TO DATE  497                       360    137      326
  SINCE DEC 1   1139                      1000    139      931
  SINCE JUL 1   1573                      1515     58     1421

 COOLING
  YESTERDAY        0                         0      0        0
  MONTH TO DATE    3                         0      3        0
  SINCE DEC 1      3                         2      1        0
  SINCE JAN 1      3                         0      3        0
..................................................................


WIND (MPH)
  HIGHEST WIND SPEED    20   HIGHEST WIND DIRECTION    NW (330)
  HIGHEST GUST SPEED    23   HIGHEST GUST DIRECTION     N (350)
  AVERAGE WIND SPEED    12.9


SKY COVER
  POSSIBLE SUNSHINE  MM
  AVERAGE SKY COVER 0.7


WEATHER CONDITIONS
 THE FOLLOWING WEATHER WAS RECORDED YESTERDAY.
  FOG


RELATIVE HUMIDITY (PERCENT)
 HIGHEST   100          1100 PM
 LOWEST     75          1200 AM
 AVERAGE    88

..........................................................


THE ELIZABETH CITY NC CLIMATE NORMALS FOR TODAY
                         NORMAL    RECORD    YEAR
 MAXIMUM TEMPERATURE (F)   51        74      1953
 MINIMUM TEMPERATURE (F)   32         6      1994


SUNRISE AND SUNSET
JANUARY 16 2018.......SUNRISE   715 AM EST   SUNSET   514 PM EST
JANUARY 17 2018.......SUNRISE   715 AM EST   SUNSET   515 PM EST


-  INDICATES NEGATIVE NUMBERS.
R  INDICATES RECORD WAS SET OR TIED.
MM INDICATES DATA IS MISSING.
T  INDICATES TRACE AMOUNT.




$$
