885
CDUS42 KAKQ 122230
CLIECG


CLIMATE REPORT
NATIONAL WEATHER SERVICE WAKEFIELD, VA
530 PM EST FRI FEB 12 2016


...................................

...THE ELIZABETH CITY NC CLIMATE SUMMARY FOR FEBRUARY 12 2016...
VALID TODAY AS OF 0500 PM LOCAL TIME.

CLIMATE NORMAL PERIOD 1981 TO 2010
CLIMATE RECORD PERIOD 1934 TO 2016


WEATHER ITEM   OBSERVED TIME   RECORD YEAR NORMAL DEPARTURE LAST
                VALUE   (LST)  VALUE       VALUE  FROM      YEAR
                                                  NORMAL
..................................................................
TEMPERATURE (F)
 TODAY
  MAXIMUM         34   1139 AM  71    1984  53    -19       51
  MINIMUM         26    734 AM  12    1973  34     -8       27
  AVERAGE         30

PRECIPITATION (IN)
  TODAY            0.02          1.04 1934   0.11  -0.09     0.01
  MONTH TO DATE    3.12                      1.34   1.78     0.94
  SINCE DEC 1     10.04                      7.16   2.88     8.09
  SINCE JAN 1      6.03                      4.60   1.43     4.95

SNOWFALL (IN)
  TODAY            1.0
  MONTH TO DATE    1.0
  SINCE NOV 1      1.0
  SINCE JUL 1      1.0
  SNOW DEPTH       0

DEGREE DAYS
 HEATING
  TODAY           35
  MONTH TO DATE  257
  SINCE DEC 1   1233
  SINCE JUL 1   1589

 COOLING
  TODAY            0
  MONTH TO DATE    0
  SINCE DEC 1     31
  SINCE JAN 1      0
..................................................................


WIND (MPH)
  RESULTANT WIND SPEED   8   RESULTANT WIND DIRECTION   N (20)
  HIGHEST WIND SPEED    15   HIGHEST WIND DIRECTION    NE (40)
  HIGHEST GUST SPEED    25   HIGHEST GUST DIRECTION     N (20)


SKY COVER
  POSSIBLE SUNSHINE  MM
  AVERAGE SKY COVER 0.5


WEATHER CONDITIONS
 THE FOLLOWING WEATHER WAS RECORDED TODAY.
  HEAVY SNOW
  SNOW
  LIGHT SNOW
  FOG
  FOG W/VISIBILITY <= 1/4 MILE


RELATIVE HUMIDITY (PERCENT)
 HIGHEST    92
 LOWEST     46
 AVERAGE    69

..........................................................


THE ELIZABETH CITY NC CLIMATE NORMALS FOR TOMORROW
                         NORMAL    RECORD    YEAR
 MAXIMUM TEMPERATURE (F)   54        78      1965
 MINIMUM TEMPERATURE (F)   34        11      1973


SUNRISE AND SUNSET
FEBRUARY 12 2016......SUNRISE   656 AM EST   SUNSET   542 PM EST
FEBRUARY 13 2016......SUNRISE   655 AM EST   SUNSET   543 PM EST


-  INDICATES NEGATIVE NUMBERS.
R  INDICATES RECORD WAS SET OR TIED.
MM INDICATES DATA IS MISSING.
T  INDICATES TRACE AMOUNT.




$$
