000
CDUS42 KAKQ 190635
CLIECG


CLIMATE REPORT
NATIONAL WEATHER SERVICE WAKEFIELD, VA
134 AM EST SUN NOV 19 2017


...................................

...THE ELIZABETH CITY NC CLIMATE SUMMARY FOR NOVEMBER 18 2017...

CLIMATE NORMAL PERIOD 1981 TO 2010
CLIMATE RECORD PERIOD 1934 TO 2017


WEATHER ITEM   OBSERVED TIME   RECORD YEAR NORMAL DEPARTURE LAST
                VALUE   (LST)  VALUE       VALUE  FROM      YEAR
                                                  NORMAL
..................................................................
TEMPERATURE (F)
 YESTERDAY
  MAXIMUM         66    225 PM  83    1938  63      3       71
  MINIMUM         32    149 AM  25    2014  42    -10       37
  AVERAGE         49                        52     -3       54

PRECIPITATION (IN)
  YESTERDAY        0.00          1.21 1994   0.11  -0.11     0.00
  MONTH TO DATE    0.86                      1.94  -1.08     0.85
  SINCE SEP 1      6.34                      8.94  -2.60    23.16
  SINCE JAN 1     41.48                     42.90  -1.42    50.67

SNOWFALL (IN)
  YESTERDAY        0.0           0.0  2002  MM     MM
  MONTH TO DATE    0.0                      MM     MM
  SINCE NOV 1      0.0                      MM     MM
  SINCE JUL 1      0.0                      MM     MM
  SNOW DEPTH       0

DEGREE DAYS
 HEATING
  YESTERDAY       16                        13      3       11
  MONTH TO DATE  172                       189    -17      208
  SINCE SEP 1    249                       340    -91      303
  SINCE JUL 1    249                       340    -91      303

 COOLING
  YESTERDAY        0                         0      0        0
  MONTH TO DATE   10                         4      6        5
  SINCE SEP 1    415                       289    126      443
  SINCE JAN 1   1961                      1585    376     1950
..................................................................


WIND (MPH)
  HIGHEST WIND SPEED    21   HIGHEST WIND DIRECTION     S (200)
  HIGHEST GUST SPEED    28   HIGHEST GUST DIRECTION    SW (210)
  AVERAGE WIND SPEED    10.5


SKY COVER
  POSSIBLE SUNSHINE  MM
  AVERAGE SKY COVER 0.0


WEATHER CONDITIONS
 THE FOLLOWING WEATHER WAS RECORDED YESTERDAY.
  NO SIGNIFICANT WEATHER WAS OBSERVED.


RELATIVE HUMIDITY (PERCENT)
 HIGHEST   100          1200 AM
 LOWEST     56           100 PM
 AVERAGE    78

..........................................................


THE ELIZABETH CITY NC CLIMATE NORMALS FOR TODAY
                         NORMAL    RECORD    YEAR
 MAXIMUM TEMPERATURE (F)   63        81      1938
 MINIMUM TEMPERATURE (F)   41        20      2014


SUNRISE AND SUNSET
NOVEMBER 19 2017......SUNRISE   646 AM EST   SUNSET   454 PM EST
NOVEMBER 20 2017......SUNRISE   647 AM EST   SUNSET   453 PM EST


-  INDICATES NEGATIVE NUMBERS.
R  INDICATES RECORD WAS SET OR TIED.
MM INDICATES DATA IS MISSING.
T  INDICATES TRACE AMOUNT.




$$
