000
CDUS42 KAKQ 300931
CLIECG


CLIMATE REPORT
NATIONAL WEATHER SERVICE WAKEFIELD, VA
530 AM EDT WED JUL 30 2014


...................................

...THE ELIZABETH CITY NC CLIMATE SUMMARY FOR JULY 29 2014...

CLIMATE NORMAL PERIOD 1981 TO 2010
CLIMATE RECORD PERIOD 1934 TO 2014


WEATHER ITEM   OBSERVED TIME   RECORD YEAR NORMAL DEPARTURE LAST
                VALUE   (LST)  VALUE       VALUE  FROM      YEAR
                                                  NORMAL
..................................................................
TEMPERATURE (F)
 YESTERDAY
  MAXIMUM         81    124 PM 101    2011  87     -6       86
  MINIMUM         67    501 AM  58    1946  70     -3       71
  AVERAGE         74                        79     -5       79

PRECIPITATION (IN)
  YESTERDAY        T             4.50 1996   0.19  -0.19     0.27
  MONTH TO DATE    5.38                      5.27   0.11     6.48
  SINCE JUN 1      9.21                      9.76  -0.55    13.10
  SINCE JAN 1     24.17                     26.93  -2.76    23.77

SNOWFALL (IN)
  YESTERDAY        0.0           0.0  2002  MM     MM
  MONTH TO DATE    0.0                      MM     MM
  SINCE NOV 1     10.2                      MM     MM
  SINCE JUL 1      0.0                      MM     MM
  SNOW DEPTH       0

DEGREE DAYS
 HEATING
  YESTERDAY        0                         0      0        0
  MONTH TO DATE    0                         0      0        0
  SINCE JUN 1      5                         3      2        0
  SINCE JUL 1      0                         0      0        0

 COOLING
  YESTERDAY        9                        14     -5       14
  MONTH TO DATE  360                       401    -41      449
  SINCE JUN 1    671                       715    -44      797
  SINCE JAN 1    880                       879      1     1003
..................................................................


WIND (MPH)
  HIGHEST WIND SPEED    14   HIGHEST WIND DIRECTION    NW (330)
  HIGHEST GUST SPEED    17   HIGHEST GUST DIRECTION     N (340)
  AVERAGE WIND SPEED     7.6


SKY COVER
  POSSIBLE SUNSHINE  MM
  AVERAGE SKY COVER 0.4


WEATHER CONDITIONS
 THE FOLLOWING WEATHER WAS RECORDED YESTERDAY.
  NO SIGNIFICANT WEATHER WAS OBSERVED.


RELATIVE HUMIDITY (PERCENT)
 HIGHEST    81           500 AM
 LOWEST     58          1200 PM
 AVERAGE    70

..........................................................


THE ELIZABETH CITY NC CLIMATE NORMALS FOR TODAY
                         NORMAL    RECORD    YEAR
 MAXIMUM TEMPERATURE (F)   87        98      1993
 MINIMUM TEMPERATURE (F)   70        60      1946


SUNRISE AND SUNSET
JULY 30 2014..........SUNRISE   610 AM EDT   SUNSET   812 PM EDT
JULY 31 2014..........SUNRISE   611 AM EDT   SUNSET   811 PM EDT


-  INDICATES NEGATIVE NUMBERS.
R  INDICATES RECORD WAS SET OR TIED.
MM INDICATES DATA IS MISSING.
T  INDICATES TRACE AMOUNT.




$$
