000
CDUS42 KAKQ 052234
CLIECG


CLIMATE REPORT
NATIONAL WEATHER SERVICE WAKEFIELD, VA
534 PM EST THU MAR 5 2015


...................................

...THE ELIZABETH CITY NC CLIMATE SUMMARY FOR MARCH 5 2015...
VALID TODAY AS OF 0500 PM LOCAL TIME.

CLIMATE NORMAL PERIOD 1981 TO 2010
CLIMATE RECORD PERIOD 1934 TO 2015


WEATHER ITEM   OBSERVED TIME   RECORD YEAR NORMAL DEPARTURE LAST
                VALUE   (LST)  VALUE       VALUE  FROM      YEAR
                                                  NORMAL
..................................................................
TEMPERATURE (F)
 TODAY
  MAXIMUM         63   1253 AM  84    1961  57      6       41
  MINIMUM         35    359 PM  21    2002  37     -2       32
  AVERAGE         49

PRECIPITATION (IN)
  TODAY            0.09          0.78 2008   0.10  -0.01     0.01
  MONTH TO DATE    0.71                      0.51   0.20     0.11
  SINCE MAR 1      0.71                      0.51   0.20     0.11
  SINCE JAN 1      7.51                      6.95   0.56     4.25

SNOWFALL (IN)
  TODAY           MM
  MONTH TO DATE    0.0
  SINCE NOV 1      T
  SINCE JUL 1      T
  SNOW DEPTH       0

DEGREE DAYS
 HEATING
  TODAY           16
  MONTH TO DATE   94
  SINCE MAR 1     94
  SINCE JUL 1   2628

 COOLING
  TODAY            0
  MONTH TO DATE    0
  SINCE MAR 1      0
  SINCE JAN 1      2
..................................................................


WIND (MPH)
  RESULTANT WIND SPEED   5   RESULTANT WIND DIRECTION   N (20)
  HIGHEST WIND SPEED    26   HIGHEST WIND DIRECTION     N (10)
  HIGHEST GUST SPEED    36   HIGHEST GUST DIRECTION     N (10)


SKY COVER
  POSSIBLE SUNSHINE  MM
  AVERAGE SKY COVER 0.8


WEATHER CONDITIONS
 THE FOLLOWING WEATHER WAS RECORDED TODAY.
  HEAVY RAIN
  RAIN
  LIGHT RAIN
  LIGHT SNOW
  FOG


RELATIVE HUMIDITY (PERCENT)
 HIGHEST    93
 LOWEST     84
 AVERAGE    89

..........................................................


THE ELIZABETH CITY NC CLIMATE NORMALS FOR TOMORROW
                         NORMAL    RECORD    YEAR
 MAXIMUM TEMPERATURE (F)   58        82      1967
 MINIMUM TEMPERATURE (F)   37        20      1960


SUNRISE AND SUNSET
MARCH  5 2015.........SUNRISE   630 AM EST   SUNSET   603 PM EST
MARCH  6 2015.........SUNRISE   629 AM EST   SUNSET   604 PM EST


-  INDICATES NEGATIVE NUMBERS.
R  INDICATES RECORD WAS SET OR TIED.
MM INDICATES DATA IS MISSING.
T  INDICATES TRACE AMOUNT.




$$
