000
CDUS42 KAKQ 210530
CLIECG


CLIMATE REPORT
NATIONAL WEATHER SERVICE WAKEFIELD, VA
128 AM EDT THU SEP 21 2017


...................................

...THE ELIZABETH CITY NC CLIMATE SUMMARY FOR SEPTEMBER 20 2017...

CLIMATE NORMAL PERIOD 1981 TO 2010
CLIMATE RECORD PERIOD 1934 TO 2017


WEATHER ITEM   OBSERVED TIME   RECORD YEAR NORMAL DEPARTURE LAST
                VALUE   (LST)  VALUE       VALUE  FROM      YEAR
                                                  NORMAL
..................................................................
TEMPERATURE (F)
 YESTERDAY
  MAXIMUM         88    330 PM  93    1942  80      8       77
  MINIMUM         68   1056 PM  48    1959  62      6       72
  AVERAGE         78                        71      7       75

PRECIPITATION (IN)
  YESTERDAY        0.00          6.28 1938   0.12  -0.12     2.16
  MONTH TO DATE    2.16                      2.72  -0.56     9.40
  SINCE SEP 1      2.16                      2.72  -0.56     9.40
  SINCE JAN 1     37.30                     36.68   0.62    36.91

SNOWFALL (IN)
  YESTERDAY        0.0           0.0  2002  MM     MM
  MONTH TO DATE    0.0                      MM     MM
  SINCE NOV 1      1.2                      MM     MM
  SINCE JUL 1      0.0                      MM     MM
  SNOW DEPTH       0

DEGREE DAYS
 HEATING
  YESTERDAY        0                         0      0        0
  MONTH TO DATE    0                         0      0        0
  SINCE SEP 1      0                         0      0        0
  SINCE JUL 1      0                         0      0        0

 COOLING
  YESTERDAY       13                         7      6       10
  MONTH TO DATE  170                       175     -5      239
  SINCE SEP 1    170                       175     -5      239
  SINCE JAN 1   1716                      1471    245     1746
..................................................................


WIND (MPH)
  HIGHEST WIND SPEED    18   HIGHEST WIND DIRECTION    NW (320)
  HIGHEST GUST SPEED    23   HIGHEST GUST DIRECTION    NW (320)
  AVERAGE WIND SPEED     7.5


SKY COVER
  POSSIBLE SUNSHINE  MM
  AVERAGE SKY COVER 0.3


WEATHER CONDITIONS
 THE FOLLOWING WEATHER WAS RECORDED YESTERDAY.
  NO SIGNIFICANT WEATHER WAS OBSERVED.


RELATIVE HUMIDITY (PERCENT)
 HIGHEST   100           200 AM
 LOWEST     46           200 PM
 AVERAGE    73

..........................................................


THE ELIZABETH CITY NC CLIMATE NORMALS FOR TODAY
                         NORMAL    RECORD    YEAR
 MAXIMUM TEMPERATURE (F)   80        95      1995
 MINIMUM TEMPERATURE (F)   62        43      1937


SUNRISE AND SUNSET
SEPTEMBER 21 2017.....SUNRISE   652 AM EDT   SUNSET   703 PM EDT
SEPTEMBER 22 2017.....SUNRISE   653 AM EDT   SUNSET   701 PM EDT


-  INDICATES NEGATIVE NUMBERS.
R  INDICATES RECORD WAS SET OR TIED.
MM INDICATES DATA IS MISSING.
T  INDICATES TRACE AMOUNT.




$$
