000
CDUS42 KAKQ 280545
CLIECG


CLIMATE REPORT
NATIONAL WEATHER SERVICE WAKEFIELD, VA
145 AM EDT SAT MAY 28 2016


...................................

...THE ELIZABETH CITY NC CLIMATE SUMMARY FOR MAY 27 2016...

CLIMATE NORMAL PERIOD 1981 TO 2010
CLIMATE RECORD PERIOD 1934 TO 2016


WEATHER ITEM   OBSERVED TIME   RECORD YEAR NORMAL DEPARTURE LAST
                VALUE   (LST)  VALUE       VALUE  FROM      YEAR
                                                  NORMAL
..................................................................
TEMPERATURE (F)
 YESTERDAY
  MAXIMUM         84    104 PM  97    1941  80      4       84
  MINIMUM         63   1135 PM  38    1997  60      3       70
  AVERAGE         74                        70      4       77

PRECIPITATION (IN)
  YESTERDAY        0.00          2.70 1974   0.14  -0.14     0.00
  MONTH TO DATE    2.81                      3.08  -0.27     3.42
  SINCE MAR 1      9.07                     10.20  -1.13    10.50
  SINCE JAN 1     16.66                     16.64   0.02    17.30

SNOWFALL (IN)
  YESTERDAY        0.0           0.0  2002  MM     MM
  MONTH TO DATE    0.0                      MM     MM
  SINCE NOV 1      1.8                      MM     MM
  SINCE JUL 1      1.8                      MM     MM
  SNOW DEPTH       0

DEGREE DAYS
 HEATING
  YESTERDAY        0                         1     -1        0
  MONTH TO DATE   58                        65     -7       29
  SINCE MAR 1    570                       754   -184      701
  SINCE JUL 1   2481                      3226   -745     3235

 COOLING
  YESTERDAY        9                         6      3       12
  MONTH TO DATE   81                        96    -15      132
  SINCE MAR 1    136                       136      0      165
  SINCE JAN 1    136                       138     -2      167
..................................................................


WIND (MPH)
  HIGHEST WIND SPEED    18   HIGHEST WIND DIRECTION    SE (130)
  HIGHEST GUST SPEED    22   HIGHEST GUST DIRECTION    SE (130)
  AVERAGE WIND SPEED     7.9


SKY COVER
  POSSIBLE SUNSHINE  MM
  AVERAGE SKY COVER 0.2


WEATHER CONDITIONS
 THE FOLLOWING WEATHER WAS RECORDED YESTERDAY.
  NO SIGNIFICANT WEATHER WAS OBSERVED.


RELATIVE HUMIDITY (PERCENT)
 HIGHEST    87           300 AM
 LOWEST     44           100 PM
 AVERAGE    66

..........................................................


THE ELIZABETH CITY NC CLIMATE NORMALS FOR TODAY
                         NORMAL    RECORD    YEAR
 MAXIMUM TEMPERATURE (F)   80       100      1941
 MINIMUM TEMPERATURE (F)   61        38      1997


SUNRISE AND SUNSET
MAY 28 2016...........SUNRISE   550 AM EDT   SUNSET   815 PM EDT
MAY 29 2016...........SUNRISE   550 AM EDT   SUNSET   815 PM EDT


-  INDICATES NEGATIVE NUMBERS.
R  INDICATES RECORD WAS SET OR TIED.
MM INDICATES DATA IS MISSING.
T  INDICATES TRACE AMOUNT.




$$
