000
CDUS45 KGJT 200735
CLIEEO


CLIMATE REPORT
NATIONAL WEATHER SERVICE GRAND JUNCTION CO
130 AM MDT WED SEP 20 2017


...................................

...THE MEEKER CO CLIMATE SUMMARY FOR SEPTEMBER 19 2017...

CLIMATE NORMAL PERIOD 1981 TO 2010
CLIMATE RECORD PERIOD 9999 TO 9999


WEATHER ITEM   OBSERVED TIME   RECORD YEAR NORMAL DEPARTURE LAST
                VALUE   (LST)  VALUE       VALUE  FROM      YEAR
                                                  NORMAL
..................................................................
TEMPERATURE (F)
 YESTERDAY
  MAXIMUM         74    125 PM  MM      MM  73      1       86
  MINIMUM         41   1159 PM  MM      MM  38      3       37
  AVERAGE         58                        55      3       62

PRECIPITATION (IN)
  YESTERDAY        0.02         MM      MM   0.06  -0.04     0.00
  MONTH TO DATE    0.49                      1.09  -0.60     0.23
  SINCE SEP 1      0.49                      1.09  -0.60     0.23
  SINCE JAN 1     10.71                     10.95  -0.24    10.70

SNOWFALL (IN)
  YESTERDAY       MM            MM      MM  MM     MM       MM
  MONTH TO DATE   MM                        MM     MM       MM
  SINCE SEP 1     MM                        MM     MM       MM
  SINCE JUL 1     MM                        MM     MM       MM
  SNOW DEPTH      MM

DEGREE DAYS
 HEATING
  YESTERDAY        7                        10     -3        3
  MONTH TO DATE   54                       119    -65      106
  SINCE SEP 1     54                       119    -65      106
  SINCE JUL 1     63                       173   -110      169

 COOLING
  YESTERDAY        0                         0      0        0
  MONTH TO DATE   26                         0     26        5
  SINCE SEP 1     26                         0     26        5
  SINCE JAN 1    321                       168    153      224
..................................................................


WIND (MPH)
  HIGHEST WIND SPEED    37   HIGHEST WIND DIRECTION    NE (30)
  HIGHEST GUST SPEED    47   HIGHEST GUST DIRECTION    NE (30)
  AVERAGE WIND SPEED    13.8


SKY COVER
  POSSIBLE SUNSHINE  MM
  AVERAGE SKY COVER 0.3


WEATHER CONDITIONS
 THE FOLLOWING WEATHER WAS RECORDED YESTERDAY.
  LIGHT RAIN


RELATIVE HUMIDITY (PERCENT)
 HIGHEST    76           900 PM
 LOWEST     15          1200 PM
 AVERAGE    46

..........................................................


THE MEEKER CO CLIMATE NORMALS FOR TODAY
                         NORMAL    RECORD    YEAR
 MAXIMUM TEMPERATURE (F)   72        MM        MM
 MINIMUM TEMPERATURE (F)   38        MM        MM


SUNRISE AND SUNSET
SEPTEMBER 20 2017.....SUNRISE   657 AM MDT   SUNSET   711 PM MDT
SEPTEMBER 21 2017.....SUNRISE   658 AM MDT   SUNSET   710 PM MDT


-  INDICATES NEGATIVE NUMBERS.
R  INDICATES RECORD WAS SET OR TIED.
MM INDICATES DATA IS MISSING.
T  INDICATES TRACE AMOUNT.




$$
