000
CDUS44 KBMX 280735
CLIEET


CLIMATE REPORT
NATIONAL WEATHER SERVICE BIRMINGHAM, AL
234 AM CDT SUN MAY 28 2017


...................................

...THE SHELBY COUNTY AIRPORT CLIMATE SUMMARY FOR MAY 27 2017...

CLIMATE NORMAL PERIOD 1981 TO 2010
CLIMATE RECORD PERIOD 9999 TO 9999


WEATHER ITEM   OBSERVED TIME   RECORD YEAR NORMAL DEPARTURE LAST
                VALUE   (LST)  VALUE       VALUE  FROM      YEAR
                                                  NORMAL
..................................................................
TEMPERATURE (F)
 YESTERDAY
  MAXIMUM         85    506 PM  MM      MM  84      1       88
  MINIMUM         63    455 AM  MM      MM  63      0       67
  AVERAGE         74                        73      1       78

PRECIPITATION (IN)
  YESTERDAY        0.00                      0.16  -0.16      T
  MONTH TO DATE    4.80                      3.85   0.95     1.51
  SINCE MAR 1     15.37                     12.22   3.15    11.88
  SINCE JAN 1     26.47                     23.30   3.17    22.52

DEGREE DAYS
 COOLING
  YESTERDAY        9                         9      0       13
  MONTH TO DATE  163                       158      5      147
  SINCE MAR 1    372                       229    143      242
  SINCE JAN 1    382                       233    149      249
..................................................................


WIND (MPH)
  HIGHEST WIND SPEED    14   HIGHEST WIND DIRECTION     S (190)
  HIGHEST GUST SPEED    19   HIGHEST GUST DIRECTION     S (190)
  AVERAGE WIND SPEED     4.4


SKY COVER
  POSSIBLE SUNSHINE  MM
  AVERAGE SKY COVER 0.4


WEATHER CONDITIONS
 THE FOLLOWING WEATHER WAS RECORDED YESTERDAY.
  NO SIGNIFICANT WEATHER WAS OBSERVED.


RELATIVE HUMIDITY (PERCENT)
 HIGHEST   100           700 AM
 LOWEST     69          1200 PM
 AVERAGE    85

..........................................................


THE SHELBY COUNTY AIRPORT CLIMATE NORMALS FOR TODAY
                         NORMAL    RECORD    YEAR
 MAXIMUM TEMPERATURE (F)   84        MM        MM
 MINIMUM TEMPERATURE (F)   64        MM        MM


SUNRISE AND SUNSET
MAY 28 2017...........SUNRISE   540 AM CDT   SUNSET   749 PM CDT
MAY 29 2017...........SUNRISE   540 AM CDT   SUNSET   750 PM CDT


-  INDICATES NEGATIVE NUMBERS.
R  INDICATES RECORD WAS SET OR TIED.
MM INDICATES DATA IS MISSING.
T  INDICATES TRACE AMOUNT.




$$
