000
CDUS44 KBMX 242250
CLIEET


CLIMATE REPORT
NATIONAL WEATHER SERVICE BIRMINGHAM, AL
450 PM CST TUE JAN 24 2017


...................................

...THE SHELBY COUNTY AIRPORT CLIMATE SUMMARY FOR JANUARY 24 2017...
VALID TODAY AS OF 0400 PM LOCAL TIME.

CLIMATE NORMAL PERIOD 1981 TO 2010
CLIMATE RECORD PERIOD 9999 TO 9999


WEATHER ITEM   OBSERVED TIME   RECORD YEAR NORMAL DEPARTURE LAST
                VALUE   (LST)  VALUE       VALUE  FROM      YEAR
                                                  NORMAL
..................................................................
TEMPERATURE (F)
 TODAY
  MAXIMUM         63    258 PM  MM      MM  55      8       51
  MINIMUM         39    716 AM  MM      MM  34      5       23
  AVERAGE         51                        45      6       37

PRECIPITATION (IN)
  TODAY            0.00                      0.19  -0.19     0.00
  MONTH TO DATE    6.59                      4.00   2.59     2.29
  SINCE DEC 1      8.72                      8.80  -0.08    11.21
  SINCE JAN 1      6.59                      4.00   2.59     2.29

SNOWFALL (IN)
  TODAY            0.0                      MM     MM        0.0
  MONTH TO DATE    0.0                      MM     MM         T
  SINCE DEC 1      0.0                      MM     MM         T
  SINCE JUL 1      0.0                      MM     MM         T
  SNOW DEPTH       0

DEGREE DAYS
 HEATING
  TODAY           14                        20     -6       28
  MONTH TO DATE  257                       502   -245      560
  SINCE DEC 1    714                      1078   -364      829
  SINCE JUL 1    950                      1522   -572     1072
..................................................................


WIND (MPH)
  HIGHEST WIND SPEED    13   HIGHEST WIND DIRECTION    NW (330)
  HIGHEST GUST SPEED    17   HIGHEST GUST DIRECTION    NW (320)
  AVERAGE WIND SPEED     4.3


SKY COVER
  POSSIBLE SUNSHINE  MM
  AVERAGE SKY COVER 0.2


WEATHER CONDITIONS
 THE FOLLOWING WEATHER WAS RECORDED TODAY.
  NO SIGNIFICANT WEATHER WAS OBSERVED.


RELATIVE HUMIDITY (PERCENT)
 HIGHEST    93           500 AM
 LOWEST     36           200 PM
 AVERAGE    65

..........................................................


THE SHELBY COUNTY AIRPORT CLIMATE NORMALS FOR TOMORROW
                         NORMAL    RECORD    YEAR
 MAXIMUM TEMPERATURE (F)   55        MM        MM
 MINIMUM TEMPERATURE (F)   35        MM        MM


SUNRISE AND SUNSET
JANUARY 24 2017.......SUNRISE   647 AM CST   SUNSET   512 PM CST
JANUARY 25 2017.......SUNRISE   647 AM CST   SUNSET   513 PM CST


-  INDICATES NEGATIVE NUMBERS.
R  INDICATES RECORD WAS SET OR TIED.
MM INDICATES DATA IS MISSING.
T  INDICATES TRACE AMOUNT.




$$
