000
CDUS44 KBMX 040923
CLIEET


CLIMATE REPORT
NATIONAL WEATHER SERVICE BIRMINGHAM, AL
422 AM CDT SAT JUL 4 2015


...................................

...THE SHELBY COUNTY AIRPORT CLIMATE SUMMARY FOR JULY 3 2015...

CLIMATE NORMAL PERIOD 1981 TO 2010
CLIMATE RECORD PERIOD 9999 TO 9999


WEATHER ITEM   OBSERVED TIME   RECORD YEAR NORMAL DEPARTURE LAST
                VALUE   (LST)  VALUE       VALUE  FROM      YEAR
                                                  NORMAL
..................................................................
TEMPERATURE (F)
 YESTERDAY
  MAXIMUM         82   1209 PM  MM      MM  90     -8       88
  MINIMUM         69   1112 PM  MM      MM  70     -1       69
  AVERAGE         76                        80     -4       79

PRECIPITATION (IN)
  YESTERDAY        0.52                      0.16   0.36     0.00
  MONTH TO DATE    4.51                      0.47   4.04     0.17
  SINCE JUN 1      6.53                      5.10   1.43     5.64
  SINCE JAN 1     30.74                     29.03   1.71    33.14

DEGREE DAYS
 COOLING
  YESTERDAY       11                        15     -4       14
  MONTH TO DATE   38                        45     -7       49
  SINCE JUN 1    468                       419     49      464
  SINCE JAN 1    818                       688    130      758
..................................................................


WIND (MPH)
  HIGHEST WIND SPEED    17   HIGHEST WIND DIRECTION    NW (300)
  HIGHEST GUST SPEED    35   HIGHEST GUST DIRECTION    NW (300)
  AVERAGE WIND SPEED     5.8


SKY COVER
  POSSIBLE SUNSHINE  MM
  AVERAGE SKY COVER 0.2


WEATHER CONDITIONS
 THE FOLLOWING WEATHER WAS RECORDED YESTERDAY.
  THUNDERSTORM
  HEAVY RAIN
  RAIN
  LIGHT RAIN
  FOG
  HAZE


RELATIVE HUMIDITY (PERCENT)
 HIGHEST    94           100 AM
 LOWEST     69          1200 PM
 AVERAGE    82

..........................................................


THE SHELBY COUNTY AIRPORT CLIMATE NORMALS FOR TODAY
                         NORMAL    RECORD    YEAR
 MAXIMUM TEMPERATURE (F)   90        MM        MM
 MINIMUM TEMPERATURE (F)   70        MM        MM


SUNRISE AND SUNSET
JULY  4 2015..........SUNRISE   543 AM CDT   SUNSET   800 PM CDT
JULY  5 2015..........SUNRISE   543 AM CDT   SUNSET   800 PM CDT


-  INDICATES NEGATIVE NUMBERS.
R  INDICATES RECORD WAS SET OR TIED.
MM INDICATES DATA IS MISSING.
T  INDICATES TRACE AMOUNT.




$$
