000
CDUS46 KEKA 131216
CLIEKA


CLIMATE REPORT
NATIONAL WEATHER SERVICE EUREKA CA
516 AM PDT SUN JUL 13 2014


...................................

...THE EUREKA CA CLIMATE SUMMARY FOR JULY 12 2014...

CLIMATE NORMAL PERIOD 1981 TO 2010
CLIMATE RECORD PERIOD 1886 TO 2014


WEATHER ITEM   OBSERVED RECORD YEAR NORMAL DEPARTURE LAST
                VALUE   VALUE       VALUE  FROM      YEAR
                                           NORMAL
...........................................................
TEMPERATURE (F)
 YESTERDAY
  MAXIMUM         61     74    2003  63     -2       61
  MINIMUM         54     45    1887  52      2       51
  AVERAGE         58                 58      0       56

PRECIPITATION (IN)
  YESTERDAY        T      0.06 1888   0.01  -0.01     0.00
  MONTH TO DATE    T                  0.09  -0.09     0.00
  SINCE JUL 1      T                  0.09  -0.09     0.00
  SINCE JAN 1     15.99              23.37  -7.38    11.48

SNOWFALL (IN)
  YESTERDAY        0.0    0.0  2002   0.0    0.0      0.0
                               2001
  MONTH TO DATE    0.0                0.0    0.0      0.0
  SINCE JUN 1      0.0                0.0    0.0      0.0
  SINCE JUL 1      0.0                0.0    0.0      0.0
  SNOW DEPTH       0

DEGREE DAYS
 HEATING
  YESTERDAY        7                  7      0        9
  MONTH TO DATE   74                 95    -21       87
  SINCE JUN 1    326                361    -35      310
  SINCE JUL 1     74                 95    -21       87

 COOLING
  YESTERDAY        0                  0      0        0
  MONTH TO DATE    0                  0      0        0
  SINCE JUN 1      0                  0      0        0
  SINCE JAN 1      1                  0      1        0
...........................................................


WIND (MPH)
  HIGHEST WIND SPEED    12   HIGHEST WIND DIRECTION     N (360)
  HIGHEST GUST SPEED    15   HIGHEST GUST DIRECTION    MM
  AVERAGE WIND SPEED     5.5


SKY COVER
  AVERAGE SKY COVER 1.0


WEATHER CONDITIONS
 THE FOLLOWING WEATHER WAS RECORDED YESTERDAY.
  LIGHT RAIN
  FOG


..........................................................


THE EUREKA CA CLIMATE NORMALS FOR TODAY
                         NORMAL    RECORD    YEAR
 MAXIMUM TEMPERATURE (F)   63        73      1957
 MINIMUM TEMPERATURE (F)   52        47      2013
                                             1924
                                             1887


SUNRISE AND SUNSET
JULY 13 2014..........SUNRISE   557 AM PDT   SUNSET   848 PM PDT
JULY 14 2014..........SUNRISE   557 AM PDT   SUNSET   847 PM PDT


-  INDICATES NEGATIVE NUMBERS.
R  INDICATES RECORD WAS SET OR TIED.
MM INDICATES DATA IS MISSING.
T  INDICATES TRACE AMOUNT.




&&

..........................................................

TOTAL SEASON     NORMAL   % OF NORMAL     LAST SEASON

     0.00          0.09        0             0.00

$$
