000
CDUS46 KEKA 300015
CLIEKA


CLIMATE REPORT
NATIONAL WEATHER SERVICE EUREKA CA
511 PM PDT WED JUL 29 2015


...................................

...THE EUREKA CA CLIMATE SUMMARY FOR JULY 29 2015...
VALID TODAY AS OF 0500 PM LOCAL TIME.

CLIMATE NORMAL PERIOD 1981 TO 2010
CLIMATE RECORD PERIOD 1886 TO 2015


WEATHER ITEM   OBSERVED RECORD YEAR NORMAL DEPARTURE LAST
                VALUE   VALUE       VALUE  FROM      YEAR
                                           NORMAL
...........................................................
TEMPERATURE (F)
 TODAY
  MAXIMUM         75R    68    1940  64     11       61
  MINIMUM         54     47    1904  53      1       53
  AVERAGE         65                 58      7       57

PRECIPITATION (IN)
  TODAY            0.00   0.03 2012   0.00   0.00      T
                               2001
  MONTH TO DATE    0.15               0.17  -0.02     0.02
  SINCE OCT 1     30.82              39.42  -8.60    17.91
  SINCE JAN 1     12.44              23.45 -11.01    16.01

SNOWFALL (IN)
  TODAY            0.0    0.0  2002   0.0    0.0      0.0
                               2001
  MONTH TO DATE    0.0                0.0    0.0      0.0
  SINCE JUN 1      0.0                0.0    0.0      0.0
  SINCE JUL 1      0.0                0.0    0.0      0.0
  SNOW DEPTH      MM

...........................................................


WIND (MPH)
  HIGHEST WIND SPEED    10   HIGHEST WIND DIRECTION     W (290)
  HIGHEST GUST SPEED    MM   HIGHEST GUST DIRECTION    MM
  AVERAGE WIND SPEED     4.0


SKY COVER
  AVERAGE SKY COVER 0.0


WEATHER CONDITIONS
 THE FOLLOWING WEATHER WAS RECORDED TODAY.
  HAZE


..........................................................


THE EUREKA CA CLIMATE NORMALS FOR TOMORROW
                         NORMAL    RECORD    YEAR
 MAXIMUM TEMPERATURE (F)   64        69      1947
 MINIMUM TEMPERATURE (F)   53        48      1995
                                             1945


SUNRISE AND SUNSET
JULY 29 2015..........SUNRISE   610 AM PDT   SUNSET   836 PM PDT
JULY 30 2015..........SUNRISE   611 AM PDT   SUNSET   835 PM PDT


-  INDICATES NEGATIVE NUMBERS.
R  INDICATES RECORD WAS SET OR TIED.
MM INDICATES DATA IS MISSING.
T  INDICATES TRACE AMOUNT.




&&

..........................................................

TOTAL SEASON     NORMAL   % OF NORMAL     LAST SEASON

    30.82         39.42        78            17.91


$$
