000
CDUS46 KEKA 061224
CLIEKA


CLIMATE REPORT
NATIONAL WEATHER SERVICE EUREKA CA
523 AM PDT FRI MAY 6 2016


...................................

...THE EUREKA CA CLIMATE SUMMARY FOR MAY 5 2016...

CLIMATE NORMAL PERIOD 1981 TO 2010
CLIMATE RECORD PERIOD 1886 TO 2016


WEATHER ITEM   OBSERVED RECORD YEAR NORMAL DEPARTURE LAST
                VALUE   VALUE       VALUE  FROM      YEAR
                                           NORMAL
...........................................................
TEMPERATURE (F)
 YESTERDAY
  MAXIMUM         56     70    1902  59     -3       57
  MINIMUM         51     39    2012  46      5       48
                               1999
  AVERAGE         54                 53      1       53

PRECIPITATION (IN)
  YESTERDAY        0.02   1.37 1889   0.07  -0.05     0.00
  MONTH TO DATE    0.11               0.37  -0.26      T
  SINCE OCT 1     46.82              37.09   9.73    30.56
  SINCE JAN 1     26.10              21.12   4.98    12.18

SNOWFALL (IN)
  YESTERDAY        0.0    0.0  2002   0.0    0.0      0.0
                               2001
  MONTH TO DATE    0.0                0.0    0.0      0.0
  SINCE MAR 1      0.0                T      0.0       T
  SINCE JUL 1      T                  0.2   -0.2       T
  SNOW DEPTH       0

DEGREE DAYS
 HEATING
  YESTERDAY       11                 12     -1       12
  MONTH TO DATE   47                 63    -16       66
  SINCE MAR 1    746                962   -216      886
  SINCE JUL 1   3156               3884   -728     3041

 COOLING
  YESTERDAY        0                  0      0        0
  MONTH TO DATE    0                  0      0        0
  SINCE MAR 1      0                  0      0        0
  SINCE JAN 1      0                  0      0        0
...........................................................


WIND (MPH)
  HIGHEST WIND SPEED     9   HIGHEST WIND DIRECTION     N (10)
  HIGHEST GUST SPEED    15   HIGHEST GUST DIRECTION     N (360)
  AVERAGE WIND SPEED     5.1


SKY COVER
  AVERAGE SKY COVER 1.0


WEATHER CONDITIONS
 THE FOLLOWING WEATHER WAS RECORDED YESTERDAY.
  LIGHT RAIN
  FOG


..........................................................


THE EUREKA CA CLIMATE NORMALS FOR TODAY
                         NORMAL    RECORD    YEAR
 MAXIMUM TEMPERATURE (F)   59        78      1949
 MINIMUM TEMPERATURE (F)   46        35      2010


SUNRISE AND SUNSET
MAY  6 2016...........SUNRISE   608 AM PDT   SUNSET   819 PM PDT
MAY  7 2016...........SUNRISE   607 AM PDT   SUNSET   820 PM PDT


-  INDICATES NEGATIVE NUMBERS.
R  INDICATES RECORD WAS SET OR TIED.
MM INDICATES DATA IS MISSING.
T  INDICATES TRACE AMOUNT.




&&

..........................................................

TOTAL SEASON     NORMAL   % OF NORMAL     LAST SEASON

    46.82         37.09        126            30.56


$$
