000
CDUS46 KEKA 250011
CLIEKA


CLIMATE REPORT
NATIONAL WEATHER SERVICE EUREKA CA
511 PM PDT FRI OCT 24 2014


...................................

...THE EUREKA CA CLIMATE SUMMARY FOR OCTOBER 24 2014...
VALID TODAY AS OF 0500 PM LOCAL TIME.

CLIMATE NORMAL PERIOD 1981 TO 2010
CLIMATE RECORD PERIOD 1886 TO 2014


WEATHER ITEM   OBSERVED RECORD YEAR NORMAL DEPARTURE LAST
                VALUE   VALUE       VALUE  FROM      YEAR
                                           NORMAL
...........................................................
TEMPERATURE (F)
 TODAY
  MAXIMUM         73     74    1986  61     12       52
  MINIMUM         55     38    2001  46      9       45
                               1971
                               1919
  AVERAGE         64                 54     10       49

PRECIPITATION (IN)
  TODAY            0.26   2.05 2010   0.09   0.17     0.01
  MONTH TO DATE    3.20               1.45   1.75     0.04
  SINCE JUL 1      6.33               2.53   3.80     3.26
  SINCE JAN 1     22.32              25.81  -3.49    14.74

SNOWFALL (IN)
  TODAY            0.0    0.0  2002   0.0    0.0     MM
                               2001
  MONTH TO DATE    0.0                0.0    0.0      0.0
  SINCE SEP 1      0.0                0.0    0.0      0.0
  SINCE JUL 1      0.0                0.0    0.0      0.0
  SNOW DEPTH      MM

...........................................................


WIND (MPH)
  HIGHEST WIND SPEED    17   HIGHEST WIND DIRECTION    SW (210)
  HIGHEST GUST SPEED    29   HIGHEST GUST DIRECTION     S (190)
  AVERAGE WIND SPEED     8.6


SKY COVER
  AVERAGE SKY COVER 0.6


WEATHER CONDITIONS
 THE FOLLOWING WEATHER WAS RECORDED TODAY.
  LIGHT RAIN
  FOG


..........................................................


THE EUREKA CA CLIMATE NORMALS FOR TOMORROW
                         NORMAL    RECORD    YEAR
 MAXIMUM TEMPERATURE (F)   61        79      1986
 MINIMUM TEMPERATURE (F)   46        38      2001
                                             1919


SUNRISE AND SUNSET
OCTOBER 24 2014.......SUNRISE   738 AM PDT   SUNSET   623 PM PDT
OCTOBER 25 2014.......SUNRISE   739 AM PDT   SUNSET   622 PM PDT


-  INDICATES NEGATIVE NUMBERS.
R  INDICATES RECORD WAS SET OR TIED.
MM INDICATES DATA IS MISSING.
T  INDICATES TRACE AMOUNT.




&&

..........................................................

TOTAL SEASON     NORMAL   % OF NORMAL     LAST SEASON

     6.33          2.53        250             3.26


$$
