000
CDUS46 KEKA 280050
CLIEKA

CLIMATE REPORT
NATIONAL WEATHER SERVICE EUREKA CA
543 PM PDT THU AUG 27 2015


...................................

...THE EUREKA CA CLIMATE SUMMARY FOR AUGUST 27 2015...
VALID TODAY AS OF 0500 PM LOCAL TIME.

CLIMATE NORMAL PERIOD 1981 TO 2010
CLIMATE RECORD PERIOD 1886 TO 2015


WEATHER ITEM   OBSERVED RECORD YEAR NORMAL DEPARTURE LAST
                VALUE   VALUE       VALUE  FROM      YEAR
                                           NORMAL
...........................................................
TEMPERATURE (F)
 TODAY
  MAXIMUM         71     79    1894  65      6       64
  MINIMUM         54     45    1908  53      1       53
                               1895
  AVERAGE         63                 59      4       59

PRECIPITATION (IN)
  TODAY            0.00   0.58 1954   0.01  -0.01     0.00
  MONTH TO DATE    0.05               0.25  -0.20     0.02
  SINCE OCT 1     30.87              39.68  -8.81    17.93
  SINCE JAN 1     12.49              23.71 -11.22    16.03

SNOWFALL (IN)
  TODAY            0.0    0.0  2002   0.0    0.0      0.0
                               2001
  MONTH TO DATE    0.0                0.0    0.0      0.0
  SINCE JUN 1      0.0                0.0    0.0      0.0
  SINCE JUL 1      0.0                0.0    0.0      0.0
  SNOW DEPTH      MM

...........................................................


WIND (MPH)
  HIGHEST WIND SPEED     8   HIGHEST WIND DIRECTION     W (290)
  HIGHEST GUST SPEED    MM   HIGHEST GUST DIRECTION    MM
  AVERAGE WIND SPEED     2.0


SKY COVER
  AVERAGE SKY COVER 0.0


WEATHER CONDITIONS
 THE FOLLOWING WEATHER WAS RECORDED TODAY.
  FOG


..........................................................


THE EUREKA CA CLIMATE NORMALS FOR TOMORROW
                         NORMAL    RECORD    YEAR
 MAXIMUM TEMPERATURE (F)   65        78      2009
 MINIMUM TEMPERATURE (F)   53        46      1895


SUNRISE AND SUNSET
AUGUST 27 2015........SUNRISE   639 AM PDT   SUNSET   757 PM PDT
AUGUST 28 2015........SUNRISE   639 AM PDT   SUNSET   756 PM PDT


-  INDICATES NEGATIVE NUMBERS.
R  INDICATES RECORD WAS SET OR TIED.
MM INDICATES DATA IS MISSING.
T  INDICATES TRACE AMOUNT.

&&

..........................................................

TOTAL SEASON     NORMAL   % OF NORMAL     LAST SEASON

    30.87         39.68        78            17.93


$$
