873
CDUS46 KEKA 310010
CLIEKA


CLIMATE REPORT
NATIONAL WEATHER SERVICE EUREKA CA
509 PM PDT SAT JUL 30 2016


...................................

...THE EUREKA CA CLIMATE SUMMARY FOR JULY 30 2016...
VALID TODAY AS OF 0500 PM LOCAL TIME.

CLIMATE NORMAL PERIOD 1981 TO 2010
CLIMATE RECORD PERIOD 1886 TO 2016


WEATHER ITEM   OBSERVED RECORD YEAR NORMAL DEPARTURE LAST
                VALUE   VALUE       VALUE  FROM      YEAR
                                           NORMAL
...........................................................
TEMPERATURE (F)
 TODAY
  MAXIMUM         64     69    1947  64      0       67
  MINIMUM         53     48    1995  53      0       53
                               1945
  AVERAGE         59                 58      1       60

PRECIPITATION (IN)
  TODAY            0.00   0.15 2001   0.01  -0.01     0.00
  MONTH TO DATE    0.54               0.18   0.36     0.15
  SINCE OCT 1     48.03              39.43   8.60    30.82
  SINCE JAN 1     27.31              23.46   3.85    12.44

SNOWFALL (IN)
  TODAY            0.0   MM      MM   0.0    0.0      0.0
  MONTH TO DATE    0.0                0.0    0.0      0.0
  SINCE JUN 1      0.0                0.0    0.0      0.0
  SINCE JUL 1      0.0                0.0    0.0      0.0
  SNOW DEPTH      MM

...........................................................


WIND (MPH)
  HIGHEST WIND SPEED    12   HIGHEST WIND DIRECTION    NW (330)
  HIGHEST GUST SPEED    13   HIGHEST GUST DIRECTION    MM
  AVERAGE WIND SPEED     4.3


SKY COVER
  AVERAGE SKY COVER 0.4


WEATHER CONDITIONS
 THE FOLLOWING WEATHER WAS RECORDED TODAY.
  FOG
  HAZE


..........................................................


THE EUREKA CA CLIMATE NORMALS FOR TOMORROW
                         NORMAL    RECORD    YEAR
 MAXIMUM TEMPERATURE (F)   64        74      1995
 MINIMUM TEMPERATURE (F)   53        49      1975
                                             1954
                                             1950


SUNRISE AND SUNSET
JULY 30 2016..........SUNRISE   612 AM PDT   SUNSET   834 PM PDT
JULY 31 2016..........SUNRISE   613 AM PDT   SUNSET   833 PM PDT


-  INDICATES NEGATIVE NUMBERS.
R  INDICATES RECORD WAS SET OR TIED.
MM INDICATES DATA IS MISSING.
T  INDICATES TRACE AMOUNT.




&&

..........................................................

TOTAL SEASON     NORMAL   % OF NORMAL     LAST SEASON

    48.03         39.43        122            30.82


$$
