006
CDUS46 KEKA 261210
CLIEKA


CLIMATE REPORT
NATIONAL WEATHER SERVICE EUREKA CA
510 AM PDT FRI MAY 26 2017


...................................

...THE EUREKA CA CLIMATE SUMMARY FOR MAY 25 2017...

CLIMATE NORMAL PERIOD 1981 TO 2010
CLIMATE RECORD PERIOD 1886 TO 2017


WEATHER ITEM   OBSERVED RECORD YEAR NORMAL DEPARTURE LAST
                VALUE   VALUE       VALUE  FROM      YEAR
                                           NORMAL
...........................................................
TEMPERATURE (F)
 YESTERDAY
  MAXIMUM         58     72    1986  61     -3       62
  MINIMUM         46     38    1920  49     -3       54
  AVERAGE         52                 55     -3       58

PRECIPITATION (IN)
  YESTERDAY        0.00   1.18 1960   0.05  -0.05     0.00
  MONTH TO DATE    1.29               1.50  -0.21     0.76
  SINCE OCT 1     62.10              38.22  23.88    47.47
  SINCE JAN 1     36.33              22.25  14.08    26.75

SNOWFALL (IN)
  YESTERDAY        0.0    0.0  2002   0.0    0.0      0.0
                               2001
  MONTH TO DATE    0.0                0.0    0.0      0.0
  SINCE MAR 1      T                  T      0.0      0.0
  SINCE JUL 1      T                  0.2   -0.2       T
  SNOW DEPTH       0

DEGREE DAYS
 HEATING
  YESTERDAY       13                 10      3        7
  MONTH TO DATE  302                288     14      236
  SINCE MAR 1   1113               1187    -74      935
  SINCE JUL 1   4002               4109   -107     3345

 COOLING
  YESTERDAY        0                  0      0        0
  MONTH TO DATE    0                  0      0        0
  SINCE MAR 1      0                  0      0        0
  SINCE JAN 1      0                  0      0        0
...........................................................


WIND (MPH)
  HIGHEST WIND SPEED    12   HIGHEST WIND DIRECTION     N (340)
  HIGHEST GUST SPEED    17   HIGHEST GUST DIRECTION     N (10)
  AVERAGE WIND SPEED     5.1


SKY COVER
  AVERAGE SKY COVER 0.5


WEATHER CONDITIONS
 THE FOLLOWING WEATHER WAS RECORDED YESTERDAY.
  FOG


..........................................................


THE EUREKA CA CLIMATE NORMALS FOR TODAY
                         NORMAL    RECORD    YEAR
 MAXIMUM TEMPERATURE (F)   61        75      1947
 MINIMUM TEMPERATURE (F)   49        42      1973
                                             1920


SUNRISE AND SUNSET
MAY 26 2017...........SUNRISE   550 AM PDT   SUNSET   838 PM PDT
MAY 27 2017...........SUNRISE   550 AM PDT   SUNSET   838 PM PDT


-  INDICATES NEGATIVE NUMBERS.
R  INDICATES RECORD WAS SET OR TIED.
MM INDICATES DATA IS MISSING.
T  INDICATES TRACE AMOUNT.




&&

..........................................................

TOTAL SEASON     NORMAL   % OF NORMAL     LAST SEASON

    62.10         38.22        162            47.47


$$
