000
CDUS46 KEKA 240015
CLIEKA


CLIMATE REPORT
NATIONAL WEATHER SERVICE EUREKA CA
514 PM PDT SAT MAY 23 2015


...................................

...THE EUREKA CA CLIMATE SUMMARY FOR MAY 23 2015...
VALID TODAY AS OF 0500 PM LOCAL TIME.

CLIMATE NORMAL PERIOD 1981 TO 2010
CLIMATE RECORD PERIOD 1886 TO 2015


WEATHER ITEM   OBSERVED RECORD YEAR NORMAL DEPARTURE LAST
                VALUE   VALUE       VALUE  FROM      YEAR
                                           NORMAL
...........................................................
TEMPERATURE (F)
 TODAY
  MAXIMUM         61     67    1992  61      0       62
  MINIMUM         52     37    2010  48      4       52
  AVERAGE         57                 55      2       57

PRECIPITATION (IN)
  TODAY            0.00   0.69 1960   0.06  -0.06      T
  MONTH TO DATE    T                  1.40  -1.40     0.58
  SINCE OCT 1     30.56              38.12  -7.56    17.54
  SINCE JAN 1     12.18              22.15  -9.97    15.64

SNOWFALL (IN)
  TODAY            0.0    0.0  2002   0.0    0.0      0.0
                               2001
  MONTH TO DATE    0.0                0.0    0.0      0.0
  SINCE MAR 1      T                  T      0.0      0.0
  SINCE JUL 1      T                  0.2   -0.2       T
  SNOW DEPTH      MM

...........................................................


WIND (MPH)
  HIGHEST WIND SPEED    14   HIGHEST WIND DIRECTION     N (350)
  HIGHEST GUST SPEED    MM   HIGHEST GUST DIRECTION    MM
  AVERAGE WIND SPEED     7.1


SKY COVER
  AVERAGE SKY COVER 0.8


WEATHER CONDITIONS
 THE FOLLOWING WEATHER WAS RECORDED TODAY.
  NO SIGNIFICANT WEATHER WAS OBSERVED.


..........................................................


THE EUREKA CA CLIMATE NORMALS FOR TOMORROW
                         NORMAL    RECORD    YEAR
 MAXIMUM TEMPERATURE (F)   61        78      1890
 MINIMUM TEMPERATURE (F)   48        42      1922
                                             1920
                                             1918


SUNRISE AND SUNSET
MAY 23 2015...........SUNRISE   553 AM PDT   SUNSET   835 PM PDT
MAY 24 2015...........SUNRISE   552 AM PDT   SUNSET   835 PM PDT


-  INDICATES NEGATIVE NUMBERS.
R  INDICATES RECORD WAS SET OR TIED.
MM INDICATES DATA IS MISSING.
T  INDICATES TRACE AMOUNT.




&&

..........................................................

TOTAL SEASON     NORMAL   % OF NORMAL     LAST SEASON

    30.56         38.12        80            17.54


$$
