000
CDUS46 KEKA 061213
CLIEKA


CLIMATE REPORT
NATIONAL WEATHER SERVICE EUREKA CA
413 AM PST FRI MAR 6 2015


...................................

...THE EUREKA CA CLIMATE SUMMARY FOR MARCH 5 2015...

CLIMATE NORMAL PERIOD 1981 TO 2010
CLIMATE RECORD PERIOD 1886 TO 2015


WEATHER ITEM   OBSERVED RECORD YEAR NORMAL DEPARTURE LAST
                VALUE   VALUE       VALUE  FROM      YEAR
                                           NORMAL
...........................................................
TEMPERATURE (F)
 YESTERDAY
  MAXIMUM         62     75    1901  57      5       65
  MINIMUM         38     31    1999  42     -4       55
                               1955
  AVERAGE         50                 49      1       60

PRECIPITATION (IN)
  YESTERDAY        0.00   1.39 2011   0.19  -0.19     0.19
  MONTH TO DATE    0.00               0.98  -0.98     0.82
  SINCE OCT 1     24.78              29.08  -4.30    10.16
  SINCE JAN 1      6.40              13.11  -6.71     8.26

SNOWFALL (IN)
  YESTERDAY        0.0   MM      MM   0.0    0.0      0.0
  MONTH TO DATE    0.0                0.0    0.0      0.0
  SINCE MAR 1      0.0                0.0    0.0      0.0
  SINCE JUL 1      0.0                0.2   -0.2       T
  SNOW DEPTH       0

DEGREE DAYS
 HEATING
  YESTERDAY       15                 16     -1        5
  MONTH TO DATE   84                 80      4       47
  SINCE MAR 1     84                 80      4       47
  SINCE JUL 1   2239               3002   -763     3138

 COOLING
  YESTERDAY        0                  0      0        0
  MONTH TO DATE    0                  0      0        0
  SINCE MAR 1      0                  0      0        0
  SINCE JAN 1      0                  0      0        0
...........................................................


WIND (MPH)
  HIGHEST WIND SPEED     8   HIGHEST WIND DIRECTION     W (270)
  HIGHEST GUST SPEED     9   HIGHEST GUST DIRECTION    MM
  AVERAGE WIND SPEED     1.4


SKY COVER
  AVERAGE SKY COVER 0.3


WEATHER CONDITIONS
 THE FOLLOWING WEATHER WAS RECORDED YESTERDAY.
  NO SIGNIFICANT WEATHER WAS OBSERVED.


..........................................................


THE EUREKA CA CLIMATE NORMALS FOR TODAY
                         NORMAL    RECORD    YEAR
 MAXIMUM TEMPERATURE (F)   57        70      1960
 MINIMUM TEMPERATURE (F)   42        32      1918
                                             1917


SUNRISE AND SUNSET
MARCH  6 2015.........SUNRISE   643 AM PST   SUNSET   613 PM PST
MARCH  7 2015.........SUNRISE   641 AM PST   SUNSET   614 PM PST


-  INDICATES NEGATIVE NUMBERS.
R  INDICATES RECORD WAS SET OR TIED.
MM INDICATES DATA IS MISSING.
T  INDICATES TRACE AMOUNT.




&&

..........................................................

TOTAL SEASON     NORMAL   % OF NORMAL     LAST SEASON

    24.78         29.08        85            10.16


$$
