000
CDUS46 KEKA 181222
CLIEKA


CLIMATE REPORT
NATIONAL WEATHER SERVICE EUREKA CA
421 AM PST THU JAN 18 2018


...................................

...THE EUREKA CA CLIMATE SUMMARY FOR JANUARY 17 2018...

CLIMATE NORMAL PERIOD 1981 TO 2010
CLIMATE RECORD PERIOD 1886 TO 2018


WEATHER ITEM   OBSERVED RECORD YEAR NORMAL DEPARTURE LAST
                VALUE   VALUE       VALUE  FROM      YEAR
                                           NORMAL
...........................................................
TEMPERATURE (F)
 YESTERDAY
  MAXIMUM         67R    67    1981  56     11       57
                               1971
                               1908
  MINIMUM         46     25    1888  41      5       37
  AVERAGE         57                 48      9       47

PRECIPITATION (IN)
  YESTERDAY        0.35   3.70 1953   0.21   0.14     0.05
  MONTH TO DATE    2.44               3.75  -1.31     5.70
  SINCE OCT 1     13.42              19.72  -6.30    31.47
  SINCE JAN 1      2.44               3.75  -1.31     5.70

SNOWFALL (IN)
  YESTERDAY       MM      0.0  2002   0.0   MM       MM
  MONTH TO DATE    0.0                0.0    0.0      0.0
  SINCE DEC 1      0.0                T      0.0      0.0
  SINCE JUL 1      0.0                T      0.0       T
  SNOW DEPTH       0

DEGREE DAYS
 HEATING
  YESTERDAY        8                 17     -9       18
  MONTH TO DATE  229                289    -60      350
  SINCE DEC 1    769                822    -53      963
  SINCE JUL 1   2029               2244   -215     2197

 COOLING
  YESTERDAY        0                  0      0        0
  MONTH TO DATE    0                  0      0        0
  SINCE DEC 1      0                  0      0        0
  SINCE JAN 1      0                  0      0        0
...........................................................


WIND (MPH)
  HIGHEST WIND SPEED    17   HIGHEST WIND DIRECTION     S (180)
  HIGHEST GUST SPEED    28   HIGHEST GUST DIRECTION     S (190)
  AVERAGE WIND SPEED     8.5


SKY COVER
  AVERAGE SKY COVER 1.0


WEATHER CONDITIONS
 THE FOLLOWING WEATHER WAS RECORDED YESTERDAY.
  RAIN
  LIGHT RAIN


..........................................................


THE EUREKA CA CLIMATE NORMALS FOR TODAY
                         NORMAL    RECORD    YEAR
 MAXIMUM TEMPERATURE (F)   56        73      1981
 MINIMUM TEMPERATURE (F)   41        26      1943


SUNRISE AND SUNSET
JANUARY 18 2018.......SUNRISE   737 AM PST   SUNSET   517 PM PST
JANUARY 19 2018.......SUNRISE   737 AM PST   SUNSET   519 PM PST


-  INDICATES NEGATIVE NUMBERS.
R  INDICATES RECORD WAS SET OR TIED.
MM INDICATES DATA IS MISSING.
T  INDICATES TRACE AMOUNT.




&&

..........................................................

TOTAL SEASON     NORMAL   % OF NORMAL     LAST SEASON

    13.42         19.72        68            31.47


$$
