607
CDUS46 KEKA 201211
CLIEKA


CLIMATE REPORT
NATIONAL WEATHER SERVICE EUREKA CA
409 AM PST MON FEB 20 2017


...................................

...THE EUREKA CA CLIMATE SUMMARY FOR FEBRUARY 19 2017...

CLIMATE NORMAL PERIOD 1981 TO 2010
CLIMATE RECORD PERIOD 1886 TO 2017


WEATHER ITEM   OBSERVED RECORD YEAR NORMAL DEPARTURE LAST
                VALUE   VALUE       VALUE  FROM      YEAR
                                           NORMAL
...........................................................
TEMPERATURE (F)
 YESTERDAY
  MAXIMUM         59     72    1902  56      3       56
  MINIMUM         47     29    2006  42      5       41
  AVERAGE         53                 49      4       49

PRECIPITATION (IN)
  YESTERDAY        0.52   2.47 1998   0.20   0.32     0.77
  MONTH TO DATE    7.42               3.82   3.60     2.51
  SINCE OCT 1     43.70              26.29  17.41    35.29
  SINCE JAN 1     17.93              10.32   7.61    14.57

SNOWFALL (IN)
  YESTERDAY       MM     MM      MM   0.0   MM        0.0
  MONTH TO DATE    0.0                0.2   -0.2      0.0
  SINCE DEC 1      T                  0.2   -0.2       T
  SINCE JUL 1      T                  0.2   -0.2       T
  SNOW DEPTH       0

DEGREE DAYS
 HEATING
  YESTERDAY       12                 16     -4       16
  MONTH TO DATE  252                304    -52      246
  SINCE DEC 1   1479               1353    126     1178
  SINCE JUL 1   2713               2775    -62     2260

 COOLING
  YESTERDAY        0                  0      0        0
  MONTH TO DATE    0                  0      0        0
  SINCE DEC 1      0                  0      0        0
  SINCE JAN 1      0                  0      0        0
...........................................................


WIND (MPH)
  HIGHEST WIND SPEED    17   HIGHEST WIND DIRECTION     S (180)
  HIGHEST GUST SPEED    22   HIGHEST GUST DIRECTION    MM
  AVERAGE WIND SPEED     7.8


SKY COVER
  AVERAGE SKY COVER 1.0


WEATHER CONDITIONS
 THE FOLLOWING WEATHER WAS RECORDED YESTERDAY.
  LIGHT RAIN
  FOG


..........................................................


THE EUREKA CA CLIMATE NORMALS FOR TODAY
                         NORMAL    RECORD    YEAR
 MAXIMUM TEMPERATURE (F)   56        72      1964
 MINIMUM TEMPERATURE (F)   42        28      1887


SUNRISE AND SUNSET
FEBRUARY 20 2017......SUNRISE   703 AM PST   SUNSET   558 PM PST
FEBRUARY 21 2017......SUNRISE   702 AM PST   SUNSET   559 PM PST


-  INDICATES NEGATIVE NUMBERS.
R  INDICATES RECORD WAS SET OR TIED.
MM INDICATES DATA IS MISSING.
T  INDICATES TRACE AMOUNT.




&&

..........................................................

TOTAL SEASON     NORMAL   % OF NORMAL     LAST SEASON

    43.70         26.29        166            35.29


$$
