000
CDUS46 KEKA 251217
CLIEKA


CLIMATE REPORT
NATIONAL WEATHER SERVICE EUREKA CA
516 AM PDT TUE JUL 25 2017


...................................

...THE EUREKA CA CLIMATE SUMMARY FOR JULY 24 2017...

CLIMATE NORMAL PERIOD 1981 TO 2010
CLIMATE RECORD PERIOD 1886 TO 2017


WEATHER ITEM   OBSERVED RECORD YEAR NORMAL DEPARTURE LAST
                VALUE   VALUE       VALUE  FROM      YEAR
                                           NORMAL
...........................................................
TEMPERATURE (F)
 YESTERDAY
  MAXIMUM         64     69    2007  64      0       62
                               1994
  MINIMUM         54     47    1896  52      2       54
  AVERAGE         59                 58      1       58

PRECIPITATION (IN)
  YESTERDAY        0.00   0.02 1913   0.01  -0.01     0.00
  MONTH TO DATE    0.07               0.15  -0.08     0.51
  SINCE OCT 1     62.78              39.40  23.38    48.00
  SINCE JAN 1     37.01              23.43  13.58    27.28

SNOWFALL (IN)
  YESTERDAY        0.0    0.0  2002   0.0    0.0      0.0
                               2001
  MONTH TO DATE    0.0                0.0    0.0      0.0
  SINCE JUN 1      0.0                0.0    0.0      0.0
  SINCE JUL 1      0.0                0.0    0.0      0.0
  SNOW DEPTH       0

DEGREE DAYS
 HEATING
  YESTERDAY        6                  7     -1        7
  MONTH TO DATE  167                179    -12      156
  SINCE JUN 1    397                445    -48      380
  SINCE JUL 1    167                179    -12      156

 COOLING
  YESTERDAY        0                  0      0        0
  MONTH TO DATE    0                  0      0        0
  SINCE JUN 1      0                  0      0        0
  SINCE JAN 1      0                  0      0        0
...........................................................


WIND (MPH)
  HIGHEST WIND SPEED    12   HIGHEST WIND DIRECTION     W (270)
  HIGHEST GUST SPEED    12   HIGHEST GUST DIRECTION    MM
  AVERAGE WIND SPEED     6.3


SKY COVER
  AVERAGE SKY COVER 0.6


WEATHER CONDITIONS
 THE FOLLOWING WEATHER WAS RECORDED YESTERDAY.
  FOG
  HAZE


..........................................................


THE EUREKA CA CLIMATE NORMALS FOR TODAY
                         NORMAL    RECORD    YEAR
 MAXIMUM TEMPERATURE (F)   64        70      1984
 MINIMUM TEMPERATURE (F)   53        46      1978


SUNRISE AND SUNSET
JULY 25 2017..........SUNRISE   607 AM PDT   SUNSET   839 PM PDT
JULY 26 2017..........SUNRISE   608 AM PDT   SUNSET   838 PM PDT


-  INDICATES NEGATIVE NUMBERS.
R  INDICATES RECORD WAS SET OR TIED.
MM INDICATES DATA IS MISSING.
T  INDICATES TRACE AMOUNT.




&&

..........................................................

TOTAL SEASON     NORMAL   % OF NORMAL     LAST SEASON

    62.78         39.40        159            48.00


$$
