035
CDUS46 KEKA 221221
CLIEKA


CLIMATE REPORT
NATIONAL WEATHER SERVICE EUREKA CA
420 AM PST SUN JAN 22 2017


...................................

...THE EUREKA CA CLIMATE SUMMARY FOR JANUARY 21 2017...

CLIMATE NORMAL PERIOD 1981 TO 2010
CLIMATE RECORD PERIOD 1886 TO 2017


WEATHER ITEM   OBSERVED RECORD YEAR NORMAL DEPARTURE LAST
                VALUE   VALUE       VALUE  FROM      YEAR
                                           NORMAL
...........................................................
TEMPERATURE (F)
 YESTERDAY
  MAXIMUM         52     75    1981  56     -4       69
  MINIMUM         44     25    1937  41      3       57
  AVERAGE         48                 49     -1       63

PRECIPITATION (IN)
  YESTERDAY        0.51   4.96 1903   0.20   0.31     0.05
  MONTH TO DATE    9.50               4.57   4.93     8.09
  SINCE OCT 1     35.27              20.54  14.73    28.81
  SINCE JAN 1      9.50               4.57   4.93     8.09

SNOWFALL (IN)
  YESTERDAY       MM      0.4  2002   0.0   MM        0.0
  MONTH TO DATE    0.0                0.0    0.0      0.0
  SINCE DEC 1      0.0                T      0.0       T
  SINCE JUL 1      T                  T      0.0       T
  SNOW DEPTH       0

DEGREE DAYS
 HEATING
  YESTERDAY       17                 17      0        2
  MONTH TO DATE  414                357     57      298
  SINCE DEC 1   1027                890    137      797
  SINCE JUL 1   2261               2312    -51     1879

 COOLING
  YESTERDAY        0                  0      0        0
  MONTH TO DATE    0                  0      0        0
  SINCE DEC 1      0                  0      0        0
  SINCE JAN 1      0                  0      0        0
...........................................................


WIND (MPH)
  HIGHEST WIND SPEED    17   HIGHEST WIND DIRECTION     S (170)
  HIGHEST GUST SPEED    47   HIGHEST GUST DIRECTION     S (170)
  AVERAGE WIND SPEED     8.3


SKY COVER
  AVERAGE SKY COVER 1.0


WEATHER CONDITIONS
 THE FOLLOWING WEATHER WAS RECORDED YESTERDAY.
  THUNDERSTORM
  LIGHT RAIN


..........................................................


THE EUREKA CA CLIMATE NORMALS FOR TODAY
                         NORMAL    RECORD    YEAR
 MAXIMUM TEMPERATURE (F)   56        70      1968
 MINIMUM TEMPERATURE (F)   41        29      1962


SUNRISE AND SUNSET
JANUARY 22 2017.......SUNRISE   735 AM PST   SUNSET   522 PM PST
JANUARY 23 2017.......SUNRISE   734 AM PST   SUNSET   524 PM PST


-  INDICATES NEGATIVE NUMBERS.
R  INDICATES RECORD WAS SET OR TIED.
MM INDICATES DATA IS MISSING.
T  INDICATES TRACE AMOUNT.




&&

..........................................................

TOTAL SEASON     NORMAL   % OF NORMAL     LAST SEASON

    35.27         20.54        172            28.81


$$
