000
CDUS41 KRLX 300717
CLIEKN


CLIMATE REPORT
NATIONAL WEATHER SERVICE CHARLESTON WV
316 AM EDT FRI SEP 30 2016


...................................

...THE ELKINS WV CLIMATE SUMMARY FOR SEPTEMBER 29 2016...

CLIMATE NORMAL PERIOD 1981 TO 2010
CLIMATE RECORD PERIOD 1899 TO 2016


WEATHER ITEM   OBSERVED TIME   RECORD YEAR NORMAL DEPARTURE LAST
                VALUE   (LST)  VALUE       VALUE  FROM      YEAR
                                                  NORMAL
..................................................................
TEMPERATURE (F)
 YESTERDAY
  MAXIMUM         77    233 PM  90    1953  69      8       71
  MINIMUM         55    700 AM  26    1942  45     10       63
  AVERAGE         66                        57      9       67

PRECIPITATION (IN)
  YESTERDAY        2.88R         1.82 1924   0.12   2.76     0.84
  MONTH TO DATE    3.84                      3.52   0.32     2.63
  SINCE JAN 1     33.84                     36.33  -2.49    40.08

SNOWFALL (IN)
  YESTERDAY        0.0
  MONTH TO DATE    0.0
  SINCE SEP 1      0.0
  SNOW DEPTH       0

DEGREE DAYS
 HEATING
  YESTERDAY        0                         8     -8        0
  MONTH TO DATE   18                       121   -103       56
  SINCE SEP 1     18                       121   -103       56
  SINCE JUL 1     18                       151   -133       67

 COOLING
  YESTERDAY        1                         1      0        2
  MONTH TO DATE  115                        47     68       86
  SINCE SEP 1    115                        47     68       86
  SINCE JAN 1    804                       473    331      627
..................................................................


WIND (MPH)
  HIGHEST WIND SPEED    23   HIGHEST WIND DIRECTION    SE (150)
  HIGHEST GUST SPEED    31   HIGHEST GUST DIRECTION    SE (150)
  AVERAGE WIND SPEED     4.0


SKY COVER
  POSSIBLE SUNSHINE  MM
  AVERAGE SKY COVER 0.6


WEATHER CONDITIONS
 THE FOLLOWING WEATHER WAS RECORDED YESTERDAY.
  THUNDERSTORM
  HEAVY RAIN
  RAIN
  LIGHT RAIN
  FOG


RELATIVE HUMIDITY (PERCENT)
 HIGHEST    93           200 AM
 LOWEST     50           200 PM
 AVERAGE    72

..........................................................


THE ELKINS WV CLIMATE NORMALS FOR TODAY
                         NORMAL    RECORD    YEAR
 MAXIMUM TEMPERATURE (F)   69        90      1953
 MINIMUM TEMPERATURE (F)   45        26      1899


SUNRISE AND SUNSET
SEPTEMBER 30 2016.....SUNRISE   715 AM EDT   SUNSET   703 PM EDT
OCTOBER  1 2016.......SUNRISE   716 AM EDT   SUNSET   701 PM EDT


-  INDICATES NEGATIVE NUMBERS.
R  INDICATES RECORD WAS SET OR TIED.
MM INDICATES DATA IS MISSING.
T  INDICATES TRACE AMOUNT.




$$
