000
CDUS41 KRLX 130852
CLIEKN


CLIMATE REPORT
NATIONAL WEATHER SERVICE CHARLESTON WV
349 AM EST SAT FEB 13 2016


...................................

...THE ELKINS WV CLIMATE SUMMARY FOR FEBRUARY 12 2016...

CLIMATE NORMAL PERIOD 1981 TO 2010
CLIMATE RECORD PERIOD 1899 TO 2016


WEATHER ITEM   OBSERVED TIME   RECORD YEAR NORMAL DEPARTURE LAST
                VALUE   (LST)  VALUE       VALUE  FROM      YEAR
                                                  NORMAL
..................................................................
TEMPERATURE (F)
 YESTERDAY
  MAXIMUM         26    143 PM  68    1984  42    -16       34
  MINIMUM         -3    354 AM -11    1964  21    -24        9
  AVERAGE         12                        32    -20       22

PRECIPITATION (IN)
  YESTERDAY        0.05          1.32 1916   0.11  -0.06     0.13
  MONTH TO DATE    0.69                      1.28  -0.59     1.11
  SINCE JAN 1      3.06                      4.51  -1.45     4.13

SNOWFALL (IN)
  YESTERDAY        3.0
  MONTH TO DATE    9.5
  SINCE SEP 1     37.4
  SNOW DEPTH       4

DEGREE DAYS
 HEATING
  YESTERDAY       53                        33     20       43
  MONTH TO DATE  413                       412      1      424
  SINCE DEC 1   2240                      2529   -289     2449
  SINCE JUL 1   3243                      3813   -570     3805

 COOLING
  YESTERDAY        0                         0      0        0
  MONTH TO DATE    0                         0      0        0
  SINCE DEC 1      0                         0      0        0
  SINCE JAN 1      0                         0      0        0
..................................................................


WIND (MPH)
  HIGHEST WIND SPEED    21   HIGHEST WIND DIRECTION     W (280)
  HIGHEST GUST SPEED    32   HIGHEST GUST DIRECTION     W (250)
  AVERAGE WIND SPEED     3.4


SKY COVER
  POSSIBLE SUNSHINE  MM
  AVERAGE SKY COVER 0.7


WEATHER CONDITIONS
 THE FOLLOWING WEATHER WAS RECORDED YESTERDAY.
  SNOW
  LIGHT SNOW


RELATIVE HUMIDITY (PERCENT)
 HIGHEST    88           900 AM
 LOWEST     45          1200 PM
 AVERAGE    67

..........................................................


THE ELKINS WV CLIMATE NORMALS FOR TODAY
                         NORMAL    RECORD    YEAR
 MAXIMUM TEMPERATURE (F)   42        65      1938
                                             1923
                                             1915
 MINIMUM TEMPERATURE (F)   21       -11      1983


SUNRISE AND SUNSET
FEBRUARY 13 2016......SUNRISE   714 AM EST   SUNSET   554 PM EST
FEBRUARY 14 2016......SUNRISE   712 AM EST   SUNSET   555 PM EST


-  INDICATES NEGATIVE NUMBERS.
R  INDICATES RECORD WAS SET OR TIED.
MM INDICATES DATA IS MISSING.
T  INDICATES TRACE AMOUNT.




$$
