000
CDUS41 KRLX 312117
CLIEKN


CLIMATE REPORT
NATIONAL WEATHER SERVICE CHARLESTON WV
517 PM EDT TUE MAY 31 2016


...................................

...THE ELKINS WV CLIMATE SUMMARY FOR MAY 31 2016...
VALID TODAY AS OF 0500 PM LOCAL TIME.

CLIMATE NORMAL PERIOD 1981 TO 2010
CLIMATE RECORD PERIOD 1899 TO 2016


WEATHER ITEM   OBSERVED TIME   RECORD YEAR NORMAL DEPARTURE LAST
                VALUE   (LST)  VALUE       VALUE  FROM      YEAR
                                                  NORMAL
..................................................................
TEMPERATURE (F)
 TODAY
  MAXIMUM         83    259 PM  92    1919  74      9       83
  MINIMUM         54    342 AM  33    2001  50      4       57
                                      1984
                                      1966
  AVERAGE         69                        62      7       70

PRECIPITATION (IN)
  TODAY            0.00          1.47 1975   0.16  -0.16      T
  MONTH TO DATE    6.24                      5.12   1.12     1.79
  SINCE MAR 1     12.06                     12.88  -0.82    16.13
  SINCE JAN 1     17.44                     19.21  -1.77    21.85

DEGREE DAYS
 HEATING
  TODAY            0                         4     -4        0
  MONTH TO DATE  230                       235     -5      108
  SINCE MAR 1   1218                      1476   -258     1304
  SINCE JUL 1   4960                      5797   -837     5935

 COOLING
  TODAY            4                         1      3        5
  MONTH TO DATE   26                        20      6       62
  SINCE MAR 1     29                        23      6       65
  SINCE JAN 1     29                        23      6       65
..................................................................


WIND (MPH)
  HIGHEST WIND SPEED    12   HIGHEST WIND DIRECTION     N (340)
  HIGHEST GUST SPEED    15   HIGHEST GUST DIRECTION    NW (330)
  AVERAGE WIND SPEED     2.2


SKY COVER
  POSSIBLE SUNSHINE  MM
  AVERAGE SKY COVER 0.3


WEATHER CONDITIONS
 THE FOLLOWING WEATHER WAS RECORDED TODAY.
  FOG
  FOG W/VISIBILITY <= 1/4 MILE


RELATIVE HUMIDITY (PERCENT)
 HIGHEST   100           500 AM
 LOWEST     30           100 PM
 AVERAGE    65

..........................................................


THE ELKINS WV CLIMATE NORMALS FOR TOMORROW
                         NORMAL    RECORD    YEAR
 MAXIMUM TEMPERATURE (F)   74        89      1919
 MINIMUM TEMPERATURE (F)   51        32      1930


SUNRISE AND SUNSET
MAY 31 2016...........SUNRISE   556 AM EDT   SUNSET   839 PM EDT
JUNE  1 2016..........SUNRISE   556 AM EDT   SUNSET   839 PM EDT


-  INDICATES NEGATIVE NUMBERS.
R  INDICATES RECORD WAS SET OR TIED.
MM INDICATES DATA IS MISSING.
T  INDICATES TRACE AMOUNT.




$$
