000
CDUS41 KRLX 280717
CLIEKN


CLIMATE REPORT
NATIONAL WEATHER SERVICE CHARLESTON WV
316 AM EDT SUN AUG 28 2016


...................................

...THE ELKINS WV CLIMATE SUMMARY FOR AUGUST 27 2016...

CLIMATE NORMAL PERIOD 1981 TO 2010
CLIMATE RECORD PERIOD 1899 TO 2016


WEATHER ITEM   OBSERVED TIME   RECORD YEAR NORMAL DEPARTURE LAST
                VALUE   (LST)  VALUE       VALUE  FROM      YEAR
                                                  NORMAL
..................................................................
TEMPERATURE (F)
 YESTERDAY
  MAXIMUM         91    253 PM  95    1948  79     12       74
  MINIMUM         65    523 AM  41    1945  57      8       50
  AVERAGE         78                        68     10       62

PRECIPITATION (IN)
  YESTERDAY        0.24          1.30 1943   0.11   0.13     0.00
  MONTH TO DATE    3.17                      3.39  -0.22     2.10
  SINCE JAN 1     30.00                     32.36  -2.36    37.45

SNOWFALL (IN)
  YESTERDAY        0.0
  MONTH TO DATE    0.0
  SINCE SEP 1     59.0
  SNOW DEPTH       0

DEGREE DAYS
 HEATING
  YESTERDAY        0                         1     -1        3
  MONTH TO DATE    0                        12    -12       11
  SINCE JUN 1     28                        79    -51       32
  SINCE JUL 1      0                        24    -24       11

 COOLING
  YESTERDAY       13                         4      9        0
  MONTH TO DATE  252                       128    124      107
  SINCE JUN 1    628                       386    242      461
  SINCE JAN 1    657                       409    248      526
..................................................................


WIND (MPH)
  HIGHEST WIND SPEED    12   HIGHEST WIND DIRECTION    NW (300)
  HIGHEST GUST SPEED    16   HIGHEST GUST DIRECTION    SE (150)
  AVERAGE WIND SPEED     1.9


SKY COVER
  POSSIBLE SUNSHINE  MM
  AVERAGE SKY COVER 0.5


WEATHER CONDITIONS
 THE FOLLOWING WEATHER WAS RECORDED YESTERDAY.
  HEAVY RAIN
  RAIN
  LIGHT RAIN
  FOG
  FOG W/VISIBILITY <= 1/4 MILE
  HAZE


RELATIVE HUMIDITY (PERCENT)
 HIGHEST    97           900 PM
 LOWEST     38           300 PM
 AVERAGE    68

..........................................................


THE ELKINS WV CLIMATE NORMALS FOR TODAY
                         NORMAL    RECORD    YEAR
 MAXIMUM TEMPERATURE (F)   79        92      1993
                                             1948
 MINIMUM TEMPERATURE (F)   57        40      1986
                                             1946


SUNRISE AND SUNSET
AUGUST 28 2016........SUNRISE   645 AM EDT   SUNSET   755 PM EDT
AUGUST 29 2016........SUNRISE   646 AM EDT   SUNSET   753 PM EDT


-  INDICATES NEGATIVE NUMBERS.
R  INDICATES RECORD WAS SET OR TIED.
MM INDICATES DATA IS MISSING.
T  INDICATES TRACE AMOUNT.




$$
