000
CDUS41 KRLX 280715
CLIEKN


CLIMATE REPORT
NATIONAL WEATHER SERVICE CHARLESTON WV
315 AM EDT FRI APR 28 2017


...................................

...THE ELKINS WV CLIMATE SUMMARY FOR APRIL 27 2017...

CLIMATE NORMAL PERIOD 1981 TO 2010
CLIMATE RECORD PERIOD 1899 TO 2017


WEATHER ITEM   OBSERVED TIME   RECORD YEAR NORMAL DEPARTURE LAST
                VALUE   (LST)  VALUE       VALUE  FROM      YEAR
                                                  NORMAL
..................................................................
TEMPERATURE (F)
 YESTERDAY
  MAXIMUM         80    219 PM  88    2009  66     14       66
  MINIMUM         49    550 AM  18    1971  40      9       55
  AVERAGE         65                        53     12       61

PRECIPITATION (IN)
  YESTERDAY        0.23          1.86 1928   0.13   0.10     0.01
  MONTH TO DATE    4.80                      3.41   1.39     2.81
  SINCE JAN 1     16.19                     13.70   2.49    10.56

SNOWFALL (IN)
  YESTERDAY       MM
  MONTH TO DATE    3.2
  SINCE SEP 1     44.5
  SNOW DEPTH       0

DEGREE DAYS
 HEATING
  YESTERDAY        0                        12    -12        4
  MONTH TO DATE  273                       428   -155      418
  SINCE MAR 1    990                      1208   -218      980
  SINCE JUL 1   4393                      5529  -1136     4722

 COOLING
  YESTERDAY        0                         0      0        0
  MONTH TO DATE    0                         0      0        2
  SINCE MAR 1      0                         0      0        2
  SINCE JAN 1      0                         0      0        2
..................................................................


WIND (MPH)
  HIGHEST WIND SPEED    18   HIGHEST WIND DIRECTION     W (250)
  HIGHEST GUST SPEED    25   HIGHEST GUST DIRECTION     W (270)
  AVERAGE WIND SPEED     4.1


SKY COVER
  POSSIBLE SUNSHINE  MM
  AVERAGE SKY COVER 0.3


WEATHER CONDITIONS
 THE FOLLOWING WEATHER WAS RECORDED YESTERDAY.
  HEAVY RAIN
  RAIN
  LIGHT RAIN
  FOG


RELATIVE HUMIDITY (PERCENT)
 HIGHEST    93           300 AM
 LOWEST     32           100 PM
 AVERAGE    63

..........................................................


THE ELKINS WV CLIMATE NORMALS FOR TODAY
                         NORMAL    RECORD    YEAR
 MAXIMUM TEMPERATURE (F)   67        89      1986
 MINIMUM TEMPERATURE (F)   40        22      1934


SUNRISE AND SUNSET
APRIL 28 2017.........SUNRISE   625 AM EDT   SUNSET   809 PM EDT
APRIL 29 2017.........SUNRISE   624 AM EDT   SUNSET   810 PM EDT


-  INDICATES NEGATIVE NUMBERS.
R  INDICATES RECORD WAS SET OR TIED.
MM INDICATES DATA IS MISSING.
T  INDICATES TRACE AMOUNT.




$$
