000
CDUS41 KRLX 040731
CLIEKN


CLIMATE REPORT
NATIONAL WEATHER SERVICE CHARLESTON WV
324 AM EDT TUE AUG 4 2015


...................................

...THE ELKINS WV CLIMATE SUMMARY FOR AUGUST 3 2015...

CLIMATE NORMAL PERIOD 1981 TO 2010
CLIMATE RECORD PERIOD 1899 TO 2015


WEATHER ITEM   OBSERVED TIME   RECORD YEAR NORMAL DEPARTURE LAST
                VALUE   (LST)  VALUE       VALUE  FROM      YEAR
                                                  NORMAL
..................................................................
TEMPERATURE (F)
 YESTERDAY
  MAXIMUM         85    305 PM  94    1955  81      4       76
  MINIMUM         54    550 AM  44    1965  59     -5       60
  AVERAGE         70                        70      0       68

PRECIPITATION (IN)
  YESTERDAY        0.00          2.06 1935   0.13  -0.13      T
  MONTH TO DATE    0.00                      0.42  -0.42     0.55
  SINCE JAN 1     35.35                     29.39   5.96    25.69

SNOWFALL (IN)
  YESTERDAY        0.0
  MONTH TO DATE    0.0
  SINCE SEP 1     70.3
  SNOW DEPTH       0

DEGREE DAYS
 HEATING
  YESTERDAY        0                         0      0        0
  MONTH TO DATE    0                         0      0        0
  SINCE JUN 1     21                        67    -46       47
  SINCE JUL 1      0                        12    -12       33

 COOLING
  YESTERDAY        5                         5      0        3
  MONTH TO DATE   10                        15     -5        6
  SINCE JUN 1    364                       273     91      294
  SINCE JAN 1    429                       296    133      330
..................................................................


WIND (MPH)
  HIGHEST WIND SPEED    14   HIGHEST WIND DIRECTION    SW (230)
  HIGHEST GUST SPEED    18   HIGHEST GUST DIRECTION     W (280)
  AVERAGE WIND SPEED     3.6


SKY COVER
  POSSIBLE SUNSHINE  MM
  AVERAGE SKY COVER 0.1


WEATHER CONDITIONS
 THE FOLLOWING WEATHER WAS RECORDED YESTERDAY.
  FOG


RELATIVE HUMIDITY (PERCENT)
 HIGHEST    93           100 AM
 LOWEST     34           200 PM
 AVERAGE    64

..........................................................


THE ELKINS WV CLIMATE NORMALS FOR TODAY
                         NORMAL    RECORD    YEAR
 MAXIMUM TEMPERATURE (F)   81        94      1930
 MINIMUM TEMPERATURE (F)   59        37      1965


SUNRISE AND SUNSET
AUGUST  4 2015........SUNRISE   623 AM EDT   SUNSET   828 PM EDT
AUGUST  5 2015........SUNRISE   624 AM EDT   SUNSET   826 PM EDT


-  INDICATES NEGATIVE NUMBERS.
R  INDICATES RECORD WAS SET OR TIED.
MM INDICATES DATA IS MISSING.
T  INDICATES TRACE AMOUNT.




$$
