000
CDUS41 KRLX 022135
CLIEKN


CLIMATE REPORT
NATIONAL WEATHER SERVICE CHARLESTON WV
535 PM EDT MON MAY 2 2016


...................................

...THE ELKINS WV CLIMATE SUMMARY FOR MAY 2 2016...
VALID TODAY AS OF 0500 PM LOCAL TIME.

CLIMATE NORMAL PERIOD 1981 TO 2010
CLIMATE RECORD PERIOD 1899 TO 2016


WEATHER ITEM   OBSERVED TIME   RECORD YEAR NORMAL DEPARTURE LAST
                VALUE   (LST)  VALUE       VALUE  FROM      YEAR
                                                  NORMAL
..................................................................
TEMPERATURE (F)
 TODAY
  MAXIMUM         78    331 PM  85    1910  68     10       69
                                      1902
  MINIMUM         52    223 AM  22    1978  41     11       39
  AVERAGE         65                        54     11       54

PRECIPITATION (IN)
  TODAY            0.13          1.41 1985   0.14  -0.01     0.00
  MONTH TO DATE    0.83                      0.28   0.55     0.26
  SINCE MAR 1      6.65                      8.04  -1.39    14.60
  SINCE JAN 1     12.03                     14.37  -2.34    20.32

DEGREE DAYS
 HEATING
  TODAY            0                        11    -11       11
  MONTH TO DATE    0                        22    -22       22
  SINCE MAR 1    988                      1264   -276     1218
  SINCE JUL 1   4730                      5585   -855     5849

 COOLING
  TODAY            0                         0      0        0
  MONTH TO DATE    1                         0      1        0
  SINCE MAR 1      4                         3      1        3
  SINCE JAN 1      4                         3      1        3
..................................................................


WIND (MPH)
  HIGHEST WIND SPEED    20   HIGHEST WIND DIRECTION     W (250)
  HIGHEST GUST SPEED    26   HIGHEST GUST DIRECTION    SW (210)
  AVERAGE WIND SPEED     6.1


SKY COVER
  POSSIBLE SUNSHINE  MM
  AVERAGE SKY COVER 0.6


WEATHER CONDITIONS
 THE FOLLOWING WEATHER WAS RECORDED TODAY.
  LIGHT RAIN
  FOG


RELATIVE HUMIDITY (PERCENT)
 HIGHEST   100           100 AM
 LOWEST     33           400 PM
 AVERAGE    67

..........................................................


THE ELKINS WV CLIMATE NORMALS FOR TOMORROW
                         NORMAL    RECORD    YEAR
 MAXIMUM TEMPERATURE (F)   68        88      1942
 MINIMUM TEMPERATURE (F)   41        20      1978


SUNRISE AND SUNSET
MAY  2 2016...........SUNRISE   620 AM EDT   SUNSET   813 PM EDT
MAY  3 2016...........SUNRISE   619 AM EDT   SUNSET   814 PM EDT


-  INDICATES NEGATIVE NUMBERS.
R  INDICATES RECORD WAS SET OR TIED.
MM INDICATES DATA IS MISSING.
T  INDICATES TRACE AMOUNT.




$$
