000
CDUS41 KRLX 130821
CLIEKN


CLIMATE REPORT
NATIONAL WEATHER SERVICE CHARLESTON WV
320 AM EST WED DEC 13 2017


...................................

...THE ELKINS WV CLIMATE SUMMARY FOR DECEMBER 12 2017...

CLIMATE NORMAL PERIOD 1981 TO 2010
CLIMATE RECORD PERIOD 1899 TO 2017


WEATHER ITEM   OBSERVED TIME   RECORD YEAR NORMAL DEPARTURE LAST
                VALUE   (LST)  VALUE       VALUE  FROM      YEAR
                                                  NORMAL
..................................................................
TEMPERATURE (F)
 YESTERDAY
  MAXIMUM         47    307 AM  70    2015  43      4       48
  MINIMUM         15   1156 PM -10    1988  24     -9       33
  AVERAGE         31                        33     -2       41

PRECIPITATION (IN)
  YESTERDAY        0.12          0.80 1902   0.12   0.00     0.63
  MONTH TO DATE    0.50                      1.36  -0.86     1.73
  SINCE JAN 1     44.21                     44.03   0.18    41.92

SNOWFALL (IN)
  YESTERDAY        2.0           4.5  1916   0.6    1.4      0.0
  MONTH TO DATE    2.0                       5.7   -3.7      2.0
  SINCE SEP 1      2.0                      11.3   -9.3      6.7
  SNOW DEPTH       0

DEGREE DAYS
 HEATING
  YESTERDAY       34                        32      2       24
  MONTH TO DATE  358                       362     -4      373
  SINCE DEC 1    358                       362     -4      373
  SINCE JUL 1   1443                      1646   -203     1318

 COOLING
  YESTERDAY        0                         0      0        0
  MONTH TO DATE    0                         0      0        0
  SINCE DEC 1      0                         0      0        0
  SINCE JAN 1    544                       475     69      809
..................................................................


WIND (MPH)
  HIGHEST WIND SPEED    25   HIGHEST WIND DIRECTION    NW (300)
  HIGHEST GUST SPEED    35   HIGHEST GUST DIRECTION    NW (310)
  AVERAGE WIND SPEED    12.8


SKY COVER
  POSSIBLE SUNSHINE  MM
  AVERAGE SKY COVER 1.0


WEATHER CONDITIONS
 THE FOLLOWING WEATHER WAS RECORDED YESTERDAY.
  HEAVY SNOW
  SNOW
  LIGHT SNOW
  FOG
  FOG W/VISIBILITY <= 1/4 MILE


RELATIVE HUMIDITY (PERCENT)
 HIGHEST    85          1200 AM
 LOWEST     45           300 AM
 AVERAGE    65

..........................................................


THE ELKINS WV CLIMATE NORMALS FOR TODAY
                         NORMAL    RECORD    YEAR
 MAXIMUM TEMPERATURE (F)   43        68      1927
 MINIMUM TEMPERATURE (F)   23       -11      1962


SUNRISE AND SUNSET
DECEMBER 13 2017......SUNRISE   729 AM EST   SUNSET   458 PM EST
DECEMBER 14 2017......SUNRISE   730 AM EST   SUNSET   458 PM EST


-  INDICATES NEGATIVE NUMBERS.
R  INDICATES RECORD WAS SET OR TIED.
MM INDICATES DATA IS MISSING.
T  INDICATES TRACE AMOUNT.




$$
