000
CDUS41 KRLX 180821
CLIEKN


CLIMATE REPORT
NATIONAL WEATHER SERVICE CHARLESTON WV
320 AM EST SUN FEB 18 2018


...................................

...THE ELKINS WV CLIMATE SUMMARY FOR FEBRUARY 17 2018...

CLIMATE NORMAL PERIOD 1981 TO 2010
CLIMATE RECORD PERIOD 1899 TO 2018


WEATHER ITEM   OBSERVED TIME   RECORD YEAR NORMAL DEPARTURE LAST
                VALUE   (LST)  VALUE       VALUE  FROM      YEAR
                                                  NORMAL
..................................................................
TEMPERATURE (F)
 YESTERDAY
  MAXIMUM         43   1158 AM  67    1961  43      0       60
  MINIMUM         25    641 AM  -9    1904  22      3       17
  AVERAGE         34                        32      2       39

PRECIPITATION (IN)
  YESTERDAY        0.36          0.88 1986   0.12   0.24     0.00
  MONTH TO DATE    5.64                      1.84   3.80     1.44
  SINCE JAN 1      8.32                      5.07   3.25     6.53

SNOWFALL (IN)
  YESTERDAY        T             6.7  1967   0.6   -0.6      0.0
  MONTH TO DATE    6.1                      11.6   -5.5      9.9
  SINCE SEP 1     41.6                      58.4  -16.8     30.4
  SNOW DEPTH       0

DEGREE DAYS
 HEATING
  YESTERDAY       31                        33     -2       26
  MONTH TO DATE  489                       577    -88      484
  SINCE DEC 1   2725                      2694     31     2264
  SINCE JUL 1   3810                      3978   -168     3209

 COOLING
  YESTERDAY        0                         0      0        0
  MONTH TO DATE    0                         0      0        0
  SINCE DEC 1      0                         0      0        0
  SINCE JAN 1      0                         0      0        0
..................................................................


WIND (MPH)
  HIGHEST WIND SPEED    20   HIGHEST WIND DIRECTION     W (250)
  HIGHEST GUST SPEED    27   HIGHEST GUST DIRECTION     W (250)
  AVERAGE WIND SPEED     4.6


SKY COVER
  POSSIBLE SUNSHINE  MM
  AVERAGE SKY COVER 0.7


WEATHER CONDITIONS
 THE FOLLOWING WEATHER WAS RECORDED YESTERDAY.
  RAIN
  LIGHT RAIN
  LIGHT SNOW
  FOG


RELATIVE HUMIDITY (PERCENT)
 HIGHEST    92           500 AM
 LOWEST     65           100 PM
 AVERAGE    79

..........................................................


THE ELKINS WV CLIMATE NORMALS FOR TODAY
                         NORMAL    RECORD    YEAR
 MAXIMUM TEMPERATURE (F)   44        68      1938
 MINIMUM TEMPERATURE (F)   22       -13      1973


SUNRISE AND SUNSET
FEBRUARY 18 2018......SUNRISE   707 AM EST   SUNSET   600 PM EST
FEBRUARY 19 2018......SUNRISE   706 AM EST   SUNSET   601 PM EST


-  INDICATES NEGATIVE NUMBERS.
R  INDICATES RECORD WAS SET OR TIED.
MM INDICATES DATA IS MISSING.
T  INDICATES TRACE AMOUNT.




$$
