000
CDUS41 KRLX 020718
CLIEKN


CLIMATE REPORT
NATIONAL WEATHER SERVICE CHARLESTON WV
317 AM EDT TUE JUN 2 2015


...................................

...THE ELKINS WV CLIMATE SUMMARY FOR JUNE 1 2015...

CLIMATE NORMAL PERIOD 1981 TO 2010
CLIMATE RECORD PERIOD 1899 TO 2015


WEATHER ITEM   OBSERVED TIME   RECORD YEAR NORMAL DEPARTURE LAST
                VALUE   (LST)  VALUE       VALUE  FROM      YEAR
                                                  NORMAL
..................................................................
TEMPERATURE (F)
 YESTERDAY
  MAXIMUM         77    115 PM  89    1919  74      3       81
  MINIMUM         58   1159 PM  32    1930  51      7       50
  AVERAGE         68                        62      6       66

PRECIPITATION (IN)
  YESTERDAY        0.47          1.74 1974   0.15   0.32     0.00
  MONTH TO DATE    0.47                      0.15   0.32     0.00
  SINCE JAN 1     22.32                     19.36   2.96    15.34

SNOWFALL (IN)
  YESTERDAY        0.0
  MONTH TO DATE    0.0
  SINCE SEP 1     70.3
  SNOW DEPTH       0

DEGREE DAYS
 HEATING
  YESTERDAY        0                         4     -4        0
  MONTH TO DATE    0                         4     -4        0
  SINCE JUN 1      0                         4     -4        0
  SINCE JUL 1   5935                      5801    134     5988

 COOLING
  YESTERDAY        3                         1      2        1
  MONTH TO DATE    3                         1      2        1
  SINCE JUN 1      3                         1      2        1
  SINCE JAN 1     68                        24     44       37
..................................................................


WIND (MPH)
  HIGHEST WIND SPEED    15   HIGHEST WIND DIRECTION     S (190)
  HIGHEST GUST SPEED    23   HIGHEST GUST DIRECTION     S (200)
  AVERAGE WIND SPEED     3.8


SKY COVER
  POSSIBLE SUNSHINE  MM
  AVERAGE SKY COVER 0.9


WEATHER CONDITIONS
 THE FOLLOWING WEATHER WAS RECORDED YESTERDAY.
  RAIN
  LIGHT RAIN
  FOG


RELATIVE HUMIDITY (PERCENT)
 HIGHEST    93          1200 AM
 LOWEST     68          1100 AM
 AVERAGE    81

..........................................................


THE ELKINS WV CLIMATE NORMALS FOR TODAY
                         NORMAL    RECORD    YEAR
 MAXIMUM TEMPERATURE (F)   75        87      1951
                                             1925
                                             1919
 MINIMUM TEMPERATURE (F)   51        29      1966


SUNRISE AND SUNSET
JUNE  2 2015..........SUNRISE   556 AM EDT   SUNSET   839 PM EDT
JUNE  3 2015..........SUNRISE   555 AM EDT   SUNSET   840 PM EDT


-  INDICATES NEGATIVE NUMBERS.
R  INDICATES RECORD WAS SET OR TIED.
MM INDICATES DATA IS MISSING.
T  INDICATES TRACE AMOUNT.




$$
