000
CDUS41 KRLX 170819
CLIEKN


CLIMATE REPORT
NATIONAL WEATHER SERVICE CHARLESTON WV
319 AM EST TUE JAN 17 2017


...................................

...THE ELKINS WV CLIMATE SUMMARY FOR JANUARY 16 2017...

CLIMATE NORMAL PERIOD 1981 TO 2010
CLIMATE RECORD PERIOD 1899 TO 2017


WEATHER ITEM   OBSERVED TIME   RECORD YEAR NORMAL DEPARTURE LAST
                VALUE   (LST)  VALUE       VALUE  FROM      YEAR
                                                  NORMAL
..................................................................
TEMPERATURE (F)
 YESTERDAY
  MAXIMUM         58    316 PM  66    1949  39     19       44
  MINIMUM         36    353 AM -18    1994  19     17       29
  AVERAGE         47                        29     18       37

PRECIPITATION (IN)
  YESTERDAY        0.01          1.51 1907   0.11  -0.10     0.13
  MONTH TO DATE    3.63                      1.66   1.97     0.75
  SINCE JAN 1      3.63                      1.66   1.97     0.75

SNOWFALL (IN)
  YESTERDAY        0.0
  MONTH TO DATE    4.7
  SINCE SEP 1     14.9
  SNOW DEPTH       0

DEGREE DAYS
 HEATING
  YESTERDAY       18                        36    -18       28
  MONTH TO DATE  486                       576    -90      572
  SINCE DEC 1   1404                      1583   -179     1157
  SINCE JUL 1   2349                      2867   -518     2160

 COOLING
  YESTERDAY        0                         0      0        0
  MONTH TO DATE    0                         0      0        0
  SINCE DEC 1      0                         0      0        0
  SINCE JAN 1      0                         0      0        0
..................................................................


WIND (MPH)
  HIGHEST WIND SPEED     6   HIGHEST WIND DIRECTION     W (290)
  HIGHEST GUST SPEED     7   HIGHEST GUST DIRECTION     W (290)
  AVERAGE WIND SPEED     0.1


SKY COVER
  POSSIBLE SUNSHINE  MM
  AVERAGE SKY COVER 0.9


WEATHER CONDITIONS
 THE FOLLOWING WEATHER WAS RECORDED YESTERDAY.
  LIGHT RAIN
  FOG
  FOG W/VISIBILITY <= 1/4 MILE


RELATIVE HUMIDITY (PERCENT)
 HIGHEST    93           800 PM
 LOWEST     72           400 PM
 AVERAGE    83

..........................................................


THE ELKINS WV CLIMATE NORMALS FOR TODAY
                         NORMAL    RECORD    YEAR
 MAXIMUM TEMPERATURE (F)   39        67      1932
 MINIMUM TEMPERATURE (F)   19       -18      2009
                                             1957


SUNRISE AND SUNSET
JANUARY 17 2017.......SUNRISE   735 AM EST   SUNSET   524 PM EST
JANUARY 18 2017.......SUNRISE   735 AM EST   SUNSET   525 PM EST


-  INDICATES NEGATIVE NUMBERS.
R  INDICATES RECORD WAS SET OR TIED.
MM INDICATES DATA IS MISSING.
T  INDICATES TRACE AMOUNT.




$$
