000
CDUS41 KRLX 032137
CLIEKN


CLIMATE REPORT
NATIONAL WEATHER SERVICE CHARLESTON WV
536 PM EDT FRI JUL 3 2015


...................................

...THE ELKINS WV CLIMATE SUMMARY FOR JULY 3 2015...
VALID TODAY AS OF 0500 PM LOCAL TIME.

CLIMATE NORMAL PERIOD 1981 TO 2010
CLIMATE RECORD PERIOD 1899 TO 2015


WEATHER ITEM   OBSERVED TIME   RECORD YEAR NORMAL DEPARTURE LAST
                VALUE   (LST)  VALUE       VALUE  FROM      YEAR
                                                  NORMAL
..................................................................
TEMPERATURE (F)
 TODAY
  MAXIMUM         75   1035 AM  92    1911  81     -6       82
  MINIMUM         56   1220 AM  40    1988  58     -2       59
  AVERAGE         66                        70     -4       71

PRECIPITATION (IN)
  TODAY            0.02          1.54 1908   0.17  -0.15     0.00
  MONTH TO DATE    0.04                      0.52  -0.48      T
  SINCE JUN 1      8.56                      4.92   3.64     4.52
  SINCE JAN 1     30.41                     24.13   6.28    19.86

DEGREE DAYS
 HEATING
  TODAY            0                         1     -1        0
  MONTH TO DATE    0                         3     -3        0
  SINCE JUN 1     21                        58    -37       14
  SINCE JUL 1      0                         3     -3        0

 COOLING
  TODAY            1                         5     -4        6
  MONTH TO DATE    3                        15    -12       26
  SINCE JUN 1    156                       107     49      171
  SINCE JAN 1    221                       130     91      207
..................................................................


WIND (MPH)
  HIGHEST WIND SPEED    14   HIGHEST WIND DIRECTION    SE (140)
  HIGHEST GUST SPEED    18   HIGHEST GUST DIRECTION    SE (150)
  AVERAGE WIND SPEED     2.2


SKY COVER
  POSSIBLE SUNSHINE  MM
  AVERAGE SKY COVER 0.9


WEATHER CONDITIONS
 THE FOLLOWING WEATHER WAS RECORDED TODAY.
  FOG
  HAZE


RELATIVE HUMIDITY (PERCENT)
 HIGHEST    93          1200 AM
 LOWEST     66          1200 PM
 AVERAGE    80

..........................................................


THE ELKINS WV CLIMATE NORMALS FOR TOMORROW
                         NORMAL    RECORD    YEAR
 MAXIMUM TEMPERATURE (F)   81        92      1911
                                             1905
 MINIMUM TEMPERATURE (F)   58        40      1963


SUNRISE AND SUNSET
JULY  3 2015..........SUNRISE   559 AM EDT   SUNSET   848 PM EDT
JULY  4 2015..........SUNRISE   559 AM EDT   SUNSET   848 PM EDT


-  INDICATES NEGATIVE NUMBERS.
R  INDICATES RECORD WAS SET OR TIED.
MM INDICATES DATA IS MISSING.
T  INDICATES TRACE AMOUNT.




$$
