000
CDUS45 KLKN 270929
CLIEKO


CLIMATE REPORT
NATIONAL WEATHER SERVICE ELKO NV
226 AM PDT TUE JUN 27 2017


...................................

...THE ELKO AIRPORT NV CLIMATE SUMMARY FOR JUNE 26 2017...

CLIMATE NORMAL PERIOD 1981 TO 2010
CLIMATE RECORD PERIOD 1888 TO 2017


WEATHER ITEM   OBSERVED TIME   RECORD YEAR NORMAL DEPARTURE LAST
                VALUE   (LST)  VALUE       VALUE  FROM      YEAR
                                                  NORMAL
..................................................................
TEMPERATURE (F)
 YESTERDAY
  MAXIMUM         98    128 PM 102    1981  85     13       94
                                      1926
  MINIMUM         53    450 AM  30    1901  47      6       46
  AVERAGE         76                        66     10       70

PRECIPITATION (IN)
  YESTERDAY        0.00          0.80 1913   0.01  -0.01     0.00
  MONTH TO DATE    0.61                      0.60   0.01     0.82
  SINCE OCT 1     13.46                      8.55   4.91    12.13
  SINCE JAN 1      7.83                      5.49   2.34     7.59

SNOWFALL (IN)
  YESTERDAY        0.0           0.0  1888   0.0    0.0      0.0
  MONTH TO DATE    T                         0.0    0.0       T
  SINCE JUN 1      T                         0.0    0.0       T
  SINCE JUL 1     53.3                      41.3   12.0     63.8
  SNOW DEPTH       0

DEGREE DAYS
 HEATING
  YESTERDAY        0                         2     -2        0
  MONTH TO DATE   62                       124    -62       30
  SINCE JUN 1     62                       124    -62       30
  SINCE JUL 1   6296                      7059   -763     6518

 COOLING
  YESTERDAY       11                         3      8        5
  MONTH TO DATE  103                        36     67       81
  SINCE JUN 1    103                        36     67       81
  SINCE JAN 1    107                        40     67       81
..................................................................


WIND (MPH)
  HIGHEST WIND SPEED    35   HIGHEST WIND DIRECTION     S (190)
  HIGHEST GUST SPEED    50   HIGHEST GUST DIRECTION     S (180)
  AVERAGE WIND SPEED     6.4



WEATHER CONDITIONS
 THE FOLLOWING WEATHER WAS RECORDED YESTERDAY.
  THUNDERSTORM
  HAZE


RELATIVE HUMIDITY (PERCENT)
 HIGHEST    59           500 AM
 LOWEST      9           100 PM
 AVERAGE    34

..........................................................


THE ELKO AIRPORT NV CLIMATE NORMALS FOR TODAY
                         NORMAL    RECORD    YEAR
 MAXIMUM TEMPERATURE (F)   85       101      2015
 MINIMUM TEMPERATURE (F)   47        30      1934


SUNRISE AND SUNSET
JUNE 27 2017..........SUNRISE   514 AM PDT   SUNSET   819 PM PDT
JUNE 28 2017..........SUNRISE   514 AM PDT   SUNSET   819 PM PDT


-  INDICATES NEGATIVE NUMBERS.
R  INDICATES RECORD WAS SET OR TIED.
MM INDICATES DATA IS MISSING.
T  INDICATES TRACE AMOUNT.




$$
