000
CDUS45 KLKN 160931
CLIEKO


CLIMATE REPORT
NATIONAL WEATHER SERVICE ELKO NV
228 AM PDT WED APR 16 2014


...................................

...THE ELKO AIRPORT NV CLIMATE SUMMARY FOR APRIL 15 2014...

CLIMATE NORMAL PERIOD 1981 TO 2010
CLIMATE RECORD PERIOD 1888 TO 2014


WEATHER ITEM   OBSERVED TIME   RECORD YEAR NORMAL DEPARTURE LAST
                VALUE   (LST)  VALUE       VALUE  FROM      YEAR
                                                  NORMAL
..................................................................
TEMPERATURE (F)
 YESTERDAY
  MAXIMUM         67    155 PM  82    1990  59      8       46
                                      1914
  MINIMUM         28    535 AM  10    1890  31     -3       28
  AVERAGE         48                        45      3       37

PRECIPITATION (IN)
  YESTERDAY        0.00          0.48 2009   0.03  -0.03     0.02
  MONTH TO DATE    0.30                      0.48  -0.18     0.44
  SINCE OCT 1      5.54                      6.50  -0.96     4.99
  SINCE JAN 1      3.93                      3.44   0.49     2.16

SNOWFALL (IN)
  YESTERDAY        0.0           7.2  2009   0.1   -0.1      0.4
  MONTH TO DATE    2.6                       2.1    0.5      1.2
  SINCE MAR 1      7.9                       7.2    0.7      3.8
  SINCE JUL 1     20.2                      39.7  -19.5     42.1
  SNOW DEPTH       0

DEGREE DAYS
 HEATING
  YESTERDAY       17                        20     -3       28
  MONTH TO DATE  306                       323    -17      303
  SINCE MAR 1   1064                      1132    -68     1031
  SINCE JUL 1   5795                      6300   -505     6092

 COOLING
  YESTERDAY        0                         0      0        0
  MONTH TO DATE    0                         0      0        0
  SINCE MAR 1      0                         0      0        0
  SINCE JAN 1      0                         0      0        0
..................................................................


WIND (MPH)
  HIGHEST WIND SPEED    35   HIGHEST WIND DIRECTION     W (260)
  HIGHEST GUST SPEED    42   HIGHEST GUST DIRECTION     W (260)
  AVERAGE WIND SPEED    10.5



WEATHER CONDITIONS
 THE FOLLOWING WEATHER WAS RECORDED YESTERDAY.
  NO SIGNIFICANT WEATHER WAS OBSERVED.


RELATIVE HUMIDITY (PERCENT)
 HIGHEST    63           500 AM
 LOWEST     13          1000 AM
 AVERAGE    38

..........................................................


THE ELKO AIRPORT NV CLIMATE NORMALS FOR TODAY
                         NORMAL    RECORD    YEAR
 MAXIMUM TEMPERATURE (F)   59        80      1987
                                             1936
 MINIMUM TEMPERATURE (F)   31        12      1924


SUNRISE AND SUNSET
APRIL 16 2014.........SUNRISE   603 AM PDT   SUNSET   724 PM PDT
APRIL 17 2014.........SUNRISE   601 AM PDT   SUNSET   725 PM PDT


-  INDICATES NEGATIVE NUMBERS.
R  INDICATES RECORD WAS SET OR TIED.
MM INDICATES DATA IS MISSING.
T  INDICATES TRACE AMOUNT.




$$
