000
CDUS45 KLKN 200943
CLIEKO


CLIMATE REPORT
NATIONAL WEATHER SERVICE ELKO NV
134 AM PST SAT JAN 20 2018


...................................

...THE ELKO AIRPORT NV CLIMATE SUMMARY FOR JANUARY 19 2018...

CLIMATE NORMAL PERIOD 1981 TO 2010
CLIMATE RECORD PERIOD 1888 TO 2018


WEATHER ITEM   OBSERVED TIME   RECORD YEAR NORMAL DEPARTURE LAST
                VALUE   (LST)  VALUE       VALUE  FROM      YEAR
                                                  NORMAL
..................................................................
TEMPERATURE (F)
 YESTERDAY
  MAXIMUM         50   1253 AM  56    1986  36     14       41
                                      1981
  MINIMUM         28   1159 PM -37    1922  14     14       18
  AVERAGE         39                        25     14       30

PRECIPITATION (IN)
  YESTERDAY        0.08          0.40 1962   0.03   0.05     0.02
  MONTH TO DATE    0.45                      0.73  -0.28     1.95
  SINCE OCT 1      2.15                      3.79  -1.64     7.58
  SINCE JAN 1      0.45                      0.73  -0.28     1.95

SNOWFALL (IN)
  YESTERDAY        0.9           6.0  1892   0.3    0.6      0.2
  MONTH TO DATE    0.9                       6.8   -5.9     19.4
  SINCE DEC 1      5.7                      16.7  -11.0     31.6
  SINCE JUL 1      6.4                      22.4  -16.0     37.1
  SNOW DEPTH       T

DEGREE DAYS
 HEATING
  YESTERDAY       26                        40    -14       35
  MONTH TO DATE  523                       760   -237      795
  SINCE DEC 1   1697                      1970   -273     2049
  SINCE JUL 1   3285                      3708   -423     3394

 COOLING
  YESTERDAY        0                         0      0        0
  MONTH TO DATE    0                         0      0        0
  SINCE DEC 1      0                         0      0        0
  SINCE JAN 1      0                         0      0        0
..................................................................


WIND (MPH)
  HIGHEST WIND SPEED    17   HIGHEST WIND DIRECTION    SW (240)
  HIGHEST GUST SPEED    21   HIGHEST GUST DIRECTION    SW (230)
  AVERAGE WIND SPEED     6.5



WEATHER CONDITIONS
 THE FOLLOWING WEATHER WAS RECORDED YESTERDAY.
  LIGHT RAIN
  SNOW
  LIGHT SNOW
  FOG


RELATIVE HUMIDITY (PERCENT)
 HIGHEST   100           800 AM
 LOWEST     34          1200 AM
 AVERAGE    67

..........................................................


THE ELKO AIRPORT NV CLIMATE NORMALS FOR TODAY
                         NORMAL    RECORD    YEAR
 MAXIMUM TEMPERATURE (F)   36        59      1981
 MINIMUM TEMPERATURE (F)   14       -34      1937


SUNRISE AND SUNSET
JANUARY 20 2018.......SUNRISE   703 AM PST   SUNSET   446 PM PST
JANUARY 21 2018.......SUNRISE   702 AM PST   SUNSET   447 PM PST


-  INDICATES NEGATIVE NUMBERS.
R  INDICATES RECORD WAS SET OR TIED.
MM INDICATES DATA IS MISSING.
T  INDICATES TRACE AMOUNT.




$$
