000
CDUS45 KLKN 290028
CLIEKO


CLIMATE REPORT
NATIONAL WEATHER SERVICE ELKO NV
528 PM PDT MON JUL 28 2014


...................................

...THE ELKO AIRPORT NV CLIMATE SUMMARY FOR JULY 28 2014...
VALID TODAY AS OF 0500 PM LOCAL TIME.

CLIMATE NORMAL PERIOD 1981 TO 2010
CLIMATE RECORD PERIOD 1888 TO 2014


WEATHER ITEM   OBSERVED TIME   RECORD YEAR NORMAL DEPARTURE LAST
                VALUE   (LST)  VALUE       VALUE  FROM      YEAR
                                                  NORMAL
..................................................................
TEMPERATURE (F)
 TODAY
  MAXIMUM         93    104 PM 104    1934  92      1       91
  MINIMUM         71    402 AM  30    1892  51     20       63
  AVERAGE         82                        71     11       77

PRECIPITATION (IN)
  TODAY            T             0.66 1996   0.02  -0.02     0.00
  MONTH TO DATE    0.51                      0.33   0.18     0.45
  SINCE OCT 1      7.97                      8.93  -0.96     6.14
  SINCE JAN 1      6.36                      5.87   0.49     3.31

SNOWFALL (IN)
  TODAY            0.0           0.0  1888   0.0    0.0      0.0
  MONTH TO DATE    0.0                       0.0    0.0      0.0
  SINCE JUN 1      0.0                       0.0    0.0      0.0
  SINCE JUL 1      0.0                       0.0    0.0      0.0
  SNOW DEPTH       0

DEGREE DAYS
 HEATING
  TODAY            0                         0      0        0
  MONTH TO DATE    0                        17    -17        0
  SINCE JUN 1     92                       148    -56       63
  SINCE JUL 1      0                        17    -17        0

 COOLING
  TODAY           17                         6     11       12
  MONTH TO DATE  320                       163    157      343
  SINCE JUN 1    349                       210    139      466
  SINCE JAN 1    352                       214    138      470
..................................................................


WIND (MPH)
  HIGHEST WIND SPEED    25   HIGHEST WIND DIRECTION    NW (330)
  HIGHEST GUST SPEED    31   HIGHEST GUST DIRECTION    NW (320)



WEATHER CONDITIONS
 THE FOLLOWING WEATHER WAS RECORDED TODAY.
  LIGHT RAIN


RELATIVE HUMIDITY (PERCENT)
 HIGHEST    41           400 AM
 LOWEST     16           100 PM
 AVERAGE    29

..........................................................


THE ELKO AIRPORT NV CLIMATE NORMALS FOR TOMORROW
                         NORMAL    RECORD    YEAR
 MAXIMUM TEMPERATURE (F)   92       101      1978
                                             1934
                                             1898
 MINIMUM TEMPERATURE (F)   51        32      1948


SUNRISE AND SUNSET
JULY 28 2014..........SUNRISE   536 AM PDT   SUNSET   803 PM PDT
JULY 29 2014..........SUNRISE   537 AM PDT   SUNSET   802 PM PDT


-  INDICATES NEGATIVE NUMBERS.
R  INDICATES RECORD WAS SET OR TIED.
MM INDICATES DATA IS MISSING.
T  INDICATES TRACE AMOUNT.




$$
