000
CDUS45 KLKN 272159
CLIEKO


CLIMATE REPORT
NATIONAL WEATHER SERVICE ELKO NV
259 PM PDT TUE SEP 27 2016


...................................

...THE ELKO AIRPORT NV CLIMATE SUMMARY FOR SEPTEMBER 26 2016...

CLIMATE NORMAL PERIOD 1981 TO 2010
CLIMATE RECORD PERIOD 1888 TO 2016


WEATHER ITEM   OBSERVED TIME   RECORD YEAR NORMAL DEPARTURE LAST
                VALUE   (LST)  VALUE       VALUE  FROM      YEAR
                                                  NORMAL
..................................................................
TEMPERATURE (F)
 YESTERDAY
  MAXIMUM         83    252 PM  90    1894  74      9       87
  MINIMUM         39    429 AM   9    1934  35      4       52
  AVERAGE         61                        55      6       70

PRECIPITATION (IN)
  YESTERDAY        0.00          0.35 1915   0.02  -0.02     0.00
  MONTH TO DATE    1.08                      0.48   0.60     0.23
  SINCE OCT 1     13.26                      9.82   3.44     9.23
  SINCE JAN 1      8.72                      6.76   1.96     6.99

SNOWFALL (IN)
  YESTERDAY        0.0           T    2013   0.0    0.0      0.0
                                      1986
  MONTH TO DATE    0.0                       0.1   -0.1      0.0
  SINCE SEP 1      0.0                       0.1   -0.1      0.0
  SINCE JUL 1      0.0                       0.1   -0.1      0.0
  SNOW DEPTH       0

DEGREE DAYS
 HEATING
  YESTERDAY        4                        10     -6        0
  MONTH TO DATE  159                       161     -2      102
  SINCE SEP 1    159                       161     -2      102
  SINCE JUL 1    172                       212    -40      113

 COOLING
  YESTERDAY        0                         0      0        5
  MONTH TO DATE   11                        20     -9       36
  SINCE SEP 1     11                        20     -9       36
  SINCE JAN 1    555                       382    173      621
..................................................................


WIND (MPH)
  HIGHEST WIND SPEED    12   HIGHEST WIND DIRECTION    NE (40)
  HIGHEST GUST SPEED    16   HIGHEST GUST DIRECTION    NE (40)
  AVERAGE WIND SPEED     3.4



WEATHER CONDITIONS
 THE FOLLOWING WEATHER WAS RECORDED YESTERDAY.
  NO SIGNIFICANT WEATHER WAS OBSERVED.


RELATIVE HUMIDITY (PERCENT)
 HIGHEST    82           300 AM
 LOWEST     17           300 PM
 AVERAGE    50

..........................................................


THE ELKO AIRPORT NV CLIMATE NORMALS FOR TODAY
                         NORMAL    RECORD    YEAR
 MAXIMUM TEMPERATURE (F)   74        91      2010
 MINIMUM TEMPERATURE (F)   35        13      1889


SUNRISE AND SUNSET
SEPTEMBER 27 2016.....SUNRISE   636 AM PDT   SUNSET   631 PM PDT
SEPTEMBER 28 2016.....SUNRISE   637 AM PDT   SUNSET   629 PM PDT


-  INDICATES NEGATIVE NUMBERS.
R  INDICATES RECORD WAS SET OR TIED.
MM INDICATES DATA IS MISSING.
T  INDICATES TRACE AMOUNT.




$$
