000
CDUS45 KLKN 160933
CLIEKO


CLIMATE REPORT
NATIONAL WEATHER SERVICE ELKO NV
233 AM PDT WED AUG 16 2017


...................................

...THE ELKO AIRPORT NV CLIMATE SUMMARY FOR AUGUST 15 2017...

CLIMATE NORMAL PERIOD 1981 TO 2010
CLIMATE RECORD PERIOD 1888 TO 2017


WEATHER ITEM   OBSERVED TIME   RECORD YEAR NORMAL DEPARTURE LAST
                VALUE   (LST)  VALUE       VALUE  FROM      YEAR
                                                  NORMAL
..................................................................
TEMPERATURE (F)
 YESTERDAY
  MAXIMUM         84    406 PM 101    1933  89     -5       95
                                      1920
                                      1892
  MINIMUM         45    556 AM  34    1911  48     -3       59
  AVERAGE         65                        69     -4       77

PRECIPITATION (IN)
  YESTERDAY        0.00          0.42 1976   0.02  -0.02     0.00
  MONTH TO DATE    0.15                      0.19  -0.04      T
  SINCE OCT 1     13.63                      9.16   4.47    12.18
  SINCE JAN 1      8.00                      6.10   1.90     7.64

SNOWFALL (IN)
  YESTERDAY        0.0           0.0  1888   0.0    0.0      0.0
  MONTH TO DATE    0.0                       0.0    0.0      0.0
  SINCE JUN 1      T                         0.0    0.0       T
  SINCE JUL 1      0.0                       0.0    0.0      0.0
  SNOW DEPTH       0

DEGREE DAYS
 HEATING
  YESTERDAY        0                         1     -1        0
  MONTH TO DATE    4                         7     -3        0
  SINCE JUN 1     66                       157    -91       39
  SINCE JUL 1      4                        26    -22        9

 COOLING
  YESTERDAY        0                         4     -4       12
  MONTH TO DATE  114                        81     33       95
  SINCE JUN 1    570                       308    262      460
  SINCE JAN 1    574                       312    262      460
..................................................................


WIND (MPH)
  HIGHEST WIND SPEED    10   HIGHEST WIND DIRECTION    NE (40)
  HIGHEST GUST SPEED    13   HIGHEST GUST DIRECTION     E (80)
  AVERAGE WIND SPEED     3.4



WEATHER CONDITIONS
 THE FOLLOWING WEATHER WAS RECORDED YESTERDAY.
  FOG
  FOG W/VISIBILITY <= 1/4 MILE


RELATIVE HUMIDITY (PERCENT)
 HIGHEST   100           600 AM
 LOWEST     15           300 PM
 AVERAGE    58

..........................................................


THE ELKO AIRPORT NV CLIMATE NORMALS FOR TODAY
                         NORMAL    RECORD    YEAR
 MAXIMUM TEMPERATURE (F)   89       102      1967
 MINIMUM TEMPERATURE (F)   48        32      1954


SUNRISE AND SUNSET
AUGUST 16 2017........SUNRISE   555 AM PDT   SUNSET   739 PM PDT
AUGUST 17 2017........SUNRISE   556 AM PDT   SUNSET   738 PM PDT


-  INDICATES NEGATIVE NUMBERS.
R  INDICATES RECORD WAS SET OR TIED.
MM INDICATES DATA IS MISSING.
T  INDICATES TRACE AMOUNT.




$$
