000
CDUS45 KLKN 290933
CLIEKO


CLIMATE REPORT
NATIONAL WEATHER SERVICE ELKO NV
228 AM PDT FRI AUG 29 2014


...................................

...THE ELKO AIRPORT NV CLIMATE SUMMARY FOR AUGUST 28 2014...

CLIMATE NORMAL PERIOD 1981 TO 2010
CLIMATE RECORD PERIOD 1888 TO 2014


WEATHER ITEM   OBSERVED TIME   RECORD YEAR NORMAL DEPARTURE LAST
                VALUE   (LST)  VALUE       VALUE  FROM      YEAR
                                                  NORMAL
..................................................................
TEMPERATURE (F)
 YESTERDAY
  MAXIMUM         89    405 PM 100    1924  86      3       84
  MINIMUM         43    518 AM  28    1942  45     -2       57
  AVERAGE         66                        65      1       71

PRECIPITATION (IN)
  YESTERDAY        0.00          0.90 1982   0.01  -0.01     0.17
  MONTH TO DATE    1.27                      0.33   0.94     0.35
  SINCE OCT 1      9.28                      9.30  -0.02     6.49
  SINCE JAN 1      7.67                      6.24   1.43     3.66

SNOWFALL (IN)
  YESTERDAY        0.0           0.0  1888   0.0    0.0      0.0
  MONTH TO DATE    0.0                       0.0    0.0      0.0
  SINCE JUN 1      0.0                       0.0    0.0      0.0
  SINCE JUL 1      0.0                       0.0    0.0      0.0
  SNOW DEPTH       0

DEGREE DAYS
 HEATING
  YESTERDAY        0                         2     -2        0
  MONTH TO DATE   18                        24     -6        0
  SINCE JUN 1    110                       174    -64       63
  SINCE JUL 1     18                        43    -25        0

 COOLING
  YESTERDAY        1                         2     -1        6
  MONTH TO DATE  121                       125     -4      190
  SINCE JUN 1    494                       352    142      686
  SINCE JAN 1    497                       356    141      690
..................................................................


WIND (MPH)
  HIGHEST WIND SPEED    16   HIGHEST WIND DIRECTION    SW (230)
  HIGHEST GUST SPEED    20   HIGHEST GUST DIRECTION    SW (240)
  AVERAGE WIND SPEED     4.1



WEATHER CONDITIONS
 THE FOLLOWING WEATHER WAS RECORDED YESTERDAY.
  NO SIGNIFICANT WEATHER WAS OBSERVED.


RELATIVE HUMIDITY (PERCENT)
 HIGHEST    76           500 AM
 LOWEST     11           300 PM
 AVERAGE    44

..........................................................


THE ELKO AIRPORT NV CLIMATE NORMALS FOR TODAY
                         NORMAL    RECORD    YEAR
 MAXIMUM TEMPERATURE (F)   85       100      1913
 MINIMUM TEMPERATURE (F)   45        28      1964


SUNRISE AND SUNSET
AUGUST 29 2014........SUNRISE   607 AM PDT   SUNSET   720 PM PDT
AUGUST 30 2014........SUNRISE   608 AM PDT   SUNSET   719 PM PDT


-  INDICATES NEGATIVE NUMBERS.
R  INDICATES RECORD WAS SET OR TIED.
MM INDICATES DATA IS MISSING.
T  INDICATES TRACE AMOUNT.




$$
