000
CDUS44 KSHV 220846
CLIELD


CLIMATE REPORT
NATIONAL WEATHER SERVICE SHREVEPORT, LA
246 AM CST WED NOV 22 2017


...................................

...THE EL DORADO CLIMATE SUMMARY FOR NOVEMBER 21 2017...

CLIMATE NORMAL PERIOD 1981 TO 2010
CLIMATE RECORD PERIOD 1907 TO 2017


WEATHER ITEM   OBSERVED TIME   RECORD YEAR NORMAL DEPARTURE LAST
                VALUE   (LST)  VALUE       VALUE  FROM      YEAR
                                                  NORMAL
..................................................................
TEMPERATURE (F)
 YESTERDAY
  MAXIMUM         65    251 PM  83    1933  63      2       66
  MINIMUM         35    522 AM  22    1952  41     -6       30
  AVERAGE         50                        52     -2       48

PRECIPITATION (IN)
  YESTERDAY        0.00          4.80 1934   0.18  -0.18     0.00
  MONTH TO DATE    1.47                      3.29  -1.82     0.59
  SINCE DEC 1     47.36                     51.32  -3.96    61.22
  SINCE JAN 1     41.07                     46.14  -5.07    53.16

SNOWFALL (IN)
  YESTERDAY        0.0
  MONTH TO DATE    0.0
  SINCE SEP 1      0.0
  SINCE JUL 1      0.0
  SNOW DEPTH       0

DEGREE DAYS
 HEATING
  YESTERDAY       15                        13      2       17
  MONTH TO DATE  153                       213    -60      137
  SINCE SEP 1    285                       346    -61      166
  SINCE JUL 1    285                       346    -61      166

 COOLING
  YESTERDAY        0                         0      0        0
  MONTH TO DATE   56                        13     43       18
  SINCE SEP 1    506                       397    109      533
  SINCE JAN 1   2241                      2124    117     2391
..................................................................


WIND (MPH)
  HIGHEST WIND SPEED     8   HIGHEST WIND DIRECTION     N (340)
  HIGHEST GUST SPEED    13   HIGHEST GUST DIRECTION     N (340)
  AVERAGE WIND SPEED     2.3


SKY COVER
  POSSIBLE SUNSHINE  MM
  AVERAGE SKY COVER 0.3


WEATHER CONDITIONS
 THE FOLLOWING WEATHER WAS RECORDED YESTERDAY.
  NO SIGNIFICANT WEATHER WAS OBSERVED.


RELATIVE HUMIDITY (PERCENT)
 HIGHEST   100          1200 AM
 LOWEST     53          1200 PM
 AVERAGE    77

..........................................................


THE EL DORADO CLIMATE NORMALS FOR TODAY
                         NORMAL    RECORD    YEAR
 MAXIMUM TEMPERATURE (F)   63        81      1921
 MINIMUM TEMPERATURE (F)   40        18      1964


SUNRISE AND SUNSET
NOVEMBER 22 2017......SUNRISE   649 AM CST   SUNSET   506 PM CST
NOVEMBER 23 2017......SUNRISE   650 AM CST   SUNSET   505 PM CST


-  INDICATES NEGATIVE NUMBERS.
R  INDICATES RECORD WAS SET OR TIED.
MM INDICATES DATA IS MISSING.
T  INDICATES TRACE AMOUNT.




$$
