000
CDUS44 KSHV 302133
CLIELD


CLIMATE REPORT
NATIONAL WEATHER SERVICE SHREVEPORT, LA
431 PM CDT SAT APR 30 2016


...................................

...THE EL DORADO CLIMATE SUMMARY FOR APRIL 30 2016...
VALID TODAY AS OF 0400 PM LOCAL TIME.

CLIMATE NORMAL PERIOD 1981 TO 2010
CLIMATE RECORD PERIOD 1907 TO 2016


WEATHER ITEM   OBSERVED TIME   RECORD YEAR NORMAL DEPARTURE LAST
                VALUE   (LST)  VALUE       VALUE  FROM      YEAR
                                                  NORMAL
..................................................................
TEMPERATURE (F)
 TODAY
  MAXIMUM         81    256 PM  93    1943  79      2       81
  MINIMUM         64    435 AM  38    1908  55      9       49
  AVERAGE         73                        67      6       65

PRECIPITATION (IN)
  TODAY            1.25          3.42 1962   0.14   1.11     0.00
  MONTH TO DATE    8.16                      4.09   4.07     3.47
  SINCE DEC 1     35.54                     23.11  12.43    19.40
  SINCE JAN 1     27.48                     17.93   9.55    16.07

SNOWFALL (IN)
  TODAY            0.0
  MONTH TO DATE    0.0
  SINCE MAR 1      0.0
  SINCE JUL 1      1.5
  SNOW DEPTH       0

DEGREE DAYS
 HEATING
  TODAY            0                         2     -2        0
  MONTH TO DATE   70                       118    -48       80
  SINCE MAR 1    271                       426   -155      427
  SINCE JUL 1   2010                      2654   -644     2913

 COOLING
  TODAY            8                         4      4        0
  MONTH TO DATE   67                        71     -4       87
  SINCE MAR 1     94                        93      1      101
  SINCE JAN 1    100                        99      1      101
..................................................................


WIND (MPH)
  HIGHEST WIND SPEED    33   HIGHEST WIND DIRECTION     S (160)
  HIGHEST GUST SPEED    48   HIGHEST GUST DIRECTION    SE (120)
  AVERAGE WIND SPEED    13.3


SKY COVER
  POSSIBLE SUNSHINE  MM
  AVERAGE SKY COVER 0.5


WEATHER CONDITIONS
 THE FOLLOWING WEATHER WAS RECORDED TODAY.
  THUNDERSTORM
  HEAVY RAIN
  RAIN
  LIGHT RAIN
  FOG


RELATIVE HUMIDITY (PERCENT)
 HIGHEST   100          1200 AM
 LOWEST     62           100 PM
 AVERAGE    81

..........................................................


THE EL DORADO CLIMATE NORMALS FOR TOMORROW
                         NORMAL    RECORD    YEAR
 MAXIMUM TEMPERATURE (F)   79        90      2002
 MINIMUM TEMPERATURE (F)   56        36      1960


SUNRISE AND SUNSET
APRIL 30 2016.........SUNRISE   624 AM CDT   SUNSET   753 PM CDT
MAY  1 2016...........SUNRISE   623 AM CDT   SUNSET   754 PM CDT


-  INDICATES NEGATIVE NUMBERS.
R  INDICATES RECORD WAS SET OR TIED.
MM INDICATES DATA IS MISSING.
T  INDICATES TRACE AMOUNT.




$$
