000
CDUS44 KSHV 162131
CLIELD


CLIMATE REPORT
NATIONAL WEATHER SERVICE SHREVEPORT, LA
431 PM CDT WED APR 16 2014


...................................

...THE EL DORADO CLIMATE SUMMARY FOR APRIL 16 2014...
VALID TODAY AS OF 0400 PM LOCAL TIME.

CLIMATE NORMAL PERIOD 1981 TO 2010
CLIMATE RECORD PERIOD 1907 TO 2014


WEATHER ITEM   OBSERVED TIME   RECORD YEAR NORMAL DEPARTURE LAST
                VALUE   (LST)  VALUE       VALUE  FROM      YEAR
                                                  NORMAL
..................................................................
TEMPERATURE (F)
 TODAY
  MAXIMUM         63    255 PM  90    1914  76    -13       85
  MINIMUM         32R   539 AM  32    1961  51    -19       72
  AVERAGE         48                        64    -16       79

PRECIPITATION (IN)
  TODAY            0.00          1.62 1946   0.14  -0.14     0.00
  MONTH TO DATE    5.12                      2.14   2.98     2.91
  SINCE DEC 1     20.25                     21.16  -0.91    18.69
  SINCE JAN 1     13.69                     15.98  -2.29    12.63

SNOWFALL (IN)
  TODAY            0.0
  MONTH TO DATE    0.0
  SINCE MAR 1      T
  SINCE JUL 1      1.1
  SNOW DEPTH       0

DEGREE DAYS
 HEATING
  TODAY           17                         4     13        0
  MONTH TO DATE  127                        82     45      102
  SINCE MAR 1    569                       390    179      535
  SINCE JUL 1   3176                      2618    558     2575

 COOLING
  TODAY            0                         2     -2       14
  MONTH TO DATE   21                        30     -9       41
  SINCE MAR 1     26                        52    -26       47
  SINCE JAN 1     26                        58    -32       53
..................................................................


WIND (MPH)
  HIGHEST WIND SPEED    15   HIGHEST WIND DIRECTION    SE (140)
  HIGHEST GUST SPEED    20   HIGHEST GUST DIRECTION    SE (120)
  AVERAGE WIND SPEED     5.3


SKY COVER
  POSSIBLE SUNSHINE  MM
  AVERAGE SKY COVER 0.0


WEATHER CONDITIONS
 THE FOLLOWING WEATHER WAS RECORDED TODAY.
  NO SIGNIFICANT WEATHER WAS OBSERVED.


RELATIVE HUMIDITY (PERCENT)
 HIGHEST   100           200 AM
 LOWEST     29           200 PM
 AVERAGE    65

..........................................................


THE EL DORADO CLIMATE NORMALS FOR TOMORROW
                         NORMAL    RECORD    YEAR
 MAXIMUM TEMPERATURE (F)   76        91      2006
 MINIMUM TEMPERATURE (F)   51        34      1951


SUNRISE AND SUNSET
APRIL 16 2014.........SUNRISE   640 AM CDT   SUNSET   743 PM CDT
APRIL 17 2014.........SUNRISE   639 AM CDT   SUNSET   743 PM CDT


-  INDICATES NEGATIVE NUMBERS.
R  INDICATES RECORD WAS SET OR TIED.
MM INDICATES DATA IS MISSING.
T  INDICATES TRACE AMOUNT.




$$
