000
CDUS44 KSHV 260743
CLIELD


CLIMATE REPORT
NATIONAL WEATHER SERVICE SHREVEPORT, LA
238 AM CDT FRI AUG 26 2016


...................................

...THE EL DORADO CLIMATE SUMMARY FOR AUGUST 25 2016...

CLIMATE NORMAL PERIOD 1981 TO 2010
CLIMATE RECORD PERIOD 1907 TO 2016


WEATHER ITEM   OBSERVED TIME   RECORD YEAR NORMAL DEPARTURE LAST
                VALUE   (LST)  VALUE       VALUE  FROM      YEAR
                                                  NORMAL
..................................................................
TEMPERATURE (F)
 YESTERDAY
  MAXIMUM         93    152 PM 103    2000  92      1       88
  MINIMUM         73   1159 PM  58    1966  69      4       59
  AVERAGE         83                        81      2       74

PRECIPITATION (IN)
  YESTERDAY        4.71R         2.61 1995   0.09   4.62     0.00
  MONTH TO DATE   12.70                      2.56  10.14     0.57
  SINCE DEC 1     56.69                     39.18  17.51    35.05
  SINCE JAN 1     48.63                     34.00  14.63    31.72

SNOWFALL (IN)
  YESTERDAY        0.0
  MONTH TO DATE    0.0
  SINCE JUN 1      0.0
  SINCE JUL 1      0.0
  SNOW DEPTH       0

DEGREE DAYS
 HEATING
  YESTERDAY        0                         0      0        0
  MONTH TO DATE    0                         0      0        0
  SINCE JUN 1      0                         0      0        0
  SINCE JUL 1      0                         0      0        0

 COOLING
  YESTERDAY       18                        16      2        9
  MONTH TO DATE  427                       416     11      450
  SINCE JUN 1   1471                      1328    143     1461
  SINCE JAN 1   1752                      1639    113     1801
..................................................................


WIND (MPH)
  HIGHEST WIND SPEED    29   HIGHEST WIND DIRECTION    NE (60)
  HIGHEST GUST SPEED    46   HIGHEST GUST DIRECTION     N (10)
  AVERAGE WIND SPEED     4.8


SKY COVER
  POSSIBLE SUNSHINE  MM
  AVERAGE SKY COVER 0.3


WEATHER CONDITIONS
 THE FOLLOWING WEATHER WAS RECORDED YESTERDAY.
  THUNDERSTORM
  HEAVY RAIN
  RAIN
  LIGHT RAIN
  FOG
  FOG W/VISIBILITY <= 1/4 MILE


RELATIVE HUMIDITY (PERCENT)
 HIGHEST   100           800 PM
 LOWEST     60           200 PM
 AVERAGE    80

..........................................................


THE EL DORADO CLIMATE NORMALS FOR TODAY
                         NORMAL    RECORD    YEAR
 MAXIMUM TEMPERATURE (F)   92       106      2000
 MINIMUM TEMPERATURE (F)   69        56      1966


SUNRISE AND SUNSET
AUGUST 26 2016........SUNRISE   642 AM CDT   SUNSET   743 PM CDT
AUGUST 27 2016........SUNRISE   643 AM CDT   SUNSET   742 PM CDT


-  INDICATES NEGATIVE NUMBERS.
R  INDICATES RECORD WAS SET OR TIED.
MM INDICATES DATA IS MISSING.
T  INDICATES TRACE AMOUNT.




$$
