000
CDUS44 KSHV 310830
CLIELD


CLIMATE REPORT
NATIONAL WEATHER SERVICE SHREVEPORT, LA
230 AM CST SAT JAN 31 2015


...................................

...THE EL DORADO CLIMATE SUMMARY FOR JANUARY 30 2015...

CLIMATE NORMAL PERIOD 1981 TO 2010
CLIMATE RECORD PERIOD 1907 TO 2015


WEATHER ITEM   OBSERVED TIME   RECORD YEAR NORMAL DEPARTURE LAST
                VALUE   (LST)  VALUE       VALUE  FROM      YEAR
                                                  NORMAL
..................................................................
TEMPERATURE (F)
 YESTERDAY
  MAXIMUM         54    407 PM  81    1975  56     -2       53
  MINIMUM         32   1128 PM   4    1966  34     -2       18
  AVERAGE         43                        45     -2       36

PRECIPITATION (IN)
  YESTERDAY        0.00          0.95 1932   0.16  -0.16     0.00
  MONTH TO DATE    4.89                      4.15   0.74     1.16
  SINCE DEC 1      8.22                      9.33  -1.11     7.72
  SINCE JAN 1      4.89                      4.15   0.74     1.16

SNOWFALL (IN)
  YESTERDAY        0.0
  MONTH TO DATE    T
  SINCE DEC 1      T
  SINCE JUL 1      T
  SNOW DEPTH       0

DEGREE DAYS
 HEATING
  YESTERDAY       22                        20      2       29
  MONTH TO DATE  687                       636     51      780
  SINCE DEC 1   1229                      1244    -15     1419
  SINCE JUL 1   1780                      1723     57     2004

 COOLING
  YESTERDAY        0                         0      0        0
  MONTH TO DATE    0                         0      0        0
  SINCE DEC 1      0                         4     -4        8
  SINCE JAN 1      0                         0      0        0
..................................................................


WIND (MPH)
  HIGHEST WIND SPEED    16   HIGHEST WIND DIRECTION    NE (40)
  HIGHEST GUST SPEED    21   HIGHEST GUST DIRECTION    NE (40)
  AVERAGE WIND SPEED     5.0


SKY COVER
  POSSIBLE SUNSHINE  MM
  AVERAGE SKY COVER 0.0


WEATHER CONDITIONS
 THE FOLLOWING WEATHER WAS RECORDED YESTERDAY.
  NO SIGNIFICANT WEATHER WAS OBSERVED.


RELATIVE HUMIDITY (PERCENT)
 HIGHEST    82           400 AM
 LOWEST     38           200 PM
 AVERAGE    60

..........................................................


THE EL DORADO CLIMATE NORMALS FOR TODAY
                         NORMAL    RECORD    YEAR
 MAXIMUM TEMPERATURE (F)   56        79      1943
 MINIMUM TEMPERATURE (F)   34        12      1936


SUNRISE AND SUNSET
JANUARY 31 2015.......SUNRISE   708 AM CST   SUNSET   542 PM CST
FEBRUARY  1 2015......SUNRISE   707 AM CST   SUNSET   543 PM CST


-  INDICATES NEGATIVE NUMBERS.
R  INDICATES RECORD WAS SET OR TIED.
MM INDICATES DATA IS MISSING.
T  INDICATES TRACE AMOUNT.




$$
