000
CDUS44 KSHV 282139
CLIELD


CLIMATE REPORT
NATIONAL WEATHER SERVICE SHREVEPORT, LA
439 PM CDT SUN MAY 28 2017


...................................

...THE EL DORADO CLIMATE SUMMARY FOR MAY 28 2017...
VALID TODAY AS OF 0400 PM LOCAL TIME.

CLIMATE NORMAL PERIOD 1981 TO 2010
CLIMATE RECORD PERIOD 1907 TO 2017


WEATHER ITEM   OBSERVED TIME   RECORD YEAR NORMAL DEPARTURE LAST
                VALUE   (LST)  VALUE       VALUE  FROM      YEAR
                                                  NORMAL
..................................................................
TEMPERATURE (F)
 TODAY
  MAXIMUM         82    239 PM  98    1926  85     -3       86
  MINIMUM         66    955 AM  42    1961  63      3       60
  AVERAGE         74                        74      0       73

PRECIPITATION (IN)
  TODAY            0.28          1.96 1952   0.15   0.13     0.00
  MONTH TO DATE    7.24                      4.59   2.65     1.17
  SINCE DEC 1     32.65                     27.70   4.95    36.71
  SINCE JAN 1     26.36                     22.52   3.84    28.65

DEGREE DAYS
 HEATING
  TODAY            0                         0      0        0
  MONTH TO DATE   17                        16      1       24
  SINCE MAR 1    271                       442   -171      295
  SINCE JUL 1   1723                      2670   -947     2034

 COOLING
  TODAY            9                         9      0        8
  MONTH TO DATE  144                       183    -39      144
  SINCE MAR 1    290                       276     14      238
  SINCE JAN 1    317                       282     35      244
..................................................................


WIND (MPH)
  HIGHEST WIND SPEED    21   HIGHEST WIND DIRECTION     E (100)
  HIGHEST GUST SPEED    29   HIGHEST GUST DIRECTION     E (110)
  AVERAGE WIND SPEED     7.2


SKY COVER
  POSSIBLE SUNSHINE  MM
  AVERAGE SKY COVER 0.6


WEATHER CONDITIONS
 THE FOLLOWING WEATHER WAS RECORDED TODAY.
  THUNDERSTORM
  HEAVY RAIN
  RAIN
  LIGHT RAIN
  FOG
  HAZE


RELATIVE HUMIDITY (PERCENT)
 HIGHEST    94          1200 AM
 LOWEST     62           200 PM
 AVERAGE    78

..........................................................


THE EL DORADO CLIMATE NORMALS FOR TOMORROW
                         NORMAL    RECORD    YEAR
 MAXIMUM TEMPERATURE (F)   85        97      1926
 MINIMUM TEMPERATURE (F)   64        50      1984


SUNRISE AND SUNSET
MAY 28 2017...........SUNRISE   604 AM CDT   SUNSET   813 PM CDT
MAY 29 2017...........SUNRISE   604 AM CDT   SUNSET   814 PM CDT


-  INDICATES NEGATIVE NUMBERS.
R  INDICATES RECORD WAS SET OR TIED.
MM INDICATES DATA IS MISSING.
T  INDICATES TRACE AMOUNT.




$$
