000
CDUS44 KSHV 240844
CLIELD


CLIMATE REPORT
NATIONAL WEATHER SERVICE SHREVEPORT, LA
243 AM CST MON NOV 24 2014


...................................

...THE EL DORADO CLIMATE SUMMARY FOR NOVEMBER 23 2014...

CLIMATE NORMAL PERIOD 1981 TO 2010
CLIMATE RECORD PERIOD 1907 TO 2014


WEATHER ITEM   OBSERVED TIME   RECORD YEAR NORMAL DEPARTURE LAST
                VALUE   (LST)  VALUE       VALUE  FROM      YEAR
                                                  NORMAL
..................................................................
TEMPERATURE (F)
 YESTERDAY
  MAXIMUM         69    410 PM  82    2010  63      6       46
                                      1973
  MINIMUM         57    317 AM  17    1964  40     17       35
  AVERAGE         63                        51     12       41

PRECIPITATION (IN)
  YESTERDAY        0.94          2.82 1940   0.17   0.77     0.48
  MONTH TO DATE    3.11                      3.62  -0.51     4.38
  SINCE DEC 1     44.26                     51.65  -7.39    46.36
  SINCE JAN 1     37.70                     46.47  -8.77    40.30

SNOWFALL (IN)
  YESTERDAY        0.0
  MONTH TO DATE    0.0
  SINCE SEP 1      0.0
  SINCE JUL 1      0.0
  SNOW DEPTH       0

DEGREE DAYS
 HEATING
  YESTERDAY        2                        14    -12       24
  MONTH TO DATE  377                       241    136      277
  SINCE SEP 1    452                       374     78      391
  SINCE JUL 1    452                       374     78      391

 COOLING
  YESTERDAY        0                         0      0        0
  MONTH TO DATE    2                        13    -11        9
  SINCE SEP 1    431                       397     34      485
  SINCE JAN 1   1879                      2124   -245     2153
..................................................................


WIND (MPH)
  HIGHEST WIND SPEED    16   HIGHEST WIND DIRECTION    SW (240)
  HIGHEST GUST SPEED    24   HIGHEST GUST DIRECTION     W (250)
  AVERAGE WIND SPEED     7.9


SKY COVER
  POSSIBLE SUNSHINE  MM
  AVERAGE SKY COVER 0.6


WEATHER CONDITIONS
 THE FOLLOWING WEATHER WAS RECORDED YESTERDAY.
  HEAVY RAIN
  RAIN
  LIGHT RAIN
  FOG


RELATIVE HUMIDITY (PERCENT)
 HIGHEST   100           800 AM
 LOWEST     64          1100 PM
 AVERAGE    82

..........................................................


THE EL DORADO CLIMATE NORMALS FOR TODAY
                         NORMAL    RECORD    YEAR
 MAXIMUM TEMPERATURE (F)   62        83      1973
 MINIMUM TEMPERATURE (F)   40        16      1970


SUNRISE AND SUNSET
NOVEMBER 24 2014......SUNRISE   650 AM CST   SUNSET   505 PM CST
NOVEMBER 25 2014......SUNRISE   651 AM CST   SUNSET   505 PM CST


-  INDICATES NEGATIVE NUMBERS.
R  INDICATES RECORD WAS SET OR TIED.
MM INDICATES DATA IS MISSING.
T  INDICATES TRACE AMOUNT.




$$
