000
CDUS44 KSHV 240736
CLIELD


CLIMATE REPORT
NATIONAL WEATHER SERVICE SHREVEPORT, LA
236 AM CDT SUN SEP 24 2017


...................................

...THE EL DORADO CLIMATE SUMMARY FOR SEPTEMBER 23 2017...

CLIMATE NORMAL PERIOD 1981 TO 2010
CLIMATE RECORD PERIOD 1907 TO 2017


WEATHER ITEM   OBSERVED TIME   RECORD YEAR NORMAL DEPARTURE LAST
                VALUE   (LST)  VALUE       VALUE  FROM      YEAR
                                                  NORMAL
..................................................................
TEMPERATURE (F)
 YESTERDAY
  MAXIMUM         93    317 PM 102    1930  84      9       91
  MINIMUM         67    551 AM  42    1999  60      7       68
  AVERAGE         80                        72      8       80

PRECIPITATION (IN)
  YESTERDAY        0.00          1.12 1984   0.11  -0.11     0.00
  MONTH TO DATE    1.23                      2.29  -1.06     1.68
  SINCE DEC 1     44.86                     42.02   2.84    58.54
  SINCE JAN 1     38.57                     36.84   1.73    50.48

SNOWFALL (IN)
  YESTERDAY        0.0
  MONTH TO DATE    0.0
  SINCE SEP 1      0.0
  SINCE JUL 1      0.0
  SNOW DEPTH       0

DEGREE DAYS
 HEATING
  YESTERDAY        0                         1     -1        0
  MONTH TO DATE    3                         4     -1        0
  SINCE SEP 1      3                         4     -1        0
  SINCE JUL 1      3                         4     -1        0

 COOLING
  YESTERDAY       15                         8      7       15
  MONTH TO DATE  233                       255    -22      341
  SINCE SEP 1    233                       255    -22      341
  SINCE JAN 1   1968                      1982    -14     2199
..................................................................


WIND (MPH)
  HIGHEST WIND SPEED    12   HIGHEST WIND DIRECTION    NE (40)
  HIGHEST GUST SPEED    18   HIGHEST GUST DIRECTION    NE (40)
  AVERAGE WIND SPEED     2.2


SKY COVER
  POSSIBLE SUNSHINE  MM
  AVERAGE SKY COVER 0.1


WEATHER CONDITIONS
 THE FOLLOWING WEATHER WAS RECORDED YESTERDAY.
  FOG


RELATIVE HUMIDITY (PERCENT)
 HIGHEST   100           100 AM
 LOWEST     44           100 PM
 AVERAGE    72

..........................................................


THE EL DORADO CLIMATE NORMALS FOR TODAY
                         NORMAL    RECORD    YEAR
 MAXIMUM TEMPERATURE (F)   84       102      1930
 MINIMUM TEMPERATURE (F)   59        40      1989


SUNRISE AND SUNSET
SEPTEMBER 24 2017.....SUNRISE   701 AM CDT   SUNSET   705 PM CDT
SEPTEMBER 25 2017.....SUNRISE   702 AM CDT   SUNSET   703 PM CDT


-  INDICATES NEGATIVE NUMBERS.
R  INDICATES RECORD WAS SET OR TIED.
MM INDICATES DATA IS MISSING.
T  INDICATES TRACE AMOUNT.




$$
