355
CDUS44 KSHV 222134
CLIELD


CLIMATE REPORT
NATIONAL WEATHER SERVICE SHREVEPORT, LA
432 PM CDT SAT JUL 22 2017


...................................

...THE EL DORADO CLIMATE SUMMARY FOR JULY 22 2017...
VALID TODAY AS OF 0400 PM LOCAL TIME.

CLIMATE NORMAL PERIOD 1981 TO 2010
CLIMATE RECORD PERIOD 1907 TO 2017


WEATHER ITEM   OBSERVED TIME   RECORD YEAR NORMAL DEPARTURE LAST
                VALUE   (LST)  VALUE       VALUE  FROM      YEAR
                                                  NORMAL
..................................................................
TEMPERATURE (F)
 TODAY
  MAXIMUM         95    246 PM 104    1939  93      2      100
  MINIMUM         74    555 AM  58    1970  71      3       76
  AVERAGE         85                        82      3       88

PRECIPITATION (IN)
  TODAY            0.00          2.94 1936   0.09  -0.09     0.00
  MONTH TO DATE    2.01                      2.62  -0.61     1.67
  SINCE DEC 1     37.78                     35.68   2.10    42.36
  SINCE JAN 1     31.49                     30.50   0.99    34.30

DEGREE DAYS
 HEATING
  TODAY            0                         0      0        0
  MONTH TO DATE    0                         0      0        0
  SINCE JUN 1      0                         0      0        0
  SINCE JUL 1      0                         0      0        0

 COOLING
  TODAY           20                        17      3       23
  MONTH TO DATE  384                       365     19      423
  SINCE JUN 1    768                       761      7      886
  SINCE JAN 1   1114                      1072     42     1167
..................................................................


WIND (MPH)
  HIGHEST WIND SPEED     9   HIGHEST WIND DIRECTION    SW (230)
  HIGHEST GUST SPEED    12   HIGHEST GUST DIRECTION    SW (210)
  AVERAGE WIND SPEED     3.4


SKY COVER
  POSSIBLE SUNSHINE  MM
  AVERAGE SKY COVER 0.1


WEATHER CONDITIONS
 THE FOLLOWING WEATHER WAS RECORDED TODAY.
  NO SIGNIFICANT WEATHER WAS OBSERVED.


RELATIVE HUMIDITY (PERCENT)
 HIGHEST   100           500 AM
 LOWEST     52           300 PM
 AVERAGE    76

..........................................................


THE EL DORADO CLIMATE NORMALS FOR TOMORROW
                         NORMAL    RECORD    YEAR
 MAXIMUM TEMPERATURE (F)   93       106      1934
 MINIMUM TEMPERATURE (F)   71        53      1947


SUNRISE AND SUNSET
JULY 22 2017..........SUNRISE   618 AM CDT   SUNSET   817 PM CDT
JULY 23 2017..........SUNRISE   618 AM CDT   SUNSET   817 PM CDT


-  INDICATES NEGATIVE NUMBERS.
R  INDICATES RECORD WAS SET OR TIED.
MM INDICATES DATA IS MISSING.
T  INDICATES TRACE AMOUNT.




$$
