947
CDUS44 KSHV 220732
CLIELD


CLIMATE REPORT
NATIONAL WEATHER SERVICE SHREVEPORT, LA
232 AM CDT FRI MAY 22 2015


...................................

...THE EL DORADO CLIMATE SUMMARY FOR MAY 21 2015...

CLIMATE NORMAL PERIOD 1981 TO 2010
CLIMATE RECORD PERIOD 1907 TO 2015


WEATHER ITEM   OBSERVED TIME   RECORD YEAR NORMAL DEPARTURE LAST
                VALUE   (LST)  VALUE       VALUE  FROM      YEAR
                                                  NORMAL
..................................................................
TEMPERATURE (F)
 YESTERDAY
  MAXIMUM         70   1238 AM  95    1925  84    -14       85
  MINIMUM         52   1147 PM  44    1981  62    -10       63
  AVERAGE         61                        72    -11       74

PRECIPITATION (IN)
  YESTERDAY        0.89          1.81 1974   0.16   0.73     0.00
  MONTH TO DATE    5.16                      3.44   1.72     4.88
  SINCE DEC 1     24.56                     26.55  -1.99    25.65
  SINCE JAN 1     21.23                     21.37  -0.14    19.09

SNOWFALL (IN)
  YESTERDAY        0.0
  MONTH TO DATE    0.0
  SINCE MAR 1      0.7
  SINCE JUL 1      0.7
  SNOW DEPTH       0

DEGREE DAYS
 HEATING
  YESTERDAY        4                         0      4        0
  MONTH TO DATE    4                        16    -12       38
  SINCE MAR 1    431                       442    -11      641
  SINCE JUL 1   2917                      2670    247     3248

 COOLING
  YESTERDAY        0                         8     -8        9
  MONTH TO DATE  150                       122     28       98
  SINCE MAR 1    251                       215     36      155
  SINCE JAN 1    251                       221     30      155
..................................................................


WIND (MPH)
  HIGHEST WIND SPEED    15   HIGHEST WIND DIRECTION    NE (50)
  HIGHEST GUST SPEED    19   HIGHEST GUST DIRECTION     N (10)
  AVERAGE WIND SPEED     6.2


SKY COVER
  POSSIBLE SUNSHINE  MM
  AVERAGE SKY COVER 0.8


WEATHER CONDITIONS
 THE FOLLOWING WEATHER WAS RECORDED YESTERDAY.
  THUNDERSTORM
  HEAVY RAIN
  RAIN
  LIGHT RAIN
  FOG


RELATIVE HUMIDITY (PERCENT)
 HIGHEST    97          1000 AM
 LOWEST     78           300 PM
 AVERAGE    88

..........................................................


THE EL DORADO CLIMATE NORMALS FOR TODAY
                         NORMAL    RECORD    YEAR
 MAXIMUM TEMPERATURE (F)   84        94      1925
 MINIMUM TEMPERATURE (F)   62        43      1919


SUNRISE AND SUNSET
MAY 22 2015...........SUNRISE   607 AM CDT   SUNSET   809 PM CDT
MAY 23 2015...........SUNRISE   607 AM CDT   SUNSET   810 PM CDT


-  INDICATES NEGATIVE NUMBERS.
R  INDICATES RECORD WAS SET OR TIED.
MM INDICATES DATA IS MISSING.
T  INDICATES TRACE AMOUNT.




$$
