991
CDUS44 KEPZ 210927
CLIELP


CLIMATE REPORT
NATIONAL WEATHER SERVICE EL PASO, TX
325 AM MDT FRI JUL 21 2017


...................................

...THE EL PASO CLIMATE SUMMARY FOR JULY 20 2017...

CLIMATE NORMAL PERIOD 1981 TO 2010
CLIMATE RECORD PERIOD 1879 TO 2017


WEATHER ITEM   OBSERVED TIME   RECORD YEAR NORMAL DEPARTURE LAST
                VALUE   (LST)  VALUE       VALUE  FROM      YEAR
                                                  NORMAL
..................................................................
TEMPERATURE (F)
 YESTERDAY
  MAXIMUM         92    349 PM 104    2014  94     -2      100
                                      1891
  MINIMUM         71    613 AM  58    1920  71      0       74
  AVERAGE         82                        83     -1       87

PRECIPITATION (IN)
  YESTERDAY        T             1.68 1955   0.05  -0.05     0.00
  MONTH TO DATE    1.92                      0.89   1.03     0.09
  SINCE JUN 1      3.08                      1.83   1.25     0.42
  SINCE JAN 1      4.46                      3.65   0.81     1.06

SNOWFALL (IN)
  YESTERDAY        0.0                                       0.0
  MONTH TO DATE    0.0                                       0.0
  SINCE JUN 1      0.0                                       0.0
  SINCE JUL 1      0.0                                       0.0
  SNOW DEPTH       0

DEGREE DAYS
 HEATING
  YESTERDAY        0                         0      0        0
  MONTH TO DATE    0                         0      0        0
  SINCE JUN 1      0                         0      0        0
  SINCE JUL 1      0                         0      0        0

 COOLING
  YESTERDAY       17                        18     -1       22
  MONTH TO DATE  396                       363     33      486
  SINCE JUN 1   1022                       865    157     1078
  SINCE JAN 1   1576                      1242    334     1474
..................................................................


WIND (MPH)
  HIGHEST WIND SPEED    26   HIGHEST WIND DIRECTION     E (110)
  HIGHEST GUST SPEED    42   HIGHEST GUST DIRECTION    SE (120)
  AVERAGE WIND SPEED     6.6


SKY COVER
  POSSIBLE SUNSHINE  MM
  AVERAGE SKY COVER 0.6


WEATHER CONDITIONS
 THE FOLLOWING WEATHER WAS RECORDED YESTERDAY.
  THUNDERSTORM


RELATIVE HUMIDITY (PERCENT)
 HIGHEST    79           500 AM
 LOWEST     32           300 PM
 AVERAGE    56

..........................................................


THE EL PASO CLIMATE NORMALS FOR TODAY
                         NORMAL    RECORD    YEAR
 MAXIMUM TEMPERATURE (F)   94       102      2014
                                             1981
 MINIMUM TEMPERATURE (F)   71        59      1985


SUNRISE AND SUNSET
JULY 21 2017..........SUNRISE   614 AM MDT   SUNSET   809 PM MDT
JULY 22 2017..........SUNRISE   615 AM MDT   SUNSET   809 PM MDT


-  INDICATES NEGATIVE NUMBERS.
R  INDICATES RECORD WAS SET OR TIED.
MM INDICATES DATA IS MISSING.
T  INDICATES TRACE AMOUNT.




$$
