171
CDUS44 KEPZ 240926
CLIELP


CLIMATE REPORT
NATIONAL WEATHER SERVICE EL PASO, TX
325 AM MDT WED AUG 24 2016


...................................

...THE EL PASO CLIMATE SUMMARY FOR AUGUST 23 2016...

CLIMATE NORMAL PERIOD 1981 TO 2010
CLIMATE RECORD PERIOD 1879 TO 2016


WEATHER ITEM   OBSERVED TIME   RECORD YEAR NORMAL DEPARTURE LAST
                VALUE   (LST)  VALUE       VALUE  FROM      YEAR
                                                  NORMAL
..................................................................
TEMPERATURE (F)
 YESTERDAY
  MAXIMUM         91    118 PM 103    1994  92     -1       94
  MINIMUM         66    930 PM  58    1973  69     -3       73
  AVERAGE         79                        81     -2       84

PRECIPITATION (IN)
  YESTERDAY        0.41          1.66 1954   0.06   0.35      T
  MONTH TO DATE    3.74                      1.59   2.15     0.52
  SINCE JUN 1      4.31                      4.08   0.23     3.58
  SINCE JAN 1      4.95                      5.90  -0.95     6.12

SNOWFALL (IN)
  YESTERDAY        0.0                                       0.0
  MONTH TO DATE    T                                         0.0
  SINCE JUN 1      T                                         0.0
  SINCE JUL 1      T                                         0.0
  SNOW DEPTH       0

DEGREE DAYS
 HEATING
  YESTERDAY        0                         0      0        0
  MONTH TO DATE    0                         0      0        0
  SINCE JUN 1      0                         0      0        0
  SINCE JUL 1      0                         0      0        0

 COOLING
  YESTERDAY       14                        16     -2       19
  MONTH TO DATE  393                       378     15      497
  SINCE JUN 1   1727                      1432    295     1701
  SINCE JAN 1   2123                      1809    314     2072
..................................................................


WIND (MPH)
  HIGHEST WIND SPEED    24   HIGHEST WIND DIRECTION     S (190)
  HIGHEST GUST SPEED    32   HIGHEST GUST DIRECTION    SW (210)
  AVERAGE WIND SPEED     5.9


SKY COVER
  POSSIBLE SUNSHINE  MM
  AVERAGE SKY COVER 0.6


WEATHER CONDITIONS
 THE FOLLOWING WEATHER WAS RECORDED YESTERDAY.
  THUNDERSTORM
  HEAVY RAIN
  LIGHT RAIN
  FOG


RELATIVE HUMIDITY (PERCENT)
 HIGHEST    84          1200 AM
 LOWEST     39           300 PM
 AVERAGE    62

..........................................................


THE EL PASO CLIMATE NORMALS FOR TODAY
                         NORMAL    RECORD    YEAR
 MAXIMUM TEMPERATURE (F)   92       102      1993
 MINIMUM TEMPERATURE (F)   69        59      1888


SUNRISE AND SUNSET
AUGUST 24 2016........SUNRISE   637 AM MDT   SUNSET   738 PM MDT
AUGUST 25 2016........SUNRISE   637 AM MDT   SUNSET   737 PM MDT


-  INDICATES NEGATIVE NUMBERS.
R  INDICATES RECORD WAS SET OR TIED.
MM INDICATES DATA IS MISSING.
T  INDICATES TRACE AMOUNT.




$$
