000
CDUS44 KEPZ 070935
CLIELP


CLIMATE REPORT
NATIONAL WEATHER SERVICE EL PASO, TX
332 AM MDT TUE JUL 7 2015


...................................

...THE EL PASO CLIMATE SUMMARY FOR JULY 6 2015...

CLIMATE NORMAL PERIOD 1981 TO 2010
CLIMATE RECORD PERIOD 1879 TO 2015


WEATHER ITEM   OBSERVED TIME   RECORD YEAR NORMAL DEPARTURE LAST
                VALUE   (LST)  VALUE       VALUE  FROM      YEAR
                                                  NORMAL
..................................................................
TEMPERATURE (F)
 YESTERDAY
  MAXIMUM         97    437 PM 108    1992  96      1       95
  MINIMUM         74    549 AM  57    1906  71      3       72
  AVERAGE         86                        83      3       84

PRECIPITATION (IN)
  YESTERDAY        0.00          1.32 1968   0.05  -0.05      T
  MONTH TO DATE    0.30                      0.25   0.05     0.08
  SINCE JUN 1      0.48                      1.19  -0.71     0.09
  SINCE JAN 1      3.02                      3.01   0.01     0.73

SNOWFALL (IN)
  YESTERDAY        0.0                                       0.0
  MONTH TO DATE    0.0                                       0.0
  SINCE JUN 1      0.0                                       0.0
  SINCE JUL 1      0.0                                       0.0
  SNOW DEPTH       0

DEGREE DAYS
 HEATING
  YESTERDAY        0                         0      0        0
  MONTH TO DATE    0                         0      0        0
  SINCE JUN 1      0                         0      0        0
  SINCE JUL 1      0                         0      0        0

 COOLING
  YESTERDAY       21                        18      3       19
  MONTH TO DATE  120                       111      9      114
  SINCE JUN 1    712                       613     99      807
  SINCE JAN 1   1083                       990     93     1234
..................................................................


WIND (MPH)
  HIGHEST WIND SPEED    23   HIGHEST WIND DIRECTION     E (80)
  HIGHEST GUST SPEED    27   HIGHEST GUST DIRECTION     E (80)
  AVERAGE WIND SPEED    10.8


SKY COVER
  POSSIBLE SUNSHINE  MM
  AVERAGE SKY COVER 0.6


WEATHER CONDITIONS
 THE FOLLOWING WEATHER WAS RECORDED YESTERDAY.
  NO SIGNIFICANT WEATHER WAS OBSERVED.


RELATIVE HUMIDITY (PERCENT)
 HIGHEST    60           500 AM
 LOWEST     22           600 PM
 AVERAGE    41

..........................................................


THE EL PASO CLIMATE NORMALS FOR TODAY
                         NORMAL    RECORD    YEAR
 MAXIMUM TEMPERATURE (F)   96       107      1992
 MINIMUM TEMPERATURE (F)   71        60      1906
                                             1880


SUNRISE AND SUNSET
JULY  7 2015..........SUNRISE   606 AM MDT   SUNSET   815 PM MDT
JULY  8 2015..........SUNRISE   607 AM MDT   SUNSET   814 PM MDT


-  INDICATES NEGATIVE NUMBERS.
R  INDICATES RECORD WAS SET OR TIED.
MM INDICATES DATA IS MISSING.
T  INDICATES TRACE AMOUNT.




$$
