000
CDUS44 KEPZ 270931
CLIELP


CLIMATE REPORT
NATIONAL WEATHER SERVICE EL PASO, TX
230 AM MST SAT DEC 27 2014


...................................

...THE EL PASO CLIMATE SUMMARY FOR DECEMBER 26 2014...

CLIMATE NORMAL PERIOD 1981 TO 2010
CLIMATE RECORD PERIOD 1879 TO 2014


WEATHER ITEM   OBSERVED TIME   RECORD YEAR NORMAL DEPARTURE LAST
                VALUE   (LST)  VALUE       VALUE  FROM      YEAR
                                                  NORMAL
..................................................................
TEMPERATURE (F)
 YESTERDAY
  MAXIMUM         52   1203 AM  76    1980  56     -4       52
  MINIMUM         36   1027 AM  13    1891  32      4       24
  AVERAGE         44                        44      0       38

PRECIPITATION (IN)
  YESTERDAY        0.11          0.76 1994   0.03   0.08     0.00
  MONTH TO DATE    0.12                      0.68  -0.56     0.26
  SINCE DEC 1      0.12                      0.68  -0.56     0.26
  SINCE JAN 1      8.57                      9.61  -1.04     9.51

SNOWFALL (IN)
  YESTERDAY       MM                                         0.0
  MONTH TO DATE    0.0                                        T
  SINCE DEC 1      0.0                                        T
  SINCE JUL 1      0.0                                        T
  SNOW DEPTH       0

DEGREE DAYS
 HEATING
  YESTERDAY       21                        21      0       27
  MONTH TO DATE  356                       520   -164      503
  SINCE DEC 1    356                       520   -164      503
  SINCE JUL 1    719                       962   -243      887

 COOLING
  YESTERDAY        0                         0      0        0
  MONTH TO DATE    0                         0      0        0
  SINCE DEC 1      0                         0      0        0
  SINCE JAN 1   2671                      2331    340     2695
..................................................................


WIND (MPH)
  HIGHEST WIND SPEED    22   HIGHEST WIND DIRECTION     W (250)
  HIGHEST GUST SPEED    27   HIGHEST GUST DIRECTION    SW (240)
  AVERAGE WIND SPEED     9.6


SKY COVER
  POSSIBLE SUNSHINE  MM
  AVERAGE SKY COVER 0.8


WEATHER CONDITIONS
 THE FOLLOWING WEATHER WAS RECORDED YESTERDAY.
  RAIN
  LIGHT RAIN
  SNOW
  FOG


RELATIVE HUMIDITY (PERCENT)
 HIGHEST    85           900 AM
 LOWEST     28          1200 AM
 AVERAGE    57

..........................................................


THE EL PASO CLIMATE NORMALS FOR TODAY
                         NORMAL    RECORD    YEAR
 MAXIMUM TEMPERATURE (F)   56        76      1980
 MINIMUM TEMPERATURE (F)   32        14      1987


SUNRISE AND SUNSET
DECEMBER 27 2014......SUNRISE   704 AM MST   SUNSET   509 PM MST
DECEMBER 28 2014......SUNRISE   705 AM MST   SUNSET   510 PM MST


-  INDICATES NEGATIVE NUMBERS.
R  INDICATES RECORD WAS SET OR TIED.
MM INDICATES DATA IS MISSING.
T  INDICATES TRACE AMOUNT.




$$
