000
CDUS44 KEPZ 170937
CLIELP


CLIMATE REPORT
NATIONAL WEATHER SERVICE EL PASO, TX
233 AM MST WED JAN 17 2018


...................................

...THE EL PASO CLIMATE SUMMARY FOR JANUARY 16 2018...

CLIMATE NORMAL PERIOD 1981 TO 2010
CLIMATE RECORD PERIOD 1879 TO 2018


WEATHER ITEM   OBSERVED TIME   RECORD YEAR NORMAL DEPARTURE LAST
                VALUE   (LST)  VALUE       VALUE  FROM      YEAR
                                                  NORMAL
..................................................................
TEMPERATURE (F)
 YESTERDAY
  MAXIMUM         37    302 PM  74    1914  58    -21       56
  MINIMUM         27   1159 PM  11    1964  32     -5       41
  AVERAGE         32                        45    -13       49

PRECIPITATION (IN)
  YESTERDAY        0.00          0.24 1884   0.01  -0.01     0.00
  MONTH TO DATE    0.10                      0.20  -0.10     0.75
  SINCE DEC 1      0.78                      0.98  -0.20     1.61
  SINCE JAN 1      0.10                      0.20  -0.10     0.75

SNOWFALL (IN)
  YESTERDAY        0.0                                       0.0
  MONTH TO DATE    0.0                                       0.0
  SINCE DEC 1      0.1                                       0.0
  SINCE JUL 1      0.1                                        T
  SNOW DEPTH       0

DEGREE DAYS
 HEATING
  YESTERDAY       33                        20     13       16
  MONTH TO DATE  280                       332    -52      212
  SINCE DEC 1    784                       958   -174      692
  SINCE JUL 1    947                      1400   -453      934

 COOLING
  YESTERDAY        0                         0      0        0
  MONTH TO DATE    0                         0      0        0
  SINCE DEC 1      0                         0      0        0
  SINCE JAN 1      0                         0      0        0
..................................................................


WIND (MPH)
  HIGHEST WIND SPEED    18   HIGHEST WIND DIRECTION     E (80)
  HIGHEST GUST SPEED    24   HIGHEST GUST DIRECTION     E (70)
  AVERAGE WIND SPEED     8.4


SKY COVER
  POSSIBLE SUNSHINE  MM
  AVERAGE SKY COVER 0.6


WEATHER CONDITIONS
 THE FOLLOWING WEATHER WAS RECORDED YESTERDAY.
  NO SIGNIFICANT WEATHER WAS OBSERVED.


RELATIVE HUMIDITY (PERCENT)
 HIGHEST    64          1200 AM
 LOWEST     25          1100 AM
 AVERAGE    45

..........................................................


THE EL PASO CLIMATE NORMALS FOR TODAY
                         NORMAL    RECORD    YEAR
 MAXIMUM TEMPERATURE (F)   58        74      1971
 MINIMUM TEMPERATURE (F)   32        16      1964


SUNRISE AND SUNSET
JANUARY 17 2018.......SUNRISE   705 AM MST   SUNSET   526 PM MST
JANUARY 18 2018.......SUNRISE   705 AM MST   SUNSET   527 PM MST


-  INDICATES NEGATIVE NUMBERS.
R  INDICATES RECORD WAS SET OR TIED.
MM INDICATES DATA IS MISSING.
T  INDICATES TRACE AMOUNT.




$$
