000
CDUS44 KEPZ 210935
CLIELP


CLIMATE REPORT
NATIONAL WEATHER SERVICE EL PASO, TX
233 AM MST FRI NOV 21 2014


...................................

...THE EL PASO CLIMATE SUMMARY FOR NOVEMBER 20 2014...

CLIMATE NORMAL PERIOD 1981 TO 2010
CLIMATE RECORD PERIOD 1879 TO 2014


WEATHER ITEM   OBSERVED TIME   RECORD YEAR NORMAL DEPARTURE LAST
                VALUE   (LST)  VALUE       VALUE  FROM      YEAR
                                                  NORMAL
..................................................................
TEMPERATURE (F)
 YESTERDAY
  MAXIMUM         69    330 PM  79    2007  64      5       72
                                      1897
  MINIMUM         33    631 AM  12    1906  38     -5       51
  AVERAGE         51                        51      0       62

PRECIPITATION (IN)
  YESTERDAY        0.00          0.30 1886   0.02  -0.02     0.00
  MONTH TO DATE    0.09                      0.32  -0.23      T
  SINCE SEP 1      5.30                      2.44   2.86     3.85
  SINCE JAN 1      8.43                      8.76  -0.33     9.15

SNOWFALL (IN)
  YESTERDAY        0.0                                       0.0
  MONTH TO DATE    0.0                                       0.0
  SINCE SEP 1      0.0                                       0.0
  SINCE JUL 1      0.0                                        T
  SNOW DEPTH       0

DEGREE DAYS
 HEATING
  YESTERDAY       14                        14      0        3
  MONTH TO DATE  228                       200     28      121
  SINCE SEP 1    233                       283    -50      179
  SINCE JUL 1    233                       283    -50      179

 COOLING
  YESTERDAY        0                         0      0        0
  MONTH TO DATE    6                         0      6        1
  SINCE SEP 1    452                       399     53      417
  SINCE JAN 1   2671                      2328    343     2695
..................................................................


WIND (MPH)
  HIGHEST WIND SPEED    18   HIGHEST WIND DIRECTION     W (260)
  HIGHEST GUST SPEED    21   HIGHEST GUST DIRECTION    SW (230)
  AVERAGE WIND SPEED     5.6


SKY COVER
  POSSIBLE SUNSHINE  MM
  AVERAGE SKY COVER 0.1


WEATHER CONDITIONS
 THE FOLLOWING WEATHER WAS RECORDED YESTERDAY.
  NO SIGNIFICANT WEATHER WAS OBSERVED.


RELATIVE HUMIDITY (PERCENT)
 HIGHEST    48           300 AM
 LOWEST     11           300 PM
 AVERAGE    30

..........................................................


THE EL PASO CLIMATE NORMALS FOR TODAY
                         NORMAL    RECORD    YEAR
 MAXIMUM TEMPERATURE (F)   64        83      1897
 MINIMUM TEMPERATURE (F)   38        20      1906


SUNRISE AND SUNSET
NOVEMBER 21 2014......SUNRISE   639 AM MST   SUNSET   504 PM MST
NOVEMBER 22 2014......SUNRISE   640 AM MST   SUNSET   503 PM MST


-  INDICATES NEGATIVE NUMBERS.
R  INDICATES RECORD WAS SET OR TIED.
MM INDICATES DATA IS MISSING.
T  INDICATES TRACE AMOUNT.




$$
