000
CDUS44 KEPZ 200928
CLIELP


CLIMATE REPORT
NATIONAL WEATHER SERVICE EL PASO, TX
227 AM MST MON FEB 20 2017


...................................

...THE EL PASO CLIMATE SUMMARY FOR FEBRUARY 19 2017...

CLIMATE NORMAL PERIOD 1981 TO 2010
CLIMATE RECORD PERIOD 1879 TO 2017


WEATHER ITEM   OBSERVED TIME   RECORD YEAR NORMAL DEPARTURE LAST
                VALUE   (LST)  VALUE       VALUE  FROM      YEAR
                                                  NORMAL
..................................................................
TEMPERATURE (F)
 YESTERDAY
  MAXIMUM         59    403 PM  81    2016  64     -5       81
                                      1986
                                      1972
  MINIMUM         44    814 AM  21    1942  38      6       49
  AVERAGE         52                        51      1       65

PRECIPITATION (IN)
  YESTERDAY        T             0.40 2013   0.02  -0.02     0.00
  MONTH TO DATE    0.16                      0.34  -0.18     0.07
  SINCE DEC 1      2.07                      1.52   0.55     1.61
  SINCE JAN 1      1.21                      0.74   0.47     0.53

SNOWFALL (IN)
  YESTERDAY        0.0                                       0.0
  MONTH TO DATE    T                                          T
  SINCE DEC 1      T                                         8.1
  SINCE JUL 1      T                                         8.1
  SNOW DEPTH       0

DEGREE DAYS
 HEATING
  YESTERDAY       13                        14     -1        0
  MONTH TO DATE  186                       302   -116      271
  SINCE DEC 1   1162                      1545   -383     1427
  SINCE JUL 1   1404                      1987   -583     1762

 COOLING
  YESTERDAY        0                         0      0        0
  MONTH TO DATE    3                         0      3        2
  SINCE DEC 1      3                         0      3        2
  SINCE JAN 1      3                         0      3        2
..................................................................


WIND (MPH)
  HIGHEST WIND SPEED    29   HIGHEST WIND DIRECTION     W (280)
  HIGHEST GUST SPEED    36   HIGHEST GUST DIRECTION     W (280)
  AVERAGE WIND SPEED    13.4


SKY COVER
  POSSIBLE SUNSHINE  MM
  AVERAGE SKY COVER 0.6


WEATHER CONDITIONS
 THE FOLLOWING WEATHER WAS RECORDED YESTERDAY.
  LIGHT RAIN


RELATIVE HUMIDITY (PERCENT)
 HIGHEST    65           500 AM
 LOWEST     28           300 PM
 AVERAGE    47

..........................................................


THE EL PASO CLIMATE NORMALS FOR TODAY
                         NORMAL    RECORD    YEAR
 MAXIMUM TEMPERATURE (F)   64        83      1972
 MINIMUM TEMPERATURE (F)   38        22      1988
                                             1955


SUNRISE AND SUNSET
FEBRUARY 20 2017......SUNRISE   642 AM MST   SUNSET   557 PM MST
FEBRUARY 21 2017......SUNRISE   641 AM MST   SUNSET   558 PM MST


-  INDICATES NEGATIVE NUMBERS.
R  INDICATES RECORD WAS SET OR TIED.
MM INDICATES DATA IS MISSING.
T  INDICATES TRACE AMOUNT.




$$
