000
CDUS44 KEPZ 230943
CLIELP


CLIMATE REPORT
NATIONAL WEATHER SERVICE EL PASO, TX
340 AM MDT SAT SEP 23 2017


...................................

...THE EL PASO CLIMATE SUMMARY FOR SEPTEMBER 22 2017...

CLIMATE NORMAL PERIOD 1981 TO 2010
CLIMATE RECORD PERIOD 1879 TO 2017


WEATHER ITEM   OBSERVED TIME   RECORD YEAR NORMAL DEPARTURE LAST
                VALUE   (LST)  VALUE       VALUE  FROM      YEAR
                                                  NORMAL
..................................................................
TEMPERATURE (F)
 YESTERDAY
  MAXIMUM         96R   315 PM  96    1973  86     10       93
  MINIMUM         68    606 AM  47    1995  61      7       69
  AVERAGE         82                        74      8       81

PRECIPITATION (IN)
  YESTERDAY        T             2.26 1974   0.04  -0.04     0.00
  MONTH TO DATE    T                         1.19  -1.19     1.16
  SINCE SEP 1      T                         1.19  -1.19     1.16
  SINCE JAN 1      7.92                      7.51   0.41     7.13

SNOWFALL (IN)
  YESTERDAY        0.0                                       0.0
  MONTH TO DATE    0.0                                       0.0
  SINCE SEP 1      0.0                                       0.0
  SINCE JUL 1      0.0                                        T
  SNOW DEPTH       0

DEGREE DAYS
 HEATING
  YESTERDAY        0                         0      0        0
  MONTH TO DATE    0                         0      0        0
  SINCE SEP 1      0                         0      0        0
  SINCE JUL 1      0                         0      0        0

 COOLING
  YESTERDAY       17                         9      8       16
  MONTH TO DATE  357                       259     98      311
  SINCE SEP 1    357                       259     98      311
  SINCE JAN 1   2644                      2188    456     2535
..................................................................


WIND (MPH)
  HIGHEST WIND SPEED    22   HIGHEST WIND DIRECTION    SW (210)
  HIGHEST GUST SPEED    28   HIGHEST GUST DIRECTION    SW (220)
  AVERAGE WIND SPEED     9.1


SKY COVER
  POSSIBLE SUNSHINE  MM
  AVERAGE SKY COVER 0.2


WEATHER CONDITIONS
 THE FOLLOWING WEATHER WAS RECORDED YESTERDAY.
  LIGHT RAIN


RELATIVE HUMIDITY (PERCENT)
 HIGHEST    44           500 AM
 LOWEST     15           500 PM
 AVERAGE    30

..........................................................


THE EL PASO CLIMATE NORMALS FOR TODAY
                         NORMAL    RECORD    YEAR
 MAXIMUM TEMPERATURE (F)   86        96      1982
                                             1973
 MINIMUM TEMPERATURE (F)   61        42      1975


SUNRISE AND SUNSET
SEPTEMBER 23 2017.....SUNRISE   655 AM MDT   SUNSET   700 PM MDT
SEPTEMBER 24 2017.....SUNRISE   655 AM MDT   SUNSET   659 PM MDT


-  INDICATES NEGATIVE NUMBERS.
R  INDICATES RECORD WAS SET OR TIED.
MM INDICATES DATA IS MISSING.
T  INDICATES TRACE AMOUNT.




$$
