000
CDUS44 KEPZ 290927
CLIELP


CLIMATE REPORT
NATIONAL WEATHER SERVICE EL PASO, TX
326 AM MDT WED MAR 29 2017


...................................

...THE EL PASO CLIMATE SUMMARY FOR MARCH 28 2017...

CLIMATE NORMAL PERIOD 1981 TO 2010
CLIMATE RECORD PERIOD 1879 TO 2017


WEATHER ITEM   OBSERVED TIME   RECORD YEAR NORMAL DEPARTURE LAST
                VALUE   (LST)  VALUE       VALUE  FROM      YEAR
                                                  NORMAL
..................................................................
TEMPERATURE (F)
 YESTERDAY
  MAXIMUM         67   1038 AM  88    2015  73     -6       81
                                      1967
  MINIMUM         53    337 PM  27    1955  45      8       50
  AVERAGE         60                        59      1       66

PRECIPITATION (IN)
  YESTERDAY        T             0.25 1951   0.01  -0.01     0.00
  MONTH TO DATE    T                         0.24  -0.24     0.01
  SINCE MAR 1      T                         0.24  -0.24     0.01
  SINCE JAN 1      1.21                      1.10   0.11     0.54

SNOWFALL (IN)
  YESTERDAY        0.0                                       0.0
  MONTH TO DATE    0.0                                       0.0
  SINCE MAR 1      0.0                                       0.0
  SINCE JUL 1      T                                         8.1
  SNOW DEPTH       0

DEGREE DAYS
 HEATING
  YESTERDAY        5                         6     -1        0
  MONTH TO DATE   56                       253   -197       97
  SINCE MAR 1     56                       253   -197       97
  SINCE JUL 1   1525                      2356   -831     1931

 COOLING
  YESTERDAY        0                         1     -1        1
  MONTH TO DATE   65                         3     62       17
  SINCE MAR 1     65                         3     62       17
  SINCE JAN 1     68                         3     65       20
..................................................................


WIND (MPH)
  HIGHEST WIND SPEED    44   HIGHEST WIND DIRECTION    SW (240)
  HIGHEST GUST SPEED    52   HIGHEST GUST DIRECTION     W (250)
  AVERAGE WIND SPEED    15.7


SKY COVER
  POSSIBLE SUNSHINE  MM
  AVERAGE SKY COVER 0.4


WEATHER CONDITIONS
 THE FOLLOWING WEATHER WAS RECORDED YESTERDAY.
  LIGHT RAIN
  SANDSTORM


RELATIVE HUMIDITY (PERCENT)
 HIGHEST    38           600 PM
 LOWEST     20          1000 AM
 AVERAGE    29

..........................................................


THE EL PASO CLIMATE NORMALS FOR TODAY
                         NORMAL    RECORD    YEAR
 MAXIMUM TEMPERATURE (F)   74        88      2015
                                             1943
 MINIMUM TEMPERATURE (F)   46        24      1987


SUNRISE AND SUNSET
MARCH 29 2017.........SUNRISE   657 AM MDT   SUNSET   723 PM MDT
MARCH 30 2017.........SUNRISE   656 AM MDT   SUNSET   724 PM MDT


-  INDICATES NEGATIVE NUMBERS.
R  INDICATES RECORD WAS SET OR TIED.
MM INDICATES DATA IS MISSING.
T  INDICATES TRACE AMOUNT.




$$
