000
CDUS44 KEPZ 302328
CLIELP


CLIMATE REPORT
NATIONAL WEATHER SERVICE EL PASO, TX
527 PM MDT FRI SEP 30 2016


...................................

...THE EL PASO CLIMATE SUMMARY FOR SEPTEMBER 30 2016...
VALID TODAY AS OF 0500 PM LOCAL TIME.

CLIMATE NORMAL PERIOD 1981 TO 2010
CLIMATE RECORD PERIOD 1879 TO 2016


WEATHER ITEM   OBSERVED TIME   RECORD YEAR NORMAL DEPARTURE LAST
                VALUE   (LST)  VALUE       VALUE  FROM      YEAR
                                                  NORMAL
..................................................................
TEMPERATURE (F)
 TODAY
  MAXIMUM         76    351 PM  97    1994  83     -7       91
  MINIMUM         58    625 AM  41    1945  58      0       66

PRECIPITATION (IN)
  TODAY            0.88                      0.04   0.84     0.00
  MONTH TO DATE    2.12                      1.51   0.61     0.33
  SINCE SEP 1      2.12                      1.51   0.61     0.33
  SINCE JAN 1      8.09                      7.83   0.26     7.48

..................................................................


WIND (MPH)
  HIGHEST WIND SPEED    24   HIGHEST WIND DIRECTION     N (360)
  HIGHEST GUST SPEED    28   HIGHEST GUST DIRECTION     N (360)


SKY COVER
  AVERAGE SKY COVER 0.8


WEATHER CONDITIONS
 THE FOLLOWING WEATHER WAS RECORDED TODAY.
  THUNDERSTORM
  HEAVY RAIN
  RAIN
  LIGHT RAIN
  FOG


RELATIVE HUMIDITY (PERCENT)
 HIGHEST    84           900 AM
 LOWEST     38          1200 AM

..........................................................


THE EL PASO CLIMATE NORMALS FOR TOMORROW
                         NORMAL    RECORD    YEAR
 MAXIMUM TEMPERATURE (F)   83        94      2000
                                             1993
                                             1979
 MINIMUM TEMPERATURE (F)   58        43      1965


SUNRISE AND SUNSET
SEPTEMBER 30 2016.....SUNRISE   659 AM MDT   SUNSET   651 PM MDT
OCTOBER  1 2016.......SUNRISE   700 AM MDT   SUNSET   650 PM MDT


-  INDICATES NEGATIVE NUMBERS.
R  INDICATES RECORD WAS SET OR TIED.
MM INDICATES DATA IS MISSING.
T  INDICATES TRACE AMOUNT.




$$
