000
CDUS44 KEPZ 220926
CLIELP


CLIMATE REPORT
NATIONAL WEATHER SERVICE EL PASO, TX
325 AM MDT WED OCT 22 2014


...................................

...THE EL PASO CLIMATE SUMMARY FOR OCTOBER 21 2014...

CLIMATE NORMAL PERIOD 1981 TO 2010
CLIMATE RECORD PERIOD 1879 TO 2014


WEATHER ITEM   OBSERVED TIME   RECORD YEAR NORMAL DEPARTURE LAST
                VALUE   (LST)  VALUE       VALUE  FROM      YEAR
                                                  NORMAL
..................................................................
TEMPERATURE (F)
 YESTERDAY
  MAXIMUM         73    328 PM  89    1899  77     -4       72
  MINIMUM         57    640 AM  32    1898  50      7       46
                                      1882
  AVERAGE         65                        63      2       59

PRECIPITATION (IN)
  YESTERDAY        0.00          0.75 1901   0.02  -0.02     0.00
  MONTH TO DATE    0.98                      0.43   0.55     0.00
  SINCE SEP 1      5.21                      1.94   3.27     3.85
  SINCE JAN 1      8.34                      8.26   0.08     9.15

SNOWFALL (IN)
  YESTERDAY        0.0                                       0.0
  MONTH TO DATE    0.0                                       0.0
  SINCE SEP 1      0.0                                       0.0
  SINCE JUL 1      0.0                                        T
  SNOW DEPTH       0

DEGREE DAYS
 HEATING
  YESTERDAY        0                         3     -3        6
  MONTH TO DATE    5                        34    -29       39
  SINCE SEP 1      5                        38    -33       39
  SINCE JUL 1      5                        38    -33       39

 COOLING
  YESTERDAY        0                         1     -1        0
  MONTH TO DATE   96                        74     22       67
  SINCE SEP 1    412                       391     21      404
  SINCE JAN 1   2631                      2320    311     2682
..................................................................


WIND (MPH)
  HIGHEST WIND SPEED    15   HIGHEST WIND DIRECTION     E (90)
  HIGHEST GUST SPEED    17   HIGHEST GUST DIRECTION     E (100)
  AVERAGE WIND SPEED     5.2


SKY COVER
  POSSIBLE SUNSHINE  MM
  AVERAGE SKY COVER 0.4


WEATHER CONDITIONS
 THE FOLLOWING WEATHER WAS RECORDED YESTERDAY.
  NO SIGNIFICANT WEATHER WAS OBSERVED.


RELATIVE HUMIDITY (PERCENT)
 HIGHEST    87           200 AM
 LOWEST     49           200 PM
 AVERAGE    68

..........................................................


THE EL PASO CLIMATE NORMALS FOR TODAY
                         NORMAL    RECORD    YEAR
 MAXIMUM TEMPERATURE (F)   76        89      1899
 MINIMUM TEMPERATURE (F)   50        26      1996


SUNRISE AND SUNSET
OCTOBER 22 2014.......SUNRISE   714 AM MDT   SUNSET   626 PM MDT
OCTOBER 23 2014.......SUNRISE   715 AM MDT   SUNSET   625 PM MDT


-  INDICATES NEGATIVE NUMBERS.
R  INDICATES RECORD WAS SET OR TIED.
MM INDICATES DATA IS MISSING.
T  INDICATES TRACE AMOUNT.




$$
