000
CDUS45 KLKN 220946
CLIELY


CLIMATE REPORT
NATIONAL WEATHER SERVICE ELKO NV
138 AM PST SUN JAN 22 2017


...................................

...THE ELY AIRPORT NV CLIMATE SUMMARY FOR JANUARY 21 2017...

CLIMATE NORMAL PERIOD 1981 TO 2010
CLIMATE RECORD PERIOD 1893 TO 2017


WEATHER ITEM   OBSERVED TIME   RECORD YEAR NORMAL DEPARTURE LAST
                VALUE   (LST)  VALUE       VALUE  FROM      YEAR
                                                  NORMAL
..................................................................
TEMPERATURE (F)
 YESTERDAY
  MAXIMUM         35    224 PM  59    1994  40     -5       37
  MINIMUM         10    900 PM -13    1966  11     -1        3
  AVERAGE         23                        26     -3       20

PRECIPITATION (IN)
  YESTERDAY        T             0.64 1964   0.02  -0.02     0.00
  MONTH TO DATE    1.29                      0.48   0.81     1.44
  SINCE OCT 1      3.07                      2.77   0.30     5.80
  SINCE JAN 1      1.29                      0.48   0.81     1.44

SNOWFALL (IN)
  YESTERDAY        0.3           9.9  2010   0.3    0.0      0.0
  MONTH TO DATE   19.2                       6.4   12.8     18.7
  SINCE DEC 1     28.3                      14.8   13.5     40.8
  SINCE JUL 1     34.2                      24.3    9.9     58.5
  SNOW DEPTH      12

DEGREE DAYS
 HEATING
  YESTERDAY       42                        40      2       45
  MONTH TO DATE  875                       840     35      968
  SINCE DEC 1   2102                      2072     30     2239
  SINCE JUL 1   3655                      3940   -285     3868

 COOLING
  YESTERDAY        0                         0      0        0
  MONTH TO DATE    0                         0      0        0
  SINCE DEC 1      0                         0      0        0
  SINCE JAN 1      0                         0      0        0
..................................................................


WIND (MPH)
  HIGHEST WIND SPEED    20   HIGHEST WIND DIRECTION    SW (210)
  HIGHEST GUST SPEED    23   HIGHEST GUST DIRECTION     S (190)
  AVERAGE WIND SPEED     7.9



WEATHER CONDITIONS
 THE FOLLOWING WEATHER WAS RECORDED YESTERDAY.
  LIGHT SNOW
  FOG


RELATIVE HUMIDITY (PERCENT)
 HIGHEST    92           100 AM
 LOWEST     47           200 PM
 AVERAGE    70

..........................................................


THE ELY AIRPORT NV CLIMATE NORMALS FOR TODAY
                         NORMAL    RECORD    YEAR
 MAXIMUM TEMPERATURE (F)   40        62      1912
 MINIMUM TEMPERATURE (F)   11       -20      1962


SUNRISE AND SUNSET
JANUARY 22 2017.......SUNRISE   654 AM PST   SUNSET   449 PM PST
JANUARY 23 2017.......SUNRISE   653 AM PST   SUNSET   450 PM PST


-  INDICATES NEGATIVE NUMBERS.
R  INDICATES RECORD WAS SET OR TIED.
MM INDICATES DATA IS MISSING.
T  INDICATES TRACE AMOUNT.




$$
