000
CDUS45 KLKN 300027
CLIELY


CLIMATE REPORT
NATIONAL WEATHER SERVICE ELKO NV
527 PM PDT FRI MAY 29 2015


...................................

...THE ELY AIRPORT NV CLIMATE SUMMARY FOR MAY 29 2015...
VALID TODAY AS OF 0500 PM LOCAL TIME.

CLIMATE NORMAL PERIOD 1981 TO 2010
CLIMATE RECORD PERIOD 1893 TO 2015


WEATHER ITEM   OBSERVED TIME   RECORD YEAR NORMAL DEPARTURE LAST
                VALUE   (LST)  VALUE       VALUE  FROM      YEAR
                                                  NORMAL
..................................................................
TEMPERATURE (F)
 TODAY
  MAXIMUM         75    351 PM  91    2003  72      3       81
                                      1910
  MINIMUM         42    457 AM  22    2006  36      6       39
  AVERAGE         59                        54      5       60

PRECIPITATION (IN)
  TODAY            T             0.91 2011   0.03  -0.03     0.00
  MONTH TO DATE    1.78                      1.03   0.75     0.96
  SINCE OCT 1      4.50                      6.65  -2.15     6.85
  SINCE JAN 1      3.33                      4.36  -1.03     4.17

SNOWFALL (IN)
  TODAY            0.0           7.5  2011   0.0    0.0      0.0
  MONTH TO DATE    T                         2.3   -2.3      1.7
  SINCE MAR 1      8.7                      15.8   -7.1     12.7
  SINCE JUL 1     19.7                      50.7  -31.0     51.8
  SNOW DEPTH       0

DEGREE DAYS
 HEATING
  TODAY            6                        11     -5        5
  MONTH TO DATE  439                       422     17      383
  SINCE MAR 1   1794                      1988   -194     1846
  SINCE JUL 1   6038                      7325  -1287     6865

 COOLING
  TODAY            0                         0      0        0
  MONTH TO DATE    0                         0      0        2
  SINCE MAR 1      0                         0      0        2
  SINCE JAN 1      0                         0      0        2
..................................................................


WIND (MPH)
  HIGHEST WIND SPEED    15   HIGHEST WIND DIRECTION     S (190)
  HIGHEST GUST SPEED    17   HIGHEST GUST DIRECTION    NE (40)



WEATHER CONDITIONS
 THE FOLLOWING WEATHER WAS RECORDED TODAY.
  THUNDERSTORM


RELATIVE HUMIDITY (PERCENT)
 HIGHEST    89           200 AM
 LOWEST     25           400 PM
 AVERAGE    57

..........................................................


THE ELY AIRPORT NV CLIMATE NORMALS FOR TOMORROW
                         NORMAL    RECORD    YEAR
 MAXIMUM TEMPERATURE (F)   73        90      2002
 MINIMUM TEMPERATURE (F)   36        22      1985


SUNRISE AND SUNSET
MAY 29 2015...........SUNRISE   516 AM PDT   SUNSET   758 PM PDT
MAY 30 2015...........SUNRISE   516 AM PDT   SUNSET   758 PM PDT


-  INDICATES NEGATIVE NUMBERS.
R  INDICATES RECORD WAS SET OR TIED.
MM INDICATES DATA IS MISSING.
T  INDICATES TRACE AMOUNT.




$$
