210
CDUS45 KLKN 290931
CLIELY


CLIMATE REPORT
NATIONAL WEATHER SERVICE ELKO NV
230 AM PDT FRI APR 29 2016


...................................

...THE ELY AIRPORT NV CLIMATE SUMMARY FOR APRIL 28 2016...

CLIMATE NORMAL PERIOD 1981 TO 2010
CLIMATE RECORD PERIOD 1893 TO 2016


WEATHER ITEM   OBSERVED TIME   RECORD YEAR NORMAL DEPARTURE LAST
                VALUE   (LST)  VALUE       VALUE  FROM      YEAR
                                                  NORMAL
..................................................................
TEMPERATURE (F)
 YESTERDAY
  MAXIMUM         47    454 PM  82    1992  62    -15       73
  MINIMUM         32    628 AM   8    1942  30      2       23
  AVERAGE         40                        46     -6       48

PRECIPITATION (IN)
  YESTERDAY        0.10          0.50 1893   0.04   0.06     0.00
  MONTH TO DATE    1.47                      0.88   0.59     0.67
  SINCE OCT 1     10.57                      5.55   5.02     2.72
  SINCE JAN 1      6.21                      3.26   2.95     1.55

SNOWFALL (IN)
  YESTERDAY        0.4           5.0  1893   0.1    0.3      0.0
  MONTH TO DATE    4.9                       4.9    0.0      3.7
  SINCE MAR 1     21.1                      13.2    7.9      8.7
  SINCE JUL 1    100.4                      48.1   52.3     19.7
  SNOW DEPTH       0

DEGREE DAYS
 HEATING
  YESTERDAY       25                        19      6       17
  MONTH TO DATE  568                       639    -71      642
  SINCE MAR 1   1369                      1529   -160     1337
  SINCE JUL 1   6743                      6866   -123     5581

 COOLING
  YESTERDAY        0                         0      0        0
  MONTH TO DATE    0                         0      0        0
  SINCE MAR 1      0                         0      0        0
  SINCE JAN 1      0                         0      0        0
..................................................................


WIND (MPH)
  HIGHEST WIND SPEED    31   HIGHEST WIND DIRECTION     N (360)
  HIGHEST GUST SPEED    39   HIGHEST GUST DIRECTION     N (360)
  AVERAGE WIND SPEED    14.1



WEATHER CONDITIONS
 THE FOLLOWING WEATHER WAS RECORDED YESTERDAY.
  LIGHT RAIN
  LIGHT SNOW
  FOG


RELATIVE HUMIDITY (PERCENT)
 HIGHEST   100          1200 AM
 LOWEST     60           500 PM
 AVERAGE    80

..........................................................


THE ELY AIRPORT NV CLIMATE NORMALS FOR TODAY
                         NORMAL    RECORD    YEAR
 MAXIMUM TEMPERATURE (F)   62        80      2007
 MINIMUM TEMPERATURE (F)   30         7      1942


SUNRISE AND SUNSET
APRIL 29 2016.........SUNRISE   543 AM PDT   SUNSET   731 PM PDT
APRIL 30 2016.........SUNRISE   541 AM PDT   SUNSET   732 PM PDT


-  INDICATES NEGATIVE NUMBERS.
R  INDICATES RECORD WAS SET OR TIED.
MM INDICATES DATA IS MISSING.
T  INDICATES TRACE AMOUNT.




$$
