282
CDUS45 KLKN 260931
CLIELY


CLIMATE REPORT
NATIONAL WEATHER SERVICE ELKO NV
229 AM PDT MON SEP 26 2016


...................................

...THE ELY AIRPORT NV CLIMATE SUMMARY FOR SEPTEMBER 25 2016...

CLIMATE NORMAL PERIOD 1981 TO 2010
CLIMATE RECORD PERIOD 1893 TO 2016


WEATHER ITEM   OBSERVED TIME   RECORD YEAR NORMAL DEPARTURE LAST
                VALUE   (LST)  VALUE       VALUE  FROM      YEAR
                                                  NORMAL
..................................................................
TEMPERATURE (F)
 YESTERDAY
  MAXIMUM         70    246 PM  86    2010  72     -2       85
  MINIMUM         28    543 AM  17    1972  34     -6       44
                                      1970
  AVERAGE         49                        53     -4       65

PRECIPITATION (IN)
  YESTERDAY        0.00          0.55 1900   0.03  -0.03     0.00
  MONTH TO DATE    0.69                      0.68   0.01     0.51
  SINCE OCT 1     14.07                      9.61   4.46     6.67
  SINCE JAN 1      9.71                      7.32   2.39     5.50

SNOWFALL (IN)
  YESTERDAY        0.0           1.0  1986   0.0    0.0      0.0
  MONTH TO DATE    0.0                       0.2   -0.2      0.0
  SINCE SEP 1      0.0                       0.2   -0.2      0.0
  SINCE JUL 1      0.0                       0.2   -0.2      0.0
  SNOW DEPTH       0

DEGREE DAYS
 HEATING
  YESTERDAY       16                        12      4        0
  MONTH TO DATE  199                       184     15       96
  SINCE SEP 1    199                       184     15       96
  SINCE JUL 1    236                       248    -12      128

 COOLING
  YESTERDAY        0                         0      0        0
  MONTH TO DATE   12                         4      8       16
  SINCE SEP 1     12                         4      8       16
  SINCE JAN 1    267                       216     51      320
..................................................................


WIND (MPH)
  HIGHEST WIND SPEED    22   HIGHEST WIND DIRECTION     N (360)
  HIGHEST GUST SPEED    29   HIGHEST GUST DIRECTION     N (360)
  AVERAGE WIND SPEED    11.5



WEATHER CONDITIONS
 THE FOLLOWING WEATHER WAS RECORDED YESTERDAY.
  NO SIGNIFICANT WEATHER WAS OBSERVED.


RELATIVE HUMIDITY (PERCENT)
 HIGHEST    92           200 AM
 LOWEST     20           300 PM
 AVERAGE    56

..........................................................


THE ELY AIRPORT NV CLIMATE NORMALS FOR TODAY
                         NORMAL    RECORD    YEAR
 MAXIMUM TEMPERATURE (F)   71        88      2010
 MINIMUM TEMPERATURE (F)   34        16      1948


SUNRISE AND SUNSET
SEPTEMBER 26 2016.....SUNRISE   631 AM PDT   SUNSET   629 PM PDT
SEPTEMBER 27 2016.....SUNRISE   632 AM PDT   SUNSET   627 PM PDT


-  INDICATES NEGATIVE NUMBERS.
R  INDICATES RECORD WAS SET OR TIED.
MM INDICATES DATA IS MISSING.
T  INDICATES TRACE AMOUNT.




$$
