000
CDUS45 KLKN 250946
CLIELY


CLIMATE REPORT
NATIONAL WEATHER SERVICE ELKO NV
141 AM PST SAT FEB 25 2017


...................................

...THE ELY AIRPORT NV CLIMATE SUMMARY FOR FEBRUARY 24 2017...

CLIMATE NORMAL PERIOD 1981 TO 2010
CLIMATE RECORD PERIOD 1893 TO 2017


WEATHER ITEM   OBSERVED TIME   RECORD YEAR NORMAL DEPARTURE LAST
                VALUE   (LST)  VALUE       VALUE  FROM      YEAR
                                                  NORMAL
..................................................................
TEMPERATURE (F)
 YESTERDAY
  MAXIMUM         28    333 PM  67    1986  45    -17       53
  MINIMUM          3   1021 PM  -5    1960  18    -15       15
  AVERAGE         16                        31    -15       34

PRECIPITATION (IN)
  YESTERDAY        0.00          0.50 1895   0.03  -0.03     0.00
  MONTH TO DATE    1.61                      0.63   0.98     0.60
  SINCE OCT 1      4.91                      3.62   1.29     7.54
  SINCE JAN 1      3.13                      1.33   1.80     3.18

SNOWFALL (IN)
  YESTERDAY        0.0           5.0  1895   0.2   -0.2      0.0
  MONTH TO DATE   11.1                       6.8    4.3      4.1
  SINCE DEC 1     42.8                      24.3   18.5     61.6
  SINCE JUL 1     48.7                      33.8   14.9     79.3
  SNOW DEPTH       5

DEGREE DAYS
 HEATING
  YESTERDAY       49                        34     15       31
  MONTH TO DATE  648                       876   -228      956
  SINCE DEC 1   3219                      3337   -118     3628
  SINCE JUL 1   4772                      5205   -433     5257

 COOLING
  YESTERDAY        0                         0      0        0
  MONTH TO DATE    0                         0      0        0
  SINCE DEC 1      0                         0      0        0
  SINCE JAN 1      0                         0      0        0
..................................................................


WIND (MPH)
  HIGHEST WIND SPEED    15   HIGHEST WIND DIRECTION     S (170)
  HIGHEST GUST SPEED    18   HIGHEST GUST DIRECTION     S (160)
  AVERAGE WIND SPEED     5.8



WEATHER CONDITIONS
 THE FOLLOWING WEATHER WAS RECORDED YESTERDAY.
  NO SIGNIFICANT WEATHER WAS OBSERVED.


RELATIVE HUMIDITY (PERCENT)
 HIGHEST    86           900 PM
 LOWEST     33           400 PM
 AVERAGE    60

..........................................................


THE ELY AIRPORT NV CLIMATE NORMALS FOR TODAY
                         NORMAL    RECORD    YEAR
 MAXIMUM TEMPERATURE (F)   45        67      1986
 MINIMUM TEMPERATURE (F)   18       -15      1993


SUNRISE AND SUNSET
FEBRUARY 25 2017......SUNRISE   617 AM PST   SUNSET   528 PM PST
FEBRUARY 26 2017......SUNRISE   616 AM PST   SUNSET   529 PM PST


-  INDICATES NEGATIVE NUMBERS.
R  INDICATES RECORD WAS SET OR TIED.
MM INDICATES DATA IS MISSING.
T  INDICATES TRACE AMOUNT.




$$
