000
CDUS45 KLKN 010931
CLIELY


CLIMATE REPORT
NATIONAL WEATHER SERVICE ELKO NV
230 AM PDT MON SEP 1 2014


...................................

...THE ELY AIRPORT NV CLIMATE SUMMARY FOR AUGUST 31 2014...

CLIMATE NORMAL PERIOD 1981 TO 2010
CLIMATE RECORD PERIOD 1893 TO 2014


WEATHER ITEM   OBSERVED TIME   RECORD YEAR NORMAL DEPARTURE LAST
                VALUE   (LST)  VALUE       VALUE  FROM      YEAR
                                                  NORMAL
..................................................................
TEMPERATURE (F)
 YESTERDAY
  MAXIMUM         79    439 PM  92    1996  82     -3       84
                                      1950
  MINIMUM         48   1159 PM  29    1962  44      4       55
  AVERAGE         64                        63      1       70

PRECIPITATION (IN)
  YESTERDAY        0.00          2.08 1909   0.03  -0.03     0.17
  MONTH TO DATE    2.48                      0.90   1.58     0.79
  SINCE OCT 1      9.94                      8.93   1.01     7.25
  SINCE JAN 1      7.26                      6.64   0.62     4.15

SNOWFALL (IN)
  YESTERDAY        0.0           0.0  1893   0.0    0.0      0.0
  MONTH TO DATE    0.0                       0.0    0.0      0.0
  SINCE JUN 1      T                         0.1   -0.1      0.0
  SINCE JUL 1      0.0                       0.0    0.0      0.0
  SNOW DEPTH       0

DEGREE DAYS
 HEATING
  YESTERDAY        1                         3     -2        0
  MONTH TO DATE   48                        41      7        3
  SINCE JUN 1    188                       239    -51      103
  SINCE JUL 1     48                        64    -16        8

 COOLING
  YESTERDAY        0                         1     -1        5
  MONTH TO DATE   41                        77    -36      102
  SINCE JUN 1    266                       211     55      370
  SINCE JAN 1    268                       212     56      370
..................................................................


WIND (MPH)
  HIGHEST WIND SPEED    16   HIGHEST WIND DIRECTION     W (280)
  HIGHEST GUST SPEED    21   HIGHEST GUST DIRECTION     W (280)
  AVERAGE WIND SPEED     7.2



WEATHER CONDITIONS
 THE FOLLOWING WEATHER WAS RECORDED YESTERDAY.
  NO SIGNIFICANT WEATHER WAS OBSERVED.


RELATIVE HUMIDITY (PERCENT)
 HIGHEST    56          1000 PM
 LOWEST     15           500 PM
 AVERAGE    36

..........................................................


THE ELY AIRPORT NV CLIMATE NORMALS FOR TODAY
                         NORMAL    RECORD    YEAR
 MAXIMUM TEMPERATURE (F)   81        93      1950
 MINIMUM TEMPERATURE (F)   43        30      1973


SUNRISE AND SUNSET
SEPTEMBER  1 2014.....SUNRISE   608 AM PDT   SUNSET   710 PM PDT
SEPTEMBER  2 2014.....SUNRISE   609 AM PDT   SUNSET   708 PM PDT


-  INDICATES NEGATIVE NUMBERS.
R  INDICATES RECORD WAS SET OR TIED.
MM INDICATES DATA IS MISSING.
T  INDICATES TRACE AMOUNT.




$$
