000
CDUS45 KLKN 270930
CLIELY


CLIMATE REPORT
NATIONAL WEATHER SERVICE ELKO NV
226 AM PDT WED AUG 27 2014


...................................

...THE ELY AIRPORT NV CLIMATE SUMMARY FOR AUGUST 26 2014...

CLIMATE NORMAL PERIOD 1981 TO 2010
CLIMATE RECORD PERIOD 1893 TO 2014


WEATHER ITEM   OBSERVED TIME   RECORD YEAR NORMAL DEPARTURE LAST
                VALUE   (LST)  VALUE       VALUE  FROM      YEAR
                                                  NORMAL
..................................................................
TEMPERATURE (F)
 YESTERDAY
  MAXIMUM         66    916 AM  94    2011  83    -17       76
  MINIMUM         40   1159 PM  27    1992  45     -5       56
  AVERAGE         53                        64    -11       66

PRECIPITATION (IN)
  YESTERDAY        0.08          0.60 1898   0.02   0.06     0.00
  MONTH TO DATE    2.48                      0.76   1.72     0.40
  SINCE OCT 1      9.94                      8.79   1.15     6.86
  SINCE JAN 1      7.26                      6.50   0.76     3.76

SNOWFALL (IN)
  YESTERDAY        0.0           0.0  1893   0.0    0.0      0.0
  MONTH TO DATE    0.0                       0.0    0.0      0.0
  SINCE JUN 1      T                         0.1   -0.1      0.0
  SINCE JUL 1      0.0                       0.0    0.0      0.0
  SNOW DEPTH       0

DEGREE DAYS
 HEATING
  YESTERDAY       12                         2     10        0
  MONTH TO DATE   37                        27     10        3
  SINCE JUN 1    177                       225    -48      103
  SINCE JUL 1     37                        50    -13        8

 COOLING
  YESTERDAY        0                         1     -1        1
  MONTH TO DATE   34                        72    -38       81
  SINCE JUN 1    259                       206     53      349
  SINCE JAN 1    261                       207     54      349
..................................................................


WIND (MPH)
  HIGHEST WIND SPEED    14   HIGHEST WIND DIRECTION     N (10)
  HIGHEST GUST SPEED    19   HIGHEST GUST DIRECTION    NE (30)
  AVERAGE WIND SPEED     5.5



WEATHER CONDITIONS
 THE FOLLOWING WEATHER WAS RECORDED YESTERDAY.
  THUNDERSTORM
  RAIN
  LIGHT RAIN


RELATIVE HUMIDITY (PERCENT)
 HIGHEST    96          1000 PM
 LOWEST     48           900 AM
 AVERAGE    72

..........................................................


THE ELY AIRPORT NV CLIMATE NORMALS FOR TODAY
                         NORMAL    RECORD    YEAR
 MAXIMUM TEMPERATURE (F)   83        94      2001
 MINIMUM TEMPERATURE (F)   45        29      1992


SUNRISE AND SUNSET
AUGUST 27 2014........SUNRISE   603 AM PDT   SUNSET   718 PM PDT
AUGUST 28 2014........SUNRISE   604 AM PDT   SUNSET   716 PM PDT


-  INDICATES NEGATIVE NUMBERS.
R  INDICATES RECORD WAS SET OR TIED.
MM INDICATES DATA IS MISSING.
T  INDICATES TRACE AMOUNT.




$$
