000
CDUS43 KTOP 270635
CLIEMP


CLIMATE REPORT
NATIONAL WEATHER SERVICE TOPEKA KS
133 AM CDT WED MAY 27 2015


...................................

...THE EMPORIA KS CLIMATE SUMMARY FOR MAY 26 2015...

CLIMATE NORMAL PERIOD 1981 TO 2010
CLIMATE RECORD PERIOD 9999 TO 9999


WEATHER ITEM   OBSERVED NORMAL DEPARTURE LAST
                VALUE   VALUE  FROM      YEAR
                               NORMAL
...............................................
TEMPERATURE (F)
 YESTERDAY
  MAXIMUM         80     79      1       79
  MINIMUM         58     58      0       62
  AVERAGE         69     68      1       71

PRECIPITATION (IN)
  YESTERDAY        0.10   0.18  -0.08     0.01
  MONTH TO DATE    7.08   4.01   3.07     3.06
  SINCE MAR 1     11.97   9.92   2.05     5.12
  SINCE JAN 1     13.37  11.78   1.59     5.61

DEGREE DAYS
 HEATING
  YESTERDAY        0      1     -1        0
  MONTH TO DATE  101     77     24      113
  SINCE MAR 1    861    984   -123     1169
  SINCE JUL 1   4862   4806     56     5494

 COOLING
  YESTERDAY        4      5     -1        6
  MONTH TO DATE   50     70    -20      118
  SINCE MAR 1     56     93    -37      136
  SINCE JAN 1     56     93    -37      136
...............................................


WIND (MPH)
  HIGHEST WIND SPEED    25   HIGHEST WIND DIRECTION    SW (240)
  HIGHEST GUST SPEED    31   HIGHEST GUST DIRECTION    SW (230)
  AVERAGE WIND SPEED    10.2


SKY COVER
  AVERAGE SKY COVER 0.4


WEATHER CONDITIONS
 THE FOLLOWING WEATHER WAS RECORDED YESTERDAY.
  LIGHT RAIN


RELATIVE HUMIDITY (PERCENT)
 HIGHEST    97
 LOWEST     45
 AVERAGE    71

..........................................................


THE EMPORIA KS CLIMATE NORMALS FOR TODAY
                         NORMAL
 MAXIMUM TEMPERATURE (F)   79
 MINIMUM TEMPERATURE (F)   58


SUNRISE AND SUNSET
MAY 27 2015...........SUNRISE   605 AM CDT   SUNSET   839 PM CDT
MAY 28 2015...........SUNRISE   605 AM CDT   SUNSET   840 PM CDT


-  INDICATES NEGATIVE NUMBERS.
R  INDICATES RECORD WAS SET OR TIED.
MM INDICATES DATA IS MISSING.
T  INDICATES TRACE AMOUNT.




$$
