000
CDUS43 KTOP 240633
CLIEMP


CLIMATE REPORT
NATIONAL WEATHER SERVICE TOPEKA KS
1232 AM CST FRI NOV 24 2017


...................................

...THE EMPORIA KS CLIMATE SUMMARY FOR NOVEMBER 23 2017...

CLIMATE NORMAL PERIOD 1981 TO 2010
CLIMATE RECORD PERIOD 9999 TO 9999


WEATHER ITEM   OBSERVED NORMAL DEPARTURE LAST
                VALUE   VALUE  FROM      YEAR
                               NORMAL
...............................................
TEMPERATURE (F)
 YESTERDAY
  MAXIMUM         71     52     19       53
  MINIMUM         29     30     -1       39
  AVERAGE         50     41      9       46

PRECIPITATION (IN)
  YESTERDAY        0.00   0.05  -0.05     0.00
  MONTH TO DATE    0.06   1.81  -1.75     0.17
  SINCE SEP 1      6.40   8.08  -1.68     9.23
  SINCE JAN 1     32.85  34.69  -1.84    37.82

DEGREE DAYS
 HEATING
  YESTERDAY       15     24     -9       19
  MONTH TO DATE  472    434     38      264
  SINCE SEP 1    734    760    -26      410
  SINCE JUL 1    734    761    -27      410

 COOLING
  YESTERDAY        0      0      0        0
  MONTH TO DATE    0      0      0       13
  SINCE SEP 1    265    194     71      293
  SINCE JAN 1   1355   1402    -47     1629
...............................................


WIND (MPH)
  HIGHEST WIND SPEED    14   HIGHEST WIND DIRECTION     S (180)
  HIGHEST GUST SPEED    17   HIGHEST GUST DIRECTION     S (180)
  AVERAGE WIND SPEED     6.5


SKY COVER
  AVERAGE SKY COVER 0.0


WEATHER CONDITIONS
 THE FOLLOWING WEATHER WAS RECORDED YESTERDAY.
  HAZE


RELATIVE HUMIDITY (PERCENT)
 HIGHEST    69
 LOWEST     30
 AVERAGE    50

..........................................................


THE EMPORIA KS CLIMATE NORMALS FOR TODAY
                         NORMAL
 MAXIMUM TEMPERATURE (F)   52
 MINIMUM TEMPERATURE (F)   30


SUNRISE AND SUNSET
NOVEMBER 24 2017......SUNRISE   716 AM CST   SUNSET   507 PM CST
NOVEMBER 25 2017......SUNRISE   717 AM CST   SUNSET   506 PM CST


-  INDICATES NEGATIVE NUMBERS.
R  INDICATES RECORD WAS SET OR TIED.
MM INDICATES DATA IS MISSING.
T  INDICATES TRACE AMOUNT.




$$
