945
CDUS43 KTOP 302135
CLIEMP


CLIMATE REPORT
NATIONAL WEATHER SERVICE TOPEKA KS
433 PM CDT SUN APR 30 2017


...................................

...THE EMPORIA KS CLIMATE SUMMARY FOR APRIL 30 2017...
VALID TODAY AS OF 0400 PM LOCAL TIME.

CLIMATE NORMAL PERIOD 1981 TO 2010
CLIMATE RECORD PERIOD 9999 TO 9999


WEATHER ITEM   OBSERVED NORMAL DEPARTURE LAST
                VALUE   VALUE  FROM      YEAR
                               NORMAL
...............................................
TEMPERATURE (F)
 TODAY
  MAXIMUM         51     72    -21       64
  MINIMUM         41     49     -8       49
  AVERAGE         46     61    -15       57

PRECIPITATION (IN)
  TODAY            0.40   0.18   0.22     0.05
  MONTH TO DATE    6.09   3.38   2.71     6.55
  SINCE MAR 1     10.28   5.91   4.37     8.15
  SINCE JAN 1     12.02   7.77   4.25     9.32

DEGREE DAYS
 HEATING
  TODAY           19      5     14        8
  MONTH TO DATE  255    297    -42      222
  SINCE MAR 1    731    907   -176      665
  SINCE JUL 1   3822   4729   -907     3778

 COOLING
  TODAY            0      1     -1        0
  MONTH TO DATE   30     21      9       19
  SINCE MAR 1     42     23     19       20
  SINCE JAN 1     42     23     19       20
...............................................


WIND (MPH)
  HIGHEST WIND SPEED    28   HIGHEST WIND DIRECTION     S (200)
  HIGHEST GUST SPEED    36   HIGHEST GUST DIRECTION    NE (40)
  AVERAGE WIND SPEED    13.6



WEATHER CONDITIONS
 THE FOLLOWING WEATHER WAS RECORDED TODAY.
  THUNDERSTORM
  RAIN
  LIGHT RAIN
  FOG


RELATIVE HUMIDITY (PERCENT)
 HIGHEST   100
 LOWEST     77
 AVERAGE    89

..........................................................


THE EMPORIA KS CLIMATE NORMALS FOR TOMORROW
                         NORMAL
 MAXIMUM TEMPERATURE (F)   72
 MINIMUM TEMPERATURE (F)   50


SUNRISE AND SUNSET
APRIL 30 2017.........SUNRISE   629 AM CDT   SUNSET   816 PM CDT
MAY  1 2017...........SUNRISE   628 AM CDT   SUNSET   817 PM CDT


-  INDICATES NEGATIVE NUMBERS.
R  INDICATES RECORD WAS SET OR TIED.
MM INDICATES DATA IS MISSING.
T  INDICATES TRACE AMOUNT.




$$
