000
CDUS43 KTOP 220632
CLIEMP


CLIMATE REPORT
NATIONAL WEATHER SERVICE TOPEKA KS
131 AM CDT SAT JUL 22 2017


...................................

...THE EMPORIA KS CLIMATE SUMMARY FOR JULY 21 2017...

CLIMATE NORMAL PERIOD 1981 TO 2010
CLIMATE RECORD PERIOD 9999 TO 9999


WEATHER ITEM   OBSERVED NORMAL DEPARTURE LAST
                VALUE   VALUE  FROM      YEAR
                               NORMAL
...............................................
TEMPERATURE (F)
 YESTERDAY
  MAXIMUM        102     91     11       97
  MINIMUM         76     69      7       75
  AVERAGE         89     80      9       86

PRECIPITATION (IN)
  YESTERDAY        0.00   0.10  -0.10     0.00
  MONTH TO DATE    1.30   3.32  -2.02     3.33
  SINCE JUN 1      5.50   9.16  -3.66     4.59
  SINCE JAN 1     20.99  21.84  -0.85    20.32

DEGREE DAYS
 HEATING
  YESTERDAY        0      0      0        0
  MONTH TO DATE    0      0      0        0
  SINCE JUN 1      0      8     -8        0
  SINCE JUL 1      0      0      0        0

 COOLING
  YESTERDAY       24     15      9       21
  MONTH TO DATE  291    287      4      306
  SINCE JUN 1    569    550     19      708
  SINCE JAN 1    701    669     32      784
...............................................


WIND (MPH)
  HIGHEST WIND SPEED    23   HIGHEST WIND DIRECTION     S (190)
  HIGHEST GUST SPEED    29   HIGHEST GUST DIRECTION     S (190)
  AVERAGE WIND SPEED    14.6


SKY COVER
  AVERAGE SKY COVER 0.0


WEATHER CONDITIONS
 THE FOLLOWING WEATHER WAS RECORDED YESTERDAY.
  NO SIGNIFICANT WEATHER WAS OBSERVED.


RELATIVE HUMIDITY (PERCENT)
 HIGHEST    82
 LOWEST     33
 AVERAGE    58

..........................................................


THE EMPORIA KS CLIMATE NORMALS FOR TODAY
                         NORMAL
 MAXIMUM TEMPERATURE (F)   91
 MINIMUM TEMPERATURE (F)   69


SUNRISE AND SUNSET
JULY 22 2017..........SUNRISE   619 AM CDT   SUNSET   843 PM CDT
JULY 23 2017..........SUNRISE   620 AM CDT   SUNSET   842 PM CDT


-  INDICATES NEGATIVE NUMBERS.
R  INDICATES RECORD WAS SET OR TIED.
MM INDICATES DATA IS MISSING.
T  INDICATES TRACE AMOUNT.




$$
