000
CDUS43 KTOP 020636
CLIEMP


CLIMATE REPORT
NATIONAL WEATHER SERVICE TOPEKA KS
136 AM CDT WED SEP 2 2015


...................................

...THE EMPORIA KS CLIMATE SUMMARY FOR SEPTEMBER 1 2015...

CLIMATE NORMAL PERIOD 1981 TO 2010
CLIMATE RECORD PERIOD 9999 TO 9999


WEATHER ITEM   OBSERVED NORMAL DEPARTURE LAST
                VALUE   VALUE  FROM      YEAR
                               NORMAL
...............................................
TEMPERATURE (F)
 YESTERDAY
  MAXIMUM         89     87      2       78
  MINIMUM         68     62      6       62
  AVERAGE         79     74      5       70

PRECIPITATION (IN)
  YESTERDAY        0.00   0.17  -0.17     1.31
  MONTH TO DATE    0.00   0.17  -0.17     1.31
  SINCE SEP 1      0.00   0.17  -0.17     1.31
  SINCE JAN 1     25.62  26.78  -1.16    20.07

DEGREE DAYS
 HEATING
  YESTERDAY        0      0      0        0
  MONTH TO DATE    0      0      0        0
  SINCE SEP 1      0      0      0        0
  SINCE JUL 1      0      1     -1        2

 COOLING
  YESTERDAY       14      9      5        5
  MONTH TO DATE   14      9      5        5
  SINCE SEP 1     14      9      5        5
  SINCE JAN 1   1193   1217    -24     1208
...............................................


WIND (MPH)
  HIGHEST WIND SPEED    22   HIGHEST WIND DIRECTION     S (160)
  HIGHEST GUST SPEED    27   HIGHEST GUST DIRECTION     S (170)
  AVERAGE WIND SPEED    13.9


SKY COVER
  AVERAGE SKY COVER 0.0


WEATHER CONDITIONS
 THE FOLLOWING WEATHER WAS RECORDED YESTERDAY.
  NO SIGNIFICANT WEATHER WAS OBSERVED.


RELATIVE HUMIDITY (PERCENT)
 HIGHEST    97
 LOWEST     44
 AVERAGE    71

..........................................................


THE EMPORIA KS CLIMATE NORMALS FOR TODAY
                         NORMAL
 MAXIMUM TEMPERATURE (F)   86
 MINIMUM TEMPERATURE (F)   62


SUNRISE AND SUNSET
SEPTEMBER  2 2015.....SUNRISE   655 AM CDT   SUNSET   753 PM CDT
SEPTEMBER  3 2015.....SUNRISE   656 AM CDT   SUNSET   752 PM CDT


-  INDICATES NEGATIVE NUMBERS.
R  INDICATES RECORD WAS SET OR TIED.
MM INDICATES DATA IS MISSING.
T  INDICATES TRACE AMOUNT.




$$
