000
CDUS43 KTOP 022132
CLIEMP


CLIMATE REPORT
NATIONAL WEATHER SERVICE TOPEKA KS
432 PM CDT SUN AUG 2 2015


...................................

...THE EMPORIA KS CLIMATE SUMMARY FOR AUGUST 2 2015...
VALID TODAY AS OF 0400 PM LOCAL TIME.

CLIMATE NORMAL PERIOD 1981 TO 2010
CLIMATE RECORD PERIOD 9999 TO 9999


WEATHER ITEM   OBSERVED NORMAL DEPARTURE LAST
                VALUE   VALUE  FROM      YEAR
                               NORMAL
...............................................
TEMPERATURE (F)
 TODAY
  MAXIMUM         91     91      0       90
  MINIMUM         69     68      1       67
  AVERAGE         80     79      1       79

PRECIPITATION (IN)
  TODAY            0.00   0.10  -0.10     0.09
  MONTH TO DATE    0.00   0.19  -0.19     0.09
  SINCE JUN 1      7.00  10.30  -3.30     8.16
  SINCE JAN 1     22.04  22.98  -0.94    13.77

DEGREE DAYS
 HEATING
  TODAY            0      0      0        0
  MONTH TO DATE    0      0      0        0
  SINCE JUN 1      3      8     -5        6
  SINCE JUL 1      0      0      0        2

 COOLING
  TODAY           15     14      1       14
  MONTH TO DATE   30     28      2       24
  SINCE JUN 1    847    725    122      598
  SINCE JAN 1    915    844     71      774
...............................................


WIND (MPH)
  HIGHEST WIND SPEED    21   HIGHEST WIND DIRECTION    SW (210)
  HIGHEST GUST SPEED    26   HIGHEST GUST DIRECTION    SW (220)
  AVERAGE WIND SPEED    10.6



WEATHER CONDITIONS
 THE FOLLOWING WEATHER WAS RECORDED TODAY.
  NO SIGNIFICANT WEATHER WAS OBSERVED.


RELATIVE HUMIDITY (PERCENT)
 HIGHEST    90
 LOWEST     46
 AVERAGE    68

..........................................................


THE EMPORIA KS CLIMATE NORMALS FOR TOMORROW
                         NORMAL
 MAXIMUM TEMPERATURE (F)   91
 MINIMUM TEMPERATURE (F)   68


SUNRISE AND SUNSET
AUGUST  2 2015........SUNRISE   628 AM CDT   SUNSET   834 PM CDT
AUGUST  3 2015........SUNRISE   629 AM CDT   SUNSET   833 PM CDT


-  INDICATES NEGATIVE NUMBERS.
R  INDICATES RECORD WAS SET OR TIED.
MM INDICATES DATA IS MISSING.
T  INDICATES TRACE AMOUNT.




$$
