000
CDUS43 KTOP 010634
CLIEMP


CLIMATE REPORT
NATIONAL WEATHER SERVICE TOPEKA KS
133 AM CDT SAT OCT 1 2016


...................................

...THE EMPORIA KS CLIMATE SUMMARY FOR SEPTEMBER 30 2016...

CLIMATE NORMAL PERIOD 1981 TO 2010
CLIMATE RECORD PERIOD 9999 TO 9999


WEATHER ITEM   OBSERVED NORMAL DEPARTURE LAST
                VALUE   VALUE  FROM      YEAR
                               NORMAL
...............................................
TEMPERATURE (F)
 YESTERDAY
  MAXIMUM         75     75      0       75
  MINIMUM         47     51     -4       51
  AVERAGE         61     63     -2       63

PRECIPITATION (IN)
  YESTERDAY        0.00   0.10  -0.10     0.00
  MONTH TO DATE    7.67   3.39   4.28     1.19
  SINCE SEP 1      7.67   3.39   4.28     1.19
  SINCE JAN 1     36.26  30.00   6.26    26.81

DEGREE DAYS
 HEATING
  YESTERDAY        4      5     -1        2
  MONTH TO DATE   22     47    -25       15
  SINCE SEP 1     22     49    -27       15
  SINCE JUL 1     22     50    -28       15

 COOLING
  YESTERDAY        0      2     -2        0
  MONTH TO DATE  222    165     57      275
  SINCE SEP 1    222    165     57      275
  SINCE JAN 1   1558   1373    185     1454
...............................................


WIND (MPH)
  HIGHEST WIND SPEED    12   HIGHEST WIND DIRECTION    NE (50)
  HIGHEST GUST SPEED    16   HIGHEST GUST DIRECTION    NE (60)
  AVERAGE WIND SPEED     4.6


SKY COVER
  AVERAGE SKY COVER 0.0


WEATHER CONDITIONS
 THE FOLLOWING WEATHER WAS RECORDED YESTERDAY.
  NO SIGNIFICANT WEATHER WAS OBSERVED.


RELATIVE HUMIDITY (PERCENT)
 HIGHEST   100
 LOWEST     38
 AVERAGE    69

..........................................................


THE EMPORIA KS CLIMATE NORMALS FOR TODAY
                         NORMAL
 MAXIMUM TEMPERATURE (F)   75
 MINIMUM TEMPERATURE (F)   51


SUNRISE AND SUNSET
OCTOBER  1 2016.......SUNRISE   721 AM CDT   SUNSET   707 PM CDT
OCTOBER  2 2016.......SUNRISE   722 AM CDT   SUNSET   705 PM CDT


-  INDICATES NEGATIVE NUMBERS.
R  INDICATES RECORD WAS SET OR TIED.
MM INDICATES DATA IS MISSING.
T  INDICATES TRACE AMOUNT.




$$
