000
CDUS46 KOTX 290831
CLIEPH


CLIMATE REPORT
NATIONAL WEATHER SERVICE SPOKANE, WA
131 AM PDT SUN MAY 29 2016


...................................

...THE EPHRATA WA AIRPORT CLIMATE SUMMARY FOR MAY 28 2016...

CLIMATE NORMAL PERIOD 1981 TO 2010
CLIMATE RECORD PERIOD 9999 TO 9999


WEATHER ITEM   OBSERVED TIME   RECORD YEAR NORMAL DEPARTURE LAST
                VALUE   (LST)  VALUE       VALUE  FROM      YEAR
                                                  NORMAL
..................................................................
TEMPERATURE (F)
 YESTERDAY
  MAXIMUM         73    426 PM  95    2005  76     -3       87
  MINIMUM         45    518 AM  35    2011  50     -5       55
  AVERAGE         59                        63     -4       71

PRECIPITATION (IN)
  YESTERDAY        0.00          0.27 1989   0.03  -0.03      T
  MONTH TO DATE    0.53                      0.57  -0.04     1.18
  SINCE OCT 1      7.42                      6.21   1.21     6.85
  SINCE JAN 1      4.70                      3.38   1.32     4.06

SNOWFALL (IN)
  YESTERDAY       MM

DEGREE DAYS
 HEATING
  YESTERDAY        6                         4      2        0
  MONTH TO DATE   80                       200   -120       75
  SINCE MAR 1    901                      1324   -423      984
  SINCE JUL 1   4854                      5897  -1043     4678

 COOLING
  YESTERDAY        0                         2     -2        6
  MONTH TO DATE   27                        30     -3       53
  SINCE MAR 1     32                        32      0       53
  SINCE JAN 1     32                        32      0       53
..................................................................


WIND (MPH)
  HIGHEST WIND SPEED    20   HIGHEST WIND DIRECTION     S (170)
  HIGHEST GUST SPEED    26   HIGHEST GUST DIRECTION    SW (210)
  AVERAGE WIND SPEED     7.8


SKY COVER
  POSSIBLE SUNSHINE  MM
  AVERAGE SKY COVER 0.3


WEATHER CONDITIONS
 THE FOLLOWING WEATHER WAS RECORDED YESTERDAY.
  NO SIGNIFICANT WEATHER WAS OBSERVED.


RELATIVE HUMIDITY (PERCENT)
 HIGHEST    65           500 AM
 LOWEST     28           300 PM
 AVERAGE    47

..........................................................


THE EPHRATA WA AIRPORT CLIMATE NORMALS FOR TODAY
                         NORMAL    RECORD    YEAR
 MAXIMUM TEMPERATURE (F)   76        97      1983
 MINIMUM TEMPERATURE (F)   50        36      2001
                                             1976


SUNRISE AND SUNSET
MAY 29 2016...........SUNRISE   507 AM PDT   SUNSET   844 PM PDT
MAY 30 2016...........SUNRISE   507 AM PDT   SUNSET   845 PM PDT


-  INDICATES NEGATIVE NUMBERS.
R  INDICATES RECORD WAS SET OR TIED.
MM INDICATES DATA IS MISSING.
T  INDICATES TRACE AMOUNT.




$$
