000
CDUS46 KOTX 280825
CLIEPH


CLIMATE REPORT
NATIONAL WEATHER SERVICE SPOKANE, WA
125 AM PDT SUN AUG 28 2016


...................................

...THE EPHRATA WA AIRPORT CLIMATE SUMMARY FOR AUGUST 27 2016...

CLIMATE NORMAL PERIOD 1981 TO 2010
CLIMATE RECORD PERIOD 9999 TO 9999


WEATHER ITEM   OBSERVED TIME   RECORD YEAR NORMAL DEPARTURE LAST
                VALUE   (LST)  VALUE       VALUE  FROM      YEAR
                                                  NORMAL
..................................................................
TEMPERATURE (F)
 YESTERDAY
  MAXIMUM         87    159 PM 101    1972  84      3       93
  MINIMUM         60    529 AM  49    1993  56      4       61
  AVERAGE         74                        70      4       77

PRECIPITATION (IN)
  YESTERDAY        0.00          0.20 1968   0.00   0.00     0.00
  MONTH TO DATE    T                         0.17  -0.17      T
  SINCE OCT 1      9.01                      7.47   1.54     6.90
  SINCE JAN 1      6.29                      4.64   1.65     4.11

SNOWFALL (IN)
  YESTERDAY       MM

DEGREE DAYS
 HEATING
  YESTERDAY        0                         1     -1        0
  MONTH TO DATE    2                         1      1        0
  SINCE JUN 1     72                        69      3        4
  SINCE JUL 1      2                         9     -7        0

 COOLING
  YESTERDAY        9                         6      3       12
  MONTH TO DATE  248                       233     15      312
  SINCE JUN 1    675                       636     39     1137
  SINCE JAN 1    707                       673     34     1222
..................................................................


WIND (MPH)
  HIGHEST WIND SPEED    36   HIGHEST WIND DIRECTION     W (290)
  HIGHEST GUST SPEED    44   HIGHEST GUST DIRECTION     W (290)
  AVERAGE WIND SPEED    12.6


SKY COVER
  POSSIBLE SUNSHINE  MM
  AVERAGE SKY COVER 0.0


WEATHER CONDITIONS
 THE FOLLOWING WEATHER WAS RECORDED YESTERDAY.
  HAZE


RELATIVE HUMIDITY (PERCENT)
 HIGHEST    60           500 AM
 LOWEST     26           400 PM
 AVERAGE    43

..........................................................


THE EPHRATA WA AIRPORT CLIMATE NORMALS FOR TODAY
                         NORMAL    RECORD    YEAR
 MAXIMUM TEMPERATURE (F)   84       103      1972
 MINIMUM TEMPERATURE (F)   56        44      1966


SUNRISE AND SUNSET
AUGUST 28 2016........SUNRISE   612 AM PDT   SUNSET   745 PM PDT
AUGUST 29 2016........SUNRISE   614 AM PDT   SUNSET   743 PM PDT


-  INDICATES NEGATIVE NUMBERS.
R  INDICATES RECORD WAS SET OR TIED.
MM INDICATES DATA IS MISSING.
T  INDICATES TRACE AMOUNT.




$$
