000
CDUS46 KOTX 290824
CLIEPH


CLIMATE REPORT
NATIONAL WEATHER SERVICE SPOKANE, WA
121 AM PDT WED JUL 29 2015


...................................

...THE EPHRATA WA AIRPORT CLIMATE SUMMARY FOR JULY 28 2015...

CLIMATE NORMAL PERIOD 1981 TO 2010
CLIMATE RECORD PERIOD 9999 TO 9999


WEATHER ITEM   OBSERVED TIME   RECORD YEAR NORMAL DEPARTURE LAST
                VALUE   (LST)  VALUE       VALUE  FROM      YEAR
                                                  NORMAL
..................................................................
TEMPERATURE (F)
 YESTERDAY
  MAXIMUM         84    435 PM 106    1996  90     -6      103
  MINIMUM         61   1159 PM  50    1989  62     -1       72
  AVERAGE         73                        76     -3       88

PRECIPITATION (IN)
  YESTERDAY        0.00          0.03 1984   0.01  -0.01     0.00
  MONTH TO DATE    0.05                      0.36  -0.31      T
  SINCE OCT 1      6.90                      7.26  -0.36     3.81
  SINCE JAN 1      4.11                      4.43  -0.32     3.06

SNOWFALL (IN)
  YESTERDAY       MM

DEGREE DAYS
 HEATING
  YESTERDAY        0                         0      0        0
  MONTH TO DATE    0                         4     -4        1
  SINCE JUN 1      4                        64    -60       24
  SINCE JUL 1      0                         4     -4        1

 COOLING
  YESTERDAY        8                        11     -3       23
  MONTH TO DATE  412                       261    151      409
  SINCE JUN 1    785                       371    414      555
  SINCE JAN 1    870                       408    462      599
..................................................................


WIND (MPH)
  HIGHEST WIND SPEED    22   HIGHEST WIND DIRECTION    NW (300)
  HIGHEST GUST SPEED    26   HIGHEST GUST DIRECTION     W (290)
  AVERAGE WIND SPEED     9.0


SKY COVER
  POSSIBLE SUNSHINE  MM
  AVERAGE SKY COVER 0.0


WEATHER CONDITIONS
 THE FOLLOWING WEATHER WAS RECORDED YESTERDAY.
  HAZE


RELATIVE HUMIDITY (PERCENT)
 HIGHEST    48           200 AM
 LOWEST     18           500 PM
 AVERAGE    33

..........................................................


THE EPHRATA WA AIRPORT CLIMATE NORMALS FOR TODAY
                         NORMAL    RECORD    YEAR
 MAXIMUM TEMPERATURE (F)   90       104      2014
                                             1998
 MINIMUM TEMPERATURE (F)   62        49      2006


SUNRISE AND SUNSET
JULY 29 2015..........SUNRISE   533 AM PDT   SUNSET   836 PM PDT
JULY 30 2015..........SUNRISE   534 AM PDT   SUNSET   834 PM PDT


-  INDICATES NEGATIVE NUMBERS.
R  INDICATES RECORD WAS SET OR TIED.
MM INDICATES DATA IS MISSING.
T  INDICATES TRACE AMOUNT.




$$
