000
CDUS46 KOTX 270824
CLIEPH


CLIMATE REPORT
NATIONAL WEATHER SERVICE SPOKANE, WA
1223 AM PST TUE JAN 27 2015


...................................

...THE EPHRATA WA AIRPORT CLIMATE SUMMARY FOR JANUARY 26 2015...

CLIMATE NORMAL PERIOD 1981 TO 2010
CLIMATE RECORD PERIOD 9999 TO 9999


WEATHER ITEM   OBSERVED TIME   RECORD YEAR NORMAL DEPARTURE LAST
                VALUE   (LST)  VALUE       VALUE  FROM      YEAR
                                                  NORMAL
..................................................................
TEMPERATURE (F)
 YESTERDAY
  MAXIMUM         50    240 PM  56    2003  37     13       31
  MINIMUM         33    605 AM -19    1957  24      9       27
  AVERAGE         42                        30     12       29

PRECIPITATION (IN)
  YESTERDAY        0.00          0.37 1969   0.03  -0.03     0.00
  MONTH TO DATE    0.71                      0.79  -0.08     0.02
  SINCE OCT 1      3.50                      3.62  -0.12     0.77
  SINCE JAN 1      0.71                      0.79  -0.08     0.02

SNOWFALL (IN)
  YESTERDAY       MM

DEGREE DAYS
 HEATING
  YESTERDAY       23                        35    -12       36
  MONTH TO DATE  850                       952   -102      846
  SINCE DEC 1   1778                      2119   -341     2062
  SINCE JUL 1   2925                      3538   -613     3431

 COOLING
  YESTERDAY        0                         0      0        0
  MONTH TO DATE    0                         0      0        0
  SINCE DEC 1      0                         0      0        0
  SINCE JAN 1      0                         0      0        0
..................................................................


WIND (MPH)
  HIGHEST WIND SPEED    13   HIGHEST WIND DIRECTION     N (350)
  HIGHEST GUST SPEED    15   HIGHEST GUST DIRECTION     N (350)
  AVERAGE WIND SPEED     4.9


SKY COVER
  POSSIBLE SUNSHINE  MM
  AVERAGE SKY COVER 0.3


WEATHER CONDITIONS
 THE FOLLOWING WEATHER WAS RECORDED YESTERDAY.
  FOG
  FOG W/VISIBILITY <= 1/4 MILE


RELATIVE HUMIDITY (PERCENT)
 HIGHEST   100           600 PM
 LOWEST     66           100 PM
 AVERAGE    83

..........................................................


THE EPHRATA WA AIRPORT CLIMATE NORMALS FOR TODAY
                         NORMAL    RECORD    YEAR
 MAXIMUM TEMPERATURE (F)   38        54      1984
 MINIMUM TEMPERATURE (F)   24       -20      1957


SUNRISE AND SUNSET
JANUARY 27 2015.......SUNRISE   730 AM PST   SUNSET   452 PM PST
JANUARY 28 2015.......SUNRISE   729 AM PST   SUNSET   454 PM PST


-  INDICATES NEGATIVE NUMBERS.
R  INDICATES RECORD WAS SET OR TIED.
MM INDICATES DATA IS MISSING.
T  INDICATES TRACE AMOUNT.




$$
