000
CDUS46 KOTX 260848
CLIEPH


CLIMATE REPORT
NATIONAL WEATHER SERVICE SPOKANE, WA
148 AM PDT WED APR 26 2017


...................................

...THE EPHRATA WA AIRPORT CLIMATE SUMMARY FOR APRIL 25 2017...

CLIMATE NORMAL PERIOD 1981 TO 2010
CLIMATE RECORD PERIOD 9999 TO 9999


WEATHER ITEM   OBSERVED TIME   RECORD YEAR NORMAL DEPARTURE LAST
                VALUE   (LST)  VALUE       VALUE  FROM      YEAR
                                                  NORMAL
..................................................................
TEMPERATURE (F)
 YESTERDAY
  MAXIMUM         66    226 PM  85    1952  66      0       67
  MINIMUM         34    515 AM  28    1988  40     -6       43
  AVERAGE         50                        53     -3       55

PRECIPITATION (IN)
  YESTERDAY        T             0.29 1989   0.01  -0.01     0.00
  MONTH TO DATE    1.35                      0.41   0.94     0.25
  SINCE OCT 1      8.34                      5.57   2.77     6.59
  SINCE JAN 1      4.74                      2.74   2.00     3.87

SNOWFALL (IN)
  YESTERDAY       MM

DEGREE DAYS
 HEATING
  YESTERDAY       15                        12      3       10
  MONTH TO DATE  394                       381     13      179
  SINCE MAR 1   1076                      1065     11      780
  SINCE JUL 1   5854                      5638    216     4733

 COOLING
  YESTERDAY        0                         0      0        0
  MONTH TO DATE    0                         0      0        5
  SINCE MAR 1      0                         0      0        5
  SINCE JAN 1      0                         0      0        5
..................................................................


WIND (MPH)
  HIGHEST WIND SPEED    18   HIGHEST WIND DIRECTION    SW (210)
  HIGHEST GUST SPEED    24   HIGHEST GUST DIRECTION     S (190)
  AVERAGE WIND SPEED     9.4


SKY COVER
  POSSIBLE SUNSHINE  MM
  AVERAGE SKY COVER 0.4


WEATHER CONDITIONS
 THE FOLLOWING WEATHER WAS RECORDED YESTERDAY.
  LIGHT RAIN
  FOG
  FOG W/VISIBILITY <= 1/4 MILE
  HAZE


RELATIVE HUMIDITY (PERCENT)
 HIGHEST    89           500 AM
 LOWEST     34           100 PM
 AVERAGE    62

..........................................................


THE EPHRATA WA AIRPORT CLIMATE NORMALS FOR TODAY
                         NORMAL    RECORD    YEAR
 MAXIMUM TEMPERATURE (F)   66        82      1987
 MINIMUM TEMPERATURE (F)   40        26      1970


SUNRISE AND SUNSET
APRIL 26 2017.........SUNRISE   549 AM PDT   SUNSET   803 PM PDT
APRIL 27 2017.........SUNRISE   548 AM PDT   SUNSET   804 PM PDT


-  INDICATES NEGATIVE NUMBERS.
R  INDICATES RECORD WAS SET OR TIED.
MM INDICATES DATA IS MISSING.
T  INDICATES TRACE AMOUNT.




$$
