000
CDUS46 KOTX 220837
CLIEPH


CLIMATE REPORT
NATIONAL WEATHER SERVICE SPOKANE, WA
137 AM PDT WED OCT 22 2014


...................................

...THE EPHRATA WA AIRPORT CLIMATE SUMMARY FOR OCTOBER 21 2014...

CLIMATE NORMAL PERIOD 1981 TO 2010
CLIMATE RECORD PERIOD 9999 TO 9999


WEATHER ITEM   OBSERVED TIME   RECORD YEAR NORMAL DEPARTURE LAST
                VALUE   (LST)  VALUE       VALUE  FROM      YEAR
                                                  NORMAL
..................................................................
TEMPERATURE (F)
 YESTERDAY
  MAXIMUM         66    227 PM  81    2003  59      7       70
  MINIMUM         43   1051 PM  22    1984  37      6       38
  AVERAGE         55                        48      7       54

PRECIPITATION (IN)
  YESTERDAY        0.00          0.34 1975   0.02  -0.02     0.00
  MONTH TO DATE    0.38                      0.30   0.08      T
  SINCE OCT 1      0.38                      0.30   0.08      T
  SINCE JAN 1      4.56                      5.32  -0.76     4.97

SNOWFALL (IN)
  YESTERDAY       MM

DEGREE DAYS
 HEATING
  YESTERDAY       10                        17     -7       11
  MONTH TO DATE  128                       259   -131      290
  SINCE SEP 1    165                       369   -204      398
  SINCE JUL 1    166                       386   -220      398

 COOLING
  YESTERDAY        0                         0      0        0
  MONTH TO DATE    8                         0      8        0
  SINCE SEP 1    104                        75     29      160
  SINCE JAN 1   1137                       769    368     1084
..................................................................


WIND (MPH)
  HIGHEST WIND SPEED    17   HIGHEST WIND DIRECTION    SW (220)
  HIGHEST GUST SPEED    20   HIGHEST GUST DIRECTION    SW (220)
  AVERAGE WIND SPEED     5.1


SKY COVER
  POSSIBLE SUNSHINE  MM
  AVERAGE SKY COVER 0.4


WEATHER CONDITIONS
 THE FOLLOWING WEATHER WAS RECORDED YESTERDAY.
  FOG
  FOG W/VISIBILITY <= 1/4 MILE


RELATIVE HUMIDITY (PERCENT)
 HIGHEST   100           200 AM
 LOWEST     43           200 PM
 AVERAGE    72

..........................................................


THE EPHRATA WA AIRPORT CLIMATE NORMALS FOR TODAY
                         NORMAL    RECORD    YEAR
 MAXIMUM TEMPERATURE (F)   59        74      2003
 MINIMUM TEMPERATURE (F)   36        24      1984


SUNRISE AND SUNSET
OCTOBER 22 2014.......SUNRISE   727 AM PDT   SUNSET   558 PM PDT
OCTOBER 23 2014.......SUNRISE   728 AM PDT   SUNSET   556 PM PDT


-  INDICATES NEGATIVE NUMBERS.
R  INDICATES RECORD WAS SET OR TIED.
MM INDICATES DATA IS MISSING.
T  INDICATES TRACE AMOUNT.




$$
