000
CDUS46 KOTX 210822
CLIEPH


CLIMATE REPORT
NATIONAL WEATHER SERVICE SPOKANE, WA
122 AM PDT SAT OCT 21 2017


...................................

...THE EPHRATA WA AIRPORT CLIMATE SUMMARY FOR OCTOBER 20 2017...

CLIMATE NORMAL PERIOD 1981 TO 2010
CLIMATE RECORD PERIOD 9999 TO 9999


WEATHER ITEM   OBSERVED TIME   RECORD YEAR NORMAL DEPARTURE LAST
                VALUE   (LST)  VALUE       VALUE  FROM      YEAR
                                                  NORMAL
..................................................................
TEMPERATURE (F)
 YESTERDAY
  MAXIMUM         60    106 PM  75    2003  60      0       53
  MINIMUM         40    636 AM  26    1961  37      3       37
  AVERAGE         50                        48      2       45

PRECIPITATION (IN)
  YESTERDAY        0.00          0.21 2014   0.01  -0.01     0.06
  MONTH TO DATE    0.20                      0.28  -0.08     1.91
  SINCE OCT 1      0.20                      0.28  -0.08     1.91
  SINCE JAN 1      6.10                      5.30   0.80     8.27

SNOWFALL (IN)
  YESTERDAY       MM

DEGREE DAYS
 HEATING
  YESTERDAY       15                        17     -2       20
  MONTH TO DATE  298                       242     56      273
  SINCE SEP 1    403                       352     51      362
  SINCE JUL 1    403                       369     34      364

 COOLING
  YESTERDAY        0                         0      0        0
  MONTH TO DATE    0                         0      0        0
  SINCE SEP 1    101                        75     26       19
  SINCE JAN 1   1072                       769    303      751
..................................................................


WIND (MPH)
  HIGHEST WIND SPEED    24   HIGHEST WIND DIRECTION    SW (230)
  HIGHEST GUST SPEED    29   HIGHEST GUST DIRECTION    SW (210)
  AVERAGE WIND SPEED    10.7


SKY COVER
  POSSIBLE SUNSHINE  MM
  AVERAGE SKY COVER 0.1


WEATHER CONDITIONS
 THE FOLLOWING WEATHER WAS RECORDED YESTERDAY.
  NO SIGNIFICANT WEATHER WAS OBSERVED.


RELATIVE HUMIDITY (PERCENT)
 HIGHEST    86          1200 AM
 LOWEST     31           300 PM
 AVERAGE    59

..........................................................


THE EPHRATA WA AIRPORT CLIMATE NORMALS FOR TODAY
                         NORMAL    RECORD    YEAR
 MAXIMUM TEMPERATURE (F)   59        81      2003
 MINIMUM TEMPERATURE (F)   37        22      1984


SUNRISE AND SUNSET
OCTOBER 21 2017.......SUNRISE   726 AM PDT   SUNSET   559 PM PDT
OCTOBER 22 2017.......SUNRISE   727 AM PDT   SUNSET   557 PM PDT


-  INDICATES NEGATIVE NUMBERS.
R  INDICATES RECORD WAS SET OR TIED.
MM INDICATES DATA IS MISSING.
T  INDICATES TRACE AMOUNT.




$$
