000
CDUS46 KOTX 290826
CLIEPH


CLIMATE REPORT
NATIONAL WEATHER SERVICE SPOKANE, WA
124 AM PDT SAT AUG 29 2015


...................................

...THE EPHRATA WA AIRPORT CLIMATE SUMMARY FOR AUGUST 28 2015...

CLIMATE NORMAL PERIOD 1981 TO 2010
CLIMATE RECORD PERIOD 9999 TO 9999


WEATHER ITEM   OBSERVED TIME   RECORD YEAR NORMAL DEPARTURE LAST
                VALUE   (LST)  VALUE       VALUE  FROM      YEAR
                                                  NORMAL
..................................................................
TEMPERATURE (F)
 YESTERDAY
  MAXIMUM         84    235 PM 103    1972  84      0       91
  MINIMUM         66    546 AM  44    1966  56     10       65
  AVERAGE         75                        70      5       78

PRECIPITATION (IN)
  YESTERDAY        T             0.38 1951   0.01  -0.01     0.00
  MONTH TO DATE    T                         0.18  -0.18     0.83
  SINCE OCT 1      6.90                      7.48  -0.58     4.64
  SINCE JAN 1      4.11                      4.65  -0.54     3.89

SNOWFALL (IN)
  YESTERDAY       MM

DEGREE DAYS
 HEATING
  YESTERDAY        0                         1     -1        0
  MONTH TO DATE    0                         2     -2        0
  SINCE JUN 1      4                        70    -66       24
  SINCE JUL 1      0                        10    -10        1

 COOLING
  YESTERDAY       10                         6      4       13
  MONTH TO DATE  322                       239     83      359
  SINCE JUN 1   1147                       642    505      978
  SINCE JAN 1   1232                       679    553     1022
..................................................................


WIND (MPH)
  HIGHEST WIND SPEED    16   HIGHEST WIND DIRECTION    SW (220)
  HIGHEST GUST SPEED    21   HIGHEST GUST DIRECTION    SW (220)
  AVERAGE WIND SPEED     6.5


SKY COVER
  POSSIBLE SUNSHINE  MM
  AVERAGE SKY COVER 0.2


WEATHER CONDITIONS
 THE FOLLOWING WEATHER WAS RECORDED YESTERDAY.
  NO SIGNIFICANT WEATHER WAS OBSERVED.


RELATIVE HUMIDITY (PERCENT)
 HIGHEST    48           500 AM
 LOWEST     26           100 AM
 AVERAGE    37

..........................................................


THE EPHRATA WA AIRPORT CLIMATE NORMALS FOR TODAY
                         NORMAL    RECORD    YEAR
 MAXIMUM TEMPERATURE (F)   84       100      1972
 MINIMUM TEMPERATURE (F)   55        41      1980


SUNRISE AND SUNSET
AUGUST 29 2015........SUNRISE   613 AM PDT   SUNSET   744 PM PDT
AUGUST 30 2015........SUNRISE   614 AM PDT   SUNSET   742 PM PDT


-  INDICATES NEGATIVE NUMBERS.
R  INDICATES RECORD WAS SET OR TIED.
MM INDICATES DATA IS MISSING.
T  INDICATES TRACE AMOUNT.




$$
