000
CDUS41 KCLE 080528
CLIERI


CLIMATE REPORT
NATIONAL WEATHER SERVICE CLEVELAND OH
1227 AM EST THU DEC 8 2016


...................................

...THE ERIE PA CLIMATE SUMMARY FOR DECEMBER 7 2016...

CLIMATE NORMAL PERIOD 1981 TO 2010
CLIMATE RECORD PERIOD 1873 TO 2016


WEATHER ITEM   OBSERVED TIME   RECORD YEAR NORMAL DEPARTURE LAST
                VALUE   (LST)  VALUE       VALUE  FROM      YEAR
                                                  NORMAL
..................................................................
TEMPERATURE (F)
 YESTERDAY
  MAXIMUM         43    252 AM  69    1998  41      2       47
  MINIMUM         34    952 PM   6    1885  29      5       32
  AVERAGE         39                        35      4       40

PRECIPITATION (IN)
  YESTERDAY        0.02                      0.12  -0.10     0.00
  MONTH TO DATE    1.30                      0.87   0.43     0.65
  SINCE DEC 1      1.30                      0.87   0.43     0.65
  SINCE JAN 1     43.08                     39.29   3.79    34.13

SNOWFALL (IN)
  YESTERDAY        0.0                       0.7   -0.7      0.0
  MONTH TO DATE    T                         4.6   -4.6      0.4
  SINCE DEC 1      T                         4.6   -4.6      0.4
  SINCE JUL 1      2.4                      13.3  -10.9      0.9
  SNOW DEPTH       0

DEGREE DAYS
 HEATING
  YESTERDAY       26                        30     -4       25
  MONTH TO DATE  180                       202    -22      175
  SINCE DEC 1    180                       202    -22      175
  SINCE JUL 1    960                      1358   -398     1066

 COOLING
  YESTERDAY        0                         0      0        0
  MONTH TO DATE    0                         0      0        0
  SINCE DEC 1      0                         0      0        0
  SINCE JAN 1   1017                       638    379      773
..................................................................


WIND (MPH)
  HIGHEST WIND SPEED    20   HIGHEST WIND DIRECTION    SW (230)
  HIGHEST GUST SPEED    29   HIGHEST GUST DIRECTION     W (250)
  AVERAGE WIND SPEED    12.2


SKY COVER
  POSSIBLE SUNSHINE  MM
  AVERAGE SKY COVER 0.6


WEATHER CONDITIONS
 THE FOLLOWING WEATHER WAS RECORDED YESTERDAY.
  LIGHT RAIN
  FOG


RELATIVE HUMIDITY (PERCENT)
 HIGHEST    86          1200 AM
 LOWEST     56           700 PM
 AVERAGE    71

..........................................................


THE ERIE PA CLIMATE NORMALS FOR TODAY
                         NORMAL    RECORD    YEAR
 MAXIMUM TEMPERATURE (F)   40        68      1966
 MINIMUM TEMPERATURE (F)   29         3      1885
                                             1882


SUNRISE AND SUNSET
DECEMBER  8 2016......SUNRISE   737 AM EST   SUNSET   449 PM EST
DECEMBER  9 2016......SUNRISE   738 AM EST   SUNSET   449 PM EST


-  INDICATES NEGATIVE NUMBERS.
R  INDICATES RECORD WAS SET OR TIED.
MM INDICATES DATA IS MISSING.
T  INDICATES TRACE AMOUNT.




$$
