000
CDUS41 KCLE 220545
CLIERI


CLIMATE REPORT
NATIONAL WEATHER SERVICE CLEVELAND OH
145 AM EDT SUN OCT 22 2017


...................................

...THE ERIE PA CLIMATE SUMMARY FOR OCTOBER 21 2017...

CLIMATE NORMAL PERIOD 1981 TO 2010
CLIMATE RECORD PERIOD 1873 TO 2017


WEATHER ITEM   OBSERVED TIME   RECORD YEAR NORMAL DEPARTURE LAST
                VALUE   (LST)  VALUE       VALUE  FROM      YEAR
                                                  NORMAL
..................................................................
TEMPERATURE (F)
 YESTERDAY
  MAXIMUM         75    309 PM  82    1979  59     16       56
  MINIMUM         48    326 AM  29    1895  44      4       47
  AVERAGE         62                        51     11       52

PRECIPITATION (IN)
  YESTERDAY        0.00                      0.12  -0.12     0.97
  MONTH TO DATE    2.90                      2.84   0.06     3.40
  SINCE SEP 1      6.73                      7.45  -0.72     9.36
  SINCE JAN 1     38.10                     33.28   4.82    36.42

SNOWFALL (IN)
  YESTERDAY        0.0                       0.0    0.0      0.0
  MONTH TO DATE    0.0                       0.0    0.0      0.0
  SINCE SEP 1      0.0                       0.0    0.0      0.0
  SINCE JUL 1      0.0                       0.0    0.0      0.0
  SNOW DEPTH       0

DEGREE DAYS
 HEATING
  YESTERDAY        3                        14    -11       13
  MONTH TO DATE   85                       227   -142      104
  SINCE SEP 1    172                       333   -161      127
  SINCE JUL 1    182                       351   -169      127

 COOLING
  YESTERDAY        0                         0      0        0
  MONTH TO DATE   26                         7     19       30
  SINCE SEP 1    132                        78     54      166
  SINCE JAN 1    694                       636     58     1015
..................................................................


WIND (MPH)
  HIGHEST WIND SPEED    14   HIGHEST WIND DIRECTION     S (170)
  HIGHEST GUST SPEED    18   HIGHEST GUST DIRECTION     S (160)
  AVERAGE WIND SPEED     7.1


SKY COVER
  POSSIBLE SUNSHINE  MM
  AVERAGE SKY COVER 0.0


WEATHER CONDITIONS
 THE FOLLOWING WEATHER WAS RECORDED YESTERDAY.
  NO SIGNIFICANT WEATHER WAS OBSERVED.


RELATIVE HUMIDITY (PERCENT)
 HIGHEST    75           800 PM
 LOWEST     41          1200 PM
 AVERAGE    58

..........................................................


THE ERIE PA CLIMATE NORMALS FOR TODAY
                         NORMAL    RECORD    YEAR
 MAXIMUM TEMPERATURE (F)   59        84      1979
 MINIMUM TEMPERATURE (F)   43        30      1969
                                             1895


SUNRISE AND SUNSET
OCTOBER 22 2017.......SUNRISE   742 AM EDT   SUNSET   628 PM EDT
OCTOBER 23 2017.......SUNRISE   743 AM EDT   SUNSET   626 PM EDT


-  INDICATES NEGATIVE NUMBERS.
R  INDICATES RECORD WAS SET OR TIED.
MM INDICATES DATA IS MISSING.
T  INDICATES TRACE AMOUNT.




$$
