000
CDUS41 KCLE 240545
CLIERI


CLIMATE REPORT
NATIONAL WEATHER SERVICE CLEVELAND OH
145 AM EDT THU JUL 24 2014


...................................

...THE ERIE PA CLIMATE SUMMARY FOR JULY 23 2014...

CLIMATE NORMAL PERIOD 1981 TO 2010
CLIMATE RECORD PERIOD 1873 TO 2014


WEATHER ITEM   OBSERVED TIME   RECORD YEAR NORMAL DEPARTURE LAST
                VALUE   (LST)  VALUE       VALUE  FROM      YEAR
                                                  NORMAL
..................................................................
TEMPERATURE (F)
 YESTERDAY
  MAXIMUM         78    431 AM  97    1933  80     -2       81
  MINIMUM         64   1159 PM  51    1954  64      0       66
  AVERAGE         71                        72     -1       74

PRECIPITATION (IN)
  YESTERDAY        0.06                      0.12  -0.06     0.95
  MONTH TO DATE    2.55                      2.58  -0.03     4.67
  SINCE JUN 1      7.54                      6.34   1.20    11.95
  SINCE JAN 1     23.69                     21.40   2.29    29.18

SNOWFALL (IN)
  YESTERDAY        0.0                       0.0    0.0      0.0
  MONTH TO DATE    0.0                       0.0    0.0      0.0
  SINCE JUN 1      0.0                       0.0    0.0      0.0
  SINCE JUL 1      0.0                       0.0    0.0      0.0
  SNOW DEPTH       0

DEGREE DAYS
 HEATING
  YESTERDAY        0                         0      0        0
  MONTH TO DATE    4                         2      2        0
  SINCE JUN 1     34                        63    -29       68
  SINCE JUL 1      4                         2      2        0

 COOLING
  YESTERDAY        6                         7     -1        9
  MONTH TO DATE  125                       159    -34      233
  SINCE JUN 1    290                       282      8      351
  SINCE JAN 1    329                       321      8      436
..................................................................


WIND (MPH)
  HIGHEST WIND SPEED    16   HIGHEST WIND DIRECTION     N (10)
  HIGHEST GUST SPEED    21   HIGHEST GUST DIRECTION     N (20)
  AVERAGE WIND SPEED     9.2


SKY COVER
  POSSIBLE SUNSHINE  MM
  AVERAGE SKY COVER 0.8


WEATHER CONDITIONS
 THE FOLLOWING WEATHER WAS RECORDED YESTERDAY.
  LIGHT RAIN
  FOG
  HAZE


RELATIVE HUMIDITY (PERCENT)
 HIGHEST    87           900 AM
 LOWEST     63           800 PM
 AVERAGE    75

..........................................................


THE ERIE PA CLIMATE NORMALS FOR TODAY
                         NORMAL    RECORD    YEAR
 MAXIMUM TEMPERATURE (F)   80        94      1934
 MINIMUM TEMPERATURE (F)   64        51      1954


SUNRISE AND SUNSET
JULY 24 2014..........SUNRISE   606 AM EDT   SUNSET   848 PM EDT
JULY 25 2014..........SUNRISE   607 AM EDT   SUNSET   847 PM EDT


-  INDICATES NEGATIVE NUMBERS.
R  INDICATES RECORD WAS SET OR TIED.
MM INDICATES DATA IS MISSING.
T  INDICATES TRACE AMOUNT.




$$
