000
CDUS41 KCLE 270536
CLIERI


CLIMATE REPORT
NATIONAL WEATHER SERVICE CLEVELAND OH
135 AM EDT FRI MAR 27 2015


...................................

...THE ERIE PA CLIMATE SUMMARY FOR MARCH 26 2015...

CLIMATE NORMAL PERIOD 1981 TO 2010
CLIMATE RECORD PERIOD 1873 TO 2015


WEATHER ITEM   OBSERVED TIME   RECORD YEAR NORMAL DEPARTURE LAST
                VALUE   (LST)  VALUE       VALUE  FROM      YEAR
                                                  NORMAL
..................................................................
TEMPERATURE (F)
 YESTERDAY
  MAXIMUM         45    216 AM  81    1945  48     -3       21
  MINIMUM         33    244 PM  12    2014  31      2       12
  AVERAGE         39                        39      0       17

PRECIPITATION (IN)
  YESTERDAY        0.48                      0.10   0.38      T
  MONTH TO DATE    1.48                      2.43  -0.95     1.92
  SINCE MAR 1      1.48                      2.43  -0.95     1.92
  SINCE JAN 1      7.24                      7.77  -0.53     7.83

SNOWFALL (IN)
  YESTERDAY        0.6                       0.3    0.3       T
  MONTH TO DATE    5.2                      12.2   -7.0     13.4
  SINCE MAR 1      5.2                      12.2   -7.0     13.4
  SINCE JUL 1    104.6                      96.2    8.4    133.0
  SNOW DEPTH       0

DEGREE DAYS
 HEATING
  YESTERDAY       26                        26      0       48
  MONTH TO DATE  872                       788     84      992
  SINCE MAR 1    872                       788     84      992
  SINCE JUL 1   5748                      5153    595     5813

 COOLING
  YESTERDAY        0                         0      0        0
  MONTH TO DATE    0                         0      0        0
  SINCE MAR 1      0                         0      0        0
  SINCE JAN 1      0                         0      0        0
..................................................................


WIND (MPH)
  HIGHEST WIND SPEED    15   HIGHEST WIND DIRECTION     W (260)
  HIGHEST GUST SPEED    20   HIGHEST GUST DIRECTION    SW (220)
  AVERAGE WIND SPEED     5.5


SKY COVER
  POSSIBLE SUNSHINE  MM
  AVERAGE SKY COVER 1.0


WEATHER CONDITIONS
 THE FOLLOWING WEATHER WAS RECORDED YESTERDAY.
  RAIN
  LIGHT RAIN
  LIGHT SNOW
  FOG
  FOG W/VISIBILITY <= 1/4 MILE
  HAZE


RELATIVE HUMIDITY (PERCENT)
 HIGHEST    96          1200 PM
 LOWEST     79           600 AM
 AVERAGE    88

..........................................................


THE ERIE PA CLIMATE NORMALS FOR TODAY
                         NORMAL    RECORD    YEAR
 MAXIMUM TEMPERATURE (F)   48        80      1998
 MINIMUM TEMPERATURE (F)   31        13      1982


SUNRISE AND SUNSET
MARCH 27 2015.........SUNRISE   712 AM EDT   SUNSET   741 PM EDT
MARCH 28 2015.........SUNRISE   711 AM EDT   SUNSET   742 PM EDT


-  INDICATES NEGATIVE NUMBERS.
R  INDICATES RECORD WAS SET OR TIED.
MM INDICATES DATA IS MISSING.
T  INDICATES TRACE AMOUNT.




$$
