000
CDUS46 KPQR 211145
CLIEUG


CLIMATE REPORT
NATIONAL WEATHER SERVICE PORTLAND OREGON
344 AM PST SUN JAN 21 2018


...................................

...THE EUGENE OR CLIMATE SUMMARY FOR JANUARY 20 2018...

CLIMATE NORMAL PERIOD 1981 TO 2010
CLIMATE RECORD PERIOD 1892 TO 2018


WEATHER ITEM   OBSERVED TIME   RECORD YEAR NORMAL DEPARTURE LAST
                VALUE   (LST)  VALUE       VALUE  FROM      YEAR
                                                  NORMAL
..................................................................
TEMPERATURE (F)
 YESTERDAY
  MAXIMUM         49    328 PM  64    2005  48      1       53
                                      1968
  MINIMUM         39    547 AM  12    1962  34      5       39
                                      1930
  AVERAGE         44                        41      3       46

PRECIPITATION (IN)
  YESTERDAY        0.01          4.26 1972   0.21  -0.20     0.09
  MONTH TO DATE    3.00                      4.66  -1.66     3.69
  SINCE OCT 1     17.01                     23.46  -6.45    23.28
  SINCE JAN 1      3.00                      4.66  -1.66     3.69

SNOWFALL (IN)
  YESTERDAY       MM
  MONTH TO DATE    0.0
  SINCE DEC 1      T
  SINCE JUL 1      T

DEGREE DAYS
 HEATING
  YESTERDAY       21                        24     -3       19
  MONTH TO DATE  442                       493    -51      623
  SINCE DEC 1   1309                      1277     32     1494
  SINCE JUL 1   2438                      2450    -12     2327

 COOLING
  YESTERDAY        0                         0      0        0
  MONTH TO DATE    0                         0      0        0
  SINCE DEC 1      0                         0      0        0
  SINCE JAN 1      0                         0      0        0
..................................................................


WIND (MPH)
  HIGHEST WIND SPEED    20   HIGHEST WIND DIRECTION     S (190)
  HIGHEST GUST SPEED    22   HIGHEST GUST DIRECTION     S (180)
  AVERAGE WIND SPEED    10.4


SKY COVER
  POSSIBLE SUNSHINE  MM
  AVERAGE SKY COVER 0.8


WEATHER CONDITIONS
 THE FOLLOWING WEATHER WAS RECORDED YESTERDAY.
  LIGHT RAIN


RELATIVE HUMIDITY (PERCENT)
 HIGHEST   100           100 AM
 LOWEST     71           400 PM
 AVERAGE    86

..........................................................


THE EUGENE OR CLIMATE NORMALS FOR TODAY
                         NORMAL    RECORD    YEAR
 MAXIMUM TEMPERATURE (F)   48        63      1925
 MINIMUM TEMPERATURE (F)   35         6      1930


SUNRISE AND SUNSET
JANUARY 21 2018.......SUNRISE   741 AM PST   SUNSET   508 PM PST
JANUARY 22 2018.......SUNRISE   740 AM PST   SUNSET   510 PM PST


-  INDICATES NEGATIVE NUMBERS.
R  INDICATES RECORD WAS SET OR TIED.
MM INDICATES DATA IS MISSING.
T  INDICATES TRACE AMOUNT.




$$
