000
CDUS46 KPQR 251141
CLIEUG


CLIMATE REPORT
NATIONAL WEATHER SERVICE PORTLAND OREGON
440 AM PDT MON JUL 25 2016


...................................

...THE EUGENE OR CLIMATE SUMMARY FOR JULY 24 2016...

CLIMATE NORMAL PERIOD 1981 TO 2010
CLIMATE RECORD PERIOD 1892 TO 2016


WEATHER ITEM   OBSERVED TIME   RECORD YEAR NORMAL DEPARTURE LAST
                VALUE   (LST)  VALUE       VALUE  FROM      YEAR
                                                  NORMAL
..................................................................
TEMPERATURE (F)
 YESTERDAY
  MAXIMUM         88    527 PM 102    1928  84      4       86
  MINIMUM         51    522 AM  43    1973  52     -1       50
                                      1917
  AVERAGE         70                        68      2       68

PRECIPITATION (IN)
  YESTERDAY        0.00          0.05 1947   0.02  -0.02     0.00
  MONTH TO DATE    0.25                      0.46  -0.21     0.04
  SINCE OCT 1     39.80                     44.12  -4.32    29.45
  SINCE JAN 1     20.96                     25.32  -4.36    12.40

SNOWFALL (IN)
  YESTERDAY        0.0
  MONTH TO DATE    0.0
  SINCE JUN 1      0.0
  SINCE JUL 1      0.0

DEGREE DAYS
 HEATING
  YESTERDAY        0                         1     -1        0
  MONTH TO DATE   10                        33    -23        2
  SINCE JUN 1    110                       190    -80       43
  SINCE JUL 1     10                        33    -23        2

 COOLING
  YESTERDAY        5                         4      1        3
  MONTH TO DATE   36                        69    -33      161
  SINCE JUN 1    101                        88     13      274
  SINCE JAN 1    104                        93     11      279
..................................................................


WIND (MPH)
  HIGHEST WIND SPEED    16   HIGHEST WIND DIRECTION     N (20)
  HIGHEST GUST SPEED    21   HIGHEST GUST DIRECTION     N (20)
  AVERAGE WIND SPEED     8.4


SKY COVER
  POSSIBLE SUNSHINE  MM
  AVERAGE SKY COVER 0.1


WEATHER CONDITIONS
 THE FOLLOWING WEATHER WAS RECORDED YESTERDAY.
  NO SIGNIFICANT WEATHER WAS OBSERVED.


RELATIVE HUMIDITY (PERCENT)
 HIGHEST    89           500 AM
 LOWEST     26           300 PM
 AVERAGE    58

..........................................................


THE EUGENE OR CLIMATE NORMALS FOR TODAY
                         NORMAL    RECORD    YEAR
 MAXIMUM TEMPERATURE (F)   84       101      1978
 MINIMUM TEMPERATURE (F)   52        44      1957
                                             1948
                                             1936


SUNRISE AND SUNSET
JULY 25 2016..........SUNRISE   554 AM PDT   SUNSET   844 PM PDT
JULY 26 2016..........SUNRISE   555 AM PDT   SUNSET   843 PM PDT


-  INDICATES NEGATIVE NUMBERS.
R  INDICATES RECORD WAS SET OR TIED.
MM INDICATES DATA IS MISSING.
T  INDICATES TRACE AMOUNT.




$$
