000
CDUS46 KPQR 161145
CLIEUG


CLIMATE REPORT
NATIONAL WEATHER SERVICE PORTLAND OREGON
444 AM PDT WED AUG 16 2017


...................................

...THE EUGENE OR CLIMATE SUMMARY FOR AUGUST 15 2017...

CLIMATE NORMAL PERIOD 1981 TO 2010
CLIMATE RECORD PERIOD 1892 TO 2017


WEATHER ITEM   OBSERVED TIME   RECORD YEAR NORMAL DEPARTURE LAST
                VALUE   (LST)  VALUE       VALUE  FROM      YEAR
                                                  NORMAL
..................................................................
TEMPERATURE (F)
 YESTERDAY
  MAXIMUM         81    345 PM  99    1967  83     -2       91
  MINIMUM         43    401 AM  39    2000  51     -8       50
  AVERAGE         62                        67     -5       71

PRECIPITATION (IN)
  YESTERDAY        0.00          0.64 1978   0.02  -0.02     0.00
  MONTH TO DATE    0.14                      0.20  -0.06      T
  SINCE OCT 1     45.20                     44.40   0.80    39.80
  SINCE JAN 1     25.61                     25.60   0.01    20.96

SNOWFALL (IN)
  YESTERDAY        0.0
  MONTH TO DATE    0.0
  SINCE JUN 1      0.0
  SINCE JUL 1      0.0

DEGREE DAYS
 HEATING
  YESTERDAY        3                         1      2        0
  MONTH TO DATE   10                        15     -5       11
  SINCE JUN 1    140                       208    -68      121
  SINCE JUL 1     15                        51    -36       21

 COOLING
  YESTERDAY        0                         3     -3        6
  MONTH TO DATE  114                        54     60       65
  SINCE JUN 1    230                       166     64      215
  SINCE JAN 1    243                       171     72      218
..................................................................


WIND (MPH)
  HIGHEST WIND SPEED    17   HIGHEST WIND DIRECTION     N (20)
  HIGHEST GUST SPEED    22   HIGHEST GUST DIRECTION    NE (30)
  AVERAGE WIND SPEED     6.3


SKY COVER
  POSSIBLE SUNSHINE  MM
  AVERAGE SKY COVER 0.3


WEATHER CONDITIONS
 THE FOLLOWING WEATHER WAS RECORDED YESTERDAY.
  FOG
  HAZE


RELATIVE HUMIDITY (PERCENT)
 HIGHEST   100           400 AM
 LOWEST     25           400 PM
 AVERAGE    63

..........................................................


THE EUGENE OR CLIMATE NORMALS FOR TODAY
                         NORMAL    RECORD    YEAR
 MAXIMUM TEMPERATURE (F)   83       101      1977
 MINIMUM TEMPERATURE (F)   51        38      1935


SUNRISE AND SUNSET
AUGUST 16 2017........SUNRISE   618 AM PDT   SUNSET   815 PM PDT
AUGUST 17 2017........SUNRISE   619 AM PDT   SUNSET   814 PM PDT


-  INDICATES NEGATIVE NUMBERS.
R  INDICATES RECORD WAS SET OR TIED.
MM INDICATES DATA IS MISSING.
T  INDICATES TRACE AMOUNT.




$$
