000
CDUS46 KPQR 261144
CLIEUG


CLIMATE REPORT
NATIONAL WEATHER SERVICE PORTLAND OREGON
443 AM PDT WED APR 26 2017


...................................

...THE EUGENE OR CLIMATE SUMMARY FOR APRIL 25 2017...

CLIMATE NORMAL PERIOD 1981 TO 2010
CLIMATE RECORD PERIOD 1892 TO 2017


WEATHER ITEM   OBSERVED TIME   RECORD YEAR NORMAL DEPARTURE LAST
                VALUE   (LST)  VALUE       VALUE  FROM      YEAR
                                                  NORMAL
..................................................................
TEMPERATURE (F)
 YESTERDAY
  MAXIMUM         55    247 PM  86    1910  63     -8       60
  MINIMUM         46    602 AM  31    1985  40      6       38
                                      1982
                                      1954
  AVERAGE         51                        52     -1       49

PRECIPITATION (IN)
  YESTERDAY        0.06          0.66 1970   0.09  -0.03      T
  MONTH TO DATE    3.06                      2.90   0.16     2.94
  SINCE OCT 1     41.85                     38.99   2.86    37.38
  SINCE JAN 1     22.26                     20.19   2.07    18.54

SNOWFALL (IN)
  YESTERDAY        0.0
  MONTH TO DATE    0.0
  SINCE MAR 1      T
  SINCE JUL 1      5.1

DEGREE DAYS
 HEATING
  YESTERDAY       14                        14      0       16
  MONTH TO DATE  370                       381    -11      230
  SINCE MAR 1    894                       950    -56      720
  SINCE JUL 1   4095                      4277   -182     3525

 COOLING
  YESTERDAY        0                         0      0        0
  MONTH TO DATE    0                         0      0        0
  SINCE MAR 1      0                         0      0        0
  SINCE JAN 1      0                         0      0        0
..................................................................


WIND (MPH)
  HIGHEST WIND SPEED    22   HIGHEST WIND DIRECTION     S (190)
  HIGHEST GUST SPEED    29   HIGHEST GUST DIRECTION     S (190)
  AVERAGE WIND SPEED     9.9


SKY COVER
  POSSIBLE SUNSHINE  MM
  AVERAGE SKY COVER 1.0


WEATHER CONDITIONS
 THE FOLLOWING WEATHER WAS RECORDED YESTERDAY.
  LIGHT RAIN
  FOG


RELATIVE HUMIDITY (PERCENT)
 HIGHEST   100           800 PM
 LOWEST     77          1000 AM
 AVERAGE    89

..........................................................


THE EUGENE OR CLIMATE NORMALS FOR TODAY
                         NORMAL    RECORD    YEAR
 MAXIMUM TEMPERATURE (F)   63        86      1947
 MINIMUM TEMPERATURE (F)   41        30      1943


SUNRISE AND SUNSET
APRIL 26 2017.........SUNRISE   611 AM PDT   SUNSET   811 PM PDT
APRIL 27 2017.........SUNRISE   610 AM PDT   SUNSET   812 PM PDT


-  INDICATES NEGATIVE NUMBERS.
R  INDICATES RECORD WAS SET OR TIED.
MM INDICATES DATA IS MISSING.
T  INDICATES TRACE AMOUNT.




$$
