000
CDUS46 KPQR 290223
CLIEUG


CLIMATE REPORT
NATIONAL WEATHER SERVICE PORTLAND OREGON
722 PM PDT WED JUN 28 2017


...................................

...THE EUGENE OR CLIMATE SUMMARY FOR JUNE 28 2017...
VALID TODAY AS OF 0700 PM LOCAL TIME.

CLIMATE NORMAL PERIOD 1981 TO 2010
CLIMATE RECORD PERIOD 1892 TO 2017


WEATHER ITEM   OBSERVED TIME   RECORD YEAR NORMAL DEPARTURE LAST
                VALUE   (LST)  VALUE       VALUE  FROM      YEAR
                                                  NORMAL
..................................................................
TEMPERATURE (F)
 TODAY
  MAXIMUM         75    455 PM  97    2008  77     -2       86
                                      1951
  MINIMUM         45    338 AM  37    1971  49     -4       50
                                      1954
  AVERAGE         60                        63     -3       68

PRECIPITATION (IN)
  TODAY            0.00          1.56 1952   0.02  -0.02     0.00
  MONTH TO DATE    1.38                      1.45  -0.07     0.78
  SINCE OCT 1     45.04                     43.61   1.43    39.55
  SINCE JAN 1     25.45                     24.81   0.64    20.71

SNOWFALL (IN)
  TODAY            0.0
  MONTH TO DATE    0.0
  SINCE JUN 1      0.0
  SINCE JUL 1      5.1

DEGREE DAYS
 HEATING
  TODAY            5                         3      2        0
  MONTH TO DATE  123                       151    -28      100
  SINCE JUN 1    123                       151    -28      100
  SINCE JUL 1   4556                      4800   -244     3885

 COOLING
  TODAY            0                         1     -1        3
  MONTH TO DATE   30                        13     17       64
  SINCE JUN 1     30                        13     17       64
  SINCE JAN 1     43                        18     25       67
..................................................................


WIND (MPH)
  HIGHEST WIND SPEED    13   HIGHEST WIND DIRECTION    NE (40)
  HIGHEST GUST SPEED    15   HIGHEST GUST DIRECTION    NE (50)
  AVERAGE WIND SPEED     3.0


SKY COVER
  POSSIBLE SUNSHINE  MM
  AVERAGE SKY COVER 0.5


WEATHER CONDITIONS
 THE FOLLOWING WEATHER WAS RECORDED TODAY.
  FOG
  HAZE


RELATIVE HUMIDITY (PERCENT)
 HIGHEST   100           100 AM
 LOWEST     46           400 PM
 AVERAGE    73

..........................................................


THE EUGENE OR CLIMATE NORMALS FOR TOMORROW
                         NORMAL    RECORD    YEAR
 MAXIMUM TEMPERATURE (F)   77       100      1951
 MINIMUM TEMPERATURE (F)   50        39      1971


SUNRISE AND SUNSET
JUNE 28 2017..........SUNRISE   532 AM PDT   SUNSET   900 PM PDT
JUNE 29 2017..........SUNRISE   533 AM PDT   SUNSET   900 PM PDT


-  INDICATES NEGATIVE NUMBERS.
R  INDICATES RECORD WAS SET OR TIED.
MM INDICATES DATA IS MISSING.
T  INDICATES TRACE AMOUNT.




$$
