000
CDUS43 KPAH 310647
CLIEVV


CLIMATE REPORT
NATIONAL WEATHER SERVICE PADUCAH KY
143 AM CDT TUE MAY 31 2016


...................................

...THE EVANSVILLE IN CLIMATE SUMMARY FOR MAY 30 2016...

CLIMATE NORMAL PERIOD 1981 TO 2010
CLIMATE RECORD PERIOD 1896 TO 2016


WEATHER ITEM   OBSERVED TIME   RECORD YEAR NORMAL DEPARTURE LAST
                VALUE   (LST)  VALUE       VALUE  FROM      YEAR
                                                  NORMAL
..................................................................
TEMPERATURE (F)
 YESTERDAY
  MAXIMUM         88    440 PM  94    1977  81      7       85
                                      1937
                                      1913
  MINIMUM         62    525 AM  37    1947  59      3       69
  AVERAGE         75                        70      5       77

PRECIPITATION (IN)
  YESTERDAY        0.00          1.79 1997   0.17  -0.17     0.47
  MONTH TO DATE    4.05                      5.19  -1.14     3.44
  SINCE MAR 1     15.41                     13.80   1.61    16.91
  SINCE JAN 1     21.75                     20.07   1.68    22.44

SNOWFALL (IN)
  YESTERDAY        0.0           0.0  2002   0.0    0.0      0.0
                                      2001
  MONTH TO DATE    0.0                       0.0    0.0      0.0
  SINCE MAR 1      T                         1.1   -1.1      8.5
  SINCE JUL 1     14.2                      11.8    2.4     18.5
  SNOW DEPTH       0

DEGREE DAYS
 HEATING
  YESTERDAY        0                         1     -1        0
  MONTH TO DATE  114                        85     29       52
  SINCE MAR 1    760                       966   -206      867
  SINCE JUL 1   3578                      4540   -962     4703

 COOLING
  YESTERDAY       10                         6      4       12
  MONTH TO DATE   73                       102    -29      163
  SINCE MAR 1     95                       129    -34      191
  SINCE JAN 1     95                       129    -34      191
..................................................................


WIND (MPH)
  HIGHEST WIND SPEED    10   HIGHEST WIND DIRECTION     N (350)
  HIGHEST GUST SPEED    14   HIGHEST GUST DIRECTION    NE (50)
  AVERAGE WIND SPEED     2.4


SKY COVER
  AVERAGE SKY COVER 0.0


WEATHER CONDITIONS
 THE FOLLOWING WEATHER WAS RECORDED YESTERDAY.
  NO SIGNIFICANT WEATHER WAS OBSERVED.


RELATIVE HUMIDITY (PERCENT)
 HIGHEST    93
 LOWEST     36
 AVERAGE    65

..........................................................


THE EVANSVILLE IN CLIMATE NORMALS FOR TODAY
                         NORMAL    RECORD    YEAR
 MAXIMUM TEMPERATURE (F)   81        95      1937
                                             1934
 MINIMUM TEMPERATURE (F)   59        42      1966


SUNRISE AND SUNSET
MAY 31 2016...........SUNRISE   529 AM CDT   SUNSET   807 PM CDT
JUNE  1 2016..........SUNRISE   529 AM CDT   SUNSET   808 PM CDT


-  INDICATES NEGATIVE NUMBERS.
R  INDICATES RECORD WAS SET OR TIED.
MM INDICATES DATA IS MISSING.
T  INDICATES TRACE AMOUNT.




$$
