000
CDUS43 KPAH 230632
CLIEVV


CLIMATE REPORT
NATIONAL WEATHER SERVICE PADUCAH KY
130 AM CDT THU OCT 23 2014


...................................

...THE EVANSVILLE IN CLIMATE SUMMARY FOR OCTOBER 22 2014...

CLIMATE NORMAL PERIOD 1981 TO 2010
CLIMATE RECORD PERIOD 1896 TO 2014


WEATHER ITEM   OBSERVED TIME   RECORD YEAR NORMAL DEPARTURE LAST
                VALUE   (LST)  VALUE       VALUE  FROM      YEAR
                                                  NORMAL
..................................................................
TEMPERATURE (F)
 YESTERDAY
  MAXIMUM         63    312 PM  90    1963  68     -5       57
  MINIMUM         41   1125 PM  21    1952  44     -3       35
  AVERAGE         52                        56     -4       46

PRECIPITATION (IN)
  YESTERDAY        0.00          1.45 1933   0.11  -0.11      T
  MONTH TO DATE    3.66                      2.26   1.40     4.84
  SINCE SEP 1      6.21                      5.31   0.90     7.65
  SINCE JAN 1     40.39                     36.23   4.16    42.98

SNOWFALL (IN)
  YESTERDAY        0.0           0.0  2002   0.0    0.0      0.0
                                      2001
  MONTH TO DATE    0.0                       0.1   -0.1      0.0
  SINCE SEP 1      0.0                       0.1   -0.1      0.0
  SINCE JUL 1      0.0                       0.1   -0.1      0.0
  SNOW DEPTH       0

DEGREE DAYS
 HEATING
  YESTERDAY       13                        10      3       19
  MONTH TO DATE  140                       157    -17      112
  SINCE SEP 1    176                       203    -27      122
  SINCE JUL 1    176                       204    -28      122

 COOLING
  YESTERDAY        0                         0      0        0
  MONTH TO DATE   28                        28      0       55
  SINCE SEP 1    191                       195     -4      270
  SINCE JAN 1   1471                      1394     77     1462
..................................................................


WIND (MPH)
  HIGHEST WIND SPEED    12   HIGHEST WIND DIRECTION    NE (30)
  HIGHEST GUST SPEED    19   HIGHEST GUST DIRECTION    NE (50)
  AVERAGE WIND SPEED     4.3


SKY COVER
  AVERAGE SKY COVER 0.0


WEATHER CONDITIONS
 THE FOLLOWING WEATHER WAS RECORDED YESTERDAY.
  NO SIGNIFICANT WEATHER WAS OBSERVED.


RELATIVE HUMIDITY (PERCENT)
 HIGHEST    89
 LOWEST     43
 AVERAGE    66

..........................................................


THE EVANSVILLE IN CLIMATE NORMALS FOR TODAY
                         NORMAL    RECORD    YEAR
 MAXIMUM TEMPERATURE (F)   67        88      1963
 MINIMUM TEMPERATURE (F)   44        26      1952


SUNRISE AND SUNSET
OCTOBER 23 2014.......SUNRISE   707 AM CDT   SUNSET   602 PM CDT
OCTOBER 24 2014.......SUNRISE   708 AM CDT   SUNSET   600 PM CDT


-  INDICATES NEGATIVE NUMBERS.
R  INDICATES RECORD WAS SET OR TIED.
MM INDICATES DATA IS MISSING.
T  INDICATES TRACE AMOUNT.




$$
