488
CDUS43 KPAH 250652
CLIEVV


CLIMATE REPORT
NATIONAL WEATHER SERVICE PADUCAH KY
138 AM CDT TUE APR 25 2017


...................................

...THE EVANSVILLE IN CLIMATE SUMMARY FOR APRIL 24 2017...

CLIMATE NORMAL PERIOD 1981 TO 2010
CLIMATE RECORD PERIOD 1896 TO 2017


WEATHER ITEM   OBSERVED TIME   RECORD YEAR NORMAL DEPARTURE LAST
                VALUE   (LST)  VALUE       VALUE  FROM      YEAR
                                                  NORMAL
..................................................................
TEMPERATURE (F)
 YESTERDAY
  MAXIMUM         79    415 PM  89    1925  71      8       77
  MINIMUM         50    446 AM  30    1963  47      3       44
                                      1910
  AVERAGE         65                        59      6       61

PRECIPITATION (IN)
  YESTERDAY        0.00          1.95 1975   0.16  -0.16     0.00
  MONTH TO DATE    3.24                      3.40  -0.16     2.54
  SINCE MAR 1      7.09                      7.64  -0.55     8.41
  SINCE JAN 1     10.36                     13.91  -3.55    14.75

SNOWFALL (IN)
  YESTERDAY        0.0           0.0  2002   0.0    0.0      0.0
                                      2001
  MONTH TO DATE    0.0                       0.1   -0.1      0.0
  SINCE MAR 1      1.0                       1.1   -0.1       T
  SINCE JUL 1      1.4                      11.8  -10.4     14.2
  SNOW DEPTH       0

DEGREE DAYS
 HEATING
  YESTERDAY        0                         7     -7        4
  MONTH TO DATE  110                       252   -142      233
  SINCE MAR 1    608                       844   -236      638
  SINCE JUL 1   3307                      4418  -1111     3456

 COOLING
  YESTERDAY        0                         1     -1        0
  MONTH TO DATE   48                        16     32        9
  SINCE MAR 1     53                        19     34       10
  SINCE JAN 1     53                        19     34       10
..................................................................


WIND (MPH)
  HIGHEST WIND SPEED    13   HIGHEST WIND DIRECTION     N (20)
  HIGHEST GUST SPEED    16   HIGHEST GUST DIRECTION     N (10)
  AVERAGE WIND SPEED     4.4


SKY COVER
  AVERAGE SKY COVER 0.0


WEATHER CONDITIONS
 THE FOLLOWING WEATHER WAS RECORDED YESTERDAY.
  NO SIGNIFICANT WEATHER WAS OBSERVED.


RELATIVE HUMIDITY (PERCENT)
 HIGHEST    72
 LOWEST     28
 AVERAGE    50

..........................................................


THE EVANSVILLE IN CLIMATE NORMALS FOR TODAY
                         NORMAL    RECORD    YEAR
 MAXIMUM TEMPERATURE (F)   71        89      1915
 MINIMUM TEMPERATURE (F)   48        33      1983
                                             1919


SUNRISE AND SUNSET
APRIL 25 2017.........SUNRISE   601 AM CDT   SUNSET   736 PM CDT
APRIL 26 2017.........SUNRISE   600 AM CDT   SUNSET   737 PM CDT


-  INDICATES NEGATIVE NUMBERS.
R  INDICATES RECORD WAS SET OR TIED.
MM INDICATES DATA IS MISSING.
T  INDICATES TRACE AMOUNT.




$$
