000
CDUS43 KPAH 262126
CLIEVV


CLIMATE REPORT
NATIONAL WEATHER SERVICE PADUCAH KY
425 PM CDT WED JUL 26 2017

...................................

...THE EVANSVILLE IN CLIMATE SUMMARY FOR JULY 26 2017...
VALID TODAY AS OF 0400 PM LOCAL TIME.

CLIMATE NORMAL PERIOD 1981 TO 2010
CLIMATE RECORD PERIOD 1896 TO 2017

WEATHER ITEM   OBSERVED TIME   RECORD YEAR NORMAL DEPARTURE LAST
                VALUE   (LST)  VALUE       VALUE  FROM      YEAR
                                                  NORMAL
..................................................................
TEMPERATURE (F)
 TODAY
  MAXIMUM         97    150 PM 108    1930  88      9       89
  MINIMUM         69    520 AM  53    1962  67      2       72
  AVERAGE         83                        78      5       81

PRECIPITATION (IN)
  TODAY            0.00          1.42 1933   0.12  -0.12     0.00
  MONTH TO DATE    3.95                      3.36   0.59     8.21
  SINCE JUN 1      7.55                      7.14   0.41    12.58
  SINCE JAN 1     28.55                     27.38   1.17    34.33

SNOWFALL (IN)
  TODAY            0.0                                       0.0
  MONTH TO DATE    0.0                                       0.0
  SINCE JUL 1      0.0                                       0.0
  SNOW DEPTH       0
..................................................................

WIND (MPH)
  HIGHEST WIND SPEED    12   HIGHEST WIND DIRECTION    SW (220)
  HIGHEST GUST SPEED    16   HIGHEST GUST DIRECTION     S (170)
..........................................................

THE EVANSVILLE IN CLIMATE NORMALS FOR TOMORROW
                         NORMAL    RECORD    YEAR
 MAXIMUM TEMPERATURE (F)   88       107      1930
 MINIMUM TEMPERATURE (F)   67        49      1962

SUNRISE AND SUNSET
JULY 26 2017..........SUNRISE   548 AM CDT   SUNSET   805 PM CDT
JULY 27 2017..........SUNRISE   549 AM CDT   SUNSET   804 PM CDT

-  INDICATES NEGATIVE NUMBERS.
R  INDICATES RECORD WAS SET OR TIED.
MM INDICATES DATA IS MISSING.
T  INDICATES TRACE AMOUNT.

$$
