000
CDUS43 KPAH 300633
CLIEVV


CLIMATE REPORT
NATIONAL WEATHER SERVICE PADUCAH KY
131 AM CDT TUE SEP 30 2014


...................................

...THE EVANSVILLE IN CLIMATE SUMMARY FOR SEPTEMBER 29 2014...

CLIMATE NORMAL PERIOD 1981 TO 2010
CLIMATE RECORD PERIOD 1896 TO 2014


WEATHER ITEM   OBSERVED TIME   RECORD YEAR NORMAL DEPARTURE LAST
                VALUE   (LST)  VALUE       VALUE  FROM      YEAR
                                                  NORMAL
..................................................................
TEMPERATURE (F)
 YESTERDAY
  MAXIMUM         87    338 PM  99    1953  76     11       68
  MINIMUM         60    623 AM  31    1942  51      9       63
  AVERAGE         74                        64     10       66

PRECIPITATION (IN)
  YESTERDAY        0.00          1.64 1927   0.10  -0.10     0.55
  MONTH TO DATE    2.55                      2.94  -0.39     2.80
  SINCE SEP 1      2.55                      2.94  -0.39     2.80
  SINCE JAN 1     36.73                     33.86   2.87    38.13

SNOWFALL (IN)
  YESTERDAY        0.0           0.0  2002   0.0    0.0      0.0
                                      2001
  MONTH TO DATE    0.0                       0.0    0.0      0.0
  SINCE SEP 1      0.0                       0.0    0.0      0.0
  SINCE JUL 1      0.0                       0.0    0.0      0.0
  SNOW DEPTH       0

DEGREE DAYS
 HEATING
  YESTERDAY        0                         4     -4        0
  MONTH TO DATE   36                        41     -5       10
  SINCE SEP 1     36                        41     -5       10
  SINCE JUL 1     36                        42     -6       10

 COOLING
  YESTERDAY        9                         3      6        1
  MONTH TO DATE  156                       165     -9      210
  SINCE SEP 1    156                       165     -9      210
  SINCE JAN 1   1436                      1364     72     1402
..................................................................


WIND (MPH)
  HIGHEST WIND SPEED    12   HIGHEST WIND DIRECTION     N (10)
  HIGHEST GUST SPEED    16   HIGHEST GUST DIRECTION     N (360)
  AVERAGE WIND SPEED     2.2


SKY COVER
  AVERAGE SKY COVER 0.0


WEATHER CONDITIONS
 THE FOLLOWING WEATHER WAS RECORDED YESTERDAY.
  FOG
  HAZE


RELATIVE HUMIDITY (PERCENT)
 HIGHEST    97
 LOWEST     26
 AVERAGE    62

..........................................................


THE EVANSVILLE IN CLIMATE NORMALS FOR TODAY
                         NORMAL    RECORD    YEAR
 MAXIMUM TEMPERATURE (F)   76        99      1919
 MINIMUM TEMPERATURE (F)   51        33      1949
                                             1899


SUNRISE AND SUNSET
SEPTEMBER 30 2014.....SUNRISE   645 AM CDT   SUNSET   635 PM CDT
OCTOBER  1 2014.......SUNRISE   646 AM CDT   SUNSET   633 PM CDT


-  INDICATES NEGATIVE NUMBERS.
R  INDICATES RECORD WAS SET OR TIED.
MM INDICATES DATA IS MISSING.
T  INDICATES TRACE AMOUNT.




$$
