000
CDUS43 KPAH 300631
CLIEVV


CLIMATE REPORT
NATIONAL WEATHER SERVICE PADUCAH KY
127 AM CDT SAT MAY 30 2015


...................................

...THE EVANSVILLE IN CLIMATE SUMMARY FOR MAY 29 2015...

CLIMATE NORMAL PERIOD 1981 TO 2010
CLIMATE RECORD PERIOD 1896 TO 2015


WEATHER ITEM   OBSERVED TIME   RECORD YEAR NORMAL DEPARTURE LAST
                VALUE   (LST)  VALUE       VALUE  FROM      YEAR
                                                  NORMAL
..................................................................
TEMPERATURE (F)
 YESTERDAY
  MAXIMUM         83    405 PM  94    1926  81      2       85
  MINIMUM         66    454 AM  39    1965  59      7       69
  AVERAGE         75                        70      5       77

PRECIPITATION (IN)
  YESTERDAY        T             1.59 1974   0.18  -0.18      T
  MONTH TO DATE    2.97                      5.02  -2.05     3.66
  SINCE MAR 1     16.44                     13.63   2.81    17.48
  SINCE JAN 1     21.97                     19.90   2.07    21.43

SNOWFALL (IN)
  YESTERDAY        0.0                       0.0    0.0      0.0
  MONTH TO DATE    0.0                       0.0    0.0      0.0
  SINCE MAR 1      8.5                       1.1    7.4      2.6
  SINCE JUL 1     18.5                      11.8    6.7     12.6
  SNOW DEPTH       0

DEGREE DAYS
 HEATING
  YESTERDAY        0                         1     -1        0
  MONTH TO DATE   52                        84    -32       92
  SINCE MAR 1    867                       965    -98     1018
  SINCE JUL 1   4703                      4539    164     4980

 COOLING
  YESTERDAY       10                         6      4       12
  MONTH TO DATE  151                        96     55      176
  SINCE MAR 1    179                       123     56      186
  SINCE JAN 1    179                       123     56      186
..................................................................


WIND (MPH)
  HIGHEST WIND SPEED    14   HIGHEST WIND DIRECTION     S (170)
  HIGHEST GUST SPEED    18   HIGHEST GUST DIRECTION     S (180)
  AVERAGE WIND SPEED     5.2


SKY COVER
  AVERAGE SKY COVER 0.3


WEATHER CONDITIONS
 THE FOLLOWING WEATHER WAS RECORDED YESTERDAY.
  FOG


RELATIVE HUMIDITY (PERCENT)
 HIGHEST    93
 LOWEST     58
 AVERAGE    76

..........................................................


THE EVANSVILLE IN CLIMATE NORMALS FOR TODAY
                         NORMAL    RECORD    YEAR
 MAXIMUM TEMPERATURE (F)   81        94      1977
                                             1937
                                             1913
 MINIMUM TEMPERATURE (F)   59        37      1947


SUNRISE AND SUNSET
MAY 30 2015...........SUNRISE   530 AM CDT   SUNSET   806 PM CDT
MAY 31 2015...........SUNRISE   530 AM CDT   SUNSET   806 PM CDT


-  INDICATES NEGATIVE NUMBERS.
R  INDICATES RECORD WAS SET OR TIED.
MM INDICATES DATA IS MISSING.
T  INDICATES TRACE AMOUNT.




$$
