000
CDUS45 KSLC 171226
CLIEVW


CLIMATE REPORT
NATIONAL WEATHER SERVICE SALT LAKE CITY UT
626 AM MDT THU APR 17 2014


...................................

...THE EVANSTON WY CLIMATE SUMMARY FOR APRIL 16 2014...

CLIMATE NORMAL PERIOD 1981 TO 2010
CLIMATE RECORD PERIOD 9999 TO 9999


WEATHER ITEM   OBSERVED TIME   RECORD YEAR NORMAL DEPARTURE LAST
                VALUE   (LST)  VALUE       VALUE  FROM      YEAR
                                                  NORMAL
..................................................................
TEMPERATURE (F)
 YESTERDAY
  MAXIMUM         50    401 PM  MM      MM  50      0       29
  MINIMUM         28    407 AM  MM      MM  29     -1       18
  AVERAGE         39                        39      0       24

PRECIPITATION (IN)
  YESTERDAY        0.00         MM      MM   0.04  -0.04      T
  MONTH TO DATE    0.18                      0.58  -0.40     0.89
  SINCE OCT 1      1.49                      5.38  -3.89     4.00
  SINCE JAN 1      0.29                      2.59  -2.30     1.77

DEGREE DAYS
 HEATING
  YESTERDAY       26                        26      0       41
  MONTH TO DATE  425                       443    -18      481
  SINCE MAR 1   1377                      1503   -126     1477
  SINCE JUL 1   7027                      7511   -484     7072

 COOLING
  YESTERDAY        0                         0      0        0
  MONTH TO DATE    0                         0      0        0
  SINCE MAR 1      0                         0      0        0
  SINCE JAN 1      0                         0      0        0
..................................................................


WIND (MPH)
  RESULTANT WIND SPEED   9   RESULTANT WIND DIRECTION   W (270)
  HIGHEST WIND SPEED    20   HIGHEST WIND DIRECTION     W (260)
  HIGHEST GUST SPEED    26   HIGHEST GUST DIRECTION     W (250)
  AVERAGE WIND SPEED     9.9


SKY COVER
  POSSIBLE SUNSHINE  MM
  AVERAGE SKY COVER 0.1


WEATHER CONDITIONS
 THE FOLLOWING WEATHER WAS RECORDED YESTERDAY.
  NO SIGNIFICANT WEATHER WAS OBSERVED.


RELATIVE HUMIDITY (PERCENT)
 HIGHEST    50           400 AM
 LOWEST     19           200 PM
 AVERAGE    35

..........................................................


THE EVANSTON WY CLIMATE NORMALS FOR TODAY
                         NORMAL    RECORD    YEAR
 MAXIMUM TEMPERATURE (F)   50        MM        MM
 MINIMUM TEMPERATURE (F)   29        MM        MM


SUNRISE AND SUNSET
APRIL 17 2014.........SUNRISE   641 AM MDT   SUNSET   807 PM MDT
APRIL 18 2014.........SUNRISE   640 AM MDT   SUNSET   808 PM MDT


-  INDICATES NEGATIVE NUMBERS.
R  INDICATES RECORD WAS SET OR TIED.
MM INDICATES DATA IS MISSING.
T  INDICATES TRACE AMOUNT.




$$
