000
CDUS42 KMHX 260632
CLIEWN


CLIMATE REPORT
NATIONAL WEATHER SERVICE NEWPORT/MOREHEAD CITY NC
131 AM EST SUN FEB 26 2017


...................................

...THE NEW BERN NC CLIMATE SUMMARY FOR FEBRUARY 25 2017...

CLIMATE NORMAL PERIOD 1981 TO 2010
CLIMATE RECORD PERIOD 1948 TO 2017


WEATHER ITEM   OBSERVED TIME   RECORD YEAR NORMAL DEPARTURE LAST
                VALUE   (LST)  VALUE       VALUE  FROM      YEAR
                                                  NORMAL
..................................................................
TEMPERATURE (F)
 YESTERDAY
  MAXIMUM         80R   144 PM  77    2000  60     20       63
  MINIMUM         48    642 AM  14    1967  38     10       43
  AVERAGE         64                        49     15       53

PRECIPITATION (IN)
  YESTERDAY        0.00          1.61 1960   0.13  -0.13     0.00
  MONTH TO DATE    1.97                      3.25  -1.28     7.31
  SINCE DEC 1      9.72                     10.67  -0.95    17.44
  SINCE JAN 1      6.22                      7.27  -1.05    11.02

SNOWFALL (IN)
  YESTERDAY        0.0
  MONTH TO DATE    0.0
  SINCE NOV 1      T
  SINCE JUL 1      T
  SNOW DEPTH       0

DEGREE DAYS
 HEATING
  YESTERDAY        1                        16    -15       12
  MONTH TO DATE  284                       459   -175      449
  SINCE DEC 1   1312                      1672   -360     1343
  SINCE JUL 1   1707                      2099   -392     1626

 COOLING
  YESTERDAY        0                         0      0        0
  MONTH TO DATE    6                         0      6        0
  SINCE DEC 1      6                         4      2       49
  SINCE JAN 1      6                         1      5        0
..................................................................


WIND (MPH)
  HIGHEST WIND SPEED    20   HIGHEST WIND DIRECTION     S (180)
  HIGHEST GUST SPEED    29   HIGHEST GUST DIRECTION     S (180)
  AVERAGE WIND SPEED     7.4


SKY COVER
  POSSIBLE SUNSHINE  MM
  AVERAGE SKY COVER 0.4


WEATHER CONDITIONS
 THE FOLLOWING WEATHER WAS RECORDED YESTERDAY.
  FOG
  FOG W/VISIBILITY <= 1/4 MILE


RELATIVE HUMIDITY (PERCENT)
 HIGHEST   100          1200 AM
 LOWEST     48           100 PM
 AVERAGE    74

..........................................................


THE NEW BERN NC CLIMATE NORMALS FOR TODAY
                         NORMAL    RECORD    YEAR
 MAXIMUM TEMPERATURE (F)   60        80      1977
 MINIMUM TEMPERATURE (F)   38        18      1967


SUNRISE AND SUNSET
FEBRUARY 26 2017......SUNRISE   641 AM EST   SUNSET   601 PM EST
FEBRUARY 27 2017......SUNRISE   640 AM EST   SUNSET   602 PM EST


-  INDICATES NEGATIVE NUMBERS.
R  INDICATES RECORD WAS SET OR TIED.
MM INDICATES DATA IS MISSING.
T  INDICATES TRACE AMOUNT.




$$
