000
CDUS42 KMHX 010630
CLIEWN


CLIMATE REPORT
NATIONAL WEATHER SERVICE NEWPORT/MOREHEAD CITY NC
130 AM EST SUN MAR 1 2015


...................................

...THE NEW BERN NC CLIMATE SUMMARY FOR FEBRUARY 28 2015...

CLIMATE NORMAL PERIOD 1981 TO 2010
CLIMATE RECORD PERIOD 1948 TO 2015


WEATHER ITEM   OBSERVED TIME   RECORD YEAR NORMAL DEPARTURE LAST
                VALUE   (LST)  VALUE       VALUE  FROM      YEAR
                                                  NORMAL
..................................................................
TEMPERATURE (F)
 YESTERDAY
  MAXIMUM         44    342 PM  88    1962  61    -17       45
  MINIMUM         29    656 AM  20    1963  38     -9       33
  AVERAGE         37                        49    -12       39

PRECIPITATION (IN)
  YESTERDAY       MM             2.42 1966   0.13  MM        0.00
  MONTH TO DATE    3.88                      3.66   0.22     2.56
  SINCE DEC 1     12.52                     11.08   1.44     8.92
  SINCE JAN 1      8.37                      7.68   0.69     6.53

SNOWFALL (IN)
  YESTERDAY        0.0
  MONTH TO DATE    3.0
  SINCE NOV 1      3.0
  SINCE JUL 1      3.0
  SNOW DEPTH       0

DEGREE DAYS
 HEATING
  YESTERDAY       28                        16     12       26
  MONTH TO DATE  723                       507    216      493
  SINCE DEC 1   1798                      1719     79     1651
  SINCE JUL 1   2243                      2146     97     2074

 COOLING
  YESTERDAY        0                         0      0        0
  MONTH TO DATE    0                         2     -2        4
  SINCE DEC 1      7                         6      1       32
  SINCE JAN 1      7                         3      4        5
..................................................................


WIND (MPH)
  HIGHEST WIND SPEED    18   HIGHEST WIND DIRECTION    NE (50)
  HIGHEST GUST SPEED    23   HIGHEST GUST DIRECTION    NE (50)
  AVERAGE WIND SPEED    11.6


SKY COVER
  POSSIBLE SUNSHINE  MM
  AVERAGE SKY COVER 0.2


WEATHER CONDITIONS
 THE FOLLOWING WEATHER WAS RECORDED YESTERDAY.
  FOG


RELATIVE HUMIDITY (PERCENT)
 HIGHEST    85          1200 AM
 LOWEST     39           300 PM
 AVERAGE    62

..........................................................


THE NEW BERN NC CLIMATE NORMALS FOR TODAY
                         NORMAL    RECORD    YEAR
 MAXIMUM TEMPERATURE (F)   61        81      2012
 MINIMUM TEMPERATURE (F)   38        21      2002
                                             1967


SUNRISE AND SUNSET
MARCH  1 2015.........SUNRISE   638 AM EST   SUNSET   604 PM EST
MARCH  2 2015.........SUNRISE   637 AM EST   SUNSET   604 PM EST


-  INDICATES NEGATIVE NUMBERS.
R  INDICATES RECORD WAS SET OR TIED.
MM INDICATES DATA IS MISSING.
T  INDICATES TRACE AMOUNT.




$$
