000
CDUS42 KMHX 232226
CLIEWN


CLIMATE REPORT
NATIONAL WEATHER SERVICE NEWPORT/MOREHEAD CITY NC
526 PM EST SUN NOV 23 2014


...................................

...THE NEW BERN NC CLIMATE SUMMARY FOR NOVEMBER 23 2014...
VALID TODAY AS OF 0500 PM LOCAL TIME.

CLIMATE NORMAL PERIOD 1981 TO 2010
CLIMATE RECORD PERIOD 1948 TO 2014


WEATHER ITEM   OBSERVED TIME   RECORD YEAR NORMAL DEPARTURE LAST
                VALUE   (LST)  VALUE       VALUE  FROM      YEAR
                                                  NORMAL
..................................................................
TEMPERATURE (F)
 TODAY
  MAXIMUM         63    459 PM  83    1992  64     -1       66
  MINIMUM         39   1209 AM  24    1949  42     -3       49
  AVERAGE         51                        53     -2       58

PRECIPITATION (IN)
  TODAY            0.10          1.49 1957   0.12  -0.02     0.08
  MONTH TO DATE    0.79                      2.58  -1.79     1.73
  SINCE SEP 1     10.70                     11.73  -1.03     8.19
  SINCE JAN 1     47.71                     48.53  -0.82    37.56

SNOWFALL (IN)
  TODAY           MM
  MONTH TO DATE    0.0
  SINCE NOV 1      0.0
  SINCE JUL 1      0.0
  SNOW DEPTH       0

DEGREE DAYS
 HEATING
  TODAY           14                        12      2        7
  MONTH TO DATE  307                       216     91      202
  SINCE SEP 1    362                       333     29      278
  SINCE JUL 1    362                       333     29      278

 COOLING
  TODAY            0                         0      0        0
  MONTH TO DATE    6                        14     -8       16
  SINCE SEP 1    474                       370    104      389
  SINCE JAN 1   2185                      1899    286     2006
..................................................................


WIND (MPH)
  HIGHEST WIND SPEED     9   HIGHEST WIND DIRECTION    SE (130)
  HIGHEST GUST SPEED    13   HIGHEST GUST DIRECTION    SE (130)
  AVERAGE WIND SPEED     1.2


SKY COVER
  POSSIBLE SUNSHINE  MM
  AVERAGE SKY COVER 0.3


WEATHER CONDITIONS
 THE FOLLOWING WEATHER WAS RECORDED TODAY.
  LIGHT RAIN
  FOG


RELATIVE HUMIDITY (PERCENT)
 HIGHEST    90           300 PM
 LOWEST     76           500 AM
 AVERAGE    83

..........................................................


THE NEW BERN NC CLIMATE NORMALS FOR TOMORROW
                         NORMAL    RECORD    YEAR
 MAXIMUM TEMPERATURE (F)   64        78      1983
 MINIMUM TEMPERATURE (F)   42        24      2008
                                             1970


SUNRISE AND SUNSET
NOVEMBER 23 2014......SUNRISE   651 AM EST   SUNSET   458 PM EST
NOVEMBER 24 2014......SUNRISE   652 AM EST   SUNSET   458 PM EST


-  INDICATES NEGATIVE NUMBERS.
R  INDICATES RECORD WAS SET OR TIED.
MM INDICATES DATA IS MISSING.
T  INDICATES TRACE AMOUNT.




$$
