000
CDUS42 KMHX 260659
CLIEWN


CLIMATE REPORT
NATIONAL WEATHER SERVICE NEWPORT/MOREHEAD CITY NC
158 AM EST FRI DEC 26 2014


...................................

...THE NEW BERN NC CLIMATE SUMMARY FOR DECEMBER 25 2014...

CLIMATE NORMAL PERIOD 1981 TO 2010
CLIMATE RECORD PERIOD 1948 TO 2014


WEATHER ITEM   OBSERVED TIME   RECORD YEAR NORMAL DEPARTURE LAST
                VALUE   (LST)  VALUE       VALUE  FROM      YEAR
                                                  NORMAL
..................................................................
TEMPERATURE (F)
 YESTERDAY
  MAXIMUM         70   1247 AM  78    1955  55     15       44
  MINIMUM         39   1159 PM  -4    1989  34      5       30
  AVERAGE         55                        45     10       37

PRECIPITATION (IN)
  YESTERDAY        0.01          1.24 1981   0.12  -0.11     0.00
  MONTH TO DATE    3.90                      2.77   1.13     1.88
  SINCE DEC 1      3.90                      2.77   1.13     1.88
  SINCE JAN 1     54.61                     52.12   2.49    42.16

SNOWFALL (IN)
  YESTERDAY        0.0
  MONTH TO DATE    0.0
  SINCE NOV 1      0.0
  SINCE JUL 1      0.0
  SNOW DEPTH       0

DEGREE DAYS
 HEATING
  YESTERDAY       10                        20    -10       28
  MONTH TO DATE  376                       443    -67      328
  SINCE DEC 1    376                       443    -67      328
  SINCE JUL 1    821                       870    -49      751

 COOLING
  YESTERDAY        0                         0      0        0
  MONTH TO DATE    0                         0      0       27
  SINCE DEC 1      0                         0      0       27
  SINCE JAN 1   2193                      1900    293     2033
..................................................................


WIND (MPH)
  HIGHEST WIND SPEED    18   HIGHEST WIND DIRECTION     W (280)
  HIGHEST GUST SPEED    26   HIGHEST GUST DIRECTION     W (270)
  AVERAGE WIND SPEED     7.3


SKY COVER
  POSSIBLE SUNSHINE  MM
  AVERAGE SKY COVER 0.3


WEATHER CONDITIONS
 THE FOLLOWING WEATHER WAS RECORDED YESTERDAY.
  LIGHT RAIN
  FOG
  HAZE


RELATIVE HUMIDITY (PERCENT)
 HIGHEST    89           900 PM
 LOWEST     39           300 PM
 AVERAGE    64

..........................................................


THE NEW BERN NC CLIMATE NORMALS FOR TODAY
                         NORMAL    RECORD    YEAR
 MAXIMUM TEMPERATURE (F)   55        77      1987
 MINIMUM TEMPERATURE (F)   34         9      1983


SUNRISE AND SUNSET
DECEMBER 26 2014......SUNRISE   715 AM EST   SUNSET   503 PM EST
DECEMBER 27 2014......SUNRISE   715 AM EST   SUNSET   504 PM EST


-  INDICATES NEGATIVE NUMBERS.
R  INDICATES RECORD WAS SET OR TIED.
MM INDICATES DATA IS MISSING.
T  INDICATES TRACE AMOUNT.




$$
